51.68.247.0 - - [02/May/2026:02:46:53 +0200] "GET /ruleta-gratis-sin-descargar/ HTTP/1.1" 200 37031 www.soldadura-aircom.com "-" "Mozilla/5.0 (compatible; AhrefsBot/7.0; +http://ahrefs.com/robot/)" "-"
40.77.167.0 - - [02/May/2026:02:46:55 +0200] "GET /maquinas-tragamonedas-2025/ HTTP/1.1" 200 55243 www.planeadosalbe.com "-" "Mozilla/5.0 AppleWebKit/537.36 (KHTML, like Gecko; compatible; bingbot/2.0; +http://www.bing.com/bingbot.htm) Chrome/116.0.1938.76 Safari/537.36" "-"
74.7.242.0 - - [02/May/2026:02:46:55 +0200] "GET /?fileloc=//kunden/kunden/kunden/kunden/kunden/kunden/kunden/proc/thread-self/root/proc/self/root/usr/sbin/update-dictcommon-aspell&path=//kunden/kunden/kunden/kunden/kunden/kunden/kunden/proc/thread-self/root/proc/self/root/usr/sbin HTTP/1.1" 200 14574 www.caldereria-balantxa.com "https://www.caldereria-balantxa.com/?path=//kunden/kunden/kunden/kunden/kunden/kunden/kunden/proc/thread-self/root/proc/self/root/usr/sbin" "Mozilla/5.0 AppleWebKit/537.36 (KHTML, like Gecko; compatible; GPTBot/1.3; +https://openai.com/gptbot)" "-"
82.144.108.0 - - [02/May/2026:02:47:00 +0200] "POST /xmlrpc.php HTTP/1.1" 503 19266 biark.net "-" "Mozilla/5.0 (Windows NT 10.0; rv:145.0) Gecko/20100101 Firefox/145.0" "-"
2a03:2880:f800:: - - [02/May/2026:02:47:03 +0200] "GET /items/B122035847/?path=/homepages/2/d390557641 HTTP/1.1" 200 25467 www.caldereria-balantxa.com "-" "meta-externalagent/1.1 (+https://developers.facebook.com/docs/sharing/webmasters/crawler)" "-"
74.7.243.0 - - [02/May/2026:02:47:03 +0200] "GET /?p=40635 HTTP/1.1" 429 267 elpayasocobrador.com "https://elpayasocobrador.com/?p=40876" "Mozilla/5.0 AppleWebKit/537.36 (KHTML, like Gecko; compatible; GPTBot/1.3; +https://openai.com/gptbot)" "-"
2a03:2880:f800:: - - [02/May/2026:02:47:11 +0200] "GET /items/B122140605/?path=/ HTTP/1.1" 200 44504 www.caldereria-balantxa.com "-" "meta-externalagent/1.1 (+https://developers.facebook.com/docs/sharing/webmasters/crawler)" "-"
2a03:2880:f800:: - - [02/May/2026:02:47:16 +0200] "GET /items/B122126622/?path=/homepages/2/d834828290/htdocs HTTP/1.1" 200 19825 www.caldereria-balantxa.com "-" "meta-externalagent/1.1 (+https://developers.facebook.com/docs/sharing/webmasters/crawler)" "-"
2a03:2880:f800:: - - [02/May/2026:02:47:20 +0200] "GET /items/B121087091/?path=/ HTTP/1.1" 200 44504 www.caldereria-balantxa.com "-" "meta-externalagent/1.1 (+https://developers.facebook.com/docs/sharing/webmasters/crawler)" "-"
94.23.188.0 - - [02/May/2026:02:47:21 +0200] "GET /ruleta-casino-espa%C3%B1ol/ HTTP/1.1" 200 35949 www.soldadura-aircom.com "-" "Mozilla/5.0 (compatible; AhrefsBot/7.0; +http://ahrefs.com/robot/)" "-"
2a03:2880:f800:: - - [02/May/2026:02:47:24 +0200] "GET /items/B121577794/?path=/homepages/2/d388832976 HTTP/1.1" 200 25467 www.caldereria-balantxa.com "-" "meta-externalagent/1.1 (+https://developers.facebook.com/docs/sharing/webmasters/crawler)" "-"
2a03:2880:f800:: - - [02/May/2026:02:47:28 +0200] "GET /page-sitemap.xml?path=/homepages/45/d388620438 HTTP/1.1" 429 267 www.caldereria-balantxa.com "-" "meta-externalagent/1.1 (+https://developers.facebook.com/docs/sharing/webmasters/crawler)" "-"
114.119.139.0 - - [02/May/2026:02:47:30 +0200] "GET /juega-gratis-a-kiss-en-modo-demo HTTP/1.1" 301 - www.planeadosalbe.com "-" "Mozilla/5.0 (Linux; Android 7.0;) AppleWebKit/537.36 (HTML, like Gecko) Mobile Safari/537.36 (compatible; PetalBot;+https://webmaster.petalsearch.com/site/petalbot)" "-"
114.119.145.0 - - [02/May/2026:02:47:30 +0200] "GET /?p=7346 HTTP/1.1" 301 - www.soldadura-aircom.com "https://www.soldadura-aircom.com/2024/03/11/retiro-r%C3%A1pido-en-casino-de-bitcoin/" "Mozilla/5.0 (Linux; Android 7.0;) AppleWebKit/537.36 (HTML, like Gecko) Mobile Safari/537.36 (compatible; PetalBot;+https://webmaster.petalsearch.com/site/petalbot)" "-"
2a03:2880:f800:: - - [02/May/2026:02:47:31 +0200] "GET /items/B121929686/?path=/homepages/config HTTP/1.1" 429 267 www.caldereria-balantxa.com "-" "meta-externalagent/1.1 (+https://developers.facebook.com/docs/sharing/webmasters/crawler)" "-"
74.7.227.0 - - [02/May/2026:02:47:31 +0200] "GET /?fileloc=/homepages/2/d834828290/htdocs/clickandbuilds/caldereria-balantxa.com/wp-content/et-cache/8258/et-divi-dynamic-8258-late.css&path=/homepages/2/d834828290/htdocs/clickandbuilds/caldereria-balantxa.com/wp-content/et-cache/8258 HTTP/1.1" 200 13004 caldereria-balantxa.com "https://caldereria-balantxa.com/?path=/homepages/2/d834828290/htdocs/clickandbuilds/caldereria-balantxa.com/wp-content/et-cache/8258" "Mozilla/5.0 AppleWebKit/537.36 (KHTML, like Gecko; compatible; GPTBot/1.3; +https://openai.com/gptbot)" "-"
114.119.139.0 - - [02/May/2026:02:47:32 +0200] "GET /juega-gratis-a-kiss-en-modo-demo/ HTTP/1.1" 200 55244 www.planeadosalbe.com "https://www.planeadosalbe.com/juega-gratis-a-kiss-en-modo-demo" "Mozilla/5.0 (Linux; Android 7.0;) AppleWebKit/537.36 (HTML, like Gecko) Mobile Safari/537.36 (compatible; PetalBot;+https://webmaster.petalsearch.com/site/petalbot)" "-"
2a03:2880:f800:: - - [02/May/2026:02:47:32 +0200] "GET /items/B121265322/?path=/homepages HTTP/1.1" 429 267 www.caldereria-balantxa.com "-" "meta-externalagent/1.1 (+https://developers.facebook.com/docs/sharing/webmasters/crawler)" "-"
114.119.145.0 - - [02/May/2026:02:47:32 +0200] "GET /casino-en-vi%C3%B1a-del-mar/ HTTP/1.1" 200 36836 www.soldadura-aircom.com "https://www.soldadura-aircom.com/2024/03/11/retiro-r%C3%A1pido-en-casino-de-bitcoin/" "Mozilla/5.0 (Linux; Android 7.0;) AppleWebKit/537.36 (HTML, like Gecko) Mobile Safari/537.36 (compatible; PetalBot;+https://webmaster.petalsearch.com/site/petalbot)" "-"
52.167.144.0 - - [02/May/2026:02:47:32 +0200] "GET /juegos-de-casino-como-jugar/ HTTP/1.1" 404 31217 www.erlain.es "-" "Mozilla/5.0 AppleWebKit/537.36 (KHTML, like Gecko; compatible; bingbot/2.0; +http://www.bing.com/bingbot.htm) Chrome/116.0.1938.76 Safari/537.36" "-"
2a03:2880:f800:: - - [02/May/2026:02:47:36 +0200] "GET /items/B121292204/?path=/homepages/2/d834828290/htdocs/clickandbuilds/caldereria-balantxa.com/wp-admin HTTP/1.1" 429 267 www.caldereria-balantxa.com "-" "meta-externalagent/1.1 (+https://developers.facebook.com/docs/sharing/webmasters/crawler)" "-"
87.250.224.0 - - [02/May/2026:02:47:36 +0200] "GET /juegos-casino-en-linea/ HTTP/1.1" 429 267 www.erlain.es "-" "Mozilla/5.0 (compatible; YandexBot/3.0; +http://yandex.com/bots)" "-"
2a03:2880:f800:: - - [02/May/2026:02:47:37 +0200] "GET /items/B121188580/?path=/homepages/2 HTTP/1.1" 429 267 www.caldereria-balantxa.com "-" "meta-externalagent/1.1 (+https://developers.facebook.com/docs/sharing/webmasters/crawler)" "-"
74.7.242.0 - - [02/May/2026:02:47:38 +0200] "GET /?fileloc=//kunden/kunden/kunden/kunden/kunden/kunden/kunden/proc/thread-self/root/proc/self/root/usr/sbin/update-gsfontmap&path=//kunden/kunden/kunden/kunden/kunden/kunden/kunden/proc/thread-self/root/proc/self/root/usr/sbin HTTP/1.1" 200 14092 www.caldereria-balantxa.com "https://www.caldereria-balantxa.com/?path=//kunden/kunden/kunden/kunden/kunden/kunden/kunden/proc/thread-self/root/proc/self/root/usr/sbin" "Mozilla/5.0 AppleWebKit/537.36 (KHTML, like Gecko; compatible; GPTBot/1.3; +https://openai.com/gptbot)" "-"
94.23.188.0 - - [02/May/2026:02:47:38 +0200] "GET /como-se-juega-a-los-slots/ HTTP/1.1" 200 66692 biark.net "-" "Mozilla/5.0 (compatible; AhrefsBot/7.0; +http://ahrefs.com/robot/)" "-"
114.119.145.0 - - [02/May/2026:02:47:39 +0200] "GET /trabajos-realizados/2012-12-03-12-59-57/?path=/homepages/2/d384989551 HTTP/1.1" 200 28423 www.caldereria-balantxa.com "-" "Mozilla/5.0 (Linux; Android 7.0;) AppleWebKit/537.36 (KHTML, like Gecko) Mobile Safari/537.36 (compatible; PetalBot;+https://webmaster.petalsearch.com/site/petalbot)" "-"
82.165.80.0 - - [02/May/2026:02:47:39 +0200] "POST /wp-cron.php?doing_wp_cron=1777682859.3582830429077148437500 HTTP/1.1" 200 - biark.net "-" "WordPress/6.9.4; https://biark.net" "-"
2a03:2880:f800:: - - [02/May/2026:02:47:41 +0200] "GET /tragamonedas-cl%C3%A1sicas-gratis/ HTTP/1.1" 200 67700 biark.net "-" "meta-externalagent/1.1 (+https://developers.facebook.com/docs/sharing/webmasters/crawler)" "-"
2a03:2880:f800:: - - [02/May/2026:02:47:42 +0200] "GET /items/B121305703/?path=/homepages/2/d834828290/htdocs/clickandbuilds/caldereria-balantxa.com/cgi-bin HTTP/1.1" 429 267 www.caldereria-balantxa.com "-" "meta-externalagent/1.1 (+https://developers.facebook.com/docs/sharing/webmasters/crawler)" "-"
2a03:2880:f800:: - - [02/May/2026:02:47:43 +0200] "GET /items/B121212202/?path=/homepages/2/d834828290/htdocs/clickandbuilds HTTP/1.1" 429 267 www.caldereria-balantxa.com "-" "meta-externalagent/1.1 (+https://developers.facebook.com/docs/sharing/webmasters/crawler)" "-"
2a03:2880:f800:: - - [02/May/2026:02:47:45 +0200] "GET /resultados-conference-league-hoy-en-vivo/ HTTP/1.1" 200 67008 biark.net "-" "meta-externalagent/1.1 (+https://developers.facebook.com/docs/sharing/webmasters/crawler)" "-"
2a03:2880:f800:: - - [02/May/2026:02:47:49 +0200] "GET /items/B121678283/?path=/homepages/2/d388369932 HTTP/1.1" 429 267 www.caldereria-balantxa.com "-" "meta-externalagent/1.1 (+https://developers.facebook.com/docs/sharing/webmasters/crawler)" "-"
2a03:2880:f800:: - - [02/May/2026:02:47:50 +0200] "GET /items/B122110140/?path=/homepages/2/d834828290/htdocs/clickandbuilds/caldereria-balantxa.com/wp-content HTTP/1.1" 429 267 www.caldereria-balantxa.com "-" "meta-externalagent/1.1 (+https://developers.facebook.com/docs/sharing/webmasters/crawler)" "-"
54.37.118.0 - - [02/May/2026:02:47:50 +0200] "GET /plaza-mayor-casino-bono-sin-dep%C3%B3sito-50-giros-gratis-2025/ HTTP/1.1" 200 36646 www.soldadura-aircom.com "-" "Mozilla/5.0 (compatible; AhrefsBot/7.0; +http://ahrefs.com/robot/)" "-"
2a03:2880:f800:: - - [02/May/2026:02:47:50 +0200] "GET /aplicacion-ruleta-suerte/ HTTP/1.1" 200 67775 biark.net "-" "meta-externalagent/1.1 (+https://developers.facebook.com/docs/sharing/webmasters/crawler)" "-"
2a03:2880:f800:: - - [02/May/2026:02:47:58 +0200] "GET /items/B122090189/?path=/ HTTP/1.1" 429 267 www.caldereria-balantxa.com "-" "meta-externalagent/1.1 (+https://developers.facebook.com/docs/sharing/webmasters/crawler)" "-"
2a03:2880:f800:: - - [02/May/2026:02:48:01 +0200] "GET /items/B121978650/?path=/ HTTP/1.1" 429 267 www.caldereria-balantxa.com "-" "meta-externalagent/1.1 (+https://developers.facebook.com/docs/sharing/webmasters/crawler)" "-"
74.7.243.0 - - [02/May/2026:02:48:01 +0200] "GET /?p=27542 HTTP/1.1" 301 - elpayasocobrador.com "https://elpayasocobrador.com/?p=28054" "Mozilla/5.0 AppleWebKit/537.36 (KHTML, like Gecko; compatible; GPTBot/1.3; +https://openai.com/gptbot)" "-"
82.165.80.0 - - [02/May/2026:02:48:03 +0200] "POST /wp-cron.php?doing_wp_cron=1777682883.0737130641937255859375 HTTP/1.1" 200 - elpayasocobrador.com "-" "WordPress/6.9.4; https://elpayasocobrador.com" "-"
74.7.243.0 - - [02/May/2026:02:48:04 +0200] "GET /jugar-wild-blood-2-gratis/ HTTP/1.1" 200 53097 elpayasocobrador.com "https://elpayasocobrador.com/?p=27542" "Mozilla/5.0 AppleWebKit/537.36 (KHTML, like Gecko; compatible; GPTBot/1.3; +https://openai.com/gptbot)" "-"
51.195.215.0 - - [02/May/2026:02:48:09 +0200] "GET /de-hockey-sobre-hielo/ HTTP/1.1" 404 31217 www.erlain.es "-" "Mozilla/5.0 (compatible; AhrefsBot/7.0; +http://ahrefs.com/robot/)" "-"
82.165.80.0 - - [02/May/2026:02:48:10 +0200] "POST /wp-cron.php?doing_wp_cron=1777682890.7561330795288085937500 HTTP/1.1" 200 - www.erlain.es "-" "WordPress/6.9.4; https://www.erlain.es" "-"
114.119.152.0 - - [02/May/2026:02:48:11 +0200] "GET /?p=40426 HTTP/1.1" 301 - elpayasocobrador.com "https://elpayasocobrador.com/?p=40899" "Mozilla/5.0 (Linux; Android 7.0;) AppleWebKit/537.36 (HTML, like Gecko) Mobile Safari/537.36 (compatible; PetalBot;+https://webmaster.petalsearch.com/site/petalbot)" "-"
2a03:2880:f800:: - - [02/May/2026:02:48:12 +0200] "GET /items/B121443823/?path=/homepages/2/d834828290/htdocs/clickandbuilds/caldereria-balantxa.com/wp-admin HTTP/1.1" 429 267 www.caldereria-balantxa.com "-" "meta-externalagent/1.1 (+https://developers.facebook.com/docs/sharing/webmasters/crawler)" "-"
2a03:2880:f800:: - - [02/May/2026:02:48:12 +0200] "GET /pronostico-osasuna/ HTTP/1.1" 200 67121 biark.net "-" "meta-externalagent/1.1 (+https://developers.facebook.com/docs/sharing/webmasters/crawler)" "-"
82.165.80.0 - - [02/May/2026:02:48:12 +0200] "POST /wp-cron.php?doing_wp_cron=1777682892.3777499198913574218750 HTTP/1.1" 200 - elpayasocobrador.com "-" "WordPress/6.9.4; https://elpayasocobrador.com" "-"
114.119.152.0 - - [02/May/2026:02:48:14 +0200] "GET /que-significa-el-1x2-en-las-apuestas/ HTTP/1.1" 200 53268 elpayasocobrador.com "https://elpayasocobrador.com/?p=40899" "Mozilla/5.0 (Linux; Android 7.0;) AppleWebKit/537.36 (HTML, like Gecko) Mobile Safari/537.36 (compatible; PetalBot;+https://webmaster.petalsearch.com/site/petalbot)" "-"
74.7.227.0 - - [02/May/2026:02:48:15 +0200] "GET /?fileloc=/homepages/2/d834828290/htdocs/clickandbuilds/caldereria-balantxa.com/wp-content/et-cache/7885/et-divi-dynamic-7885-late.css&path=/homepages/2/d834828290/htdocs/clickandbuilds/caldereria-balantxa.com/wp-content/et-cache/7885 HTTP/1.1" 200 13004 caldereria-balantxa.com "https://caldereria-balantxa.com/?path=/homepages/2/d834828290/htdocs/clickandbuilds/caldereria-balantxa.com/wp-content/et-cache/7885" "Mozilla/5.0 AppleWebKit/537.36 (KHTML, like Gecko; compatible; GPTBot/1.3; +https://openai.com/gptbot)" "-"
74.7.242.0 - - [02/May/2026:02:48:15 +0200] "GET /?fileloc=//kunden/kunden/kunden/kunden/kunden/kunden/kunden/proc/thread-self/root/proc/self/root/usr/bin/update-alternatives&path=//kunden/kunden/kunden/kunden/kunden/kunden/kunden/proc/thread-self/root/proc/self/root/usr/bin HTTP/1.1" 200 97801 www.caldereria-balantxa.com "https://www.caldereria-balantxa.com/?path=//kunden/kunden/kunden/kunden/kunden/kunden/kunden/proc/thread-self/root/proc/self/root/usr/bin" "Mozilla/5.0 AppleWebKit/537.36 (KHTML, like Gecko; compatible; GPTBot/1.3; +https://openai.com/gptbot)" "-"
2a03:2880:f800:: - - [02/May/2026:02:48:16 +0200] "GET /items/B121369967/?path=/ HTTP/1.1" 429 267 www.caldereria-balantxa.com "-" "meta-externalagent/1.1 (+https://developers.facebook.com/docs/sharing/webmasters/crawler)" "-"
40.77.167.0 - - [02/May/2026:02:48:18 +0200] "GET /wp-sitemap-posts-post-11.xml HTTP/1.1" 200 185356 biark.net "-" "Mozilla/5.0 AppleWebKit/537.36 (KHTML, like Gecko; compatible; bingbot/2.0; +http://www.bing.com/bingbot.htm) Chrome/116.0.1938.76 Safari/537.36" "-"
5.39.1.0 - - [02/May/2026:02:48:20 +0200] "GET /maquinas-tragamonedas-san-juan-puerto-rico/ HTTP/1.1" 200 35808 www.soldadura-aircom.com "-" "Mozilla/5.0 (compatible; AhrefsBot/7.0; +http://ahrefs.com/robot/)" "-"
2a03:2880:f800:: - - [02/May/2026:02:48:25 +0200] "GET /items/B121769240/?path=/homepages/2/d390355071 HTTP/1.1" 429 267 www.caldereria-balantxa.com "-" "meta-externalagent/1.1 (+https://developers.facebook.com/docs/sharing/webmasters/crawler)" "-"
2a03:2880:f800:: - - [02/May/2026:02:48:25 +0200] "GET /casa-de-apuestas-legales/ HTTP/1.1" 200 66718 biark.net "-" "meta-externalagent/1.1 (+https://developers.facebook.com/docs/sharing/webmasters/crawler)" "-"
2a03:2880:f800:: - - [02/May/2026:02:48:27 +0200] "GET /items/B121702827/?path=//mnt HTTP/1.1" 429 267 www.caldereria-balantxa.com "-" "meta-externalagent/1.1 (+https://developers.facebook.com/docs/sharing/webmasters/crawler)" "-"
2a03:2880:f800:: - - [02/May/2026:02:48:29 +0200] "GET /items/B121849321/?path=//home HTTP/1.1" 200 12606 www.caldereria-balantxa.com "-" "meta-externalagent/1.1 (+https://developers.facebook.com/docs/sharing/webmasters/crawler)" "-"
40.77.167.0 - - [02/May/2026:02:48:29 +0200] "GET /informacion-apuestas-online/ HTTP/1.1" 200 67324 biark.net "-" "Mozilla/5.0 AppleWebKit/537.36 (KHTML, like Gecko; compatible; bingbot/2.0; +http://www.bing.com/bingbot.htm) Chrome/116.0.1938.76 Safari/537.36" "-"
2a03:2880:f800:: - - [02/May/2026:02:48:31 +0200] "GET /post-sitemap9.xml?fileloc=/homepages/2/d834828290/htdocs/clickandbuilds/caldereria-balantxa.com/error_log&path=/homepages/2/d834828290/htdocs/clickandbuilds/caldereria-balantxa.com HTTP/1.1" 200 12608 www.caldereria-balantxa.com "-" "meta-externalagent/1.1 (+https://developers.facebook.com/docs/sharing/webmasters/crawler)" "-"
40.77.167.0 - - [02/May/2026:02:48:31 +0200] "GET /casinos-online-fuera-de-espa%C3%B1a/ HTTP/1.1" 200 66918 biark.net "-" "Mozilla/5.0 AppleWebKit/537.36 (KHTML, like Gecko; compatible; bingbot/2.0; +http://www.bing.com/bingbot.htm) Chrome/116.0.1938.76 Safari/537.36" "-"
2a03:2880:f800:: - - [02/May/2026:02:48:34 +0200] "GET /apuestas-seguras-online/ HTTP/1.1" 200 66884 biark.net "-" "meta-externalagent/1.1 (+https://developers.facebook.com/docs/sharing/webmasters/crawler)" "-"
114.119.137.0 - - [02/May/2026:02:48:43 +0200] "GET /?p=7159 HTTP/1.1" 301 - www.soldadura-aircom.com "https://www.soldadura-aircom.com/2024/03/11/truco-para-jugar-ala-ruleta" "Mozilla/5.0 (Linux; Android 7.0;) AppleWebKit/537.36 (HTML, like Gecko) Mobile Safari/537.36 (compatible; PetalBot;+https://webmaster.petalsearch.com/site/petalbot)" "-"
5.39.109.0 - - [02/May/2026:02:48:44 +0200] "GET /carreras-de-caballos-hoy-resultados/ HTTP/1.1" 200 66668 biark.net "-" "Mozilla/5.0 (compatible; AhrefsBot/7.0; +http://ahrefs.com/robot/)" "-"
114.119.137.0 - - [02/May/2026:02:48:45 +0200] "GET /que-juegos-pagan-mas-en-el-casino/ HTTP/1.1" 200 35267 www.soldadura-aircom.com "https://www.soldadura-aircom.com/2024/03/11/truco-para-jugar-ala-ruleta" "Mozilla/5.0 (Linux; Android 7.0;) AppleWebKit/537.36 (HTML, like Gecko) Mobile Safari/537.36 (compatible; PetalBot;+https://webmaster.petalsearch.com/site/petalbot)" "-"
2a03:2880:f800:: - - [02/May/2026:02:48:46 +0200] "GET /items/B121933779/?path=/homepages/2/d834828290/htdocs/clickandbuilds/caldereria-balantxa.com/wp-content HTTP/1.1" 200 32410 www.caldereria-balantxa.com "-" "meta-externalagent/1.1 (+https://developers.facebook.com/docs/sharing/webmasters/crawler)" "-"
74.7.242.0 - - [02/May/2026:02:48:48 +0200] "GET /?fileloc=//kunden/kunden/kunden/kunden/kunden/kunden/kunden/proc/thread-self/root/proc/self/root/usr/sbin/pam-auth-update&path=//kunden/kunden/kunden/kunden/kunden/kunden/kunden/proc/thread-self/root/proc/self/root/usr/sbin HTTP/1.1" 200 36336 www.caldereria-balantxa.com "https://www.caldereria-balantxa.com/?path=//kunden/kunden/kunden/kunden/kunden/kunden/kunden/proc/thread-self/root/proc/self/root/usr/sbin" "Mozilla/5.0 AppleWebKit/537.36 (KHTML, like Gecko; compatible; GPTBot/1.3; +https://openai.com/gptbot)" "-"
176.31.139.0 - - [02/May/2026:02:48:48 +0200] "GET /el-mejor-casino-de-panama/ HTTP/1.1" 200 36757 www.soldadura-aircom.com "-" "Mozilla/5.0 (compatible; AhrefsBot/7.0; +http://ahrefs.com/robot/)" "-"
74.7.227.0 - - [02/May/2026:02:48:51 +0200] "GET /?fileloc=/homepages/2/d834828290/htdocs/clickandbuilds/caldereria-balantxa.com/wp-content/et-cache/2529/et-divi-dynamic-2529.css&path=/homepages/2/d834828290/htdocs/clickandbuilds/caldereria-balantxa.com/wp-content/et-cache/2529 HTTP/1.1" 200 12999 caldereria-balantxa.com "https://caldereria-balantxa.com/?path=/homepages/2/d834828290/htdocs/clickandbuilds/caldereria-balantxa.com/wp-content/et-cache/2529" "Mozilla/5.0 AppleWebKit/537.36 (KHTML, like Gecko; compatible; GPTBot/1.3; +https://openai.com/gptbot)" "-"
213.180.203.0 - - [02/May/2026:02:48:52 +0200] "GET /robots.txt HTTP/1.1" 429 267 biark.net "-" "Mozilla/5.0 (compatible; YandexBot/3.0; +http://yandex.com/bots)" "-"
213.180.203.0 - - [02/May/2026:02:48:53 +0200] "GET /calle-zigor-12-en-idiazabal-gipuzkoa/ HTTP/1.1" 429 267 biark.net "-" "Mozilla/5.0 (compatible; YandexBot/3.0; +http://yandex.com/bots)" "-"
2a03:2880:f800:: - - [02/May/2026:02:49:00 +0200] "GET /items/B121225509/?path=/homepages/2 HTTP/1.1" 200 128273 www.caldereria-balantxa.com "-" "meta-externalagent/1.1 (+https://developers.facebook.com/docs/sharing/webmasters/crawler)" "-"
114.119.137.0 - - [02/May/2026:02:49:01 +0200] "GET /juega-gratis-a-danger-high-voltage-en-modo-demo HTTP/1.1" 301 - www.planeadosalbe.com "-" "Mozilla/5.0 (Linux; Android 7.0;) AppleWebKit/537.36 (HTML, like Gecko) Mobile Safari/537.36 (compatible; PetalBot;+https://webmaster.petalsearch.com/site/petalbot)" "-"
74.7.243.0 - - [02/May/2026:02:49:02 +0200] "GET /?p=39904 HTTP/1.1" 301 - elpayasocobrador.com "https://elpayasocobrador.com/?p=40324" "Mozilla/5.0 AppleWebKit/537.36 (KHTML, like Gecko; compatible; GPTBot/1.3; +https://openai.com/gptbot)" "-"
74.7.243.0 - - [02/May/2026:02:49:03 +0200] "GET /casas-de-apuestas-f1/ HTTP/1.1" 200 53268 elpayasocobrador.com "https://elpayasocobrador.com/?p=39904" "Mozilla/5.0 AppleWebKit/537.36 (KHTML, like Gecko; compatible; GPTBot/1.3; +https://openai.com/gptbot)" "-"
114.119.137.0 - - [02/May/2026:02:49:04 +0200] "GET /juega-gratis-a-danger-high-voltage-en-modo-demo/ HTTP/1.1" 200 55211 www.planeadosalbe.com "https://www.planeadosalbe.com/juega-gratis-a-danger-high-voltage-en-modo-demo" "Mozilla/5.0 (Linux; Android 7.0;) AppleWebKit/537.36 (HTML, like Gecko) Mobile Safari/537.36 (compatible; PetalBot;+https://webmaster.petalsearch.com/site/petalbot)" "-"
202.46.62.0 - - [02/May/2026:02:49:06 +0200] "GET /wp-json/oembed/1.0/embed?url=https%3A%2F%2Felpayasocobrador.com%2Fjugar-ruleta-gratis-casino%2F HTTP/1.1" 200 2229 elpayasocobrador.com "-" "Mozilla/5.0 (Windows NT 10.0; Win64; x64) AppleWebKit/537.36 (KHTML, like Gecko) Chrome/133.0.6943.141 Safari/537.36" "-"
82.165.80.0 - - [02/May/2026:02:49:07 +0200] "POST /wp-cron.php?doing_wp_cron=1777682947.6176791191101074218750 HTTP/1.1" 200 - elpayasocobrador.com "-" "WordPress/6.9.4; https://elpayasocobrador.com" "-"
51.222.95.0 - - [02/May/2026:02:49:07 +0200] "GET /como-se-juega-la-ruleta-americana/ HTTP/1.1" 200 52512 www.caldereria-balantxa.com "-" "Mozilla/5.0 (compatible; AhrefsBot/7.0; +http://ahrefs.com/robot/)" "-"
2a03:2880:f800:: - - [02/May/2026:02:49:10 +0200] "GET /ruleta-en-vivo-pragmatic-play/ HTTP/1.1" 200 66338 biark.net "-" "meta-externalagent/1.1 (+https://developers.facebook.com/docs/sharing/webmasters/crawler)" "-"
2a03:2880:f800:: - - [02/May/2026:02:49:11 +0200] "GET /items/B121576156/?path=/ HTTP/1.1" 200 44504 www.caldereria-balantxa.com "-" "meta-externalagent/1.1 (+https://developers.facebook.com/docs/sharing/webmasters/crawler)" "-"
2a03:2880:f800:: - - [02/May/2026:02:49:12 +0200] "GET /gana-apuestas-juego/ HTTP/1.1" 200 67044 biark.net "-" "meta-externalagent/1.1 (+https://developers.facebook.com/docs/sharing/webmasters/crawler)" "-"
2a03:2880:f800:: - - [02/May/2026:02:49:13 +0200] "GET /oficinas/ HTTP/1.1" 200 67730 biark.net "-" "meta-externalagent/1.1 (+https://developers.facebook.com/docs/sharing/webmasters/crawler)" "-"
45.61.184.0 - - [02/May/2026:02:49:16 +0200] "GET /wp-login.php HTTP/1.1" 200 9636 biark.net "-" "Mozilla/5.0 (Macintosh; Intel Mac OS X 10_6_8) AppleWebKit/537.36 (KHTML, like Gecko) Chrome/36.0.1985.125 Safari/537.36" "-"
51.68.247.0 - - [02/May/2026:02:49:16 +0200] "GET /big5-casino-bono-sin-dep%C3%B3sito-50-giros-gratis-2025/ HTTP/1.1" 200 67630 biark.net "-" "Mozilla/5.0 (compatible; AhrefsBot/7.0; +http://ahrefs.com/robot/)" "-"
51.68.247.0 - - [02/May/2026:02:49:16 +0200] "GET /como-ganar-dinero-en-juegos-de-casino/ HTTP/1.1" 200 35506 www.soldadura-aircom.com "-" "Mozilla/5.0 (compatible; AhrefsBot/7.0; +http://ahrefs.com/robot/)" "-"
74.7.242.0 - - [02/May/2026:02:49:17 +0200] "GET /?fileloc=//kunden/kunden/kunden/kunden/kunden/kunden/kunden/proc/thread-self/root/proc/self/root/bin/update-perl-sax-parsers&path=//kunden/kunden/kunden/kunden/kunden/kunden/kunden/proc/thread-self/root/proc/self/root/bin HTTP/1.1" 200 20136 www.caldereria-balantxa.com "https://www.caldereria-balantxa.com/?path=//kunden/kunden/kunden/kunden/kunden/kunden/kunden/proc/thread-self/root/proc/self/root/bin" "Mozilla/5.0 AppleWebKit/537.36 (KHTML, like Gecko; compatible; GPTBot/1.3; +https://openai.com/gptbot)" "-"
2a03:2880:f800:: - - [02/May/2026:02:49:21 +0200] "GET /items/B121942321/?path=/homepages/2/d834828290/htdocs/clickandbuilds/caldereria-balantxa.com HTTP/1.1" 200 52512 www.caldereria-balantxa.com "-" "meta-externalagent/1.1 (+https://developers.facebook.com/docs/sharing/webmasters/crawler)" "-"
52.167.144.0 - - [02/May/2026:02:49:24 +0200] "GET /casinos-en-navojoa/ HTTP/1.1" 404 31217 www.erlain.es "-" "Mozilla/5.0 AppleWebKit/537.36 (KHTML, like Gecko; compatible; bingbot/2.0; +http://www.bing.com/bingbot.htm) Chrome/116.0.1938.76 Safari/537.36" "-"
74.7.227.0 - - [02/May/2026:02:49:25 +0200] "GET /?fileloc=/homepages/2/d834828290/htdocs/clickandbuilds/caldereria-balantxa.com/wp-content/et-cache/4548/et-divi-dynamic-4548.css&path=/homepages/2/d834828290/htdocs/clickandbuilds/caldereria-balantxa.com/wp-content/et-cache/4548 HTTP/1.1" 200 12999 caldereria-balantxa.com "https://caldereria-balantxa.com/?path=/homepages/2/d834828290/htdocs/clickandbuilds/caldereria-balantxa.com/wp-content/et-cache/4548" "Mozilla/5.0 AppleWebKit/537.36 (KHTML, like Gecko; compatible; GPTBot/1.3; +https://openai.com/gptbot)" "-"
45.61.184.0 - - [02/May/2026:02:49:28 +0200] "POST /wp-login.php HTTP/1.1" 503 19266 biark.net "-" "Mozilla/5.0 (Macintosh; Intel Mac OS X 10_6_8) AppleWebKit/537.36 (KHTML, like Gecko) Chrome/36.0.1985.125 Safari/537.36" "-"
45.61.184.0 - - [02/May/2026:02:49:30 +0200] "GET /wp-admin/themes.php HTTP/1.1" 503 18264 biark.net "-" "python-requests/2.33.1" "-"
45.61.184.0 - - [02/May/2026:02:49:30 +0200] "GET /wp-admin/plugin-install.php?tab=upload HTTP/1.1" 503 18264 biark.net "-" "python-requests/2.33.1" "-"
82.165.80.0 - - [02/May/2026:02:49:30 +0200] "POST /?wordfence_syncAttackData=1777682970.7624 HTTP/1.1" 200 - biark.net "-" "WordPress/6.9.4; https://biark.net" "-"
2a03:2880:f800:: - - [02/May/2026:02:49:30 +0200] "GET /wp-json/oembed/1.0/embed?url=https%3A%2F%2Fbiark.net%2Fjuego-maquinitas-casino-gratis%2F HTTP/1.1" 200 2193 biark.net "-" "meta-externalagent/1.1 (+https://developers.facebook.com/docs/sharing/webmasters/crawler)" "-"
2a03:2880:f800:: - - [02/May/2026:02:49:30 +0200] "GET /items/B122011142/?path=/ HTTP/1.1" 200 44504 www.caldereria-balantxa.com "-" "meta-externalagent/1.1 (+https://developers.facebook.com/docs/sharing/webmasters/crawler)" "-"
2a03:2880:f800:: - - [02/May/2026:02:49:32 +0200] "GET /robots.txt HTTP/1.1" 200 114 www.erlain.es "-" "facebookexternalhit/1.1 (+http://www.facebook.com/externalhit_uatext.php)" "-"
40.77.167.0 - - [02/May/2026:02:49:33 +0200] "GET /?a=2392953424401 HTTP/1.1" 200 52512 caldereria-balantxa.com "-" "Mozilla/5.0 AppleWebKit/537.36 (KHTML, like Gecko; compatible; bingbot/2.0; +http://www.bing.com/bingbot.htm) Chrome/116.0.1938.76 Safari/537.36" "-"
40.124.179.0 - - [02/May/2026:02:49:34 +0200] "POST /xmlrpc.php HTTP/1.1" 429 267 www.erlain.es "-" "Mozilla/5.0 (Windows NT 10.0) AppleWebKit/537.43 (KHTML, like Gecko) Chrome/137.0.0.0 Safari/537.36 OPR/121.0.0.0" "-"
40.77.167.0 - - [02/May/2026:02:49:37 +0200] "GET /?a=33978104070601 HTTP/1.1" 200 52512 caldereria-balantxa.com "-" "Mozilla/5.0 AppleWebKit/537.36 (KHTML, like Gecko; compatible; bingbot/2.0; +http://www.bing.com/bingbot.htm) Chrome/116.0.1938.76 Safari/537.36" "-"
2a03:2880:f800:: - - [02/May/2026:02:49:39 +0200] "GET /items/B121309510/?path=/homepages/1 HTTP/1.1" 200 121628 www.caldereria-balantxa.com "-" "meta-externalagent/1.1 (+https://developers.facebook.com/docs/sharing/webmasters/crawler)" "-"
74.7.242.0 - - [02/May/2026:02:49:43 +0200] "GET /?fileloc=//kunden/kunden/kunden/kunden/kunden/kunden/kunden/proc/thread-self/root/proc/self/root/usr/sbin/update-dictcommon-hunspell&path=//kunden/kunden/kunden/kunden/kunden/kunden/kunden/proc/thread-self/root/proc/self/root/usr/sbin HTTP/1.1" 200 14310 www.caldereria-balantxa.com "https://www.caldereria-balantxa.com/?path=//kunden/kunden/kunden/kunden/kunden/kunden/kunden/proc/thread-self/root/proc/self/root/usr/sbin" "Mozilla/5.0 AppleWebKit/537.36 (KHTML, like Gecko; compatible; GPTBot/1.3; +https://openai.com/gptbot)" "-"
37.59.204.0 - - [02/May/2026:02:49:44 +0200] "GET /ruletas-en-monterrey/ HTTP/1.1" 200 36438 www.soldadura-aircom.com "-" "Mozilla/5.0 (compatible; AhrefsBot/7.0; +http://ahrefs.com/robot/)" "-"
114.119.154.0 - - [02/May/2026:02:49:46 +0200] "GET /?p=40365 HTTP/1.1" 301 - elpayasocobrador.com "https://elpayasocobrador.com/?p=40533" "Mozilla/5.0 (Linux; Android 7.0;) AppleWebKit/537.36 (HTML, like Gecko) Mobile Safari/537.36 (compatible; PetalBot;+https://webmaster.petalsearch.com/site/petalbot)" "-"
114.119.154.0 - - [02/May/2026:02:49:48 +0200] "GET /online-apuestas-futbol-en-vivo/ HTTP/1.1" 200 53210 elpayasocobrador.com "https://elpayasocobrador.com/?p=40533" "Mozilla/5.0 (Linux; Android 7.0;) AppleWebKit/537.36 (HTML, like Gecko) Mobile Safari/537.36 (compatible; PetalBot;+https://webmaster.petalsearch.com/site/petalbot)" "-"
176.31.139.0 - - [02/May/2026:02:49:51 +0200] "GET /aficionado-leicester-apuesta/ HTTP/1.1" 200 67392 biark.net "-" "Mozilla/5.0 (compatible; AhrefsBot/7.0; +http://ahrefs.com/robot/)" "-"
114.119.145.0 - - [02/May/2026:02:49:54 +0200] "GET /trabajos-realizados/2012-12-03-12-59-57/?path=/homepages/2 HTTP/1.1" 200 128273 www.caldereria-balantxa.com "-" "Mozilla/5.0 (Linux; Android 7.0;) AppleWebKit/537.36 (KHTML, like Gecko) Mobile Safari/537.36 (compatible; PetalBot;+https://webmaster.petalsearch.com/site/petalbot)" "-"
74.7.227.0 - - [02/May/2026:02:49:54 +0200] "GET /?fileloc=/homepages/2/d834828290/htdocs/clickandbuilds/caldereria-balantxa.com/wp-content/et-cache/2644/et-divi-dynamic-2644-late.css&path=/homepages/2/d834828290/htdocs/clickandbuilds/caldereria-balantxa.com/wp-content/et-cache/2644 HTTP/1.1" 200 13004 caldereria-balantxa.com "https://caldereria-balantxa.com/?path=/homepages/2/d834828290/htdocs/clickandbuilds/caldereria-balantxa.com/wp-content/et-cache/2644" "Mozilla/5.0 AppleWebKit/537.36 (KHTML, like Gecko; compatible; GPTBot/1.3; +https://openai.com/gptbot)" "-"
66.249.64.0 - - [02/May/2026:02:49:54 +0200] "GET /robots.txt HTTP/1.1" 200 125 www.soldadura-aircom.com "-" "Mozilla/5.0 (compatible; Googlebot/2.1; +http://www.google.com/bot.html)" "-"
104.210.140.0 - - [02/May/2026:02:49:55 +0200] "GET /robots.txt HTTP/1.1" 200 52512 caldereria-balantxa.com "-" "Mozilla/5.0 (Macintosh; Intel Mac OS X 10_15_7) AppleWebKit/537.36 (KHTML, like Gecko) Chrome/131.0.0.0 Safari/537.36; compatible; OAI-SearchBot/1.0; +https://openai.com/searchbot" "-"
74.7.243.0 - - [02/May/2026:02:49:56 +0200] "GET /?p=40268 HTTP/1.1" 301 - elpayasocobrador.com "https://elpayasocobrador.com/?p=40324" "Mozilla/5.0 AppleWebKit/537.36 (KHTML, like Gecko; compatible; GPTBot/1.3; +https://openai.com/gptbot)" "-"
95.108.213.0 - - [02/May/2026:02:49:57 +0200] "GET /jugar-ahora-tragamonedas-gratis/ HTTP/1.1" 429 267 www.erlain.es "-" "Mozilla/5.0 (compatible; YandexBot/3.0; +http://yandex.com/bots)" "-"
74.7.243.0 - - [02/May/2026:02:49:58 +0200] "GET /resultado-futbol-bar%C3%A7a-hoy/ HTTP/1.1" 200 53103 elpayasocobrador.com "https://elpayasocobrador.com/?p=40268" "Mozilla/5.0 AppleWebKit/537.36 (KHTML, like Gecko; compatible; GPTBot/1.3; +https://openai.com/gptbot)" "-"
52.167.144.0 - - [02/May/2026:02:50:00 +0200] "GET /foro-apuestas-deportivas-vs-chile/?path=/homepages/2 HTTP/1.1" 200 128273 www.caldereria-balantxa.com "-" "Mozilla/5.0 AppleWebKit/537.36 (KHTML, like Gecko; compatible; bingbot/2.0; +http://www.bing.com/bingbot.htm) Chrome/116.0.1938.76 Safari/537.36" "-"
2a03:2880:f800:: - - [02/May/2026:02:50:01 +0200] "GET /casino-en-guadalupe/ HTTP/1.1" 200 66756 biark.net "-" "meta-externalagent/1.1 (+https://developers.facebook.com/docs/sharing/webmasters/crawler)" "-"
2a03:2880:f800:: - - [02/May/2026:02:50:02 +0200] "GET /items/B121946939/?path=/homepages/2/d834828290/htdocs/clickandbuilds/caldereria-balantxa.com/cgi-bin HTTP/1.1" 200 13064 www.caldereria-balantxa.com "-" "meta-externalagent/1.1 (+https://developers.facebook.com/docs/sharing/webmasters/crawler)" "-"
82.165.80.0 - - [02/May/2026:02:50:03 +0200] "POST /wp-cron.php?doing_wp_cron=1777683003.4776549339294433593750 HTTP/1.1" 200 - biark.net "-" "WordPress/6.9.4; https://biark.net" "-"
114.119.145.0 - - [02/May/2026:02:50:06 +0200] "GET /?p=6663 HTTP/1.1" 301 - www.soldadura-aircom.com "https://www.soldadura-aircom.com/?p=7022" "Mozilla/5.0 (Linux; Android 7.0;) AppleWebKit/537.36 (HTML, like Gecko) Mobile Safari/537.36 (compatible; PetalBot;+https://webmaster.petalsearch.com/site/petalbot)" "-"
2a03:2880:f800:: - - [02/May/2026:02:50:09 +0200] "GET /promociones-casas-de-apuestas/ HTTP/1.1" 200 66680 biark.net "-" "meta-externalagent/1.1 (+https://developers.facebook.com/docs/sharing/webmasters/crawler)" "-"
74.7.242.0 - - [02/May/2026:02:50:09 +0200] "GET /?fileloc=//kunden/kunden/kunden/kunden/kunden/kunden/kunden/proc/thread-self/root/proc/self/root/usr/sbin/update-ca-certificates&path=//kunden/kunden/kunden/kunden/kunden/kunden/kunden/proc/thread-self/root/proc/self/root/usr/sbin HTTP/1.1" 200 20260 www.caldereria-balantxa.com "https://www.caldereria-balantxa.com/?path=//kunden/kunden/kunden/kunden/kunden/kunden/kunden/proc/thread-self/root/proc/self/root/usr/sbin" "Mozilla/5.0 AppleWebKit/537.36 (KHTML, like Gecko; compatible; GPTBot/1.3; +https://openai.com/gptbot)" "-"
114.119.145.0 - - [02/May/2026:02:50:09 +0200] "GET /casino-juegos-valdivia/ HTTP/1.1" 200 36689 www.soldadura-aircom.com "https://www.soldadura-aircom.com/?p=7022" "Mozilla/5.0 (Linux; Android 7.0;) AppleWebKit/537.36 (HTML, like Gecko) Mobile Safari/537.36 (compatible; PetalBot;+https://webmaster.petalsearch.com/site/petalbot)" "-"
92.222.108.0 - - [02/May/2026:02:50:14 +0200] "GET /nombres-de-juegos-de-casinos/ HTTP/1.1" 200 36220 www.soldadura-aircom.com "-" "Mozilla/5.0 (compatible; AhrefsBot/7.0; +http://ahrefs.com/robot/)" "-"
47.82.10.0 - - [02/May/2026:02:50:16 +0200] "GET /eusk/urdaneta-16-kalea-zumarraga-gipuzkoa/ HTTP/1.1" 429 267 biark.net "https://biark.net/" "Mozilla/5.0 (Macintosh; Intel Mac OS X 10_15_7) AppleWebKit/537.36 (KHTML, like Gecko) Chrome/135.0.0.0 Safari/537.36" "-"
2a03:2880:f800:: - - [02/May/2026:02:50:16 +0200] "GET /items/B121158724/?path=/homepages/2 HTTP/1.1" 200 128273 www.caldereria-balantxa.com "-" "meta-externalagent/1.1 (+https://developers.facebook.com/docs/sharing/webmasters/crawler)" "-"
198.244.240.0 - - [02/May/2026:02:50:16 +0200] "GET /casinos-en-guaymas/ HTTP/1.1" 404 31217 www.erlain.es "-" "Mozilla/5.0 (compatible; AhrefsBot/7.0; +http://ahrefs.com/robot/)" "-"
114.119.156.0 - - [02/May/2026:02:50:18 +0200] "GET /hay-casino-en-buzios HTTP/1.1" 301 - www.planeadosalbe.com "-" "Mozilla/5.0 (Linux; Android 7.0;) AppleWebKit/537.36 (HTML, like Gecko) Mobile Safari/537.36 (compatible; PetalBot;+https://webmaster.petalsearch.com/site/petalbot)" "-"
2a03:2880:f800:: - - [02/May/2026:02:50:19 +0200] "GET /juegos-de-maquinas-tragamonedas-nuevas/ HTTP/1.1" 200 66810 biark.net "-" "meta-externalagent/1.1 (+https://developers.facebook.com/docs/sharing/webmasters/crawler)" "-"
114.119.156.0 - - [02/May/2026:02:50:20 +0200] "GET /hay-casino-en-buzios/ HTTP/1.1" 200 55372 www.planeadosalbe.com "https://www.planeadosalbe.com/hay-casino-en-buzios" "Mozilla/5.0 (Linux; Android 7.0;) AppleWebKit/537.36 (HTML, like Gecko) Mobile Safari/537.36 (compatible; PetalBot;+https://webmaster.petalsearch.com/site/petalbot)" "-"
74.7.227.0 - - [02/May/2026:02:50:20 +0200] "GET /?fileloc=/homepages/2/d834828290/htdocs/clickandbuilds/caldereria-balantxa.com/wp-content/et-cache/9381/et-divi-dynamic-9381-late.css&path=/homepages/2/d834828290/htdocs/clickandbuilds/caldereria-balantxa.com/wp-content/et-cache/9381 HTTP/1.1" 200 13004 caldereria-balantxa.com "https://caldereria-balantxa.com/?path=/homepages/2/d834828290/htdocs/clickandbuilds/caldereria-balantxa.com/wp-content/et-cache/9381" "Mozilla/5.0 AppleWebKit/537.36 (KHTML, like Gecko; compatible; GPTBot/1.3; +https://openai.com/gptbot)" "-"
40.77.167.0 - - [02/May/2026:02:50:20 +0200] "GET /juegos-de-azar-quiniela-nacional/ HTTP/1.1" 200 36646 www.soldadura-aircom.com "-" "Mozilla/5.0 AppleWebKit/537.36 (KHTML, like Gecko; compatible; bingbot/2.0; +http://www.bing.com/bingbot.htm) Chrome/116.0.1938.76 Safari/537.36" "-"
94.23.188.0 - - [02/May/2026:02:50:22 +0200] "GET /a-casas-asi%C3%A1ticas-apuestas-deportivas/ HTTP/1.1" 200 67100 biark.net "-" "Mozilla/5.0 (compatible; AhrefsBot/7.0; +http://ahrefs.com/robot/)" "-"
2a03:2880:f800:: - - [02/May/2026:02:50:22 +0200] "GET /items/B121563390/?path=/homepages/2/d834828290 HTTP/1.1" 200 31371 www.caldereria-balantxa.com "-" "meta-externalagent/1.1 (+https://developers.facebook.com/docs/sharing/webmasters/crawler)" "-"
2a03:2880:f800:: - - [02/May/2026:02:50:29 +0200] "GET /items/B121351578/?path=//bin HTTP/1.1" 200 1776721 www.caldereria-balantxa.com "-" "meta-externalagent/1.1 (+https://developers.facebook.com/docs/sharing/webmasters/crawler)" "-"
2a03:2880:f800:: - - [02/May/2026:02:50:30 +0200] "GET /casino-gran-madrid-cumplea%C3%B1os/ HTTP/1.1" 200 67124 biark.net "-" "meta-externalagent/1.1 (+https://developers.facebook.com/docs/sharing/webmasters/crawler)" "-"
74.7.242.0 - - [02/May/2026:02:50:32 +0200] "GET /?path=//kunden/kunden/kunden/kunden/kunden/kunden/kunden/proc/thread-self/root/proc/self/root/kunden/lib/locale/gez_ER@abegede HTTP/1.1" 200 36134 www.caldereria-balantxa.com "https://www.caldereria-balantxa.com/?path=//kunden/kunden/kunden/kunden/kunden/kunden/kunden/proc/thread-self/root/proc/self/root/kunden/lib/locale" "Mozilla/5.0 AppleWebKit/537.36 (KHTML, like Gecko; compatible; GPTBot/1.3; +https://openai.com/gptbot)" "-"
2a03:2880:f800:: - - [02/May/2026:02:50:34 +0200] "GET /robots.txt HTTP/1.1" 200 114 www.erlain.es "-" "facebookexternalhit/1.1 (+http://www.facebook.com/externalhit_uatext.php)" "-"
2a03:2880:f800:: - - [02/May/2026:02:50:35 +0200] "GET /sitemap.txt?fileloc=/homepages/2/d834828290/htdocs/clickandbuilds/caldereria-balantxa.com/wp-admin/options-general.php&path=/homepages/2/d834828290/htdocs/clickandbuilds/caldereria-balantxa.com/wp-admin HTTP/1.1" 200 41861 caldereria-balantxa.com "-" "meta-externalagent/1.1 (+https://developers.facebook.com/docs/sharing/webmasters/crawler)" "-"
2a03:2880:f800:: - - [02/May/2026:02:50:39 +0200] "GET /wp-json/wp/v2/posts/5344 HTTP/1.1" 200 5734 biark.net "-" "meta-externalagent/1.1 (+https://developers.facebook.com/docs/sharing/webmasters/crawler)" "-"
82.165.80.0 - - [02/May/2026:02:50:40 +0200] "POST /wp-cron.php?doing_wp_cron=1777683040.1283040046691894531250 HTTP/1.1" 200 - biark.net "-" "WordPress/6.9.4; https://biark.net" "-"
2a03:2880:f800:: - - [02/May/2026:02:50:41 +0200] "GET /items/B121609351/?path=/homepages/2/d384989551 HTTP/1.1" 200 28423 www.caldereria-balantxa.com "-" "meta-externalagent/1.1 (+https://developers.facebook.com/docs/sharing/webmasters/crawler)" "-"
82.165.80.0 - - [02/May/2026:02:50:42 +0200] "POST /wp-cron.php?doing_wp_cron=1777683042.7091400623321533203125 HTTP/1.1" 200 - biark.net "-" "WordPress/6.9.4; https://biark.net" "-"
2a03:2880:f800:: - - [02/May/2026:02:50:42 +0200] "GET /wp-json/oembed/1.0/embed?url=https%3A%2F%2Fbiark.net%2Fjuegos-de-maquinas-tragamonedas-nuevas%2F HTTP/1.1" 200 2233 biark.net "-" "meta-externalagent/1.1 (+https://developers.facebook.com/docs/sharing/webmasters/crawler)" "-"
94.23.188.0 - - [02/May/2026:02:50:42 +0200] "GET /las-mejores-tragamonedas-cripto/ HTTP/1.1" 200 36005 www.soldadura-aircom.com "-" "Mozilla/5.0 (compatible; AhrefsBot/7.0; +http://ahrefs.com/robot/)" "-"
74.7.227.0 - - [02/May/2026:02:50:44 +0200] "GET /?fileloc=/homepages/2/d834828290/htdocs/clickandbuilds/caldereria-balantxa.com/wp-content/et-cache/2092/et-divi-dynamic-2092.css&path=/homepages/2/d834828290/htdocs/clickandbuilds/caldereria-balantxa.com/wp-content/et-cache/2092 HTTP/1.1" 200 12999 caldereria-balantxa.com "https://caldereria-balantxa.com/?path=/homepages/2/d834828290/htdocs/clickandbuilds/caldereria-balantxa.com/wp-content/et-cache/2092" "Mozilla/5.0 AppleWebKit/537.36 (KHTML, like Gecko; compatible; GPTBot/1.3; +https://openai.com/gptbot)" "-"
2a03:2880:f800:: - - [02/May/2026:02:50:46 +0200] "GET /items/B121572827/?path=/homepages/2/d834828290/htdocs/clickandbuilds HTTP/1.1" 200 21572 www.caldereria-balantxa.com "-" "meta-externalagent/1.1 (+https://developers.facebook.com/docs/sharing/webmasters/crawler)" "-"
5.39.1.0 - - [02/May/2026:02:50:48 +0200] "GET /spin-casino-bono-sin-dep%C3%B3sito-50-giros-gratis-2025/ HTTP/1.1" 200 67372 biark.net "-" "Mozilla/5.0 (compatible; AhrefsBot/7.0; +http://ahrefs.com/robot/)" "-"
74.7.243.0 - - [02/May/2026:02:50:49 +0200] "GET /?p=43872 HTTP/1.1" 301 - elpayasocobrador.com "https://elpayasocobrador.com/?p=45234" "Mozilla/5.0 AppleWebKit/537.36 (KHTML, like Gecko; compatible; GPTBot/1.3; +https://openai.com/gptbot)" "-"
82.165.80.0 - - [02/May/2026:02:50:50 +0200] "POST /wp-cron.php?doing_wp_cron=1777683050.6566340923309326171875 HTTP/1.1" 200 - elpayasocobrador.com "-" "WordPress/6.9.4; https://elpayasocobrador.com" "-"
74.7.243.0 - - [02/May/2026:02:50:51 +0200] "GET /probabilidad-apuestas-deportivas-sin-dinero-real/ HTTP/1.1" 200 53309 elpayasocobrador.com "https://elpayasocobrador.com/?p=43872" "Mozilla/5.0 AppleWebKit/537.36 (KHTML, like Gecko; compatible; GPTBot/1.3; +https://openai.com/gptbot)" "-"
74.7.242.0 - - [02/May/2026:02:50:51 +0200] "GET /?path=//kunden/kunden/kunden/kunden/kunden/kunden/kunden/proc/thread-self/root/proc/self/root/kunden/usr/lib/locale/eo/LC_MESSAGES HTTP/1.1" 200 16264 www.caldereria-balantxa.com "https://www.caldereria-balantxa.com/?path=//kunden/kunden/kunden/kunden/kunden/kunden/kunden/proc/thread-self/root/proc/self/root/kunden/usr/lib/locale/eo" "Mozilla/5.0 AppleWebKit/537.36 (KHTML, like Gecko; compatible; GPTBot/1.3; +https://openai.com/gptbot)" "-"
2a03:2880:f800:: - - [02/May/2026:02:50:51 +0200] "GET /items/B121844521/?path=/homepages/2/d834828290/htdocs/clickandbuilds/caldereria-balantxa.com HTTP/1.1" 200 52512 www.caldereria-balantxa.com "-" "meta-externalagent/1.1 (+https://developers.facebook.com/docs/sharing/webmasters/crawler)" "-"
87.250.224.0 - - [02/May/2026:02:50:52 +0200] "GET /robots.txt HTTP/1.1" 429 267 biark.net "-" "Mozilla/5.0 (compatible; YandexBot/3.0; +http://yandex.com/bots)" "-"
66.249.64.0 - - [02/May/2026:02:50:53 +0200] "GET /2024/03/11/casino-tijuana-historia/ HTTP/1.1" 404 31318 www.soldadura-aircom.com "-" "Mozilla/5.0 (Linux; Android 6.0.1; Nexus 5X Build/MMB29P) AppleWebKit/537.36 (KHTML, like Gecko) Chrome/147.0.7727.137 Mobile Safari/537.36 (compatible; Googlebot/2.1; +http://www.google.com/bot.html)" "-"
47.82.10.0 - - [02/May/2026:02:50:54 +0200] "GET /como-funciona-la-ruleta-en-el-casino HTTP/1.1" 429 267 elpayasocobrador.com "https://elpayasocobrador.com/" "Mozilla/5.0 (X11; CrOS x86_64 14541.0.0) AppleWebKit/537.36 (KHTML, like Gecko) Chrome/132.0.0.0 Safari/537.36" "-"
2a03:2880:f800:: - - [02/May/2026:02:50:56 +0200] "GET /items/B121454893/?path=/homepages/2/d834828290/htdocs/clickandbuilds HTTP/1.1" 200 21572 www.caldereria-balantxa.com "-" "meta-externalagent/1.1 (+https://developers.facebook.com/docs/sharing/webmasters/crawler)" "-"
2a03:2880:f800:: - - [02/May/2026:02:51:01 +0200] "GET /items/B121795295/?path=/homepages/2/d388732396 HTTP/1.1" 200 25467 www.caldereria-balantxa.com "-" "meta-externalagent/1.1 (+https://developers.facebook.com/docs/sharing/webmasters/crawler)" "-"
114.119.158.0 - - [02/May/2026:02:51:03 +0200] "GET /trabajos-realizados/2012-12-03-12-59-57/?fileloc=/homepages/2/d389656792/DASTOOLSTART&path=/homepages/2/d389656792 HTTP/1.1" 200 12312 www.caldereria-balantxa.com "-" "Mozilla/5.0 (Linux; Android 7.0;) AppleWebKit/537.36 (KHTML, like Gecko) Mobile Safari/537.36 (compatible; PetalBot;+https://webmaster.petalsearch.com/site/petalbot)" "-"
2a03:2880:f800:: - - [02/May/2026:02:51:05 +0200] "GET /clasificaci%C3%B3n-de-casinos-bitcoin/ HTTP/1.1" 200 67330 biark.net "-" "meta-externalagent/1.1 (+https://developers.facebook.com/docs/sharing/webmasters/crawler)" "-"
2a03:2880:f800:: - - [02/May/2026:02:51:05 +0200] "GET /items/B121371302/?path=/ HTTP/1.1" 200 44504 www.caldereria-balantxa.com "-" "meta-externalagent/1.1 (+https://developers.facebook.com/docs/sharing/webmasters/crawler)" "-"
74.7.227.0 - - [02/May/2026:02:51:06 +0200] "GET /?fileloc=/homepages/2/d834828290/htdocs/clickandbuilds/caldereria-balantxa.com/wp-content/et-cache/8398/et-divi-dynamic-8398-late.css&path=/homepages/2/d834828290/htdocs/clickandbuilds/caldereria-balantxa.com/wp-content/et-cache/8398 HTTP/1.1" 200 13004 caldereria-balantxa.com "https://caldereria-balantxa.com/?path=/homepages/2/d834828290/htdocs/clickandbuilds/caldereria-balantxa.com/wp-content/et-cache/8398" "Mozilla/5.0 AppleWebKit/537.36 (KHTML, like Gecko; compatible; GPTBot/1.3; +https://openai.com/gptbot)" "-"
2a03:2880:f800:: - - [02/May/2026:02:51:08 +0200] "GET /one-play-casino-apuestas-deportivas-online/ HTTP/1.1" 200 70199 biark.net "-" "meta-externalagent/1.1 (+https://developers.facebook.com/docs/sharing/webmasters/crawler)" "-"
74.7.242.0 - - [02/May/2026:02:51:10 +0200] "GET /?path=//kunden/kunden/kunden/kunden/kunden/kunden/kunden/proc/thread-self/root/proc/self/root/kunden/lib/locale/uz_UZ@cyrillic HTTP/1.1" 200 36134 www.caldereria-balantxa.com "https://www.caldereria-balantxa.com/?path=//kunden/kunden/kunden/kunden/kunden/kunden/kunden/proc/thread-self/root/proc/self/root/kunden/lib/locale" "Mozilla/5.0 AppleWebKit/537.36 (KHTML, like Gecko; compatible; GPTBot/1.3; +https://openai.com/gptbot)" "-"
5.39.109.0 - - [02/May/2026:02:51:10 +0200] "GET /juegos-tragamonedas-descargar-para-pc/ HTTP/1.1" 200 37268 www.soldadura-aircom.com "-" "Mozilla/5.0 (compatible; AhrefsBot/7.0; +http://ahrefs.com/robot/)" "-"
51.68.247.0 - - [02/May/2026:02:51:13 +0200] "GET /megapari-bono-de-100-euros-apuestas-online/ HTTP/1.1" 200 66693 biark.net "-" "Mozilla/5.0 (compatible; AhrefsBot/7.0; +http://ahrefs.com/robot/)" "-"
2a03:2880:f800:: - - [02/May/2026:02:51:13 +0200] "GET /items/B121096383/?path=/homepages/2/d834828290 HTTP/1.1" 200 31371 www.caldereria-balantxa.com "-" "meta-externalagent/1.1 (+https://developers.facebook.com/docs/sharing/webmasters/crawler)" "-"
2a03:2880:f800:: - - [02/May/2026:02:51:17 +0200] "GET /items/B122225192/?path=/homepages/2/d834828290/htdocs/clickandbuilds/caldereria-balantxa.com/wp-includes HTTP/1.1" 200 492227 www.caldereria-balantxa.com "-" "meta-externalagent/1.1 (+https://developers.facebook.com/docs/sharing/webmasters/crawler)" "-"
114.119.145.0 - - [02/May/2026:02:51:19 +0200] "GET /?p=40180 HTTP/1.1" 301 - elpayasocobrador.com "https://elpayasocobrador.com/?p=40629" "Mozilla/5.0 (Linux; Android 7.0;) AppleWebKit/537.36 (HTML, like Gecko) Mobile Safari/537.36 (compatible; PetalBot;+https://webmaster.petalsearch.com/site/petalbot)" "-"
82.165.80.0 - - [02/May/2026:02:51:21 +0200] "POST /wp-cron.php?doing_wp_cron=1777683081.3525040149688720703125 HTTP/1.1" 200 - elpayasocobrador.com "-" "WordPress/6.9.4; https://elpayasocobrador.com" "-"
114.119.145.0 - - [02/May/2026:02:51:22 +0200] "GET /resultado-bar%C3%A7a-real-sociedad-hoy/ HTTP/1.1" 200 53486 elpayasocobrador.com "https://elpayasocobrador.com/?p=40629" "Mozilla/5.0 (Linux; Android 7.0;) AppleWebKit/537.36 (HTML, like Gecko) Mobile Safari/537.36 (compatible; PetalBot;+https://webmaster.petalsearch.com/site/petalbot)" "-"
2a03:2880:f800:: - - [02/May/2026:02:51:22 +0200] "GET /items/B121690329/?path=//sbin HTTP/1.1" 429 267 www.caldereria-balantxa.com "-" "meta-externalagent/1.1 (+https://developers.facebook.com/docs/sharing/webmasters/crawler)" "-"
2a03:2880:f800:: - - [02/May/2026:02:51:25 +0200] "GET /items/B121407504/?path=/homepages HTTP/1.1" 429 267 www.caldereria-balantxa.com "-" "meta-externalagent/1.1 (+https://developers.facebook.com/docs/sharing/webmasters/crawler)" "-"
74.7.227.0 - - [02/May/2026:02:51:25 +0200] "GET /?fileloc=/homepages/2/d834828290/htdocs/clickandbuilds/caldereria-balantxa.com/wp-content/et-cache/1813/et-divi-dynamic-1813-late.css&path=/homepages/2/d834828290/htdocs/clickandbuilds/caldereria-balantxa.com/wp-content/et-cache/1813 HTTP/1.1" 200 13004 caldereria-balantxa.com "https://caldereria-balantxa.com/?path=/homepages/2/d834828290/htdocs/clickandbuilds/caldereria-balantxa.com/wp-content/et-cache/1813" "Mozilla/5.0 AppleWebKit/537.36 (KHTML, like Gecko; compatible; GPTBot/1.3; +https://openai.com/gptbot)" "-"
2a03:2880:f800:: - - [02/May/2026:02:51:25 +0200] "GET /items/B121983820/?path=/homepages/2/d834828290/htdocs/clickandbuilds/caldereria-balantxa.com HTTP/1.1" 429 267 www.caldereria-balantxa.com "-" "meta-externalagent/1.1 (+https://developers.facebook.com/docs/sharing/webmasters/crawler)" "-"
74.7.242.0 - - [02/May/2026:02:51:26 +0200] "GET /?path=//kunden/kunden/kunden/kunden/kunden/kunden/kunden/proc/thread-self/root/proc/self/root/kunden/usr/lib/locale/gez_ET@abegede HTTP/1.1" 200 36457 www.caldereria-balantxa.com "https://www.caldereria-balantxa.com/?path=//kunden/kunden/kunden/kunden/kunden/kunden/kunden/proc/thread-self/root/proc/self/root/kunden/usr/lib/locale" "Mozilla/5.0 AppleWebKit/537.36 (KHTML, like Gecko; compatible; GPTBot/1.3; +https://openai.com/gptbot)" "-"
52.167.144.0 - - [02/May/2026:02:51:30 +0200] "GET /golden-bull-c%C3%B3digo-promocional-apuestas-deportivas-primera-apuesta/ HTTP/1.1" 200 73161 biark.net "-" "Mozilla/5.0 AppleWebKit/537.36 (KHTML, like Gecko; compatible; bingbot/2.0; +http://www.bing.com/bingbot.htm) Chrome/116.0.1938.76 Safari/537.36" "-"
2a03:2880:f800:: - - [02/May/2026:02:51:30 +0200] "GET /sitemap.txt?fileloc=/homepages/2/d834828290/htdocs/clickandbuilds/caldereria-balantxa.com/wp-includes/class-snoopy.php&path=/homepages/2/d834828290/htdocs/clickandbuilds/caldereria-balantxa.com/wp-includes HTTP/1.1" 200 55703 caldereria-balantxa.com "-" "meta-externalagent/1.1 (+https://developers.facebook.com/docs/sharing/webmasters/crawler)" "-"
