74.7.243.0 - - [02/May/2026:00:29:10 +0200] "GET /?p=27102 HTTP/1.1" 301 - elpayasocobrador.com "https://elpayasocobrador.com/?p=27784" "Mozilla/5.0 AppleWebKit/537.36 (KHTML, like Gecko; compatible; GPTBot/1.3; +https://openai.com/gptbot)" "-"
82.165.80.0 - - [02/May/2026:00:29:11 +0200] "POST /wp-cron.php?doing_wp_cron=1777674551.5443029403686523437500 HTTP/1.1" 200 - elpayasocobrador.com "-" "WordPress/6.9.4; https://elpayasocobrador.com" "-"
74.7.243.0 - - [02/May/2026:00:29:12 +0200] "GET /juegos-en-l%C3%ADnea-en-casino-con-ethereum/ HTTP/1.1" 200 52918 elpayasocobrador.com "https://elpayasocobrador.com/?p=27102" "Mozilla/5.0 AppleWebKit/537.36 (KHTML, like Gecko; compatible; GPTBot/1.3; +https://openai.com/gptbot)" "-"
114.119.153.0 - - [02/May/2026:00:29:13 +0200] "GET /2024/03/11/jugar-she-s-a-rich-girl-gratis HTTP/1.1" 404 31318 www.soldadura-aircom.com "-" "Mozilla/5.0 (Linux; Android 7.0;) AppleWebKit/537.36 (HTML, like Gecko) Mobile Safari/537.36 (compatible; PetalBot;+https://webmaster.petalsearch.com/site/petalbot)" "-"
2a03:2880:f800:: - - [02/May/2026:00:29:14 +0200] "GET /buena-casa-de-apuestas-peru-colombia/ HTTP/1.1" 200 70909 biark.net "-" "meta-externalagent/1.1 (+https://developers.facebook.com/docs/sharing/webmasters/crawler)" "-"
2a03:2880:f800:: - - [02/May/2026:00:29:15 +0200] "GET /items/B121242439/?path=/homepages/2/d389439182 HTTP/1.1" 200 26941 www.caldereria-balantxa.com "-" "meta-externalagent/1.1 (+https://developers.facebook.com/docs/sharing/webmasters/crawler)" "-"
74.7.242.0 - - [02/May/2026:00:29:17 +0200] "GET /?path=//kunden/kunden/kunden/kunden/kunden/kunden/kunden/proc/thread-self/root/kunden/lib/locale/tt_RU@iqtelif HTTP/1.1" 200 34996 www.caldereria-balantxa.com "https://www.caldereria-balantxa.com/?path=//kunden/kunden/kunden/kunden/kunden/kunden/kunden/proc/thread-self/root/kunden/lib/locale" "Mozilla/5.0 AppleWebKit/537.36 (KHTML, like Gecko; compatible; GPTBot/1.3; +https://openai.com/gptbot)" "-"
2a03:2880:f800:: - - [02/May/2026:00:29:18 +0200] "GET /como-jugar-en-el-casino-tragamonedas/ HTTP/1.1" 200 67679 biark.net "-" "meta-externalagent/1.1 (+https://developers.facebook.com/docs/sharing/webmasters/crawler)" "-"
2a03:2880:f800:: - - [02/May/2026:00:29:22 +0200] "GET /minijuegos-casino-online/ HTTP/1.1" 200 67700 biark.net "-" "meta-externalagent/1.1 (+https://developers.facebook.com/docs/sharing/webmasters/crawler)" "-"
2a03:2880:f800:: - - [02/May/2026:00:29:23 +0200] "GET /post-sitemap7.xml?fileloc=/homepages/2/d834828290/htdocs/clickandbuilds/caldereria-balantxa.com/wp-includes/class-wp-roles.php&path=/homepages/2/d834828290/htdocs/clickandbuilds/caldereria-balantxa.com/wp-includes HTTP/1.1" 200 22754 www.caldereria-balantxa.com "-" "meta-externalagent/1.1 (+https://developers.facebook.com/docs/sharing/webmasters/crawler)" "-"
114.119.136.0 - - [02/May/2026:00:29:25 +0200] "GET /betsson-bono-de-bienvenida-chile/ HTTP/1.1" 200 55475 www.planeadosalbe.com "https://www.planeadosalbe.com/wp-sitemap-posts-post-1.xml" "Mozilla/5.0 (Linux; Android 7.0;) AppleWebKit/537.36 (HTML, like Gecko) Mobile Safari/537.36 (compatible; PetalBot;+https://webmaster.petalsearch.com/site/petalbot)" "-"
51.222.168.0 - - [02/May/2026:00:29:26 +0200] "GET /robots.txt HTTP/1.1" 200 52512 www.caldereria-balantxa.com "-" "Mozilla/5.0 (compatible; AhrefsBot/7.0; +http://ahrefs.com/robot/)" "-"
54.37.118.0 - - [02/May/2026:00:29:27 +0200] "GET /dividir-en-blackjack/ HTTP/1.1" 200 36070 www.soldadura-aircom.com "-" "Mozilla/5.0 (compatible; AhrefsBot/7.0; +http://ahrefs.com/robot/)" "-"
142.44.233.0 - - [02/May/2026:00:29:27 +0200] "GET /mejores-paginas-de-apuestas-deportivas-espa%C3%B1a/ HTTP/1.1" 200 52512 www.caldereria-balantxa.com "-" "Mozilla/5.0 (compatible; AhrefsBot/7.0; +http://ahrefs.com/robot/)" "-"
74.7.227.0 - - [02/May/2026:00:29:28 +0200] "GET /?fileloc=/homepages/2/d834828290/htdocs/clickandbuilds/caldereria-balantxa.com/wp-content/et-cache/1094/et-divi-dynamic-1094-late.css&path=/homepages/2/d834828290/htdocs/clickandbuilds/caldereria-balantxa.com/wp-content/et-cache/1094 HTTP/1.1" 200 13004 caldereria-balantxa.com "https://caldereria-balantxa.com/?path=/homepages/2/d834828290/htdocs/clickandbuilds/caldereria-balantxa.com/wp-content/et-cache/1094" "Mozilla/5.0 AppleWebKit/537.36 (KHTML, like Gecko; compatible; GPTBot/1.3; +https://openai.com/gptbot)" "-"
2a03:2880:f800:: - - [02/May/2026:00:29:31 +0200] "GET /items/B121019908/?path=/homepages/9/d833668901 HTTP/1.1" 200 24001 www.caldereria-balantxa.com "-" "meta-externalagent/1.1 (+https://developers.facebook.com/docs/sharing/webmasters/crawler)" "-"
2a03:2880:f800:: - - [02/May/2026:00:29:35 +0200] "GET /pron%C3%B3stico-de-basquet-nba/ HTTP/1.1" 200 66633 biark.net "-" "meta-externalagent/1.1 (+https://developers.facebook.com/docs/sharing/webmasters/crawler)" "-"
2a03:2880:f800:: - - [02/May/2026:00:29:38 +0200] "GET /items/B121208675/?path=/homepages/2/d384989551 HTTP/1.1" 200 29897 www.caldereria-balantxa.com "-" "meta-externalagent/1.1 (+https://developers.facebook.com/docs/sharing/webmasters/crawler)" "-"
74.7.242.0 - - [02/May/2026:00:29:44 +0200] "GET /?path=//kunden/kunden/kunden/kunden/kunden/kunden/kunden/proc/thread-self/root/kunden/lib/terminfo/r HTTP/1.1" 200 22448 www.caldereria-balantxa.com "https://www.caldereria-balantxa.com/?path=//kunden/kunden/kunden/kunden/kunden/kunden/kunden/proc/thread-self/root/kunden/lib/terminfo" "Mozilla/5.0 AppleWebKit/537.36 (KHTML, like Gecko; compatible; GPTBot/1.3; +https://openai.com/gptbot)" "-"
2a03:2880:f800:: - - [02/May/2026:00:29:45 +0200] "GET /items/B121052233/?path=/homepages/18/d835255677 HTTP/1.1" 200 31430 www.caldereria-balantxa.com "-" "meta-externalagent/1.1 (+https://developers.facebook.com/docs/sharing/webmasters/crawler)" "-"
92.222.104.0 - - [02/May/2026:00:29:48 +0200] "GET /apuestas-electr%C3%B3nicas-total/ HTTP/1.1" 200 67164 biark.net "-" "Mozilla/5.0 (compatible; AhrefsBot/7.0; +http://ahrefs.com/robot/)" "-"
2a03:2880:f800:: - - [02/May/2026:00:29:50 +0200] "GET /apuestas-deportivas-bono-de-bienvenida-sin-deposito-colombia/ HTTP/1.1" 429 267 biark.net "-" "meta-externalagent/1.1 (+https://developers.facebook.com/docs/sharing/webmasters/crawler)" "-"
2a03:2880:f800:: - - [02/May/2026:00:29:51 +0200] "GET /news-sitemap.xml?path=//etc/profile.d HTTP/1.1" 200 16952 caldereria-balantxa.com "-" "meta-externalagent/1.1 (+https://developers.facebook.com/docs/sharing/webmasters/crawler)" "-"
2a03:2880:f800:: - - [02/May/2026:00:29:51 +0200] "GET /casinos-sevilla/ HTTP/1.1" 429 267 biark.net "-" "meta-externalagent/1.1 (+https://developers.facebook.com/docs/sharing/webmasters/crawler)" "-"
74.7.227.0 - - [02/May/2026:00:29:52 +0200] "GET /?fileloc=/homepages/2/d834828290/htdocs/clickandbuilds/caldereria-balantxa.com/wp-content/et-cache/8328/et-divi-dynamic-8328.css&path=/homepages/2/d834828290/htdocs/clickandbuilds/caldereria-balantxa.com/wp-content/et-cache/8328 HTTP/1.1" 200 12999 caldereria-balantxa.com "https://caldereria-balantxa.com/?path=/homepages/2/d834828290/htdocs/clickandbuilds/caldereria-balantxa.com/wp-content/et-cache/8328" "Mozilla/5.0 AppleWebKit/537.36 (KHTML, like Gecko; compatible; GPTBot/1.3; +https://openai.com/gptbot)" "-"
2a03:2880:f800:: - - [02/May/2026:00:29:52 +0200] "GET /oferta-bienvenida-apuestas/ HTTP/1.1" 429 267 biark.net "-" "meta-externalagent/1.1 (+https://developers.facebook.com/docs/sharing/webmasters/crawler)" "-"
2a03:2880:f800:: - - [02/May/2026:00:29:55 +0200] "GET /yocasino-apuesta-gratis-primera-apuesta/ HTTP/1.1" 429 267 biark.net "-" "meta-externalagent/1.1 (+https://developers.facebook.com/docs/sharing/webmasters/crawler)" "-"
2a03:2880:f800:: - - [02/May/2026:00:30:02 +0200] "GET /items/B121068621/?path=/homepages/44 HTTP/1.1" 200 107224 www.caldereria-balantxa.com "-" "meta-externalagent/1.1 (+https://developers.facebook.com/docs/sharing/webmasters/crawler)" "-"
114.119.145.0 - - [02/May/2026:00:30:06 +0200] "GET /resultados-peru-chile-hoy/?path=/homepages/32/d386549041/htdocs HTTP/1.1" 200 12767 www.caldereria-balantxa.com "-" "Mozilla/5.0 (Linux; Android 7.0;) AppleWebKit/537.36 (KHTML, like Gecko) Mobile Safari/537.36 (compatible; PetalBot;+https://webmaster.petalsearch.com/site/petalbot)" "-"
2a03:2880:f800:: - - [02/May/2026:00:30:07 +0200] "GET /items/B122238208/?path=/homepages/8/d834306502 HTTP/1.1" 200 25467 www.caldereria-balantxa.com "-" "meta-externalagent/1.1 (+https://developers.facebook.com/docs/sharing/webmasters/crawler)" "-"
74.7.242.0 - - [02/May/2026:00:30:08 +0200] "GET /?path=//kunden/kunden/kunden/kunden/kunden/kunden/kunden/proc/thread-self/root/proc/self/root/kunden/bin HTTP/1.1" 200 2252238 www.caldereria-balantxa.com "https://www.caldereria-balantxa.com/?path=//kunden/kunden/kunden/kunden/kunden/kunden/kunden/proc/thread-self/root/proc/self/root/kunden" "Mozilla/5.0 AppleWebKit/537.36 (KHTML, like Gecko; compatible; GPTBot/1.3; +https://openai.com/gptbot)" "-"
2a03:2880:f800:: - - [02/May/2026:00:30:09 +0200] "GET /como-jugar-al-tinka-casino/ HTTP/1.1" 429 267 biark.net "-" "meta-externalagent/1.1 (+https://developers.facebook.com/docs/sharing/webmasters/crawler)" "-"
114.119.131.0 - - [02/May/2026:00:30:09 +0200] "GET /?p=31531 HTTP/1.1" 301 - elpayasocobrador.com "https://elpayasocobrador.com/?p=36696" "Mozilla/5.0 (Linux; Android 7.0;) AppleWebKit/537.36 (HTML, like Gecko) Mobile Safari/537.36 (compatible; PetalBot;+https://webmaster.petalsearch.com/site/petalbot)" "-"
82.165.80.0 - - [02/May/2026:00:30:10 +0200] "POST /wp-cron.php?doing_wp_cron=1777674610.6654720306396484375000 HTTP/1.1" 200 - elpayasocobrador.com "-" "WordPress/6.9.4; https://elpayasocobrador.com" "-"
2a03:2880:f800:: - - [02/May/2026:00:30:12 +0200] "GET /items/B121508938/?fileloc=/homepages/2/d833023255/last_traffic&path=/homepages/2/d833023255 HTTP/1.1" 200 12312 www.caldereria-balantxa.com "-" "meta-externalagent/1.1 (+https://developers.facebook.com/docs/sharing/webmasters/crawler)" "-"
113.190.14.0 - - [02/May/2026:00:30:12 +0200] "GET /feed/ HTTP/1.1" 200 52512 www.caldereria-balantxa.com "-" "Mozilla/5.0 (compatible; MSIE 6.0; Windows NT 5.1; Trident/4.1)" "-"
2a03:2880:f800:: - - [02/May/2026:00:30:13 +0200] "GET /estrategia-tenis-apuestas/ HTTP/1.1" 429 267 biark.net "-" "meta-externalagent/1.1 (+https://developers.facebook.com/docs/sharing/webmasters/crawler)" "-"
74.7.227.0 - - [02/May/2026:00:30:14 +0200] "GET /?fileloc=/homepages/2/d834828290/htdocs/clickandbuilds/caldereria-balantxa.com/wp-content/et-cache/6889/et-divi-dynamic-6889.css&path=/homepages/2/d834828290/htdocs/clickandbuilds/caldereria-balantxa.com/wp-content/et-cache/6889 HTTP/1.1" 200 12999 caldereria-balantxa.com "https://caldereria-balantxa.com/?path=/homepages/2/d834828290/htdocs/clickandbuilds/caldereria-balantxa.com/wp-content/et-cache/6889" "Mozilla/5.0 AppleWebKit/537.36 (KHTML, like Gecko; compatible; GPTBot/1.3; +https://openai.com/gptbot)" "-"
74.7.243.0 - - [02/May/2026:00:30:14 +0200] "GET /?p=26916 HTTP/1.1" 301 - elpayasocobrador.com "https://elpayasocobrador.com/?p=28584" "Mozilla/5.0 AppleWebKit/537.36 (KHTML, like Gecko; compatible; GPTBot/1.3; +https://openai.com/gptbot)" "-"
114.119.131.0 - - [02/May/2026:00:30:15 +0200] "GET /casino-de-cripto-blackjack/ HTTP/1.1" 200 52381 elpayasocobrador.com "https://elpayasocobrador.com/?p=36696" "Mozilla/5.0 (Linux; Android 7.0;) AppleWebKit/537.36 (HTML, like Gecko) Mobile Safari/537.36 (compatible; PetalBot;+https://webmaster.petalsearch.com/site/petalbot)" "-"
74.7.243.0 - - [02/May/2026:00:30:15 +0200] "GET /ruleta-criptomonedas/ HTTP/1.1" 200 53684 elpayasocobrador.com "https://elpayasocobrador.com/?p=26916" "Mozilla/5.0 AppleWebKit/537.36 (KHTML, like Gecko; compatible; GPTBot/1.3; +https://openai.com/gptbot)" "-"
5.39.109.0 - - [02/May/2026:00:30:19 +0200] "GET /casinos-en-la-candelaria/ HTTP/1.1" 200 36076 www.soldadura-aircom.com "-" "Mozilla/5.0 (compatible; AhrefsBot/7.0; +http://ahrefs.com/robot/)" "-"
2a03:2880:f800:: - - [02/May/2026:00:30:22 +0200] "GET /items/B121882894/?fileloc=//bin/clear&path=//bin HTTP/1.1" 200 28357 www.caldereria-balantxa.com "-" "meta-externalagent/1.1 (+https://developers.facebook.com/docs/sharing/webmasters/crawler)" "-"
95.108.213.0 - - [02/May/2026:00:30:23 +0200] "GET /robots.txt HTTP/1.1" 429 267 biark.net "-" "Mozilla/5.0 (compatible; YandexBot/3.0; +http://yandex.com/bots)" "-"
2a03:2880:f800:: - - [02/May/2026:00:30:27 +0200] "GET /items/B122174116/?fileloc=//bin/pinentry&path=//bin HTTP/1.1" 200 105827 www.caldereria-balantxa.com "-" "meta-externalagent/1.1 (+https://developers.facebook.com/docs/sharing/webmasters/crawler)" "-"
2a03:2880:f800:: - - [02/May/2026:00:30:27 +0200] "GET /diario-sport-apuestas-deportivas/ HTTP/1.1" 429 267 biark.net "-" "meta-externalagent/1.1 (+https://developers.facebook.com/docs/sharing/webmasters/crawler)" "-"
136.243.228.0 - - [02/May/2026:00:30:30 +0200] "GET /ruleta-de-mejores-jugadores-del-mundo?path=/homepages/2/d834828290/htdocs/clickandbuilds/caldereria-balantxa.com/wp-admin HTTP/1.1" 200 182614 www.caldereria-balantxa.com "-" "Mozilla/5.0 (compatible; DataForSeoBot/1.0; +https://dataforseo.com/dataforseo-bot)" "-"
74.7.242.0 - - [02/May/2026:00:30:30 +0200] "GET /?path=//kunden/kunden/kunden/kunden/kunden/kunden/kunden/proc/thread-self/root/proc/self/root/kunden/mnt HTTP/1.1" 200 16951 www.caldereria-balantxa.com "https://www.caldereria-balantxa.com/?path=//kunden/kunden/kunden/kunden/kunden/kunden/kunden/proc/thread-self/root/proc/self/root/kunden" "Mozilla/5.0 AppleWebKit/537.36 (KHTML, like Gecko; compatible; GPTBot/1.3; +https://openai.com/gptbot)" "-"
2a03:2880:f800:: - - [02/May/2026:00:30:32 +0200] "GET /items/B122255167/?path=/homepages/2/d391326843/htdocs HTTP/1.1" 200 12763 www.caldereria-balantxa.com "-" "meta-externalagent/1.1 (+https://developers.facebook.com/docs/sharing/webmasters/crawler)" "-"
74.7.227.0 - - [02/May/2026:00:30:34 +0200] "GET /?fileloc=/homepages/2/d834828290/htdocs/clickandbuilds/caldereria-balantxa.com/wp-content/et-cache/8454/et-divi-dynamic-8454-late.css&path=/homepages/2/d834828290/htdocs/clickandbuilds/caldereria-balantxa.com/wp-content/et-cache/8454 HTTP/1.1" 200 13004 caldereria-balantxa.com "https://caldereria-balantxa.com/?path=/homepages/2/d834828290/htdocs/clickandbuilds/caldereria-balantxa.com/wp-content/et-cache/8454" "Mozilla/5.0 AppleWebKit/537.36 (KHTML, like Gecko; compatible; GPTBot/1.3; +https://openai.com/gptbot)" "-"
2a03:2880:f800:: - - [02/May/2026:00:30:36 +0200] "GET /items/B121684624/?path=/homepages/33/d834927538 HTTP/1.1" 200 31422 www.caldereria-balantxa.com "-" "meta-externalagent/1.1 (+https://developers.facebook.com/docs/sharing/webmasters/crawler)" "-"
216.73.217.0 - - [02/May/2026:00:30:37 +0200] "GET /robots.txt HTTP/1.1" 200 121 elpayasocobrador.com "-" "Mozilla/5.0 AppleWebKit/537.36 (KHTML, like Gecko; compatible; ClaudeBot/1.0; +claudebot@anthropic.com)" "-"
114.119.130.0 - - [02/May/2026:00:30:38 +0200] "GET /resultados-sevilla-osasuna/?path=/homepages/2/d834828290/htdocs/clickandbuilds/caldereria-balantxa.com/cgi-bin HTTP/1.1" 200 13064 www.caldereria-balantxa.com "-" "Mozilla/5.0 (Linux; Android 7.0;) AppleWebKit/537.36 (KHTML, like Gecko) Mobile Safari/537.36 (compatible; PetalBot;+https://webmaster.petalsearch.com/site/petalbot)" "-"
136.243.228.0 - - [02/May/2026:00:30:38 +0200] "GET /ruleta-de-mejores-jugadores-del-mundo?path=/homepages/2/d834828290/htdocs HTTP/1.1" 200 19825 www.caldereria-balantxa.com "-" "Mozilla/5.0 (compatible; DataForSeoBot/1.0; +https://dataforseo.com/dataforseo-bot)" "-"
216.73.217.0 - - [02/May/2026:00:30:39 +0200] "GET /buena-casa-de-apuestas-uefa/ HTTP/1.1" 200 52395 elpayasocobrador.com "-" "Mozilla/5.0 AppleWebKit/537.36 (KHTML, like Gecko; compatible; ClaudeBot/1.0; +claudebot@anthropic.com)" "-"
216.73.217.0 - - [02/May/2026:00:30:39 +0200] "GET /resultados-formula-uno-hoy/ HTTP/1.1" 200 52782 elpayasocobrador.com "-" "Mozilla/5.0 AppleWebKit/537.36 (KHTML, like Gecko; compatible; ClaudeBot/1.0; +claudebot@anthropic.com)" "-"
2a03:2880:f800:: - - [02/May/2026:00:30:40 +0200] "GET /items/B121232129/?path=/homepages/20/d387963917 HTTP/1.1" 200 26980 www.caldereria-balantxa.com "-" "meta-externalagent/1.1 (+https://developers.facebook.com/docs/sharing/webmasters/crawler)" "-"
216.73.217.0 - - [02/May/2026:00:30:41 +0200] "GET /?p=43305 HTTP/1.1" 301 - elpayasocobrador.com "-" "Mozilla/5.0 AppleWebKit/537.36 (KHTML, like Gecko; compatible; ClaudeBot/1.0; +claudebot@anthropic.com)" "-"
216.73.217.0 - - [02/May/2026:00:30:42 +0200] "GET /recomendaciones-apuestas-tenis/ HTTP/1.1" 200 52528 elpayasocobrador.com "https://elpayasocobrador.com/?p=43305" "Mozilla/5.0 AppleWebKit/537.36 (KHTML, like Gecko; compatible; ClaudeBot/1.0; +claudebot@anthropic.com)" "-"
2a03:2880:f800:: - - [02/May/2026:00:30:43 +0200] "GET /casinos-en-santa-fe-ciudad/ HTTP/1.1" 429 267 biark.net "-" "meta-externalagent/1.1 (+https://developers.facebook.com/docs/sharing/webmasters/crawler)" "-"
2a03:2880:f800:: - - [02/May/2026:00:30:44 +0200] "GET /items/B121296057/?path=/homepages/2/d388832976 HTTP/1.1" 429 267 www.caldereria-balantxa.com "-" "meta-externalagent/1.1 (+https://developers.facebook.com/docs/sharing/webmasters/crawler)" "-"
51.75.236.0 - - [02/May/2026:00:30:46 +0200] "GET /casino-en-huelva/ HTTP/1.1" 200 35875 www.soldadura-aircom.com "-" "Mozilla/5.0 (compatible; AhrefsBot/7.0; +http://ahrefs.com/robot/)" "-"
2a03:2880:f800:: - - [02/May/2026:00:30:47 +0200] "GET /jack-million-casino-no-deposit-bonus/ HTTP/1.1" 429 267 biark.net "-" "meta-externalagent/1.1 (+https://developers.facebook.com/docs/sharing/webmasters/crawler)" "-"
2a03:2880:f800:: - - [02/May/2026:00:30:48 +0200] "GET /items/B121344497/?path=/homepages/2/d834828290/htdocs/clickandbuilds/biark HTTP/1.1" 429 267 www.caldereria-balantxa.com "-" "meta-externalagent/1.1 (+https://developers.facebook.com/docs/sharing/webmasters/crawler)" "-"
136.243.228.0 - - [02/May/2026:00:30:48 +0200] "GET /ruleta-de-mejores-jugadores-del-mundo?fileloc=/homepages/2/d834828290/htdocs/clickandbuilds/caldereria-balantxa.com/wordfence-waf.php&path=/homepages/2/d834828290/htdocs/clickandbuilds/caldereria-balantxa.com HTTP/1.1" 200 12616 www.caldereria-balantxa.com "-" "Mozilla/5.0 (compatible; DataForSeoBot/1.0; +https://dataforseo.com/dataforseo-bot)" "-"
66.249.70.0 - - [02/May/2026:00:30:48 +0200] "GET /resultado-del-barcelona-girona/?fileloc=/homepages/2/d834828290/htdocs/clickandbuilds/caldereria-balantxa.com/wp-includes/class-wp-http-ixr-client.php&path=/homepages/2/d834828290/htdocs/clickandbuilds/caldereria-balantxa.com/wp-includes HTTP/1.1" 200 16796 www.caldereria-balantxa.com "-" "Mozilla/5.0 (Linux; Android 6.0.1; Nexus 5X Build/MMB29P) AppleWebKit/537.36 (KHTML, like Gecko) Chrome/147.0.7727.137 Mobile Safari/537.36 (compatible; GoogleOther)" "-"
114.119.139.0 - - [02/May/2026:00:30:49 +0200] "GET /betobet-casino-bono-sin-dep%C3%B3sito-50-giros-gratis-2025/ HTTP/1.1" 200 55474 www.planeadosalbe.com "https://www.planeadosalbe.com/wp-sitemap-posts-post-4.xml" "Mozilla/5.0 (Linux; Android 7.0;) AppleWebKit/537.36 (HTML, like Gecko) Mobile Safari/537.36 (compatible; PetalBot;+https://webmaster.petalsearch.com/site/petalbot)" "-"
2a03:2880:f800:: - - [02/May/2026:00:30:49 +0200] "GET /items/B121387017/?fileloc=/homepages/2/d384238773/DASTOOLSTART&path=/homepages/2/d384238773 HTTP/1.1" 429 267 www.caldereria-balantxa.com "-" "meta-externalagent/1.1 (+https://developers.facebook.com/docs/sharing/webmasters/crawler)" "-"
74.7.242.0 - - [02/May/2026:00:30:50 +0200] "GET /?path=//kunden/kunden/kunden/kunden/kunden/kunden/kunden/proc/thread-self/root/kunden/lib/locale/eo HTTP/1.1" 200 34457 www.caldereria-balantxa.com "https://www.caldereria-balantxa.com/?path=//kunden/kunden/kunden/kunden/kunden/kunden/kunden/proc/thread-self/root/kunden/lib/locale" "Mozilla/5.0 AppleWebKit/537.36 (KHTML, like Gecko; compatible; GPTBot/1.3; +https://openai.com/gptbot)" "-"
74.7.227.0 - - [02/May/2026:00:30:51 +0200] "GET /?fileloc=/homepages/2/d834828290/htdocs/clickandbuilds/caldereria-balantxa.com/wp-content/et-cache/2752/et-divi-dynamic-2752.css&path=/homepages/2/d834828290/htdocs/clickandbuilds/caldereria-balantxa.com/wp-content/et-cache/2752 HTTP/1.1" 200 12999 caldereria-balantxa.com "https://caldereria-balantxa.com/?path=/homepages/2/d834828290/htdocs/clickandbuilds/caldereria-balantxa.com/wp-content/et-cache/2752" "Mozilla/5.0 AppleWebKit/537.36 (KHTML, like Gecko; compatible; GPTBot/1.3; +https://openai.com/gptbot)" "-"
216.73.217.0 - - [02/May/2026:00:30:51 +0200] "GET /?p=40359 HTTP/1.1" 301 - elpayasocobrador.com "-" "Mozilla/5.0 AppleWebKit/537.36 (KHTML, like Gecko; compatible; ClaudeBot/1.0; +claudebot@anthropic.com)" "-"
2a03:2880:f800:: - - [02/May/2026:00:30:52 +0200] "GET /items/N52481136236?path=/homepages/2/d834828290/htdocs HTTP/1.1" 429 267 www.caldereria-balantxa.com "-" "meta-externalagent/1.1 (+https://developers.facebook.com/docs/sharing/webmasters/crawler)" "-"
2a03:2880:f800:: - - [02/May/2026:00:30:52 +0200] "GET /regla-de-ruleta/ HTTP/1.1" 200 66822 biark.net "-" "meta-externalagent/1.1 (+https://developers.facebook.com/docs/sharing/webmasters/crawler)" "-"
216.73.217.0 - - [02/May/2026:00:30:53 +0200] "GET /probabilidad-apuestas-deportivas-gana/ HTTP/1.1" 200 53232 elpayasocobrador.com "https://elpayasocobrador.com/?p=40359" "Mozilla/5.0 AppleWebKit/537.36 (KHTML, like Gecko; compatible; ClaudeBot/1.0; +claudebot@anthropic.com)" "-"
2a03:2880:f800:: - - [02/May/2026:00:30:54 +0200] "GET /items/B121677618/?path=/homepages/2 HTTP/1.1" 429 267 www.caldereria-balantxa.com "-" "meta-externalagent/1.1 (+https://developers.facebook.com/docs/sharing/webmasters/crawler)" "-"
40.77.167.0 - - [02/May/2026:00:30:57 +0200] "GET /casinos-en-mazatl%C3%A1n/ HTTP/1.1" 200 36222 www.soldadura-aircom.com "-" "Mozilla/5.0 AppleWebKit/537.36 (KHTML, like Gecko; compatible; bingbot/2.0; +http://www.bing.com/bingbot.htm) Chrome/116.0.1938.76 Safari/537.36" "-"
136.243.228.0 - - [02/May/2026:00:30:57 +0200] "GET /ruleta-de-mejores-jugadores-del-mundo?fileloc=/homepages/2/d834828290/htdocs/clickandbuilds/caldereria-balantxa.com/readme.html&path=/homepages/2/d834828290/htdocs/clickandbuilds/caldereria-balantxa.com HTTP/1.1" 200 21945 www.caldereria-balantxa.com "-" "Mozilla/5.0 (compatible; DataForSeoBot/1.0; +https://dataforseo.com/dataforseo-bot)" "-"
2a03:2880:f800:: - - [02/May/2026:00:30:57 +0200] "GET /hacer-apuestas-beisbol-mlb/ HTTP/1.1" 200 65762 biark.net "-" "meta-externalagent/1.1 (+https://developers.facebook.com/docs/sharing/webmasters/crawler)" "-"
2a03:2880:f800:: - - [02/May/2026:00:30:59 +0200] "GET /items/B121743105/?fileloc=/homepages/2/d834828290/htpasswd&path=/homepages/2/d834828290 HTTP/1.1" 429 267 www.caldereria-balantxa.com "-" "meta-externalagent/1.1 (+https://developers.facebook.com/docs/sharing/webmasters/crawler)" "-"
2a03:2880:f800:: - - [02/May/2026:00:31:00 +0200] "GET /items/B121439505/?path=/homepages/2/d834095278/htdocs HTTP/1.1" 429 267 www.caldereria-balantxa.com "-" "meta-externalagent/1.1 (+https://developers.facebook.com/docs/sharing/webmasters/crawler)" "-"
2a03:2880:f800:: - - [02/May/2026:00:31:02 +0200] "GET /casino-de-madrid-apuestas/ HTTP/1.1" 200 71158 biark.net "-" "meta-externalagent/1.1 (+https://developers.facebook.com/docs/sharing/webmasters/crawler)" "-"
17.241.227.0 - - [02/May/2026:00:31:07 +0200] "GET /wp-content/plugins/contact-form-7/includes/css/styles.css?ver=6.1.5 HTTP/1.1" 200 2947 www.erlain.es "https://www.erlain.es/como-ganar-mas-en-apuestas-deportivas/" "Mozilla/5.0 (Macintosh; Intel Mac OS X 10_15_7) AppleWebKit/605.1.15 (KHTML, like Gecko) Version/17.4 Safari/605.1.15 (Applebot/0.1; +http://www.apple.com/go/applebot)" "-"
2a03:2880:f800:: - - [02/May/2026:00:31:07 +0200] "GET /items/B121466991/?path=/homepages/9 HTTP/1.1" 429 267 www.caldereria-balantxa.com "-" "meta-externalagent/1.1 (+https://developers.facebook.com/docs/sharing/webmasters/crawler)" "-"
74.7.227.0 - - [02/May/2026:00:31:07 +0200] "GET /?fileloc=/homepages/2/d834828290/htdocs/clickandbuilds/caldereria-balantxa.com/wp-content/et-cache/4590/et-divi-dynamic-4590-late.css&path=/homepages/2/d834828290/htdocs/clickandbuilds/caldereria-balantxa.com/wp-content/et-cache/4590 HTTP/1.1" 200 13004 caldereria-balantxa.com "https://caldereria-balantxa.com/?path=/homepages/2/d834828290/htdocs/clickandbuilds/caldereria-balantxa.com/wp-content/et-cache/4590" "Mozilla/5.0 AppleWebKit/537.36 (KHTML, like Gecko; compatible; GPTBot/1.3; +https://openai.com/gptbot)" "-"
136.243.228.0 - - [02/May/2026:00:31:07 +0200] "GET /ruleta-de-mejores-jugadores-del-mundo?fileloc=/homepages/2/d834828290/htdocs/clickandbuilds/caldereria-balantxa.com/wp-includes.zip&path=/homepages/2/d834828290/htdocs/clickandbuilds/caldereria-balantxa.com HTTP/1.1" 200 19324329 www.caldereria-balantxa.com "-" "Mozilla/5.0 (compatible; DataForSeoBot/1.0; +https://dataforseo.com/dataforseo-bot)" "-"
2a03:2880:f800:: - - [02/May/2026:00:31:07 +0200] "GET /argentina-vs-mexico-resultados/ HTTP/1.1" 200 66699 biark.net "-" "meta-externalagent/1.1 (+https://developers.facebook.com/docs/sharing/webmasters/crawler)" "-"
2a03:2880:f800:: - - [02/May/2026:00:31:08 +0200] "GET /items/B121724375/?path=/homepages/39 HTTP/1.1" 429 267 www.caldereria-balantxa.com "-" "meta-externalagent/1.1 (+https://developers.facebook.com/docs/sharing/webmasters/crawler)" "-"
74.7.242.0 - - [02/May/2026:00:31:08 +0200] "GET /?fileloc=//kunden/kunden/kunden/kunden/kunden/kunden/kunden/proc/thread-self/root/proc/self/root/kunden/kunden/lib/mc/extfs.d/debd&path=//kunden/kunden/kunden/kunden/kunden/kunden/kunden/proc/thread-self/root/proc/self/root/kunden/kunden/lib/mc/extfs.d HTTP/1.1" 200 25637 www.caldereria-balantxa.com "https://www.caldereria-balantxa.com/?path=//kunden/kunden/kunden/kunden/kunden/kunden/kunden/proc/thread-self/root/proc/self/root/kunden/kunden/lib/mc/extfs.d" "Mozilla/5.0 AppleWebKit/537.36 (KHTML, like Gecko; compatible; GPTBot/1.3; +https://openai.com/gptbot)" "-"
2a03:2880:f800:: - - [02/May/2026:00:31:08 +0200] "GET /items/B122031081/?path=/homepages/2/d387952149/managed HTTP/1.1" 429 267 www.caldereria-balantxa.com "-" "meta-externalagent/1.1 (+https://developers.facebook.com/docs/sharing/webmasters/crawler)" "-"
17.241.75.0 - - [02/May/2026:00:31:09 +0200] "GET /wp-includes/js/dist/i18n.min.js?ver=c26c3dc7bed366793375 HTTP/1.1" 200 5314 www.erlain.es "https://www.erlain.es/como-ganar-mas-en-apuestas-deportivas/" "Mozilla/5.0 (Macintosh; Intel Mac OS X 10_15_7) AppleWebKit/605.1.15 (KHTML, like Gecko) Version/17.4 Safari/605.1.15 (Applebot/0.1; +http://www.apple.com/go/applebot)" "-"
216.73.217.0 - - [02/May/2026:00:31:09 +0200] "GET /mejor-apuestas-deportivas-y-resultados/ HTTP/1.1" 200 52830 elpayasocobrador.com "-" "Mozilla/5.0 AppleWebKit/537.36 (KHTML, like Gecko; compatible; ClaudeBot/1.0; +claudebot@anthropic.com)" "-"
74.7.243.0 - - [02/May/2026:00:31:09 +0200] "GET /?p=26532 HTTP/1.1" 301 - elpayasocobrador.com "https://elpayasocobrador.com/?p=28584" "Mozilla/5.0 AppleWebKit/537.36 (KHTML, like Gecko; compatible; GPTBot/1.3; +https://openai.com/gptbot)" "-"
17.241.75.0 - - [02/May/2026:00:31:10 +0200] "GET /wp-includes/js/dist/hooks.min.js?ver=dd5603f07f9220ed27f1 HTTP/1.1" 200 5661 www.erlain.es "https://www.erlain.es/como-ganar-mas-en-apuestas-deportivas/" "Mozilla/5.0 (Macintosh; Intel Mac OS X 10_15_7) AppleWebKit/605.1.15 (KHTML, like Gecko) Version/17.4 Safari/605.1.15 (Applebot/0.1; +http://www.apple.com/go/applebot)" "-"
5.39.1.0 - - [02/May/2026:00:31:10 +0200] "GET /apuestas-deportivas-es-mejor-pronosticos/ HTTP/1.1" 200 67977 biark.net "-" "Mozilla/5.0 (compatible; AhrefsBot/7.0; +http://ahrefs.com/robot/)" "-"
216.73.217.0 - - [02/May/2026:00:31:10 +0200] "GET /?p=41004 HTTP/1.1" 301 - elpayasocobrador.com "-" "Mozilla/5.0 AppleWebKit/537.36 (KHTML, like Gecko; compatible; ClaudeBot/1.0; +claudebot@anthropic.com)" "-"
82.165.80.0 - - [02/May/2026:00:31:10 +0200] "POST /wp-cron.php?doing_wp_cron=1777674670.8654479980468750000000 HTTP/1.1" 200 - elpayasocobrador.com "-" "WordPress/6.9.4; https://elpayasocobrador.com" "-"
2a03:2880:f800:: - - [02/May/2026:00:31:11 +0200] "GET /mallorca-vs-osasuna-pron%C3%B3stico/ HTTP/1.1" 200 66578 biark.net "-" "meta-externalagent/1.1 (+https://developers.facebook.com/docs/sharing/webmasters/crawler)" "-"
40.77.167.0 - - [02/May/2026:00:31:11 +0200] "GET /estad%C3%ADstica-aplicada-a-las-apuestas-deportivas/ HTTP/1.1" 200 53479 elpayasocobrador.com "-" "Mozilla/5.0 AppleWebKit/537.36 (KHTML, like Gecko; compatible; bingbot/2.0; +http://www.bing.com/bingbot.htm) Chrome/116.0.1938.76 Safari/537.36" "-"
216.73.217.0 - - [02/May/2026:00:31:11 +0200] "GET /hacer-apuestas-cs-go/ HTTP/1.1" 200 52062 elpayasocobrador.com "https://elpayasocobrador.com/?p=41004" "Mozilla/5.0 AppleWebKit/537.36 (KHTML, like Gecko; compatible; ClaudeBot/1.0; +claudebot@anthropic.com)" "-"
74.7.243.0 - - [02/May/2026:00:31:11 +0200] "GET /casinos-en-linea-chile/ HTTP/1.1" 200 52864 elpayasocobrador.com "https://elpayasocobrador.com/?p=26532" "Mozilla/5.0 AppleWebKit/537.36 (KHTML, like Gecko; compatible; GPTBot/1.3; +https://openai.com/gptbot)" "-"
17.241.75.0 - - [02/May/2026:00:31:12 +0200] "GET /wp-content/themes/Divi/style-static.min.css?ver=4.27.6 HTTP/1.1" 200 824698 www.erlain.es "https://www.erlain.es/como-ganar-mas-en-apuestas-deportivas/" "Mozilla/5.0 (Macintosh; Intel Mac OS X 10_15_7) AppleWebKit/605.1.15 (KHTML, like Gecko) Version/17.4 Safari/605.1.15 (Applebot/0.1; +http://www.apple.com/go/applebot)" "-"
17.241.75.0 - - [02/May/2026:00:31:13 +0200] "GET /wp-content/plugins/contact-form-7/includes/swv/js/index.js?ver=6.1.5 HTTP/1.1" 200 12512 www.erlain.es "https://www.erlain.es/como-ganar-mas-en-apuestas-deportivas/" "Mozilla/5.0 (Macintosh; Intel Mac OS X 10_15_7) AppleWebKit/605.1.15 (KHTML, like Gecko) Version/17.4 Safari/605.1.15 (Applebot/0.1; +http://www.apple.com/go/applebot)" "-"
17.241.219.0 - - [02/May/2026:00:31:15 +0200] "GET /wp-content/plugins/contact-form-7/includes/js/index.js?ver=6.1.5 HTTP/1.1" 200 13452 www.erlain.es "https://www.erlain.es/como-ganar-mas-en-apuestas-deportivas/" "Mozilla/5.0 (Macintosh; Intel Mac OS X 10_15_7) AppleWebKit/605.1.15 (KHTML, like Gecko) Version/17.4 Safari/605.1.15 (Applebot/0.1; +http://www.apple.com/go/applebot)" "-"
17.241.227.0 - - [02/May/2026:00:31:15 +0200] "GET /wp-includes/js/jquery/jquery.min.js?ver=3.7.1 HTTP/1.1" 200 87553 www.erlain.es "https://www.erlain.es/como-ganar-mas-en-apuestas-deportivas/" "Mozilla/5.0 (Macintosh; Intel Mac OS X 10_15_7) AppleWebKit/605.1.15 (KHTML, like Gecko) Version/17.4 Safari/605.1.15 (Applebot/0.1; +http://www.apple.com/go/applebot)" "-"
136.243.228.0 - - [02/May/2026:00:31:16 +0200] "GET /ruleta-de-mejores-jugadores-del-mundo?path=/homepages/2/d834828290/htdocs/clickandbuilds/caldereria-balantxa.com/wp-includes HTTP/1.1" 200 492227 www.caldereria-balantxa.com "-" "Mozilla/5.0 (compatible; DataForSeoBot/1.0; +https://dataforseo.com/dataforseo-bot)" "-"
17.241.227.0 - - [02/May/2026:00:31:17 +0200] "GET /wp-includes/js/jquery/jquery-migrate.min.js?ver=3.4.1 HTTP/1.1" 200 13577 www.erlain.es "https://www.erlain.es/como-ganar-mas-en-apuestas-deportivas/" "Mozilla/5.0 (Macintosh; Intel Mac OS X 10_15_7) AppleWebKit/605.1.15 (KHTML, like Gecko) Version/17.4 Safari/605.1.15 (Applebot/0.1; +http://www.apple.com/go/applebot)" "-"
17.241.75.0 - - [02/May/2026:00:31:18 +0200] "GET /wp-content/themes/Divi/js/scripts.min.js?ver=4.27.6 HTTP/1.1" 200 274461 www.erlain.es "https://www.erlain.es/como-ganar-mas-en-apuestas-deportivas/" "Mozilla/5.0 (Macintosh; Intel Mac OS X 10_15_7) AppleWebKit/605.1.15 (KHTML, like Gecko) Version/17.4 Safari/605.1.15 (Applebot/0.1; +http://www.apple.com/go/applebot)" "-"
2a03:2880:f800:: - - [02/May/2026:00:31:18 +0200] "GET /sitemap-index.xml?fileloc=/homepages/2/d834828290/htdocs/clickandbuilds/caldereria-balantxa.com/wp-includes/compat-utf8.php&path=/homepages/2/d834828290/htdocs/clickandbuilds/caldereria-balantxa.com/wp-includes HTTP/1.1" 200 33475 caldereria-balantxa.com "-" "meta-externalagent/1.1 (+https://developers.facebook.com/docs/sharing/webmasters/crawler)" "-"
17.241.227.0 - - [02/May/2026:00:31:19 +0200] "GET /wp-content/themes/Divi/includes/builder/feature/dynamic-assets/assets/js/jquery.fitvids.js?ver=4.27.6 HTTP/1.1" 200 3349 www.erlain.es "https://www.erlain.es/como-ganar-mas-en-apuestas-deportivas/" "Mozilla/5.0 (Macintosh; Intel Mac OS X 10_15_7) AppleWebKit/605.1.15 (KHTML, like Gecko) Version/17.4 Safari/605.1.15 (Applebot/0.1; +http://www.apple.com/go/applebot)" "-"
202.46.62.0 - - [02/May/2026:00:31:19 +0200] "GET /wp-json/oembed/1.0/embed?url=https%3A%2F%2Felpayasocobrador.com%2Fcasinos-en-vivo-en-l%25C3%25ADnea-con-bitcoin%2F&format=xml HTTP/1.1" 200 2444 elpayasocobrador.com "-" "Mozilla/5.0 (Windows NT 10.0; Win64; x64) AppleWebKit/537.36 (KHTML, like Gecko) Chrome/133.0.6943.141 Safari/537.36" "-"
17.241.75.0 - - [02/May/2026:00:31:20 +0200] "GET /wp-content/themes/Divi/core/admin/js/common.js?ver=4.27.6 HTTP/1.1" 200 1343 www.erlain.es "https://www.erlain.es/como-ganar-mas-en-apuestas-deportivas/" "Mozilla/5.0 (Macintosh; Intel Mac OS X 10_15_7) AppleWebKit/605.1.15 (KHTML, like Gecko) Version/17.4 Safari/605.1.15 (Applebot/0.1; +http://www.apple.com/go/applebot)" "-"
2a03:2880:f800:: - - [02/May/2026:00:31:20 +0200] "GET /sitemap.txt?path=/homepages/sclientMF HTTP/1.1" 200 12666 caldereria-balantxa.com "-" "meta-externalagent/1.1 (+https://developers.facebook.com/docs/sharing/webmasters/crawler)" "-"
17.241.227.0 - - [02/May/2026:00:31:21 +0200] "GET /wp-includes/js/dist/vendor/wp-polyfill.min.js?ver=3.15.0 HTTP/1.1" 200 33548 www.erlain.es "https://www.erlain.es/como-ganar-mas-en-apuestas-deportivas/" "Mozilla/5.0 (Macintosh; Intel Mac OS X 10_15_7) AppleWebKit/605.1.15 (KHTML, like Gecko) Version/17.4 Safari/605.1.15 (Applebot/0.1; +http://www.apple.com/go/applebot)" "-"
74.7.227.0 - - [02/May/2026:00:31:21 +0200] "GET /?fileloc=/homepages/2/d834828290/htdocs/clickandbuilds/caldereria-balantxa.com/wp-content/et-cache/2260/et-divi-dynamic-2260-late.css&path=/homepages/2/d834828290/htdocs/clickandbuilds/caldereria-balantxa.com/wp-content/et-cache/2260 HTTP/1.1" 200 13004 caldereria-balantxa.com "https://caldereria-balantxa.com/?path=/homepages/2/d834828290/htdocs/clickandbuilds/caldereria-balantxa.com/wp-content/et-cache/2260" "Mozilla/5.0 AppleWebKit/537.36 (KHTML, like Gecko; compatible; GPTBot/1.3; +https://openai.com/gptbot)" "-"
17.241.219.0 - - [02/May/2026:00:31:22 +0200] "GET /wp-content/plugins/contact-form-7/modules/recaptcha/index.js?ver=6.1.5 HTTP/1.1" 200 934 www.erlain.es "https://www.erlain.es/como-ganar-mas-en-apuestas-deportivas/" "Mozilla/5.0 (Macintosh; Intel Mac OS X 10_15_7) AppleWebKit/605.1.15 (KHTML, like Gecko) Version/17.4 Safari/605.1.15 (Applebot/0.1; +http://www.apple.com/go/applebot)" "-"
74.7.242.0 - - [02/May/2026:00:31:23 +0200] "GET /?path=//kunden/kunden/kunden/kunden/kunden/kunden/kunden/proc/thread-self/root/kunden/lib/terminfo/t HTTP/1.1" 200 17186 www.caldereria-balantxa.com "https://www.caldereria-balantxa.com/?path=//kunden/kunden/kunden/kunden/kunden/kunden/kunden/proc/thread-self/root/kunden/lib/terminfo" "Mozilla/5.0 AppleWebKit/537.36 (KHTML, like Gecko; compatible; GPTBot/1.3; +https://openai.com/gptbot)" "-"
136.243.228.0 - - [02/May/2026:00:31:25 +0200] "GET /ruleta-de-mejores-jugadores-del-mundo?path=/homepages/2/d834828290/htdocs/clickandbuilds HTTP/1.1" 200 21572 www.caldereria-balantxa.com "-" "Mozilla/5.0 (compatible; DataForSeoBot/1.0; +https://dataforseo.com/dataforseo-bot)" "-"
2a03:2880:f800:: - - [02/May/2026:00:31:25 +0200] "GET /que-es-la-ruleta-de-la-vida-brainly/ HTTP/1.1" 200 67231 biark.net "-" "meta-externalagent/1.1 (+https://developers.facebook.com/docs/sharing/webmasters/crawler)" "-"
2a03:2880:f800:: - - [02/May/2026:00:31:29 +0200] "GET /oferta-apuestas-espa%C3%B1a/ HTTP/1.1" 200 67118 biark.net "-" "meta-externalagent/1.1 (+https://developers.facebook.com/docs/sharing/webmasters/crawler)" "-"
2a03:2880:f800:: - - [02/May/2026:00:31:30 +0200] "GET /post-sitemap2.xml?path=/homepages/25 HTTP/1.1" 429 267 www.caldereria-balantxa.com "-" "meta-externalagent/1.1 (+https://developers.facebook.com/docs/sharing/webmasters/crawler)" "-"
202.46.62.0 - - [02/May/2026:00:31:30 +0200] "GET /wp-json/oembed/1.0/embed?url=https%3A%2F%2Felpayasocobrador.com%2Fasiatico-apuestas-virtuales%2F&format=xml HTTP/1.1" 200 2368 elpayasocobrador.com "-" "Mozilla/5.0 (Windows NT 10.0; Win64; x64) AppleWebKit/537.36 (KHTML, like Gecko) Chrome/133.0.6943.141 Safari/537.36" "-"
114.119.155.0 - - [02/May/2026:00:31:30 +0200] "GET /?p=31522 HTTP/1.1" 301 - elpayasocobrador.com "https://elpayasocobrador.com/juego-de-maquinas-tragamonedas-para-adultos/" "Mozilla/5.0 (Linux; Android 7.0;) AppleWebKit/537.36 (HTML, like Gecko) Mobile Safari/537.36 (compatible; PetalBot;+https://webmaster.petalsearch.com/site/petalbot)" "-"
40.77.167.0 - - [02/May/2026:00:31:31 +0200] "GET /resultado-valencia-girona/ HTTP/1.1" 200 52356 elpayasocobrador.com "-" "Mozilla/5.0 AppleWebKit/537.36 (KHTML, like Gecko; compatible; bingbot/2.0; +http://www.bing.com/bingbot.htm) Chrome/116.0.1938.76 Safari/537.36" "-"
216.73.216.0 - - [02/May/2026:00:31:32 +0200] "GET /wp-sitemap.xml HTTP/1.1" 200 668 www.soldadura-aircom.com "-" "Mozilla/5.0 AppleWebKit/537.36 (KHTML, like Gecko; compatible; ClaudeBot/1.0; +claudebot@anthropic.com)" "-"
114.119.155.0 - - [02/May/2026:00:31:32 +0200] "GET /casinos-online-bono-de-bienvenida/ HTTP/1.1" 200 56834 elpayasocobrador.com "https://elpayasocobrador.com/juego-de-maquinas-tragamonedas-para-adultos/" "Mozilla/5.0 (Linux; Android 7.0;) AppleWebKit/537.36 (HTML, like Gecko) Mobile Safari/537.36 (compatible; PetalBot;+https://webmaster.petalsearch.com/site/petalbot)" "-"
136.243.228.0 - - [02/May/2026:00:31:33 +0200] "GET /ruleta-de-mejores-jugadores-del-mundo?fileloc=/homepages/2/d834828290/htdocs/clickandbuilds/caldereria-balantxa.com/wp-signup.php&path=/homepages/2/d834828290/htdocs/clickandbuilds/caldereria-balantxa.com HTTP/1.1" 200 54140 www.caldereria-balantxa.com "-" "Mozilla/5.0 (compatible; DataForSeoBot/1.0; +https://dataforseo.com/dataforseo-bot)" "-"
2a03:2880:f800:: - - [02/May/2026:00:31:33 +0200] "GET /martingale-apuestas/ HTTP/1.1" 200 71918 biark.net "-" "meta-externalagent/1.1 (+https://developers.facebook.com/docs/sharing/webmasters/crawler)" "-"
82.165.80.0 - - [02/May/2026:00:31:34 +0200] "POST /wp-cron.php?doing_wp_cron=1777674694.5638399124145507812500 HTTP/1.1" 200 - www.soldadura-aircom.com "-" "WordPress/6.9.4; https://www.soldadura-aircom.com" "-"
176.31.139.0 - - [02/May/2026:00:31:34 +0200] "GET /tragamonedas-con-cripto/ HTTP/1.1" 200 36305 www.soldadura-aircom.com "-" "Mozilla/5.0 (compatible; AhrefsBot/7.0; +http://ahrefs.com/robot/)" "-"
74.7.227.0 - - [02/May/2026:00:31:34 +0200] "GET /?fileloc=/homepages/2/d834828290/htdocs/clickandbuilds/caldereria-balantxa.com/wp-content/et-cache/8453/et-divi-dynamic-8453.css&path=/homepages/2/d834828290/htdocs/clickandbuilds/caldereria-balantxa.com/wp-content/et-cache/8453 HTTP/1.1" 200 12999 caldereria-balantxa.com "https://caldereria-balantxa.com/?path=/homepages/2/d834828290/htdocs/clickandbuilds/caldereria-balantxa.com/wp-content/et-cache/8453" "Mozilla/5.0 AppleWebKit/537.36 (KHTML, like Gecko; compatible; GPTBot/1.3; +https://openai.com/gptbot)" "-"
82.165.80.0 - - [02/May/2026:00:31:35 +0200] "POST /wp-cron.php?doing_wp_cron=1777674695.8654689788818359375000 HTTP/1.1" 200 - www.soldadura-aircom.com "-" "WordPress/6.9.4; https://www.soldadura-aircom.com" "-"
74.7.242.0 - - [02/May/2026:00:31:38 +0200] "GET /?path=//kunden/kunden/kunden/kunden/kunden/kunden/kunden/proc/thread-self/root/proc/self/root/kunden/sys HTTP/1.1" 200 13821 www.caldereria-balantxa.com "https://www.caldereria-balantxa.com/?path=//kunden/kunden/kunden/kunden/kunden/kunden/kunden/proc/thread-self/root/proc/self/root/kunden" "Mozilla/5.0 AppleWebKit/537.36 (KHTML, like Gecko; compatible; GPTBot/1.3; +https://openai.com/gptbot)" "-"
2a03:2880:f800:: - - [02/May/2026:00:31:39 +0200] "GET /news-sitemap.xml?fileloc=/homepages/2/d834828290/htdocs/clickandbuilds/caldereria-balantxa.com/wp-includes/default-constants.php&path=/homepages/2/d834828290/htdocs/clickandbuilds/caldereria-balantxa.com/wp-includes HTTP/1.1" 200 25734 caldereria-balantxa.com "-" "meta-externalagent/1.1 (+https://developers.facebook.com/docs/sharing/webmasters/crawler)" "-"
2a03:2880:f800:: - - [02/May/2026:00:31:40 +0200] "GET /items/D84113144527?path=/homepages HTTP/1.1" 429 267 www.caldereria-balantxa.com "-" "meta-externalagent/1.1 (+https://developers.facebook.com/docs/sharing/webmasters/crawler)" "-"
136.243.228.0 - - [02/May/2026:00:31:42 +0200] "GET /ruleta-de-mejores-jugadores-del-mundo?path=/homepages HTTP/1.1" 200 81138 www.caldereria-balantxa.com "-" "Mozilla/5.0 (compatible; DataForSeoBot/1.0; +https://dataforseo.com/dataforseo-bot)" "-"
74.7.227.0 - - [02/May/2026:00:31:46 +0200] "GET /?fileloc=/homepages/2/d834828290/htdocs/clickandbuilds/caldereria-balantxa.com/wp-content/et-cache/1294/et-divi-dynamic-1294-late.css&path=/homepages/2/d834828290/htdocs/clickandbuilds/caldereria-balantxa.com/wp-content/et-cache/1294 HTTP/1.1" 200 13004 caldereria-balantxa.com "https://caldereria-balantxa.com/?path=/homepages/2/d834828290/htdocs/clickandbuilds/caldereria-balantxa.com/wp-content/et-cache/1294" "Mozilla/5.0 AppleWebKit/537.36 (KHTML, like Gecko; compatible; GPTBot/1.3; +https://openai.com/gptbot)" "-"
2a03:2880:f800:: - - [02/May/2026:00:31:46 +0200] "GET /resultado-mundial-de-snooker/ HTTP/1.1" 200 70298 biark.net "-" "meta-externalagent/1.1 (+https://developers.facebook.com/docs/sharing/webmasters/crawler)" "-"
2a03:2880:f800:: - - [02/May/2026:00:31:50 +0200] "GET /items/B121640317/?path=/homepages/13 HTTP/1.1" 200 129868 www.caldereria-balantxa.com "-" "meta-externalagent/1.1 (+https://developers.facebook.com/docs/sharing/webmasters/crawler)" "-"
2a03:2880:f800:: - - [02/May/2026:00:31:50 +0200] "GET /items/B121367262/?path=/homepages/28/d390519832 HTTP/1.1" 200 26980 www.caldereria-balantxa.com "-" "meta-externalagent/1.1 (+https://developers.facebook.com/docs/sharing/webmasters/crawler)" "-"
136.243.228.0 - - [02/May/2026:00:31:50 +0200] "GET /ruleta-de-mejores-jugadores-del-mundo?path=/homepages/2 HTTP/1.1" 200 128273 www.caldereria-balantxa.com "-" "Mozilla/5.0 (compatible; DataForSeoBot/1.0; +https://dataforseo.com/dataforseo-bot)" "-"
74.7.242.0 - - [02/May/2026:00:31:52 +0200] "GET /?path=//kunden/kunden/kunden/kunden/kunden/kunden/kunden/proc/thread-self/root/kunden/lib/terminfo/v HTTP/1.1" 200 20606 www.caldereria-balantxa.com "https://www.caldereria-balantxa.com/?path=//kunden/kunden/kunden/kunden/kunden/kunden/kunden/proc/thread-self/root/kunden/lib/terminfo" "Mozilla/5.0 AppleWebKit/537.36 (KHTML, like Gecko; compatible; GPTBot/1.3; +https://openai.com/gptbot)" "-"
17.241.219.0 - - [02/May/2026:00:31:53 +0200] "GET /robots.txt HTTP/1.1" 200 114 www.erlain.es "-" "Mozilla/5.0 (Macintosh; Intel Mac OS X 10_15_7) AppleWebKit/605.1.15 (KHTML, like Gecko) Version/17.4 Safari/605.1.15 (Applebot/0.1; +http://www.apple.com/go/applebot)" "-"
17.241.219.0 - - [02/May/2026:00:31:54 +0200] "GET / HTTP/1.1" 301 - www.erlain.es "-" "Mozilla/5.0 (Macintosh; Intel Mac OS X 10_15_7) AppleWebKit/605.1.15 (KHTML, like Gecko) Version/17.4 Safari/605.1.15 (Applebot/0.1; +http://www.apple.com/go/applebot)" "-"
17.241.75.0 - - [02/May/2026:00:31:56 +0200] "GET / HTTP/1.1" 200 55481 www.erlain.es "-" "Mozilla/5.0 (Macintosh; Intel Mac OS X 10_15_7) AppleWebKit/605.1.15 (KHTML, like Gecko) Version/17.4 Safari/605.1.15 (Applebot/0.1; +http://www.apple.com/go/applebot)" "-"
74.7.227.0 - - [02/May/2026:00:31:57 +0200] "GET /?fileloc=/homepages/2/d834828290/htdocs/clickandbuilds/caldereria-balantxa.com/wp-content/et-cache/8424/et-divi-dynamic-8424-late.css&path=/homepages/2/d834828290/htdocs/clickandbuilds/caldereria-balantxa.com/wp-content/et-cache/8424 HTTP/1.1" 200 13004 caldereria-balantxa.com "https://caldereria-balantxa.com/?path=/homepages/2/d834828290/htdocs/clickandbuilds/caldereria-balantxa.com/wp-content/et-cache/8424" "Mozilla/5.0 AppleWebKit/537.36 (KHTML, like Gecko; compatible; GPTBot/1.3; +https://openai.com/gptbot)" "-"
51.195.244.0 - - [02/May/2026:00:31:59 +0200] "GET /apuesta-leicester-campeon-premier/ HTTP/1.1" 404 31217 www.erlain.es "-" "Mozilla/5.0 (compatible; AhrefsBot/7.0; +http://ahrefs.com/robot/)" "-"
136.243.228.0 - - [02/May/2026:00:31:59 +0200] "GET /que-es-volatilidad-en-casinos?fileloc=/homepages/2/d834828290/htdocs/clickandbuilds/caldereria-balantxa.com/wp-login.php&path=/homepages/2/d834828290/htdocs/clickandbuilds/caldereria-balantxa.com HTTP/1.1" 200 75165 www.caldereria-balantxa.com "-" "Mozilla/5.0 (compatible; DataForSeoBot/1.0; +https://dataforseo.com/dataforseo-bot)" "-"
2a03:2880:f800:: - - [02/May/2026:00:32:00 +0200] "GET /news_sitemap.xml?path=/homepages/16/d388686961 HTTP/1.1" 200 32900 caldereria-balantxa.com "-" "meta-externalagent/1.1 (+https://developers.facebook.com/docs/sharing/webmasters/crawler)" "-"
74.7.243.0 - - [02/May/2026:00:32:01 +0200] "GET /?p=26911 HTTP/1.1" 301 - elpayasocobrador.com "https://elpayasocobrador.com/?p=29554" "Mozilla/5.0 AppleWebKit/537.36 (KHTML, like Gecko; compatible; GPTBot/1.3; +https://openai.com/gptbot)" "-"
74.7.242.0 - - [02/May/2026:00:32:03 +0200] "GET /?path=//kunden/kunden/kunden/kunden/kunden/kunden/kunden/proc/thread-self/root/kunden/lib/terminfo/a HTTP/1.1" 200 15428 www.caldereria-balantxa.com "https://www.caldereria-balantxa.com/?path=//kunden/kunden/kunden/kunden/kunden/kunden/kunden/proc/thread-self/root/kunden/lib/terminfo" "Mozilla/5.0 AppleWebKit/537.36 (KHTML, like Gecko; compatible; GPTBot/1.3; +https://openai.com/gptbot)" "-"
40.77.167.0 - - [02/May/2026:00:32:03 +0200] "GET /valencia-club-de-hockey/ HTTP/1.1" 200 67315 biark.net "-" "Mozilla/5.0 AppleWebKit/537.36 (KHTML, like Gecko; compatible; bingbot/2.0; +http://www.bing.com/bingbot.htm) Chrome/116.0.1938.76 Safari/537.36" "-"
74.7.243.0 - - [02/May/2026:00:32:03 +0200] "GET /ruleta-de-prendas-de-ropa/ HTTP/1.1" 200 52904 elpayasocobrador.com "https://elpayasocobrador.com/?p=26911" "Mozilla/5.0 AppleWebKit/537.36 (KHTML, like Gecko; compatible; GPTBot/1.3; +https://openai.com/gptbot)" "-"
17.241.227.0 - - [02/May/2026:00:32:05 +0200] "GET /wp-content/themes/Divi/includes/builder/feature/dynamic-assets/assets/js/jquery.mobile.js?ver=4.27.6 HTTP/1.1" 200 10776 www.erlain.es "https://www.erlain.es/" "Mozilla/5.0 (Macintosh; Intel Mac OS X 10_15_7) AppleWebKit/605.1.15 (KHTML, like Gecko) Version/17.4 Safari/605.1.15 (Applebot/0.1; +http://www.apple.com/go/applebot)" "-"
17.241.227.0 - - [02/May/2026:00:32:06 +0200] "GET /wp-json/contact-form-7/v1/contact-forms/519/feedback/schema HTTP/1.1" 200 2238 www.erlain.es "https://www.erlain.es/" "Mozilla/5.0 (Macintosh; Intel Mac OS X 10_15_7) AppleWebKit/605.1.15 (KHTML, like Gecko) Version/17.4 Safari/605.1.15 (Applebot/0.1; +http://www.apple.com/go/applebot)" "-"
74.7.227.0 - - [02/May/2026:00:32:07 +0200] "GET /?fileloc=/homepages/2/d834828290/htdocs/clickandbuilds/caldereria-balantxa.com/wp-content/et-cache/2262/et-divi-dynamic-2262.css&path=/homepages/2/d834828290/htdocs/clickandbuilds/caldereria-balantxa.com/wp-content/et-cache/2262 HTTP/1.1" 200 12999 caldereria-balantxa.com "https://caldereria-balantxa.com/?path=/homepages/2/d834828290/htdocs/clickandbuilds/caldereria-balantxa.com/wp-content/et-cache/2262" "Mozilla/5.0 AppleWebKit/537.36 (KHTML, like Gecko; compatible; GPTBot/1.3; +https://openai.com/gptbot)" "-"
136.243.228.0 - - [02/May/2026:00:32:08 +0200] "GET /que-es-volatilidad-en-casinos?fileloc=/homepages/2/d834828290/htdocs/clickandbuilds/caldereria-balantxa.com/xmlrpc.php&path=/homepages/2/d834828290/htdocs/clickandbuilds/caldereria-balantxa.com HTTP/1.1" 200 16482 www.caldereria-balantxa.com "-" "Mozilla/5.0 (compatible; DataForSeoBot/1.0; +https://dataforseo.com/dataforseo-bot)" "-"
114.119.145.0 - - [02/May/2026:00:32:09 +0200] "GET /2024/03/11/jugar-m%C3%A1quinas-tragaperras-gratis/ HTTP/1.1" 404 31318 www.soldadura-aircom.com "https://www.soldadura-aircom.com/wp-sitemap-posts-post-2.xml" "Mozilla/5.0 (Linux; Android 7.0;) AppleWebKit/537.36 (HTML, like Gecko) Mobile Safari/537.36 (compatible; PetalBot;+https://webmaster.petalsearch.com/site/petalbot)" "-"
2a03:2880:f800:: - - [02/May/2026:00:32:09 +0200] "GET /items/B121490167/?path=/homepages/46/d388278232 HTTP/1.1" 200 25502 www.caldereria-balantxa.com "-" "meta-externalagent/1.1 (+https://developers.facebook.com/docs/sharing/webmasters/crawler)" "-"
74.7.242.0 - - [02/May/2026:00:32:14 +0200] "GET /?path=//kunden/kunden/kunden/kunden/kunden/kunden/kunden/proc/thread-self/root/kunden/lib/terminfo/d HTTP/1.1" 200 15428 www.caldereria-balantxa.com "https://www.caldereria-balantxa.com/?path=//kunden/kunden/kunden/kunden/kunden/kunden/kunden/proc/thread-self/root/kunden/lib/terminfo" "Mozilla/5.0 AppleWebKit/537.36 (KHTML, like Gecko; compatible; GPTBot/1.3; +https://openai.com/gptbot)" "-"
74.7.227.0 - - [02/May/2026:00:32:15 +0200] "GET /?fileloc=/homepages/2/d834828290/htdocs/clickandbuilds/caldereria-balantxa.com/wp-content/et-cache/1228/et-divi-dynamic-1228-late.css&path=/homepages/2/d834828290/htdocs/clickandbuilds/caldereria-balantxa.com/wp-content/et-cache/1228 HTTP/1.1" 200 13004 caldereria-balantxa.com "https://caldereria-balantxa.com/?path=/homepages/2/d834828290/htdocs/clickandbuilds/caldereria-balantxa.com/wp-content/et-cache/1228" "Mozilla/5.0 AppleWebKit/537.36 (KHTML, like Gecko; compatible; GPTBot/1.3; +https://openai.com/gptbot)" "-"
