2a03:2880:f800:: - - [02/May/2026:00:25:22 +0200] "GET /items/B122136537/?path=//sbin HTTP/1.1" 200 274100 www.caldereria-balantxa.com "-" "meta-externalagent/1.1 (+https://developers.facebook.com/docs/sharing/webmasters/crawler)" "-"
93.158.90.0 - - [02/May/2026:00:25:23 +0200] "GET /politica-de-privacidad/ HTTP/1.1" 200 61474 elpayasocobrador.com "-" "Mozilla/5.0 (Windows NT 10.0; Win64; x64) AppleWebKit/537.36 (KHTML, like Gecko) Chrome/121.0.0.0 Safari/537.3" "-"
2a03:2880:f800:: - - [02/May/2026:00:25:27 +0200] "GET /items/B122000280/?path=/homepages/2/d391127798 HTTP/1.1" 200 28407 www.caldereria-balantxa.com "-" "meta-externalagent/1.1 (+https://developers.facebook.com/docs/sharing/webmasters/crawler)" "-"
92.222.108.0 - - [02/May/2026:00:25:28 +0200] "GET /casino-quinta-real-las-palmas-tonala-jalisco/ HTTP/1.1" 200 67338 biark.net "-" "Mozilla/5.0 (compatible; AhrefsBot/7.0; +http://ahrefs.com/robot/)" "-"
40.77.167.0 - - [02/May/2026:00:25:31 +0200] "GET /cuanta-gente-gana-con-las-apuestas-deportivas/ HTTP/1.1" 200 66541 biark.net "-" "Mozilla/5.0 AppleWebKit/537.36 (KHTML, like Gecko; compatible; bingbot/2.0; +http://www.bing.com/bingbot.htm) Chrome/116.0.1938.76 Safari/537.36" "-"
2a03:2880:f800:: - - [02/May/2026:00:25:31 +0200] "GET /items/B121534101/?fileloc=//bin/x86_64-linux-gnu-dwp&path=//bin HTTP/1.1" 200 1415692 www.caldereria-balantxa.com "-" "meta-externalagent/1.1 (+https://developers.facebook.com/docs/sharing/webmasters/crawler)" "-"
2a03:2880:f800:: - - [02/May/2026:00:25:36 +0200] "GET /como-jugar-en-un-tragamonedas/ HTTP/1.1" 200 66961 biark.net "-" "meta-externalagent/1.1 (+https://developers.facebook.com/docs/sharing/webmasters/crawler)" "-"
52.167.144.0 - - [02/May/2026:00:25:36 +0200] "GET /resultado-beisbol-venezuela/ HTTP/1.1" 200 66892 biark.net "-" "Mozilla/5.0 AppleWebKit/537.36 (KHTML, like Gecko; compatible; bingbot/2.0; +http://www.bing.com/bingbot.htm) Chrome/116.0.1938.76 Safari/537.36" "-"
2a03:2880:f800:: - - [02/May/2026:00:25:36 +0200] "GET /news-sitemap.xml?path=/homepages/2/d834828290/htdocs/clickandbuilds/caldereria-balantxa.com/wp-content HTTP/1.1" 200 32410 caldereria-balantxa.com "-" "meta-externalagent/1.1 (+https://developers.facebook.com/docs/sharing/webmasters/crawler)" "-"
40.77.167.0 - - [02/May/2026:00:25:36 +0200] "GET /casinos-bitcoin-en-espa%C3%B1a/ HTTP/1.1" 200 36817 www.soldadura-aircom.com "-" "Mozilla/5.0 AppleWebKit/537.36 (KHTML, like Gecko; compatible; bingbot/2.0; +http://www.bing.com/bingbot.htm) Chrome/116.0.1938.76 Safari/537.36" "-"
5.39.1.0 - - [02/May/2026:00:25:39 +0200] "GET /partido-hockey-nueva-york/ HTTP/1.1" 200 51945 elpayasocobrador.com "-" "Mozilla/5.0 (compatible; AhrefsBot/7.0; +http://ahrefs.com/robot/)" "-"
2a03:2880:f800:: - - [02/May/2026:00:25:39 +0200] "GET /post-sitemap5.xml?path=/homepages/2/d834828290/htdocs/clickandbuilds/caldereria-balantxa.com/wp-content/et-cache/9562 HTTP/1.1" 200 13309 www.caldereria-balantxa.com "-" "meta-externalagent/1.1 (+https://developers.facebook.com/docs/sharing/webmasters/crawler)" "-"
40.77.167.0 - - [02/May/2026:00:25:39 +0200] "GET /1-division-resultados-de-futbol/ HTTP/1.1" 404 31217 www.erlain.es "-" "Mozilla/5.0 AppleWebKit/537.36 (KHTML, like Gecko; compatible; bingbot/2.0; +http://www.bing.com/bingbot.htm) Chrome/116.0.1938.76 Safari/537.36" "-"
40.77.167.0 - - [02/May/2026:00:25:41 +0200] "GET /trucos-para-jugar-en-slots-reales-espa%C3%B1a/ HTTP/1.1" 404 47844 elpayasocobrador.com "-" "Mozilla/5.0 AppleWebKit/537.36 (KHTML, like Gecko; compatible; bingbot/2.0; +http://www.bing.com/bingbot.htm) Chrome/116.0.1938.76 Safari/537.36" "-"
2a03:2880:f800:: - - [02/May/2026:00:25:44 +0200] "GET /items/B121608621/?path=/homepages/38/d388396570 HTTP/1.1" 200 29951 www.caldereria-balantxa.com "-" "meta-externalagent/1.1 (+https://developers.facebook.com/docs/sharing/webmasters/crawler)" "-"
217.173.193.0 - - [02/May/2026:00:25:45 +0200] "POST /xmlrpc.php HTTP/1.1" 503 19283 soldadura-aircom.com "-" "Mozilla/5.0 (Macintosh; Intel Mac OS X 10_11_6) AppleWebKit/604.4.7 (KHTML, like Gecko) Version/11.0.2 Safari/604.4.7" "-"
2a03:2880:f800:: - - [02/May/2026:00:25:48 +0200] "GET /items/B122140604/?path=//sys HTTP/1.1" 200 12604 www.caldereria-balantxa.com "-" "meta-externalagent/1.1 (+https://developers.facebook.com/docs/sharing/webmasters/crawler)" "-"
74.7.227.0 - - [02/May/2026:00:25:49 +0200] "GET /?fileloc=/homepages/2/d834828290/htdocs/clickandbuilds/caldereria-balantxa.com/wp-content/et-cache/2086/et-divi-dynamic-2086-late.css&path=/homepages/2/d834828290/htdocs/clickandbuilds/caldereria-balantxa.com/wp-content/et-cache/2086 HTTP/1.1" 200 13004 caldereria-balantxa.com "https://caldereria-balantxa.com/?path=/homepages/2/d834828290/htdocs/clickandbuilds/caldereria-balantxa.com/wp-content/et-cache/2086" "Mozilla/5.0 AppleWebKit/537.36 (KHTML, like Gecko; compatible; GPTBot/1.3; +https://openai.com/gptbot)" "-"
2a03:2880:f800:: - - [02/May/2026:00:25:50 +0200] "GET /pagina-apuestas-deportivas/ HTTP/1.1" 200 66235 biark.net "-" "meta-externalagent/1.1 (+https://developers.facebook.com/docs/sharing/webmasters/crawler)" "-"
3.221.244.0 - - [02/May/2026:00:25:51 +0200] "GET /wp-json/wp/v2/posts/784 HTTP/1.1" 200 5286 www.planeadosalbe.com "-" "Mozilla/5.0 AppleWebKit/537.36 (KHTML, like Gecko; compatible; Amazonbot/0.1; +https://developer.amazon.com/support/amazonbot) Chrome/119.0.6045.214 Safari/537.36" "-"
2a03:2880:f800:: - - [02/May/2026:00:25:52 +0200] "GET /items/B121579199/?path=/homepages/19 HTTP/1.1" 200 113884 www.caldereria-balantxa.com "-" "meta-externalagent/1.1 (+https://developers.facebook.com/docs/sharing/webmasters/crawler)" "-"
2a03:2880:f800:: - - [02/May/2026:00:25:53 +0200] "GET /blog-apuestas-deportivas-venezuela/ HTTP/1.1" 200 66387 biark.net "-" "meta-externalagent/1.1 (+https://developers.facebook.com/docs/sharing/webmasters/crawler)" "-"
2a03:2880:f800:: - - [02/May/2026:00:25:54 +0200] "GET /mejor-pronosticador-de-apuestas-deportivas/ HTTP/1.1" 200 67511 biark.net "-" "meta-externalagent/1.1 (+https://developers.facebook.com/docs/sharing/webmasters/crawler)" "-"
2a03:2880:f800:: - - [02/May/2026:00:25:56 +0200] "GET /juventus-villarreal-pron%C3%B3stico/ HTTP/1.1" 200 66353 biark.net "-" "meta-externalagent/1.1 (+https://developers.facebook.com/docs/sharing/webmasters/crawler)" "-"
17.246.19.0 - - [02/May/2026:00:25:57 +0200] "GET /wp-includes/js/dist/i18n.min.js?ver=c26c3dc7bed366793375 HTTP/1.1" 200 5314 www.erlain.es "https://www.erlain.es/corredor-de-apuestas-que-hacer/" "Mozilla/5.0 (Macintosh; Intel Mac OS X 10_15_7) AppleWebKit/605.1.15 (KHTML, like Gecko) Version/17.4 Safari/605.1.15 (Applebot/0.1; +http://www.apple.com/go/applebot)" "-"
2a03:2880:f800:: - - [02/May/2026:00:25:58 +0200] "GET /items/B121027685/?path=/homepages/40/d834131600 HTTP/1.1" 429 267 www.caldereria-balantxa.com "-" "meta-externalagent/1.1 (+https://developers.facebook.com/docs/sharing/webmasters/crawler)" "-"
17.246.23.0 - - [02/May/2026:00:25:58 +0200] "GET /wp-includes/js/dist/hooks.min.js?ver=dd5603f07f9220ed27f1 HTTP/1.1" 200 5661 www.erlain.es "https://www.erlain.es/corredor-de-apuestas-que-hacer/" "Mozilla/5.0 (Macintosh; Intel Mac OS X 10_15_7) AppleWebKit/605.1.15 (KHTML, like Gecko) Version/17.4 Safari/605.1.15 (Applebot/0.1; +http://www.apple.com/go/applebot)" "-"
74.7.243.0 - - [02/May/2026:00:25:59 +0200] "GET /?p=26600 HTTP/1.1" 301 - elpayasocobrador.com "https://elpayasocobrador.com/?p=26674" "Mozilla/5.0 AppleWebKit/537.36 (KHTML, like Gecko; compatible; GPTBot/1.3; +https://openai.com/gptbot)" "-"
74.7.243.0 - - [02/May/2026:00:26:00 +0200] "GET /juega-gratis-a-sugar-pop-en-modo-demo/ HTTP/1.1" 200 56457 elpayasocobrador.com "https://elpayasocobrador.com/?p=26600" "Mozilla/5.0 AppleWebKit/537.36 (KHTML, like Gecko; compatible; GPTBot/1.3; +https://openai.com/gptbot)" "-"
17.246.19.0 - - [02/May/2026:00:26:00 +0200] "GET /wp-content/plugins/contact-form-7/includes/swv/js/index.js?ver=6.1.5 HTTP/1.1" 200 12512 www.erlain.es "https://www.erlain.es/corredor-de-apuestas-que-hacer/" "Mozilla/5.0 (Macintosh; Intel Mac OS X 10_15_7) AppleWebKit/605.1.15 (KHTML, like Gecko) Version/17.4 Safari/605.1.15 (Applebot/0.1; +http://www.apple.com/go/applebot)" "-"
2a03:2880:f800:: - - [02/May/2026:00:26:01 +0200] "GET /post-sitemap5.xml?path=/homepages/2/d834828290/htdocs/clickandbuilds/caldereria-balantxa.com/wp-content/et-cache/8825 HTTP/1.1" 429 267 www.caldereria-balantxa.com "-" "meta-externalagent/1.1 (+https://developers.facebook.com/docs/sharing/webmasters/crawler)" "-"
2a03:2880:f800:: - - [02/May/2026:00:26:01 +0200] "GET /items/B121192093/?fileloc=//bin/dpkg-genbuildinfo&path=//bin HTTP/1.1" 429 267 www.caldereria-balantxa.com "-" "meta-externalagent/1.1 (+https://developers.facebook.com/docs/sharing/webmasters/crawler)" "-"
17.246.19.0 - - [02/May/2026:00:26:01 +0200] "GET /wp-content/themes/Divi/style-static.min.css?ver=4.27.6 HTTP/1.1" 200 824698 www.erlain.es "https://www.erlain.es/corredor-de-apuestas-que-hacer/" "Mozilla/5.0 (Macintosh; Intel Mac OS X 10_15_7) AppleWebKit/605.1.15 (KHTML, like Gecko) Version/17.4 Safari/605.1.15 (Applebot/0.1; +http://www.apple.com/go/applebot)" "-"
17.246.23.0 - - [02/May/2026:00:26:03 +0200] "GET /wp-content/plugins/contact-form-7/includes/css/styles.css?ver=6.1.5 HTTP/1.1" 200 2947 www.erlain.es "https://www.erlain.es/corredor-de-apuestas-que-hacer/" "Mozilla/5.0 (Macintosh; Intel Mac OS X 10_15_7) AppleWebKit/605.1.15 (KHTML, like Gecko) Version/17.4 Safari/605.1.15 (Applebot/0.1; +http://www.apple.com/go/applebot)" "-"
17.246.23.0 - - [02/May/2026:00:26:04 +0200] "GET /wp-content/plugins/contact-form-7/includes/js/index.js?ver=6.1.5 HTTP/1.1" 200 13452 www.erlain.es "https://www.erlain.es/corredor-de-apuestas-que-hacer/" "Mozilla/5.0 (Macintosh; Intel Mac OS X 10_15_7) AppleWebKit/605.1.15 (KHTML, like Gecko) Version/17.4 Safari/605.1.15 (Applebot/0.1; +http://www.apple.com/go/applebot)" "-"
52.167.144.0 - - [02/May/2026:00:26:05 +0200] "GET /?a=7422946009602 HTTP/1.1" 200 52512 caldereria-balantxa.com "-" "Mozilla/5.0 AppleWebKit/537.36 (KHTML, like Gecko; compatible; bingbot/2.0; +http://www.bing.com/bingbot.htm) Chrome/116.0.1938.76 Safari/537.36" "-"
2a03:2880:f800:: - - [02/May/2026:00:26:06 +0200] "GET /casinos-en-el-centro-de-tijuana/ HTTP/1.1" 200 67639 biark.net "-" "meta-externalagent/1.1 (+https://developers.facebook.com/docs/sharing/webmasters/crawler)" "-"
2a03:2880:f800:: - - [02/May/2026:00:26:06 +0200] "GET /items/B121882894/?fileloc=//bin/fc-match&path=//bin HTTP/1.1" 429 267 www.caldereria-balantxa.com "-" "meta-externalagent/1.1 (+https://developers.facebook.com/docs/sharing/webmasters/crawler)" "-"
17.246.23.0 - - [02/May/2026:00:26:06 +0200] "GET /wp-includes/js/jquery/jquery.min.js?ver=3.7.1 HTTP/1.1" 200 87553 www.erlain.es "https://www.erlain.es/corredor-de-apuestas-que-hacer/" "Mozilla/5.0 (Macintosh; Intel Mac OS X 10_15_7) AppleWebKit/605.1.15 (KHTML, like Gecko) Version/17.4 Safari/605.1.15 (Applebot/0.1; +http://www.apple.com/go/applebot)" "-"
17.246.19.0 - - [02/May/2026:00:26:06 +0200] "GET /wp-includes/js/jquery/jquery-migrate.min.js?ver=3.4.1 HTTP/1.1" 200 13577 www.erlain.es "https://www.erlain.es/corredor-de-apuestas-que-hacer/" "Mozilla/5.0 (Macintosh; Intel Mac OS X 10_15_7) AppleWebKit/605.1.15 (KHTML, like Gecko) Version/17.4 Safari/605.1.15 (Applebot/0.1; +http://www.apple.com/go/applebot)" "-"
143.105.103.0 - - [02/May/2026:00:26:07 +0200] "POST /xmlrpc.php HTTP/1.1" 503 19268 biark.net "-" "Mozilla/5.0 (X11; Ubuntu; Linux x86_64; arm64) AppleWebKit/537.36 (KHTML, like Gecko) Edge/96.0.0.0 Safari/537.36" "-"
2a03:2880:f800:: - - [02/May/2026:00:26:07 +0200] "GET /post-sitemap4.xml?path=/homepages/2/d834828290/htdocs/clickandbuilds/caldereria-balantxa.com/wp-content/et-cache/9246 HTTP/1.1" 429 267 www.caldereria-balantxa.com "-" "meta-externalagent/1.1 (+https://developers.facebook.com/docs/sharing/webmasters/crawler)" "-"
74.7.242.0 - - [02/May/2026:00:26:07 +0200] "GET /?path=//kunden/kunden/kunden/kunden/kunden/kunden/kunden/proc/thread-self/root/proc/self/root/kunden/kunden/lib/mime/packages HTTP/1.1" 200 34484 www.caldereria-balantxa.com "https://www.caldereria-balantxa.com/?path=//kunden/kunden/kunden/kunden/kunden/kunden/kunden/proc/thread-self/root/proc/self/root/kunden/kunden/lib/mime" "Mozilla/5.0 AppleWebKit/537.36 (KHTML, like Gecko; compatible; GPTBot/1.3; +https://openai.com/gptbot)" "-"
17.246.19.0 - - [02/May/2026:00:26:07 +0200] "GET /wp-content/themes/Divi/js/scripts.min.js?ver=4.27.6 HTTP/1.1" 200 274461 www.erlain.es "https://www.erlain.es/corredor-de-apuestas-que-hacer/" "Mozilla/5.0 (Macintosh; Intel Mac OS X 10_15_7) AppleWebKit/605.1.15 (KHTML, like Gecko) Version/17.4 Safari/605.1.15 (Applebot/0.1; +http://www.apple.com/go/applebot)" "-"
114.119.151.0 - - [02/May/2026:00:26:08 +0200] "GET /?p=35151 HTTP/1.1" 301 - elpayasocobrador.com "https://elpayasocobrador.com/?p=36006" "Mozilla/5.0 (Linux; Android 7.0;) AppleWebKit/537.36 (HTML, like Gecko) Mobile Safari/537.36 (compatible; PetalBot;+https://webmaster.petalsearch.com/site/petalbot)" "-"
2a03:2880:f800:: - - [02/May/2026:00:26:09 +0200] "GET /wp-json/oembed/1.0/embed?url=https%3A%2F%2Fbiark.net%2Fjugar-a-tragaperras%2F HTTP/1.1" 200 2138 biark.net "-" "meta-externalagent/1.1 (+https://developers.facebook.com/docs/sharing/webmasters/crawler)" "-"
114.119.158.0 - - [02/May/2026:00:26:09 +0200] "GET /trabajos-realizados/img_20130227_171302-2/?path=/homepages/2/d834828290 HTTP/1.1" 200 31371 www.caldereria-balantxa.com "-" "Mozilla/5.0 (Linux; Android 7.0;) AppleWebKit/537.36 (KHTML, like Gecko) Mobile Safari/537.36 (compatible; PetalBot;+https://webmaster.petalsearch.com/site/petalbot)" "-"
17.246.23.0 - - [02/May/2026:00:26:09 +0200] "GET /wp-content/themes/Divi/includes/builder/feature/dynamic-assets/assets/js/jquery.fitvids.js?ver=4.27.6 HTTP/1.1" 200 3349 www.erlain.es "https://www.erlain.es/corredor-de-apuestas-que-hacer/" "Mozilla/5.0 (Macintosh; Intel Mac OS X 10_15_7) AppleWebKit/605.1.15 (KHTML, like Gecko) Version/17.4 Safari/605.1.15 (Applebot/0.1; +http://www.apple.com/go/applebot)" "-"
17.246.23.0 - - [02/May/2026:00:26:09 +0200] "GET /wp-content/themes/Divi/core/admin/js/common.js?ver=4.27.6 HTTP/1.1" 200 1343 www.erlain.es "https://www.erlain.es/corredor-de-apuestas-que-hacer/" "Mozilla/5.0 (Macintosh; Intel Mac OS X 10_15_7) AppleWebKit/605.1.15 (KHTML, like Gecko) Version/17.4 Safari/605.1.15 (Applebot/0.1; +http://www.apple.com/go/applebot)" "-"
5.39.109.0 - - [02/May/2026:00:26:10 +0200] "GET /betfair-bono-de-bienvenida-apuestas-deportivas-online/ HTTP/1.1" 429 267 biark.net "-" "Mozilla/5.0 (compatible; AhrefsBot/7.0; +http://ahrefs.com/robot/)" "-"
82.165.80.0 - - [02/May/2026:00:26:10 +0200] "POST /wp-cron.php?doing_wp_cron=1777674369.9856081008911132812500 HTTP/1.1" 200 - elpayasocobrador.com "-" "WordPress/6.9.4; https://elpayasocobrador.com" "-"
114.119.151.0 - - [02/May/2026:00:26:11 +0200] "GET /con-que-cartas-se-hace-blackjack/ HTTP/1.1" 200 53018 elpayasocobrador.com "https://elpayasocobrador.com/?p=36006" "Mozilla/5.0 (Linux; Android 7.0;) AppleWebKit/537.36 (HTML, like Gecko) Mobile Safari/537.36 (compatible; PetalBot;+https://webmaster.petalsearch.com/site/petalbot)" "-"
54.39.203.0 - - [02/May/2026:00:26:11 +0200] "GET /mejores-paginas-de-apuestas-dota-2/ HTTP/1.1" 200 52512 www.caldereria-balantxa.com "-" "Mozilla/5.0 (compatible; AhrefsBot/7.0; +http://ahrefs.com/robot/)" "-"
2a03:2880:f800:: - - [02/May/2026:00:26:11 +0200] "GET /items/B121240957/?path=/homepages/2/d390557641 HTTP/1.1" 429 267 www.caldereria-balantxa.com "-" "meta-externalagent/1.1 (+https://developers.facebook.com/docs/sharing/webmasters/crawler)" "-"
17.246.19.0 - - [02/May/2026:00:26:11 +0200] "GET /wp-includes/js/dist/vendor/wp-polyfill.min.js?ver=3.15.0 HTTP/1.1" 200 33548 www.erlain.es "https://www.erlain.es/corredor-de-apuestas-que-hacer/" "Mozilla/5.0 (Macintosh; Intel Mac OS X 10_15_7) AppleWebKit/605.1.15 (KHTML, like Gecko) Version/17.4 Safari/605.1.15 (Applebot/0.1; +http://www.apple.com/go/applebot)" "-"
2a03:2880:f800:: - - [02/May/2026:00:26:12 +0200] "GET /items/B122134010/?fileloc=/homepages/2/d833652115/distributor.lock&path=/homepages/2/d833652115 HTTP/1.1" 429 267 www.caldereria-balantxa.com "-" "meta-externalagent/1.1 (+https://developers.facebook.com/docs/sharing/webmasters/crawler)" "-"
17.246.23.0 - - [02/May/2026:00:26:12 +0200] "GET /wp-content/plugins/contact-form-7/modules/recaptcha/index.js?ver=6.1.5 HTTP/1.1" 200 934 www.erlain.es "https://www.erlain.es/corredor-de-apuestas-que-hacer/" "Mozilla/5.0 (Macintosh; Intel Mac OS X 10_15_7) AppleWebKit/605.1.15 (KHTML, like Gecko) Version/17.4 Safari/605.1.15 (Applebot/0.1; +http://www.apple.com/go/applebot)" "-"
2a03:2880:f800:: - - [02/May/2026:00:26:16 +0200] "GET /apuestas-real-madrid-vs-atl%C3%A9tico/ HTTP/1.1" 429 267 biark.net "-" "meta-externalagent/1.1 (+https://developers.facebook.com/docs/sharing/webmasters/crawler)" "-"
2a03:2880:f800:: - - [02/May/2026:00:26:19 +0200] "GET /items/B121091079/?path=/homepages/2/d391127798/htdocs HTTP/1.1" 429 267 www.caldereria-balantxa.com "-" "meta-externalagent/1.1 (+https://developers.facebook.com/docs/sharing/webmasters/crawler)" "-"
2a03:2880:f800:: - - [02/May/2026:00:26:20 +0200] "GET /que-es-un-stake-en-las-apuestas/ HTTP/1.1" 429 267 biark.net "-" "meta-externalagent/1.1 (+https://developers.facebook.com/docs/sharing/webmasters/crawler)" "-"
2a03:2880:f800:: - - [02/May/2026:00:26:20 +0200] "GET /items/B121080363/?path=/homepages/24/d386165983 HTTP/1.1" 429 267 www.caldereria-balantxa.com "-" "meta-externalagent/1.1 (+https://developers.facebook.com/docs/sharing/webmasters/crawler)" "-"
213.180.203.0 - - [02/May/2026:00:26:23 +0200] "GET /robots.txt HTTP/1.1" 429 267 biark.net "-" "Mozilla/5.0 (compatible; YandexBot/3.0; +http://yandex.com/bots)" "-"
176.31.139.0 - - [02/May/2026:00:26:25 +0200] "GET /juego-casino-con-cartas/ HTTP/1.1" 200 36307 www.soldadura-aircom.com "-" "Mozilla/5.0 (compatible; AhrefsBot/7.0; +http://ahrefs.com/robot/)" "-"
2a03:2880:f800:: - - [02/May/2026:00:26:27 +0200] "GET /resultado-de-euroliga/ HTTP/1.1" 429 267 biark.net "-" "meta-externalagent/1.1 (+https://developers.facebook.com/docs/sharing/webmasters/crawler)" "-"
2a03:2880:f800:: - - [02/May/2026:00:26:27 +0200] "GET /items/B122118920/?path=/homepages/32/d388018731 HTTP/1.1" 429 267 www.caldereria-balantxa.com "-" "meta-externalagent/1.1 (+https://developers.facebook.com/docs/sharing/webmasters/crawler)" "-"
82.165.80.0 - - [02/May/2026:00:26:27 +0200] "POST /wp-cron.php?doing_wp_cron=1777674387.1120901107788085937500 HTTP/1.1" 200 - www.soldadura-aircom.com "-" "WordPress/6.9.4; https://www.soldadura-aircom.com" "-"
114.119.140.0 - - [02/May/2026:00:26:28 +0200] "GET /2024/03/11/las-mejores-maquinas-de-casino/ HTTP/1.1" 404 31318 www.soldadura-aircom.com "https://www.soldadura-aircom.com/wp-sitemap-posts-post-2.xml" "Mozilla/5.0 (Linux; Android 7.0;) AppleWebKit/537.36 (HTML, like Gecko) Mobile Safari/537.36 (compatible; PetalBot;+https://webmaster.petalsearch.com/site/petalbot)" "-"
51.68.247.0 - - [02/May/2026:00:26:30 +0200] "GET /apuestas-legal/ HTTP/1.1" 429 267 biark.net "-" "Mozilla/5.0 (compatible; AhrefsBot/7.0; +http://ahrefs.com/robot/)" "-"
2a03:2880:f800:: - - [02/May/2026:00:26:30 +0200] "GET /items/B121543047/?path=/homepages/2/d834828290/htdocs/clickandbuilds/biark HTTP/1.1" 429 267 www.caldereria-balantxa.com "-" "meta-externalagent/1.1 (+https://developers.facebook.com/docs/sharing/webmasters/crawler)" "-"
2a03:2880:f800:: - - [02/May/2026:00:26:30 +0200] "GET /items/B121422821/?path=/homepages/5/d385802090 HTTP/1.1" 429 267 www.caldereria-balantxa.com "-" "meta-externalagent/1.1 (+https://developers.facebook.com/docs/sharing/webmasters/crawler)" "-"
2a03:2880:f800:: - - [02/May/2026:00:26:34 +0200] "GET /paginas-apuestas-bonos/ HTTP/1.1" 429 267 biark.net "-" "meta-externalagent/1.1 (+https://developers.facebook.com/docs/sharing/webmasters/crawler)" "-"
74.7.227.0 - - [02/May/2026:00:26:34 +0200] "GET /?fileloc=/homepages/2/d834828290/htdocs/clickandbuilds/caldereria-balantxa.com/wp-content/et-cache/1328/et-divi-dynamic-1328.css&path=/homepages/2/d834828290/htdocs/clickandbuilds/caldereria-balantxa.com/wp-content/et-cache/1328 HTTP/1.1" 200 12999 caldereria-balantxa.com "https://caldereria-balantxa.com/?path=/homepages/2/d834828290/htdocs/clickandbuilds/caldereria-balantxa.com/wp-content/et-cache/1328" "Mozilla/5.0 AppleWebKit/537.36 (KHTML, like Gecko; compatible; GPTBot/1.3; +https://openai.com/gptbot)" "-"
216.73.217.0 - - [02/May/2026:00:26:35 +0200] "GET /metodo-de-apuestas-seguras/ HTTP/1.1" 200 51350 elpayasocobrador.com "-" "Mozilla/5.0 AppleWebKit/537.36 (KHTML, like Gecko; compatible; ClaudeBot/1.0; +claudebot@anthropic.com)" "-"
114.119.137.0 - - [02/May/2026:00:26:37 +0200] "GET /tragamonedas-jugar-gratis-online/?path=/homepages/2 HTTP/1.1" 200 128273 www.caldereria-balantxa.com "-" "Mozilla/5.0 (Linux; Android 7.0;) AppleWebKit/537.36 (KHTML, like Gecko) Mobile Safari/537.36 (compatible; PetalBot;+https://webmaster.petalsearch.com/site/petalbot)" "-"
74.7.243.0 - - [02/May/2026:00:26:38 +0200] "GET /?p=34613 HTTP/1.1" 301 - elpayasocobrador.com "https://elpayasocobrador.com/?p=27200" "Mozilla/5.0 AppleWebKit/537.36 (KHTML, like Gecko; compatible; GPTBot/1.3; +https://openai.com/gptbot)" "-"
74.7.243.0 - - [02/May/2026:00:26:39 +0200] "GET /casinos-mas-importantes-en-mexico/ HTTP/1.1" 200 52456 elpayasocobrador.com "https://elpayasocobrador.com/?p=34613" "Mozilla/5.0 AppleWebKit/537.36 (KHTML, like Gecko; compatible; GPTBot/1.3; +https://openai.com/gptbot)" "-"
2a03:2880:f800:: - - [02/May/2026:00:26:39 +0200] "GET /items/B121426431/?fileloc=/homepages/2/d388250317/phpinilist&path=/homepages/2/d388250317 HTTP/1.1" 429 267 www.caldereria-balantxa.com "-" "meta-externalagent/1.1 (+https://developers.facebook.com/docs/sharing/webmasters/crawler)" "-"
2a03:2880:f800:: - - [02/May/2026:00:26:41 +0200] "GET /post-sitemap5.xml?path=/homepages/2/d834828290/htdocs/clickandbuilds/caldereria-balantxa.com/wp-content/et-cache/11075 HTTP/1.1" 429 267 www.caldereria-balantxa.com "-" "meta-externalagent/1.1 (+https://developers.facebook.com/docs/sharing/webmasters/crawler)" "-"
47.128.60.0 - - [02/May/2026:00:26:42 +0200] "GET / HTTP/1.1" 200 68269 elpayasocobrador.com "-" "Mozilla/5.0 (Linux; Android 5.0) AppleWebKit/537.36 (KHTML, like Gecko) Mobile Safari/537.36 (compatible; Bytespider; spider-feedback@bytedance.com)" "-"
2a03:2880:f800:: - - [02/May/2026:00:26:42 +0200] "GET /items/B121625765/?path=/homepages/29/d386894817 HTTP/1.1" 429 267 www.caldereria-balantxa.com "-" "meta-externalagent/1.1 (+https://developers.facebook.com/docs/sharing/webmasters/crawler)" "-"
114.119.159.0 - - [02/May/2026:00:26:43 +0200] "GET /betway-casino-espa%C3%B1a/ HTTP/1.1" 200 54592 www.planeadosalbe.com "https://www.planeadosalbe.com/wp-sitemap-posts-post-1.xml" "Mozilla/5.0 (Linux; Android 7.0;) AppleWebKit/537.36 (HTML, like Gecko) Mobile Safari/537.36 (compatible; PetalBot;+https://webmaster.petalsearch.com/site/petalbot)" "-"
2a03:2880:f800:: - - [02/May/2026:00:26:44 +0200] "GET /bolivia-vs-paraguay-apuestas-rentables/ HTTP/1.1" 429 267 biark.net "-" "meta-externalagent/1.1 (+https://developers.facebook.com/docs/sharing/webmasters/crawler)" "-"
2a03:2880:f800:: - - [02/May/2026:00:26:44 +0200] "GET /items/B121024554/?path=//lib32 HTTP/1.1" 429 267 www.caldereria-balantxa.com "-" "meta-externalagent/1.1 (+https://developers.facebook.com/docs/sharing/webmasters/crawler)" "-"
47.128.60.0 - - [02/May/2026:00:26:45 +0200] "GET /wp-includes/js/mediaelement/wp-mediaelement.min.css?ver=9cba96ead3ca9464248400e0a6157ac2 HTTP/1.1" 200 4186 elpayasocobrador.com "https://elpayasocobrador.com/" "Mozilla/5.0 (Linux; Android 5.0) AppleWebKit/537.36 (KHTML, like Gecko) Mobile Safari/537.36 (compatible; Bytespider; spider-feedback@bytedance.com)" "-"
2a03:2880:f800:: - - [02/May/2026:00:26:46 +0200] "GET /resultado-mlb-de-hoy/ HTTP/1.1" 429 267 biark.net "-" "meta-externalagent/1.1 (+https://developers.facebook.com/docs/sharing/webmasters/crawler)" "-"
47.128.60.0 - - [02/May/2026:00:26:46 +0200] "GET /wp-includes/js/mediaelement/mediaelementplayer-legacy.min.css?ver=4.2.17 HTTP/1.1" 200 11256 elpayasocobrador.com "https://elpayasocobrador.com/" "Mozilla/5.0 (Linux; Android 5.0) AppleWebKit/537.36 (KHTML, like Gecko) Mobile Safari/537.36 (compatible; Bytespider; spider-feedback@bytedance.com)" "-"
47.128.60.0 - - [02/May/2026:00:26:46 +0200] "GET /wp-content/uploads/2012/10/elpayasocobrador1.png HTTP/1.1" 206 500 elpayasocobrador.com "https://elpayasocobrador.com/" "Mozilla/5.0 (Linux; Android 5.0) AppleWebKit/537.36 (KHTML, like Gecko) Mobile Safari/537.36 (compatible; Bytespider; spider-feedback@bytedance.com)" "-"
2a03:2880:f800:: - - [02/May/2026:00:26:46 +0200] "GET /items/B121695196/?fileloc=//bin/pamdeinterlace&path=//bin HTTP/1.1" 429 267 www.caldereria-balantxa.com "-" "meta-externalagent/1.1 (+https://developers.facebook.com/docs/sharing/webmasters/crawler)" "-"
2a03:2880:f800:: - - [02/May/2026:00:26:48 +0200] "GET /items/B121830713/?path=/homepages/23/d835592437 HTTP/1.1" 429 267 www.caldereria-balantxa.com "-" "meta-externalagent/1.1 (+https://developers.facebook.com/docs/sharing/webmasters/crawler)" "-"
47.128.60.0 - - [02/May/2026:00:26:50 +0200] "GET /wp-content/uploads/2019/06/5.gif HTTP/1.1" 206 500 elpayasocobrador.com "https://elpayasocobrador.com/" "Mozilla/5.0 (Linux; Android 5.0) AppleWebKit/537.36 (KHTML, like Gecko) Mobile Safari/537.36 (compatible; Bytespider; spider-feedback@bytedance.com)" "-"
2a03:2880:f800:: - - [02/May/2026:00:26:50 +0200] "GET /items/B121972057/?path=/homepages/7 HTTP/1.1" 429 267 www.caldereria-balantxa.com "-" "meta-externalagent/1.1 (+https://developers.facebook.com/docs/sharing/webmasters/crawler)" "-"
2a03:2880:f800:: - - [02/May/2026:00:26:52 +0200] "GET /items/B121929642/?path=//opt HTTP/1.1" 429 267 www.caldereria-balantxa.com "-" "meta-externalagent/1.1 (+https://developers.facebook.com/docs/sharing/webmasters/crawler)" "-"
74.7.242.0 - - [02/May/2026:00:26:54 +0200] "GET /?path=//kunden/kunden/kunden/kunden/kunden/kunden/kunden/proc/thread-self/root/proc/self/root/kunden/kunden/var/tmp/.priv HTTP/1.1" 200 14233 www.caldereria-balantxa.com "https://www.caldereria-balantxa.com/?path=//kunden/kunden/kunden/kunden/kunden/kunden/kunden/proc/thread-self/root/proc/self/root/kunden/kunden/var/tmp" "Mozilla/5.0 AppleWebKit/537.36 (KHTML, like Gecko; compatible; GPTBot/1.3; +https://openai.com/gptbot)" "-"
2a03:2880:f800:: - - [02/May/2026:00:26:55 +0200] "GET /items/B121160999/?path=/homepages/2/d834596345 HTTP/1.1" 429 267 www.caldereria-balantxa.com "-" "meta-externalagent/1.1 (+https://developers.facebook.com/docs/sharing/webmasters/crawler)" "-"
47.82.11.0 - - [02/May/2026:00:26:56 +0200] "GET /jugar-1429-uncharted-seas-gratis HTTP/1.1" 429 267 elpayasocobrador.com "https://elpayasocobrador.com/" "Mozilla/5.0 (Windows NT 10.0; Win64; x64) AppleWebKit/537.36 (KHTML, like Gecko) Chrome/135.0.0.0 Safari/537.36" "-"
2a03:2880:f800:: - - [02/May/2026:00:26:58 +0200] "GET /items/B121836337/?fileloc=//bin/pbmtomgr&path=//bin HTTP/1.1" 200 27750 www.caldereria-balantxa.com "-" "meta-externalagent/1.1 (+https://developers.facebook.com/docs/sharing/webmasters/crawler)" "-"
40.77.167.0 - - [02/May/2026:00:26:59 +0200] "GET /items/D63703285501 HTTP/1.1" 200 52512 www.caldereria-balantxa.com "-" "Mozilla/5.0 AppleWebKit/537.36 (KHTML, like Gecko; compatible; bingbot/2.0; +http://www.bing.com/bingbot.htm) Chrome/116.0.1938.76 Safari/537.36" "-"
2a03:2880:f800:: - - [02/May/2026:00:27:00 +0200] "GET /juegos-de-casino-jugar/ HTTP/1.1" 429 267 biark.net "-" "meta-externalagent/1.1 (+https://developers.facebook.com/docs/sharing/webmasters/crawler)" "-"
2a03:2880:f800:: - - [02/May/2026:00:27:01 +0200] "GET /news_sitemap.xml?fileloc=/homepages/2/d384484677/DASTOOLSTART&path=/homepages/2/d384484677 HTTP/1.1" 200 12312 caldereria-balantxa.com "-" "meta-externalagent/1.1 (+https://developers.facebook.com/docs/sharing/webmasters/crawler)" "-"
2a03:2880:f800:: - - [02/May/2026:00:27:08 +0200] "GET /ruleta-jugar-gratis-online/ HTTP/1.1" 429 267 biark.net "-" "meta-externalagent/1.1 (+https://developers.facebook.com/docs/sharing/webmasters/crawler)" "-"
74.7.243.0 - - [02/May/2026:00:27:10 +0200] "GET /?p=36015 HTTP/1.1" 301 - elpayasocobrador.com "https://elpayasocobrador.com/?p=37841" "Mozilla/5.0 AppleWebKit/537.36 (KHTML, like Gecko; compatible; GPTBot/1.3; +https://openai.com/gptbot)" "-"
82.165.80.0 - - [02/May/2026:00:27:11 +0200] "POST /wp-cron.php?doing_wp_cron=1777674431.6433880329132080078125 HTTP/1.1" 200 - elpayasocobrador.com "-" "WordPress/6.9.4; https://elpayasocobrador.com" "-"
74.7.243.0 - - [02/May/2026:00:27:12 +0200] "GET /mejores-casino-en-chile/ HTTP/1.1" 200 52904 elpayasocobrador.com "https://elpayasocobrador.com/?p=36015" "Mozilla/5.0 AppleWebKit/537.36 (KHTML, like Gecko; compatible; GPTBot/1.3; +https://openai.com/gptbot)" "-"
2a03:2880:f800:: - - [02/May/2026:00:27:13 +0200] "GET /hockey-copa-de-la-reina/ HTTP/1.1" 429 267 biark.net "-" "meta-externalagent/1.1 (+https://developers.facebook.com/docs/sharing/webmasters/crawler)" "-"
40.77.167.0 - - [02/May/2026:00:27:13 +0200] "GET /apuestas-deportivas-tipo-tenis/ HTTP/1.1" 200 67610 biark.net "-" "Mozilla/5.0 AppleWebKit/537.36 (KHTML, like Gecko; compatible; bingbot/2.0; +http://www.bing.com/bingbot.htm) Chrome/116.0.1938.76 Safari/537.36" "-"
2a03:2880:f800:: - - [02/May/2026:00:27:15 +0200] "GET /keno-en-cripto-casino/ HTTP/1.1" 429 267 biark.net "-" "meta-externalagent/1.1 (+https://developers.facebook.com/docs/sharing/webmasters/crawler)" "-"
82.165.80.0 - - [02/May/2026:00:27:15 +0200] "POST /wp-cron.php?doing_wp_cron=1777674435.1675560474395751953125 HTTP/1.1" 200 - biark.net "-" "WordPress/6.9.4; https://biark.net" "-"
2a03:2880:f800:: - - [02/May/2026:00:27:16 +0200] "GET /pronostico-rayo-vallecano-las-palmas/ HTTP/1.1" 200 66650 biark.net "-" "meta-externalagent/1.1 (+https://developers.facebook.com/docs/sharing/webmasters/crawler)" "-"
40.77.167.0 - - [02/May/2026:00:27:16 +0200] "GET /?p=4963 HTTP/1.1" 301 - www.soldadura-aircom.com "-" "Mozilla/5.0 AppleWebKit/537.36 (KHTML, like Gecko; compatible; bingbot/2.0; +http://www.bing.com/bingbot.htm) Chrome/116.0.1938.76 Safari/537.36" "-"
74.7.227.0 - - [02/May/2026:00:27:17 +0200] "GET /?fileloc=/homepages/2/d834828290/htdocs/clickandbuilds/caldereria-balantxa.com/wp-content/et-cache/8929/et-divi-dynamic-8929-late.css&path=/homepages/2/d834828290/htdocs/clickandbuilds/caldereria-balantxa.com/wp-content/et-cache/8929 HTTP/1.1" 200 13004 caldereria-balantxa.com "https://caldereria-balantxa.com/?path=/homepages/2/d834828290/htdocs/clickandbuilds/caldereria-balantxa.com/wp-content/et-cache/8929" "Mozilla/5.0 AppleWebKit/537.36 (KHTML, like Gecko; compatible; GPTBot/1.3; +https://openai.com/gptbot)" "-"
40.77.167.0 - - [02/May/2026:00:27:17 +0200] "GET /?p=3029 HTTP/1.1" 301 - www.soldadura-aircom.com "-" "Mozilla/5.0 AppleWebKit/537.36 (KHTML, like Gecko; compatible; bingbot/2.0; +http://www.bing.com/bingbot.htm) Chrome/116.0.1938.76 Safari/537.36" "-"
94.23.188.0 - - [02/May/2026:00:27:20 +0200] "GET /apuestas-final-champions-peru/ HTTP/1.1" 200 66699 biark.net "-" "Mozilla/5.0 (compatible; AhrefsBot/7.0; +http://ahrefs.com/robot/)" "-"
207.46.13.0 - - [02/May/2026:00:27:21 +0200] "GET /?p=4914 HTTP/1.1" 301 - www.soldadura-aircom.com "-" "Mozilla/5.0 AppleWebKit/537.36 (KHTML, like Gecko; compatible; bingbot/2.0; +http://www.bing.com/bingbot.htm) Chrome/116.0.1938.76 Safari/537.36" "-"
2a03:2880:f800:: - - [02/May/2026:00:27:25 +0200] "GET /seleccion-argentina-femenina-hockey/ HTTP/1.1" 200 71515 biark.net "-" "meta-externalagent/1.1 (+https://developers.facebook.com/docs/sharing/webmasters/crawler)" "-"
23.21.225.0 - - [02/May/2026:00:27:25 +0200] "GET /wp-json/oembed/1.0/embed?url=https://www.planeadosalbe.com/programa-ruleta-simulador/ HTTP/1.1" 200 2244 www.planeadosalbe.com "-" "Mozilla/5.0 AppleWebKit/537.36 (KHTML, like Gecko; compatible; Amazonbot/0.1; +https://developer.amazon.com/support/amazonbot) Chrome/119.0.6045.214 Safari/537.36" "-"
114.119.152.0 - - [02/May/2026:00:27:27 +0200] "GET /?p=35054 HTTP/1.1" 301 - elpayasocobrador.com "https://elpayasocobrador.com/?p=35090" "Mozilla/5.0 (Linux; Android 7.0;) AppleWebKit/537.36 (HTML, like Gecko) Mobile Safari/537.36 (compatible; PetalBot;+https://webmaster.petalsearch.com/site/petalbot)" "-"
82.165.80.0 - - [02/May/2026:00:27:29 +0200] "POST /wp-cron.php?doing_wp_cron=1777674449.0040929317474365234375 HTTP/1.1" 200 - elpayasocobrador.com "-" "WordPress/6.9.4; https://elpayasocobrador.com" "-"
3.210.114.0 - - [02/May/2026:00:27:30 +0200] "GET /wp-json/oembed/1.0/embed?format=xml&url=https://www.planeadosalbe.com/juega-gratis-a-age-of-the-gods-en-modo-demo/ HTTP/1.1" 200 2468 www.planeadosalbe.com "-" "Mozilla/5.0 AppleWebKit/537.36 (KHTML, like Gecko; compatible; Amazonbot/0.1; +https://developer.amazon.com/support/amazonbot) Chrome/119.0.6045.214 Safari/537.36" "-"
114.119.152.0 - - [02/May/2026:00:27:33 +0200] "GET /casinos-que-regalan-dinero-para-jugar/ HTTP/1.1" 200 52830 elpayasocobrador.com "https://elpayasocobrador.com/?p=35090" "Mozilla/5.0 (Linux; Android 7.0;) AppleWebKit/537.36 (HTML, like Gecko) Mobile Safari/537.36 (compatible; PetalBot;+https://webmaster.petalsearch.com/site/petalbot)" "-"
2a03:2880:f800:: - - [02/May/2026:00:27:34 +0200] "GET /big5-casino-bono-sin-dep%C3%B3sito-50-giros-gratis-2025/ HTTP/1.1" 200 67630 biark.net "-" "meta-externalagent/1.1 (+https://developers.facebook.com/docs/sharing/webmasters/crawler)" "-"
216.73.217.0 - - [02/May/2026:00:27:34 +0200] "GET /?p=42581 HTTP/1.1" 429 267 elpayasocobrador.com "-" "Mozilla/5.0 AppleWebKit/537.36 (KHTML, like Gecko; compatible; ClaudeBot/1.0; +claudebot@anthropic.com)" "-"
2a03:2880:f800:: - - [02/May/2026:00:27:35 +0200] "GET /robots.txt HTTP/1.1" 200 114 www.erlain.es "-" "facebookexternalhit/1.1 (+http://www.facebook.com/externalhit_uatext.php)" "-"
74.7.242.0 - - [02/May/2026:00:27:37 +0200] "GET /?path=//kunden/kunden/kunden/kunden/kunden/kunden/kunden/proc/thread-self/root/proc/self/root/kunden/kunden/var/lib/man-db HTTP/1.1" 200 16069 www.caldereria-balantxa.com "https://www.caldereria-balantxa.com/?path=//kunden/kunden/kunden/kunden/kunden/kunden/kunden/proc/thread-self/root/proc/self/root/kunden/kunden/var/lib" "Mozilla/5.0 AppleWebKit/537.36 (KHTML, like Gecko; compatible; GPTBot/1.3; +https://openai.com/gptbot)" "-"
74.7.243.0 - - [02/May/2026:00:27:39 +0200] "GET /?p=27148 HTTP/1.1" 429 267 elpayasocobrador.com "https://elpayasocobrador.com/?p=27183" "Mozilla/5.0 AppleWebKit/537.36 (KHTML, like Gecko; compatible; GPTBot/1.3; +https://openai.com/gptbot)" "-"
2a03:2880:f800:: - - [02/May/2026:00:27:41 +0200] "GET /tragamonedas-virtual-gratis/ HTTP/1.1" 200 68210 biark.net "-" "meta-externalagent/1.1 (+https://developers.facebook.com/docs/sharing/webmasters/crawler)" "-"
2a03:2880:f800:: - - [02/May/2026:00:27:44 +0200] "GET /post-sitemap9.xml?fileloc=/homepages/2/d834828290/htdocs/clickandbuilds/caldereria-balantxa.com/wp-admin/js/accordion.min.js&path=/homepages/2/d834828290/htdocs/clickandbuilds/caldereria-balantxa.com/wp-admin/js HTTP/1.1" 200 13816 www.caldereria-balantxa.com "-" "meta-externalagent/1.1 (+https://developers.facebook.com/docs/sharing/webmasters/crawler)" "-"
2a03:2880:f800:: - - [02/May/2026:00:27:46 +0200] "GET /coolbet-primera-apuesta-gratis-online/ HTTP/1.1" 200 67666 biark.net "-" "meta-externalagent/1.1 (+https://developers.facebook.com/docs/sharing/webmasters/crawler)" "-"
2a03:2880:f800:: - - [02/May/2026:00:27:50 +0200] "GET /apuestas-online-comparativa/ HTTP/1.1" 200 70611 biark.net "-" "meta-externalagent/1.1 (+https://developers.facebook.com/docs/sharing/webmasters/crawler)" "-"
52.167.144.0 - - [02/May/2026:00:27:54 +0200] "GET /casinos-en-xalapa-veracruz/ HTTP/1.1" 200 35691 www.soldadura-aircom.com "-" "Mozilla/5.0 AppleWebKit/537.36 (KHTML, like Gecko; compatible; bingbot/2.0; +http://www.bing.com/bingbot.htm) Chrome/116.0.1938.76 Safari/537.36" "-"
74.7.227.0 - - [02/May/2026:00:27:55 +0200] "GET /?fileloc=/homepages/2/d834828290/htdocs/clickandbuilds/caldereria-balantxa.com/wp-content/et-cache/8383/et-divi-dynamic-8383-late.css&path=/homepages/2/d834828290/htdocs/clickandbuilds/caldereria-balantxa.com/wp-content/et-cache/8383 HTTP/1.1" 200 13004 caldereria-balantxa.com "https://caldereria-balantxa.com/?path=/homepages/2/d834828290/htdocs/clickandbuilds/caldereria-balantxa.com/wp-content/et-cache/8383" "Mozilla/5.0 AppleWebKit/537.36 (KHTML, like Gecko; compatible; GPTBot/1.3; +https://openai.com/gptbot)" "-"
2a03:2880:f800:: - - [02/May/2026:00:27:58 +0200] "GET /?p=5654 HTTP/1.1" 301 - biark.net "-" "meta-externalagent/1.1 (+https://developers.facebook.com/docs/sharing/webmasters/crawler)" "-"
2a03:2880:f800:: - - [02/May/2026:00:28:01 +0200] "GET /juegos-de-casino-nuevos-gratis/ HTTP/1.1" 200 66725 biark.net "-" "meta-externalagent/1.1 (+https://developers.facebook.com/docs/sharing/webmasters/crawler)" "-"
216.73.217.0 - - [02/May/2026:00:28:01 +0200] "GET /la-mejor-forma-de-ganar-apuestas-deportivas/ HTTP/1.1" 429 267 elpayasocobrador.com "-" "Mozilla/5.0 AppleWebKit/537.36 (KHTML, like Gecko; compatible; ClaudeBot/1.0; +claudebot@anthropic.com)" "-"
114.119.156.0 - - [02/May/2026:00:28:02 +0200] "GET /betway-casino-bono-sin-dep%C3%B3sito-50-giros-gratis-2025/ HTTP/1.1" 200 55484 www.planeadosalbe.com "https://www.planeadosalbe.com/wp-sitemap-posts-post-1.xml" "Mozilla/5.0 (Linux; Android 7.0;) AppleWebKit/537.36 (HTML, like Gecko) Mobile Safari/537.36 (compatible; PetalBot;+https://webmaster.petalsearch.com/site/petalbot)" "-"
2a03:2880:f800:: - - [02/May/2026:00:28:04 +0200] "GET /post-sitemap13.xml?fileloc=/homepages/2/d834828290/htdocs/clickandbuilds/caldereria-balantxa.com/wp-includes/class-snoopy.php&path=/homepages/2/d834828290/htdocs/clickandbuilds/caldereria-balantxa.com/wp-includes HTTP/1.1" 200 55703 www.caldereria-balantxa.com "-" "meta-externalagent/1.1 (+https://developers.facebook.com/docs/sharing/webmasters/crawler)" "-"
2a03:2880:f800:: - - [02/May/2026:00:28:04 +0200] "GET /apuestas-deportivas-pronosticos-gratis-santiago/ HTTP/1.1" 200 66955 biark.net "-" "meta-externalagent/1.1 (+https://developers.facebook.com/docs/sharing/webmasters/crawler)" "-"
114.119.133.0 - - [02/May/2026:00:28:07 +0200] "GET /2024/03/11/jugar-she-s-a-rich-girl-gratis/ HTTP/1.1" 404 31318 www.soldadura-aircom.com "https://www.soldadura-aircom.com/wp-sitemap-posts-post-4.xml" "Mozilla/5.0 (Linux; Android 7.0;) AppleWebKit/537.36 (HTML, like Gecko) Mobile Safari/537.36 (compatible; PetalBot;+https://webmaster.petalsearch.com/site/petalbot)" "-"
74.7.243.0 - - [02/May/2026:00:28:07 +0200] "GET /?p=26586 HTTP/1.1" 429 267 elpayasocobrador.com "https://elpayasocobrador.com/?p=27183" "Mozilla/5.0 AppleWebKit/537.36 (KHTML, like Gecko; compatible; GPTBot/1.3; +https://openai.com/gptbot)" "-"
2a03:2880:f800:: - - [02/May/2026:00:28:08 +0200] "GET /hacer-apuestas-cucuta-abiertos-hoy/ HTTP/1.1" 200 67293 biark.net "-" "meta-externalagent/1.1 (+https://developers.facebook.com/docs/sharing/webmasters/crawler)" "-"
2a03:2880:f800:: - - [02/May/2026:00:28:10 +0200] "GET /wp-json/oembed/1.0/embed?url=https%3A%2F%2Fbiark.net%2Ftragamonedas-virtual-gratis%2F HTTP/1.1" 200 2178 biark.net "-" "meta-externalagent/1.1 (+https://developers.facebook.com/docs/sharing/webmasters/crawler)" "-"
52.167.144.0 - - [02/May/2026:00:28:14 +0200] "GET /tragaperras-online-fortune-coin/ HTTP/1.1" 200 35621 www.soldadura-aircom.com "-" "Mozilla/5.0 AppleWebKit/537.36 (KHTML, like Gecko; compatible; bingbot/2.0; +http://www.bing.com/bingbot.htm) Chrome/116.0.1938.76 Safari/537.36" "-"
3.231.193.0 - - [02/May/2026:00:28:14 +0200] "GET /wp-json/oembed/1.0/embed?url=https://www.planeadosalbe.com/jugar-platooners-gratis/ HTTP/1.1" 200 2234 www.planeadosalbe.com "-" "Mozilla/5.0 AppleWebKit/537.36 (KHTML, like Gecko; compatible; Amazonbot/0.1; +https://developer.amazon.com/support/amazonbot) Chrome/119.0.6045.214 Safari/537.36" "-"
2a03:2880:f800:: - - [02/May/2026:00:28:14 +0200] "GET /maquinas-tragamonedas-gratis-slot/ HTTP/1.1" 200 67003 biark.net "-" "meta-externalagent/1.1 (+https://developers.facebook.com/docs/sharing/webmasters/crawler)" "-"
92.222.108.0 - - [02/May/2026:00:28:15 +0200] "GET /juega-bet-casino/ HTTP/1.1" 200 35317 www.soldadura-aircom.com "-" "Mozilla/5.0 (compatible; AhrefsBot/7.0; +http://ahrefs.com/robot/)" "-"
51.68.247.0 - - [02/May/2026:00:28:15 +0200] "GET /juega-gratis-a-5-lions-en-modo-demo/ HTTP/1.1" 200 36372 www.soldadura-aircom.com "-" "Mozilla/5.0 (compatible; AhrefsBot/7.0; +http://ahrefs.com/robot/)" "-"
74.7.242.0 - - [02/May/2026:00:28:15 +0200] "GET /?path=//kunden/kunden/kunden/kunden/kunden/kunden/kunden/proc/thread-self/root/proc/self/root/kunden/kunden/etc/dpkg/dpkg.cfg.d HTTP/1.1" 200 16136 www.caldereria-balantxa.com "https://www.caldereria-balantxa.com/?path=//kunden/kunden/kunden/kunden/kunden/kunden/kunden/proc/thread-self/root/proc/self/root/kunden/kunden/etc/dpkg" "Mozilla/5.0 AppleWebKit/537.36 (KHTML, like Gecko; compatible; GPTBot/1.3; +https://openai.com/gptbot)" "-"
43.173.182.0 - - [02/May/2026:00:28:20 +0200] "GET /?p=19021 HTTP/1.1" 404 31225 www.erlain.es "-" "Mozilla/5.0 (Windows NT 10.0; Win64; x64) AppleWebKit/537.36 (KHTML, like Gecko) Chrome/131.0.0.0 Safari/537.36" "-"
2a03:2880:f800:: - - [02/May/2026:00:28:20 +0200] "GET /post-sitemap11.xml?fileloc=/homepages/2/d834828290/htdocs/clickandbuilds/caldereria-balantxa.com/wp-admin/freedoms.php&path=/homepages/2/d834828290/htdocs/clickandbuilds/caldereria-balantxa.com/wp-admin HTTP/1.1" 200 19184 www.caldereria-balantxa.com "-" "meta-externalagent/1.1 (+https://developers.facebook.com/docs/sharing/webmasters/crawler)" "-"
87.250.224.0 - - [02/May/2026:00:28:23 +0200] "GET /robots.txt HTTP/1.1" 429 267 biark.net "-" "Mozilla/5.0 (compatible; YandexBot/3.0; +http://yandex.com/bots)" "-"
2a03:2880:f800:: - - [02/May/2026:00:28:26 +0200] "GET /reglas-casas-de-apuestas-tenis/ HTTP/1.1" 200 67030 biark.net "-" "meta-externalagent/1.1 (+https://developers.facebook.com/docs/sharing/webmasters/crawler)" "-"
52.167.144.0 - - [02/May/2026:00:28:26 +0200] "GET /ver-partido-de-hockey-en-vivo/ HTTP/1.1" 200 66491 biark.net "-" "Mozilla/5.0 AppleWebKit/537.36 (KHTML, like Gecko; compatible; bingbot/2.0; +http://www.bing.com/bingbot.htm) Chrome/116.0.1938.76 Safari/537.36" "-"
40.77.167.0 - - [02/May/2026:00:28:27 +0200] "GET /como-ganarle-a-un-casino/?path=/homepages HTTP/1.1" 200 81138 www.caldereria-balantxa.com "-" "Mozilla/5.0 AppleWebKit/537.36 (KHTML, like Gecko; compatible; bingbot/2.0; +http://www.bing.com/bingbot.htm) Chrome/116.0.1938.76 Safari/537.36" "-"
157.55.39.0 - - [02/May/2026:00:28:28 +0200] "GET /manhattan-slots-casino-no-deposit-bonus-codes-2025/ HTTP/1.1" 200 36334 www.soldadura-aircom.com "-" "Mozilla/5.0 AppleWebKit/537.36 (KHTML, like Gecko; compatible; bingbot/2.0; +http://www.bing.com/bingbot.htm) Chrome/116.0.1938.76 Safari/537.36" "-"
52.167.144.0 - - [02/May/2026:00:28:28 +0200] "GET /pron%C3%B3stico-betis-hoy/ HTTP/1.1" 200 67461 biark.net "-" "Mozilla/5.0 AppleWebKit/537.36 (KHTML, like Gecko; compatible; bingbot/2.0; +http://www.bing.com/bingbot.htm) Chrome/116.0.1938.76 Safari/537.36" "-"
74.7.227.0 - - [02/May/2026:00:28:29 +0200] "GET /?fileloc=/homepages/2/d834828290/htdocs/clickandbuilds/caldereria-balantxa.com/wp-content/et-cache/1858/et-divi-dynamic-1858-late.css&path=/homepages/2/d834828290/htdocs/clickandbuilds/caldereria-balantxa.com/wp-content/et-cache/1858 HTTP/1.1" 200 13004 caldereria-balantxa.com "https://caldereria-balantxa.com/?path=/homepages/2/d834828290/htdocs/clickandbuilds/caldereria-balantxa.com/wp-content/et-cache/1858" "Mozilla/5.0 AppleWebKit/537.36 (KHTML, like Gecko; compatible; GPTBot/1.3; +https://openai.com/gptbot)" "-"
40.77.167.0 - - [02/May/2026:00:28:31 +0200] "GET /tragaperras-online-wild-spells/ HTTP/1.1" 200 52512 www.caldereria-balantxa.com "-" "Mozilla/5.0 AppleWebKit/537.36 (KHTML, like Gecko; compatible; bingbot/2.0; +http://www.bing.com/bingbot.htm) Chrome/116.0.1938.76 Safari/537.36" "-"
40.77.167.0 - - [02/May/2026:00:28:32 +0200] "GET /cuantas-casas-de-apuestas-online-hay-en-colombia/ HTTP/1.1" 200 67420 biark.net "-" "Mozilla/5.0 AppleWebKit/537.36 (KHTML, like Gecko; compatible; bingbot/2.0; +http://www.bing.com/bingbot.htm) Chrome/116.0.1938.76 Safari/537.36" "-"
2a03:2880:f800:: - - [02/May/2026:00:28:34 +0200] "GET /post-sitemap11.xml?fileloc=/homepages/2/d834828290/htdocs/clickandbuilds/caldereria-balantxa.com/wp-includes/admin-bar.php&path=/homepages/2/d834828290/htdocs/clickandbuilds/caldereria-balantxa.com/wp-includes HTTP/1.1" 200 58521 www.caldereria-balantxa.com "-" "meta-externalagent/1.1 (+https://developers.facebook.com/docs/sharing/webmasters/crawler)" "-"
46.4.81.0 - - [02/May/2026:00:28:34 +0200] "GET /b7660886.htm?item=rosenbaum-2039938 HTTP/1.1" 404 62305 biark.net "-" "Mozilla/5.0 (Windows NT 10.0; Win64; x64; rv:108.0) Gecko/20100101 Firefox/108.0" "-"
198.244.242.0 - - [02/May/2026:00:28:38 +0200] "GET /apuestas-reales-argentina-en-pesos/ HTTP/1.1" 404 31217 www.erlain.es "-" "Mozilla/5.0 (compatible; AhrefsBot/7.0; +http://ahrefs.com/robot/)" "-"
2a03:2880:f800:: - - [02/May/2026:00:28:40 +0200] "GET /calle-antio-2-en-zumarraga-gipuzkoa/ HTTP/1.1" 200 66310 biark.net "-" "meta-externalagent/1.1 (+https://developers.facebook.com/docs/sharing/webmasters/crawler)" "-"
2a03:2880:f800:: - - [02/May/2026:00:28:45 +0200] "GET /items/B122127789/?path=/homepages/2/d388732396 HTTP/1.1" 200 26941 www.caldereria-balantxa.com "-" "meta-externalagent/1.1 (+https://developers.facebook.com/docs/sharing/webmasters/crawler)" "-"
114.119.154.0 - - [02/May/2026:00:28:45 +0200] "GET /?p=31536 HTTP/1.1" 301 - elpayasocobrador.com "https://elpayasocobrador.com/jugar-renoir-riches-gratis/" "Mozilla/5.0 (Linux; Android 7.0;) AppleWebKit/537.36 (HTML, like Gecko) Mobile Safari/537.36 (compatible; PetalBot;+https://webmaster.petalsearch.com/site/petalbot)" "-"
82.165.80.0 - - [02/May/2026:00:28:46 +0200] "POST /wp-cron.php?doing_wp_cron=1777674526.6133799552917480468750 HTTP/1.1" 200 - elpayasocobrador.com "-" "WordPress/6.9.4; https://elpayasocobrador.com" "-"
2a03:2880:f800:: - - [02/May/2026:00:28:47 +0200] "GET /blackjack-sin-registrarse/ HTTP/1.1" 200 67144 biark.net "-" "meta-externalagent/1.1 (+https://developers.facebook.com/docs/sharing/webmasters/crawler)" "-"
74.7.242.0 - - [02/May/2026:00:28:48 +0200] "GET /?path=//kunden/kunden/kunden/kunden/kunden/kunden/kunden/proc/thread-self/root/proc/self/root/kunden/kunden/etc/kernel HTTP/1.1" 200 15726 www.caldereria-balantxa.com "https://www.caldereria-balantxa.com/?path=//kunden/kunden/kunden/kunden/kunden/kunden/kunden/proc/thread-self/root/proc/self/root/kunden/kunden/etc" "Mozilla/5.0 AppleWebKit/537.36 (KHTML, like Gecko; compatible; GPTBot/1.3; +https://openai.com/gptbot)" "-"
114.119.154.0 - - [02/May/2026:00:28:48 +0200] "GET /como-ganar-en-la-ruleta-de-granja-millonaria/ HTTP/1.1" 200 58292 elpayasocobrador.com "https://elpayasocobrador.com/jugar-renoir-riches-gratis/" "Mozilla/5.0 (Linux; Android 7.0;) AppleWebKit/537.36 (HTML, like Gecko) Mobile Safari/537.36 (compatible; PetalBot;+https://webmaster.petalsearch.com/site/petalbot)" "-"
2a03:2880:f800:: - - [02/May/2026:00:28:50 +0200] "GET /casino-juega-en-linea/ HTTP/1.1" 200 66939 biark.net "-" "meta-externalagent/1.1 (+https://developers.facebook.com/docs/sharing/webmasters/crawler)" "-"
176.31.139.0 - - [02/May/2026:00:28:53 +0200] "GET /estadisticas-en-la-ruleta/ HTTP/1.1" 200 36757 www.soldadura-aircom.com "-" "Mozilla/5.0 (compatible; AhrefsBot/7.0; +http://ahrefs.com/robot/)" "-"
52.167.144.0 - - [02/May/2026:00:28:54 +0200] "GET /?a=2000689474000 HTTP/1.1" 200 52512 caldereria-balantxa.com "-" "Mozilla/5.0 AppleWebKit/537.36 (KHTML, like Gecko; compatible; bingbot/2.0; +http://www.bing.com/bingbot.htm) Chrome/116.0.1938.76 Safari/537.36" "-"
2a03:2880:f800:: - - [02/May/2026:00:28:56 +0200] "GET /post-sitemap12.xml?fileloc=/homepages/2/d834828290/htdocs/clickandbuilds/caldereria-balantxa.com/wp-mail.php&path=/homepages/2/d834828290/htdocs/clickandbuilds/caldereria-balantxa.com HTTP/1.1" 200 22507 www.caldereria-balantxa.com "-" "meta-externalagent/1.1 (+https://developers.facebook.com/docs/sharing/webmasters/crawler)" "-"
213.180.203.0 - - [02/May/2026:00:28:57 +0200] "GET /bonos-gratis-casinos/ HTTP/1.1" 429 267 elpayasocobrador.com "-" "Mozilla/5.0 (compatible; YandexBot/3.0; +http://yandex.com/bots)" "-"
74.7.227.0 - - [02/May/2026:00:29:00 +0200] "GET /?fileloc=/homepages/2/d834828290/htdocs/clickandbuilds/caldereria-balantxa.com/wp-content/et-cache/2503/et-divi-dynamic-2503.css&path=/homepages/2/d834828290/htdocs/clickandbuilds/caldereria-balantxa.com/wp-content/et-cache/2503 HTTP/1.1" 200 12999 caldereria-balantxa.com "https://caldereria-balantxa.com/?path=/homepages/2/d834828290/htdocs/clickandbuilds/caldereria-balantxa.com/wp-content/et-cache/2503" "Mozilla/5.0 AppleWebKit/537.36 (KHTML, like Gecko; compatible; GPTBot/1.3; +https://openai.com/gptbot)" "-"
54.37.118.0 - - [02/May/2026:00:29:03 +0200] "GET /gran-canaria-casino-codigo-promocional-y-bonus-code/ HTTP/1.1" 200 56034 elpayasocobrador.com "-" "Mozilla/5.0 (compatible; AhrefsBot/7.0; +http://ahrefs.com/robot/)" "-"
2a03:2880:f800:: - - [02/May/2026:00:29:06 +0200] "GET /news_sitemap.xml?path=/homepages/9/d833668901 HTTP/1.1" 200 24001 caldereria-balantxa.com "-" "meta-externalagent/1.1 (+https://developers.facebook.com/docs/sharing/webmasters/crawler)" "-"
