51.195.215.0 - - [02/May/2026:00:10:14 +0200] "GET /star-casino-no-deposit-bonus/ HTTP/1.1" 404 31217 www.erlain.es "-" "Mozilla/5.0 (compatible; AhrefsBot/7.0; +http://ahrefs.com/robot/)" "-"
114.119.154.0 - - [02/May/2026:00:10:15 +0200] "GET /?p=31625 HTTP/1.1" 301 - elpayasocobrador.com "https://elpayasocobrador.com/tragaperras-online-snow-leopard" "Mozilla/5.0 (Linux; Android 7.0;) AppleWebKit/537.36 (HTML, like Gecko) Mobile Safari/537.36 (compatible; PetalBot;+https://webmaster.petalsearch.com/site/petalbot)" "-"
40.77.167.0 - - [02/May/2026:00:10:15 +0200] "GET /casino-gran-madrid-descargar-aplicaci%C3%B3n-de-apuestas-online-bono-primera-apuesta/?path=//sys HTTP/1.1" 200 12604 www.caldereria-balantxa.com "-" "Mozilla/5.0 AppleWebKit/537.36 (KHTML, like Gecko; compatible; bingbot/2.0; +http://www.bing.com/bingbot.htm) Chrome/116.0.1938.76 Safari/537.36" "-"
202.46.62.0 - - [02/May/2026:00:10:16 +0200] "GET /wp-content/uploads/matomo/matomo.js HTTP/1.1" 404 47922 elpayasocobrador.com "https://elpayasocobrador.com/donde-jugar-casinos-en-lima/" "Mozilla/5.0 (Windows NT 10.0; Win64; x64) AppleWebKit/537.36 (KHTML, like Gecko) Chrome/133.0.6943.141 Safari/537.36" "-"
82.165.80.0 - - [02/May/2026:00:10:17 +0200] "POST /wp-cron.php?doing_wp_cron=1777673417.5271029472351074218750 HTTP/1.1" 200 - elpayasocobrador.com "-" "WordPress/6.9.4; https://elpayasocobrador.com" "-"
114.119.154.0 - - [02/May/2026:00:10:17 +0200] "GET /tragaperras-online-the-golden-egg-easter/ HTTP/1.1" 200 52537 elpayasocobrador.com "https://elpayasocobrador.com/tragaperras-online-snow-leopard" "Mozilla/5.0 (Linux; Android 7.0;) AppleWebKit/537.36 (HTML, like Gecko) Mobile Safari/537.36 (compatible; PetalBot;+https://webmaster.petalsearch.com/site/petalbot)" "-"
74.7.227.0 - - [02/May/2026:00:10:19 +0200] "GET /?fileloc=/homepages/2/d834828290/htdocs/clickandbuilds/caldereria-balantxa.com/wp-content/et-cache/1218/et-divi-dynamic-1218.css&path=/homepages/2/d834828290/htdocs/clickandbuilds/caldereria-balantxa.com/wp-content/et-cache/1218 HTTP/1.1" 200 12999 caldereria-balantxa.com "https://caldereria-balantxa.com/?path=/homepages/2/d834828290/htdocs/clickandbuilds/caldereria-balantxa.com/wp-content/et-cache/1218" "Mozilla/5.0 AppleWebKit/537.36 (KHTML, like Gecko; compatible; GPTBot/1.3; +https://openai.com/gptbot)" "-"
202.46.62.0 - - [02/May/2026:00:10:20 +0200] "GET /?wordfence_lh=1&hid=5C517A29ECD8AE7B1C3A501B5E02447C&r=0.48052972821449425 HTTP/1.1" 200 - elpayasocobrador.com "https://elpayasocobrador.com/donde-jugar-casinos-en-lima/" "Mozilla/5.0 (Windows NT 10.0; Win64; x64) AppleWebKit/537.36 (KHTML, like Gecko) Chrome/133.0.6943.141 Safari/537.36" "-"
157.55.39.0 - - [02/May/2026:00:10:21 +0200] "GET /cual-es-el-truco-de-la-ruleta-para-ganar-dinero/ HTTP/1.1" 200 53262 elpayasocobrador.com "-" "Mozilla/5.0 AppleWebKit/537.36 (KHTML, like Gecko; compatible; bingbot/2.0; +http://www.bing.com/bingbot.htm) Chrome/116.0.1938.76 Safari/537.36" "-"
2a03:2880:f800:: - - [02/May/2026:00:10:21 +0200] "GET /items/B121963445/?path=/homepages/2 HTTP/1.1" 200 128273 www.caldereria-balantxa.com "-" "meta-externalagent/1.1 (+https://developers.facebook.com/docs/sharing/webmasters/crawler)" "-"
74.7.242.0 - - [02/May/2026:00:10:22 +0200] "GET /?path=//kunden/kunden/kunden/kunden/kunden/kunden/kunden/proc/thread-self/root/proc/self/root/kunden/kunden/usr/bin HTTP/1.1" 200 2308608 www.caldereria-balantxa.com "https://www.caldereria-balantxa.com/?path=//kunden/kunden/kunden/kunden/kunden/kunden/kunden/proc/thread-self/root/proc/self/root/kunden/kunden/usr" "Mozilla/5.0 AppleWebKit/537.36 (KHTML, like Gecko; compatible; GPTBot/1.3; +https://openai.com/gptbot)" "-"
5.39.109.0 - - [02/May/2026:00:10:24 +0200] "GET /jugar-wild-leprechaun-gratis/ HTTP/1.1" 200 67714 biark.net "-" "Mozilla/5.0 (compatible; AhrefsBot/7.0; +http://ahrefs.com/robot/)" "-"
74.7.227.0 - - [02/May/2026:00:10:27 +0200] "GET /?fileloc=/homepages/2/d834828290/htdocs/clickandbuilds/caldereria-balantxa.com/wp-content/et-cache/1229/et-divi-dynamic-1229.css&path=/homepages/2/d834828290/htdocs/clickandbuilds/caldereria-balantxa.com/wp-content/et-cache/1229 HTTP/1.1" 429 267 caldereria-balantxa.com "https://caldereria-balantxa.com/?path=/homepages/2/d834828290/htdocs/clickandbuilds/caldereria-balantxa.com/wp-content/et-cache/1229" "Mozilla/5.0 AppleWebKit/537.36 (KHTML, like Gecko; compatible; GPTBot/1.3; +https://openai.com/gptbot)" "-"
2a03:2880:f800:: - - [02/May/2026:00:10:31 +0200] "GET /items/B122241747/?path=/homepages/2/d834828290/htdocs/clickandbuilds/caldereria-balantxa.com/wp-admin HTTP/1.1" 200 182614 www.caldereria-balantxa.com "-" "meta-externalagent/1.1 (+https://developers.facebook.com/docs/sharing/webmasters/crawler)" "-"
2a03:2880:f800:: - - [02/May/2026:00:10:32 +0200] "GET /paloma-bet-casino-bono-sin-dep%C3%B3sito-50-giros-gratis-2025/ HTTP/1.1" 200 67333 biark.net "-" "meta-externalagent/1.1 (+https://developers.facebook.com/docs/sharing/webmasters/crawler)" "-"
2a03:2880:f800:: - - [02/May/2026:00:10:33 +0200] "GET /wp-json/wp/v2/posts/3035 HTTP/1.1" 200 7120 biark.net "-" "meta-externalagent/1.1 (+https://developers.facebook.com/docs/sharing/webmasters/crawler)" "-"
74.7.242.0 - - [02/May/2026:00:10:33 +0200] "GET /?path=//kunden/kunden/kunden/kunden/kunden/kunden/kunden/proc/thread-self/root/proc/self/root/kunden/kunden/etc/vim HTTP/1.1" 200 15877 www.caldereria-balantxa.com "https://www.caldereria-balantxa.com/?path=//kunden/kunden/kunden/kunden/kunden/kunden/kunden/proc/thread-self/root/proc/self/root/kunden/kunden/etc" "Mozilla/5.0 AppleWebKit/537.36 (KHTML, like Gecko; compatible; GPTBot/1.3; +https://openai.com/gptbot)" "-"
2a03:2880:f800:: - - [02/May/2026:00:10:34 +0200] "GET /wp-json/oembed/1.0/embed?url=https%3A%2F%2Fbiark.net%2Fcosmopol-casino-bono-sin-dep%25C3%25B3sito-50-giros-gratis-2025%2F HTTP/1.1" 200 2344 biark.net "-" "meta-externalagent/1.1 (+https://developers.facebook.com/docs/sharing/webmasters/crawler)" "-"
74.7.227.0 - - [02/May/2026:00:10:34 +0200] "GET /?fileloc=/homepages/2/d834828290/htdocs/clickandbuilds/caldereria-balantxa.com/wp-content/et-cache/7997/et-divi-dynamic-7997-late.css&path=/homepages/2/d834828290/htdocs/clickandbuilds/caldereria-balantxa.com/wp-content/et-cache/7997 HTTP/1.1" 429 267 caldereria-balantxa.com "https://caldereria-balantxa.com/?path=/homepages/2/d834828290/htdocs/clickandbuilds/caldereria-balantxa.com/wp-content/et-cache/7997" "Mozilla/5.0 AppleWebKit/537.36 (KHTML, like Gecko; compatible; GPTBot/1.3; +https://openai.com/gptbot)" "-"
94.23.188.0 - - [02/May/2026:00:10:39 +0200] "GET /jugar-blackjack-on-line-gratis/ HTTP/1.1" 200 35808 www.soldadura-aircom.com "-" "Mozilla/5.0 (compatible; AhrefsBot/7.0; +http://ahrefs.com/robot/)" "-"
216.73.217.0 - - [02/May/2026:00:10:39 +0200] "GET /?p=28265 HTTP/1.1" 301 - elpayasocobrador.com "-" "Mozilla/5.0 AppleWebKit/537.36 (KHTML, like Gecko; compatible; ClaudeBot/1.0; +claudebot@anthropic.com)" "-"
2a03:2880:f800:: - - [02/May/2026:00:10:39 +0200] "GET /items/B121802013/?path=/homepages/2/d834828290/htdocs/clickandbuilds/caldereria-balantxa.com/wp-includes HTTP/1.1" 200 492227 www.caldereria-balantxa.com "-" "meta-externalagent/1.1 (+https://developers.facebook.com/docs/sharing/webmasters/crawler)" "-"
216.73.217.0 - - [02/May/2026:00:10:41 +0200] "GET /las-bayas-casino-codigo-promocional-y-bonus-code/ HTTP/1.1" 200 53505 elpayasocobrador.com "https://elpayasocobrador.com/?p=28265" "Mozilla/5.0 AppleWebKit/537.36 (KHTML, like Gecko; compatible; ClaudeBot/1.0; +claudebot@anthropic.com)" "-"
74.7.242.0 - - [02/May/2026:00:10:43 +0200] "GET /?path=//kunden/kunden/kunden/kunden/kunden/kunden/kunden/proc/thread-self/root/proc/self/root/kunden/kunden/etc/lynx HTTP/1.1" 200 17699 www.caldereria-balantxa.com "https://www.caldereria-balantxa.com/?path=//kunden/kunden/kunden/kunden/kunden/kunden/kunden/proc/thread-self/root/proc/self/root/kunden/kunden/etc" "Mozilla/5.0 AppleWebKit/537.36 (KHTML, like Gecko; compatible; GPTBot/1.3; +https://openai.com/gptbot)" "-"
2a03:2880:f800:: - - [02/May/2026:00:10:46 +0200] "GET /items/B121681772/?path=/homepages/2/d834828290/htdocs/clickandbuilds HTTP/1.1" 200 21572 www.caldereria-balantxa.com "-" "meta-externalagent/1.1 (+https://developers.facebook.com/docs/sharing/webmasters/crawler)" "-"
216.73.217.0 - - [02/May/2026:00:10:49 +0200] "GET /?p=42126 HTTP/1.1" 301 - elpayasocobrador.com "-" "Mozilla/5.0 AppleWebKit/537.36 (KHTML, like Gecko; compatible; ClaudeBot/1.0; +claudebot@anthropic.com)" "-"
216.73.217.0 - - [02/May/2026:00:10:51 +0200] "GET /paginas-apuestas-deportivas-chile/ HTTP/1.1" 200 52651 elpayasocobrador.com "https://elpayasocobrador.com/?p=42126" "Mozilla/5.0 AppleWebKit/537.36 (KHTML, like Gecko; compatible; ClaudeBot/1.0; +claudebot@anthropic.com)" "-"
74.7.242.0 - - [02/May/2026:00:10:51 +0200] "GET /?path=//kunden/kunden/kunden/kunden/kunden/kunden/kunden/proc/thread-self/root/proc/self/root/kunden/kunden/mnt HTTP/1.1" 200 17129 www.caldereria-balantxa.com "https://www.caldereria-balantxa.com/?path=//kunden/kunden/kunden/kunden/kunden/kunden/kunden/proc/thread-self/root/proc/self/root/kunden/kunden" "Mozilla/5.0 AppleWebKit/537.36 (KHTML, like Gecko; compatible; GPTBot/1.3; +https://openai.com/gptbot)" "-"
51.195.183.0 - - [02/May/2026:00:10:52 +0200] "GET /slots-magic-c%C3%B3digo-promocional-10-euros-gratis/ HTTP/1.1" 404 31217 www.erlain.es "-" "Mozilla/5.0 (compatible; AhrefsBot/7.0; +http://ahrefs.com/robot/)" "-"
2a03:2880:f800:: - - [02/May/2026:00:10:53 +0200] "GET /post-sitemap2.xml?fileloc=/homepages/2/d834828290/htdocs/clickandbuilds/caldereria-balantxa.com/index.php&path=/homepages/2/d834828290/htdocs/clickandbuilds/caldereria-balantxa.com HTTP/1.1" 200 13041 www.caldereria-balantxa.com "-" "meta-externalagent/1.1 (+https://developers.facebook.com/docs/sharing/webmasters/crawler)" "-"
74.7.227.0 - - [02/May/2026:00:10:54 +0200] "GET /?fileloc=/homepages/2/d834828290/htdocs/clickandbuilds/caldereria-balantxa.com/wp-content/et-cache/3138/et-divi-dynamic-3138-late.css&path=/homepages/2/d834828290/htdocs/clickandbuilds/caldereria-balantxa.com/wp-content/et-cache/3138 HTTP/1.1" 429 267 caldereria-balantxa.com "https://caldereria-balantxa.com/?path=/homepages/2/d834828290/htdocs/clickandbuilds/caldereria-balantxa.com/wp-content/et-cache/3138" "Mozilla/5.0 AppleWebKit/537.36 (KHTML, like Gecko; compatible; GPTBot/1.3; +https://openai.com/gptbot)" "-"
74.7.242.0 - - [02/May/2026:00:10:59 +0200] "GET /?path=//kunden/kunden/kunden/kunden/kunden/kunden/kunden/proc/thread-self/root/proc/self/root/kunden/kunden/lib/cbi HTTP/1.1" 429 267 www.caldereria-balantxa.com "https://www.caldereria-balantxa.com/?path=//kunden/kunden/kunden/kunden/kunden/kunden/kunden/proc/thread-self/root/proc/self/root/kunden/kunden/lib" "Mozilla/5.0 AppleWebKit/537.36 (KHTML, like Gecko; compatible; GPTBot/1.3; +https://openai.com/gptbot)" "-"
2a03:2880:f800:: - - [02/May/2026:00:11:00 +0200] "GET /items/B121830318/?path=/homepages/2/d834828290/htdocs/clickandbuilds/caldereria-balantxa.com HTTP/1.1" 200 52512 www.caldereria-balantxa.com "-" "meta-externalagent/1.1 (+https://developers.facebook.com/docs/sharing/webmasters/crawler)" "-"
74.7.243.0 - - [02/May/2026:00:11:03 +0200] "GET /?p=34904 HTTP/1.1" 301 - elpayasocobrador.com "https://elpayasocobrador.com/?p=36360" "Mozilla/5.0 AppleWebKit/537.36 (KHTML, like Gecko; compatible; GPTBot/1.3; +https://openai.com/gptbot)" "-"
17.241.227.0 - - [02/May/2026:00:11:03 +0200] "GET /maquinas-tragamonedas-mas-viejas-gratis/ HTTP/1.1" 200 52344 elpayasocobrador.com "-" "Mozilla/5.0 (Macintosh; Intel Mac OS X 10_15_7) AppleWebKit/605.1.15 (KHTML, like Gecko) Version/17.4 Safari/605.1.15 (Applebot/0.1; +http://www.apple.com/go/applebot)" "-"
74.7.243.0 - - [02/May/2026:00:11:04 +0200] "GET /casino-gratis-de-bitcoin/ HTTP/1.1" 200 58164 elpayasocobrador.com "https://elpayasocobrador.com/?p=34904" "Mozilla/5.0 AppleWebKit/537.36 (KHTML, like Gecko; compatible; GPTBot/1.3; +https://openai.com/gptbot)" "-"
5.255.231.0 - - [02/May/2026:00:11:04 +0200] "GET /ganar-dinero-casinos/ HTTP/1.1" 429 267 www.erlain.es "-" "Mozilla/5.0 (compatible; YandexBot/3.0; +http://yandex.com/bots)" "-"
114.119.159.0 - - [02/May/2026:00:11:05 +0200] "GET /todo-sobre-casinos-en-vivo HTTP/1.1" 404 31223 www.erlain.es "-" "Mozilla/5.0 (Linux; Android 7.0;) AppleWebKit/537.36 (HTML, like Gecko) Mobile Safari/537.36 (compatible; PetalBot;+https://webmaster.petalsearch.com/site/petalbot)" "-"
82.165.80.0 - - [02/May/2026:00:11:06 +0200] "POST /wp-cron.php?doing_wp_cron=1777673466.0360620021820068359375 HTTP/1.1" 200 - elpayasocobrador.com "-" "WordPress/6.9.4; https://elpayasocobrador.com" "-"
2a03:2880:f800:: - - [02/May/2026:00:11:06 +0200] "GET /items/B121515064/?path=/homepages/2/d386136962 HTTP/1.1" 200 29904 www.caldereria-balantxa.com "-" "meta-externalagent/1.1 (+https://developers.facebook.com/docs/sharing/webmasters/crawler)" "-"
74.7.242.0 - - [02/May/2026:00:11:06 +0200] "GET /?path=//kunden/kunden/kunden/kunden/kunden/kunden/kunden/proc/thread-self/root/proc/self/root/kunden/kunden/etc/csh HTTP/1.1" 429 267 www.caldereria-balantxa.com "https://www.caldereria-balantxa.com/?path=//kunden/kunden/kunden/kunden/kunden/kunden/kunden/proc/thread-self/root/proc/self/root/kunden/kunden/etc" "Mozilla/5.0 AppleWebKit/537.36 (KHTML, like Gecko; compatible; GPTBot/1.3; +https://openai.com/gptbot)" "-"
114.119.153.0 - - [02/May/2026:00:11:09 +0200] "GET /2024/03/11/que-es-el-jackpot HTTP/1.1" 404 31318 www.soldadura-aircom.com "-" "Mozilla/5.0 (Linux; Android 7.0;) AppleWebKit/537.36 (HTML, like Gecko) Mobile Safari/537.36 (compatible; PetalBot;+https://webmaster.petalsearch.com/site/petalbot)" "-"
2a03:2880:f800:: - - [02/May/2026:00:11:11 +0200] "GET /items/B121476412/?path=/homepages/2/d834464369 HTTP/1.1" 200 28423 www.caldereria-balantxa.com "-" "meta-externalagent/1.1 (+https://developers.facebook.com/docs/sharing/webmasters/crawler)" "-"
190.122.168.0 - - [02/May/2026:00:11:14 +0200] "GET /acetileno-para-soldadura-en-gipuzkoa/ HTTP/1.1" 200 35637 www.soldadura-aircom.com "-" "Mozilla/5.0 (compatible; MSIE 9.0; Windows 98; Trident/5.0)" "-"
2a03:2880:f800:: - - [02/May/2026:00:11:17 +0200] "GET /items/B121652853/?path=/ HTTP/1.1" 200 44504 www.caldereria-balantxa.com "-" "meta-externalagent/1.1 (+https://developers.facebook.com/docs/sharing/webmasters/crawler)" "-"
114.119.157.0 - - [02/May/2026:00:11:18 +0200] "GET /bingo-online-dinero-real/ HTTP/1.1" 200 55587 www.planeadosalbe.com "https://www.planeadosalbe.com/wp-sitemap-posts-post-1.xml" "Mozilla/5.0 (Linux; Android 7.0;) AppleWebKit/537.36 (HTML, like Gecko) Mobile Safari/537.36 (compatible; PetalBot;+https://webmaster.petalsearch.com/site/petalbot)" "-"
74.7.242.0 - - [02/May/2026:00:11:27 +0200] "GET /?path=//kunden/kunden/kunden/kunden/kunden/kunden/kunden/proc/thread-self/root/proc/self/root/kunden/homepages/lnk HTTP/1.1" 429 267 www.caldereria-balantxa.com "https://www.caldereria-balantxa.com/?path=//kunden/kunden/kunden/kunden/kunden/kunden/kunden/proc/thread-self/root/proc/self/root/kunden/homepages" "Mozilla/5.0 AppleWebKit/537.36 (KHTML, like Gecko; compatible; GPTBot/1.3; +https://openai.com/gptbot)" "-"
2a03:2880:f800:: - - [02/May/2026:00:11:27 +0200] "GET /items/B122165734/?path=//libx32 HTTP/1.1" 200 12610 www.caldereria-balantxa.com "-" "meta-externalagent/1.1 (+https://developers.facebook.com/docs/sharing/webmasters/crawler)" "-"
51.195.244.0 - - [02/May/2026:00:11:29 +0200] "GET /slot-stars-c%C3%B3digo-promocional-apuestas-deportivas-primera-apuesta/ HTTP/1.1" 404 31217 www.erlain.es "-" "Mozilla/5.0 (compatible; AhrefsBot/7.0; +http://ahrefs.com/robot/)" "-"
2a03:2880:f800:: - - [02/May/2026:00:11:32 +0200] "GET /items/B121965176/?path=/ HTTP/1.1" 200 44504 www.caldereria-balantxa.com "-" "meta-externalagent/1.1 (+https://developers.facebook.com/docs/sharing/webmasters/crawler)" "-"
2a03:2880:f800:: - - [02/May/2026:00:11:33 +0200] "GET /como-aprender-a-contar-cartas-en-el-blackjack/ HTTP/1.1" 200 67027 biark.net "-" "meta-externalagent/1.1 (+https://developers.facebook.com/docs/sharing/webmasters/crawler)" "-"
216.73.217.0 - - [02/May/2026:00:11:34 +0200] "GET /?p=35086 HTTP/1.1" 301 - elpayasocobrador.com "-" "Mozilla/5.0 AppleWebKit/537.36 (KHTML, like Gecko; compatible; ClaudeBot/1.0; +claudebot@anthropic.com)" "-"
216.73.217.0 - - [02/May/2026:00:11:36 +0200] "GET /ruleta-n%C3%BAmeros-del-1-al-20/ HTTP/1.1" 200 53063 elpayasocobrador.com "https://elpayasocobrador.com/?p=35086" "Mozilla/5.0 AppleWebKit/537.36 (KHTML, like Gecko; compatible; ClaudeBot/1.0; +claudebot@anthropic.com)" "-"
2a03:2880:f800:: - - [02/May/2026:00:11:37 +0200] "GET /items/B121960388/?path=/ HTTP/1.1" 200 44504 www.caldereria-balantxa.com "-" "meta-externalagent/1.1 (+https://developers.facebook.com/docs/sharing/webmasters/crawler)" "-"
2a03:2880:f800:: - - [02/May/2026:00:11:40 +0200] "GET /jugar-ala-maquina-tragamonedas-gratis/ HTTP/1.1" 200 67254 biark.net "-" "meta-externalagent/1.1 (+https://developers.facebook.com/docs/sharing/webmasters/crawler)" "-"
2a03:2880:f800:: - - [02/May/2026:00:11:42 +0200] "GET /post-sitemap14.xml?fileloc=/homepages/2/d834828290/htdocs/clickandbuilds/caldereria-balantxa.com/wp-admin/options-permalink.php&path=/homepages/2/d834828290/htdocs/clickandbuilds/caldereria-balantxa.com/wp-admin HTTP/1.1" 200 40392 www.caldereria-balantxa.com "-" "meta-externalagent/1.1 (+https://developers.facebook.com/docs/sharing/webmasters/crawler)" "-"
2a03:2880:f800:: - - [02/May/2026:00:11:46 +0200] "GET /items/B122132580/?path=/homepages/2/d834828290/htdocs/clickandbuilds/caldereria-balantxa.com/wp-includes HTTP/1.1" 200 492227 www.caldereria-balantxa.com "-" "meta-externalagent/1.1 (+https://developers.facebook.com/docs/sharing/webmasters/crawler)" "-"
216.73.217.0 - - [02/May/2026:00:11:47 +0200] "GET /apuestas-clasificacion-eurocopa-2025/ HTTP/1.1" 200 53625 elpayasocobrador.com "-" "Mozilla/5.0 AppleWebKit/537.36 (KHTML, like Gecko; compatible; ClaudeBot/1.0; +claudebot@anthropic.com)" "-"
74.7.243.0 - - [02/May/2026:00:11:47 +0200] "GET /?p=27134 HTTP/1.1" 301 - elpayasocobrador.com "https://elpayasocobrador.com/?p=32539" "Mozilla/5.0 AppleWebKit/537.36 (KHTML, like Gecko; compatible; GPTBot/1.3; +https://openai.com/gptbot)" "-"
47.82.11.0 - - [02/May/2026:00:11:47 +0200] "GET /?p=1595 HTTP/1.1" 429 267 www.erlain.es "https://www.erlain.es/" "Mozilla/5.0 (Windows NT 10.0; Win64; x64) AppleWebKit/537.36 (KHTML, like Gecko) Chrome/135.0.0.0 Safari/537.36" "-"
74.7.243.0 - - [02/May/2026:00:11:49 +0200] "GET /casino-espa%C3%B1ol-de-san-adrian/ HTTP/1.1" 200 52999 elpayasocobrador.com "https://elpayasocobrador.com/?p=27134" "Mozilla/5.0 AppleWebKit/537.36 (KHTML, like Gecko; compatible; GPTBot/1.3; +https://openai.com/gptbot)" "-"
2a03:2880:f800:: - - [02/May/2026:00:11:50 +0200] "GET /items/B122255167/?path=//libx32 HTTP/1.1" 200 12610 www.caldereria-balantxa.com "-" "meta-externalagent/1.1 (+https://developers.facebook.com/docs/sharing/webmasters/crawler)" "-"
37.27.51.0 - - [02/May/2026:00:11:51 +0200] "GET /robots.txt HTTP/1.1" 200 114 www.erlain.es "-" "Mozilla/5.0 (compatible; SERankingBacklinksBot/1.0; +https://seranking.com/backlinks-crawler)" "-"
37.27.51.0 - - [02/May/2026:00:11:52 +0200] "GET /kings-casino-codigo-promocional-y-bonus-code-2025/ HTTP/1.1" 404 31217 www.erlain.es "-" "Mozilla/5.0 (compatible; SERankingBacklinksBot/1.0; +https://seranking.com/backlinks-crawler)" "-"
167.114.139.0 - - [02/May/2026:00:11:53 +0200] "GET /resultados-valencia-sevilla/ HTTP/1.1" 200 52512 www.caldereria-balantxa.com "-" "Mozilla/5.0 (compatible; AhrefsBot/7.0; +http://ahrefs.com/robot/)" "-"
2a03:2880:f800:: - - [02/May/2026:00:11:53 +0200] "GET /items/B121068119/?path=/homepages/2/d834828290/htdocs/clickandbuilds/caldereria-balantxa.com/wp-admin HTTP/1.1" 200 182614 www.caldereria-balantxa.com "-" "meta-externalagent/1.1 (+https://developers.facebook.com/docs/sharing/webmasters/crawler)" "-"
114.119.154.0 - - [02/May/2026:00:11:55 +0200] "GET /?p=31609 HTTP/1.1" 301 - elpayasocobrador.com "https://elpayasocobrador.com/gran-canaria-casino-codigo-promocional-y-bonus-code/" "Mozilla/5.0 (Linux; Android 7.0;) AppleWebKit/537.36 (HTML, like Gecko) Mobile Safari/537.36 (compatible; PetalBot;+https://webmaster.petalsearch.com/site/petalbot)" "-"
114.119.154.0 - - [02/May/2026:00:11:57 +0200] "GET /casino-barcelona-bono/ HTTP/1.1" 200 57227 elpayasocobrador.com "https://elpayasocobrador.com/gran-canaria-casino-codigo-promocional-y-bonus-code/" "Mozilla/5.0 (Linux; Android 7.0;) AppleWebKit/537.36 (HTML, like Gecko) Mobile Safari/537.36 (compatible; PetalBot;+https://webmaster.petalsearch.com/site/petalbot)" "-"
74.7.227.0 - - [02/May/2026:00:11:57 +0200] "GET /?fileloc=/homepages/2/d834828290/htdocs/clickandbuilds/caldereria-balantxa.com/wp-content/et-cache/9097/et-divi-dynamic-9097.css&path=/homepages/2/d834828290/htdocs/clickandbuilds/caldereria-balantxa.com/wp-content/et-cache/9097 HTTP/1.1" 200 12999 caldereria-balantxa.com "https://caldereria-balantxa.com/?path=/homepages/2/d834828290/htdocs/clickandbuilds/caldereria-balantxa.com/wp-content/et-cache/9097" "Mozilla/5.0 AppleWebKit/537.36 (KHTML, like Gecko; compatible; GPTBot/1.3; +https://openai.com/gptbot)" "-"
2a03:2880:f800:: - - [02/May/2026:00:11:58 +0200] "GET /items/B122147531/?path=/homepages/2/d384989551 HTTP/1.1" 200 28423 www.caldereria-balantxa.com "-" "meta-externalagent/1.1 (+https://developers.facebook.com/docs/sharing/webmasters/crawler)" "-"
2a03:2880:f800:: - - [02/May/2026:00:11:59 +0200] "GET /wp-json/wp/v2/posts/3174 HTTP/1.1" 200 6156 biark.net "-" "meta-externalagent/1.1 (+https://developers.facebook.com/docs/sharing/webmasters/crawler)" "-"
2a03:2880:f800:: - - [02/May/2026:00:12:00 +0200] "GET /wp-json/oembed/1.0/embed?url=https%3A%2F%2Fbiark.net%2Fjugar-ala-maquina-tragamonedas-gratis%2F HTTP/1.1" 200 2228 biark.net "-" "meta-externalagent/1.1 (+https://developers.facebook.com/docs/sharing/webmasters/crawler)" "-"
2a03:2880:f800:: - - [02/May/2026:00:12:01 +0200] "GET /news_sitemap.xml?fileloc=/homepages/2/d834828290/htdocs/clickandbuilds/caldereria-balantxa.com/wp-admin/tools.php&path=/homepages/2/d834828290/htdocs/clickandbuilds/caldereria-balantxa.com/wp-admin HTTP/1.1" 200 17045 caldereria-balantxa.com "-" "meta-externalagent/1.1 (+https://developers.facebook.com/docs/sharing/webmasters/crawler)" "-"
2a03:2880:f800:: - - [02/May/2026:00:12:04 +0200] "GET /items/B121054168/?path=/homepages/2/d833314420 HTTP/1.1" 200 24001 www.caldereria-balantxa.com "-" "meta-externalagent/1.1 (+https://developers.facebook.com/docs/sharing/webmasters/crawler)" "-"
2a03:2880:f800:: - - [02/May/2026:00:12:05 +0200] "GET /tragamonedas-nuevas-2025-gratis/ HTTP/1.1" 200 67318 biark.net "-" "meta-externalagent/1.1 (+https://developers.facebook.com/docs/sharing/webmasters/crawler)" "-"
198.244.168.0 - - [02/May/2026:00:12:07 +0200] "GET /resultado-barcelona-alaves-hoy/ HTTP/1.1" 404 31217 www.erlain.es "-" "Mozilla/5.0 (compatible; AhrefsBot/7.0; +http://ahrefs.com/robot/)" "-"
2a03:2880:f800:: - - [02/May/2026:00:12:08 +0200] "GET /sitemap.xml?path=/homepages/2/d834828290/.oneclick HTTP/1.1" 200 12769 caldereria-balantxa.com "-" "meta-externalagent/1.1 (+https://developers.facebook.com/docs/sharing/webmasters/crawler)" "-"
92.222.104.0 - - [02/May/2026:00:12:10 +0200] "GET /juega-gratis-a-loco-the-monkey-en-modo-demo/ HTTP/1.1" 200 36822 www.soldadura-aircom.com "-" "Mozilla/5.0 (compatible; AhrefsBot/7.0; +http://ahrefs.com/robot/)" "-"
2a03:2880:f800:: - - [02/May/2026:00:12:12 +0200] "GET /post-sitemap9.xml?fileloc=/homepages/2/d834828290/htdocs/clickandbuilds/caldereria-balantxa.com/wp-includes/locale.php&path=/homepages/2/d834828290/htdocs/clickandbuilds/caldereria-balantxa.com/wp-includes HTTP/1.1" 429 267 www.caldereria-balantxa.com "-" "meta-externalagent/1.1 (+https://developers.facebook.com/docs/sharing/webmasters/crawler)" "-"
2a03:2880:f800:: - - [02/May/2026:00:12:15 +0200] "GET /sitemap.txt?fileloc=/homepages/2/d834828290/htdocs/clickandbuilds/caldereria-balantxa.com/wp-admin/js/application-passwords.js&path=/homepages/2/d834828290/htdocs/clickandbuilds/caldereria-balantxa.com/wp-admin/js HTTP/1.1" 200 20098 caldereria-balantxa.com "-" "meta-externalagent/1.1 (+https://developers.facebook.com/docs/sharing/webmasters/crawler)" "-"
2a03:2880:f800:: - - [02/May/2026:00:12:16 +0200] "GET /sitemap.txt?path=/homepages/2/d834828290/htdocs/clickandbuilds/caldereria-balantxa.com/wp-includes/SimplePie HTTP/1.1" 200 18060 caldereria-balantxa.com "-" "meta-externalagent/1.1 (+https://developers.facebook.com/docs/sharing/webmasters/crawler)" "-"
40.77.167.0 - - [02/May/2026:00:12:18 +0200] "GET /apuesta-zaragoza-real-madrid/ HTTP/1.1" 404 31217 www.erlain.es "-" "Mozilla/5.0 AppleWebKit/537.36 (KHTML, like Gecko; compatible; bingbot/2.0; +http://www.bing.com/bingbot.htm) Chrome/116.0.1938.76 Safari/537.36" "-"
2a03:2880:f800:: - - [02/May/2026:00:12:19 +0200] "GET /items/B121837756/?path=/homepages/33 HTTP/1.1" 429 267 www.caldereria-balantxa.com "-" "meta-externalagent/1.1 (+https://developers.facebook.com/docs/sharing/webmasters/crawler)" "-"
2a03:2880:f800:: - - [02/May/2026:00:12:22 +0200] "GET /items/B121565781/?path=//opt HTTP/1.1" 429 267 www.caldereria-balantxa.com "-" "meta-externalagent/1.1 (+https://developers.facebook.com/docs/sharing/webmasters/crawler)" "-"
2a03:2880:f800:: - - [02/May/2026:00:12:22 +0200] "GET /items/B122020843/?path=/homepages/2/d384989551 HTTP/1.1" 429 267 www.caldereria-balantxa.com "-" "meta-externalagent/1.1 (+https://developers.facebook.com/docs/sharing/webmasters/crawler)" "-"
202.46.62.0 - - [02/May/2026:00:12:24 +0200] "GET /wp-json/wp/v2/posts/39359 HTTP/1.1" 200 7303 elpayasocobrador.com "-" "Mozilla/5.0 (Windows NT 10.0; Win64; x64) AppleWebKit/537.36 (KHTML, like Gecko) Chrome/133.0.6943.141 Safari/537.36" "-"
82.165.80.0 - - [02/May/2026:00:12:25 +0200] "POST /wp-cron.php?doing_wp_cron=1777673545.6689379215240478515625 HTTP/1.1" 200 - elpayasocobrador.com "-" "WordPress/6.9.4; https://elpayasocobrador.com" "-"
2a03:2880:f800:: - - [02/May/2026:00:12:27 +0200] "GET /items/B122176227/?path=/homepages/2/d834828290/htdocs/clickandbuilds/caldereria-balantxa.com HTTP/1.1" 429 267 www.caldereria-balantxa.com "-" "meta-externalagent/1.1 (+https://developers.facebook.com/docs/sharing/webmasters/crawler)" "-"
2a03:2880:f800:: - - [02/May/2026:00:12:27 +0200] "GET /items/B121892015/?path=/homepages/2/d384989551 HTTP/1.1" 429 267 www.caldereria-balantxa.com "-" "meta-externalagent/1.1 (+https://developers.facebook.com/docs/sharing/webmasters/crawler)" "-"
74.7.242.0 - - [02/May/2026:00:12:27 +0200] "GET /?path=//kunden/kunden/kunden/kunden/kunden/kunden/kunden/proc/thread-self/root/proc/self/root/kunden/kunden/var/lib/ghostscript HTTP/1.1" 200 17513 www.caldereria-balantxa.com "https://www.caldereria-balantxa.com/?path=//kunden/kunden/kunden/kunden/kunden/kunden/kunden/proc/thread-self/root/proc/self/root/kunden/kunden/var/lib" "Mozilla/5.0 AppleWebKit/537.36 (KHTML, like Gecko; compatible; GPTBot/1.3; +https://openai.com/gptbot)" "-"
114.119.137.0 - - [02/May/2026:00:12:28 +0200] "GET /2024/03/11/precios-de-casinos-en-reynosa/ HTTP/1.1" 404 31318 www.soldadura-aircom.com "https://www.soldadura-aircom.com/wp-sitemap-posts-post-3.xml" "Mozilla/5.0 (Linux; Android 7.0;) AppleWebKit/537.36 (HTML, like Gecko) Mobile Safari/537.36 (compatible; PetalBot;+https://webmaster.petalsearch.com/site/petalbot)" "-"
74.7.243.0 - - [02/May/2026:00:12:28 +0200] "GET /?p=32514 HTTP/1.1" 301 - elpayasocobrador.com "https://elpayasocobrador.com/?p=32539" "Mozilla/5.0 AppleWebKit/537.36 (KHTML, like Gecko; compatible; GPTBot/1.3; +https://openai.com/gptbot)" "-"
74.7.243.0 - - [02/May/2026:00:12:29 +0200] "GET /juegos-de-ruleta-para-jugar-con-amigos/ HTTP/1.1" 200 53905 elpayasocobrador.com "https://elpayasocobrador.com/?p=32514" "Mozilla/5.0 AppleWebKit/537.36 (KHTML, like Gecko; compatible; GPTBot/1.3; +https://openai.com/gptbot)" "-"
114.119.159.0 - - [02/May/2026:00:12:29 +0200] "GET /?p=18877 HTTP/1.1" 404 31223 www.erlain.es "https://www.erlain.es/tragamonedas-gratis-de-casino/" "Mozilla/5.0 (Linux; Android 7.0;) AppleWebKit/537.36 (HTML, like Gecko) Mobile Safari/537.36 (compatible; PetalBot;+https://webmaster.petalsearch.com/site/petalbot)" "-"
2a03:2880:f800:: - - [02/May/2026:00:12:32 +0200] "GET /items/B121173645/?path=/homepages/2/d834828290/.config HTTP/1.1" 429 267 www.caldereria-balantxa.com "-" "meta-externalagent/1.1 (+https://developers.facebook.com/docs/sharing/webmasters/crawler)" "-"
2a03:2880:f800:: - - [02/May/2026:00:12:33 +0200] "GET /items/B121174767/?path=/homepages/2/d834828290/htdocs/clickandbuilds/caldereria-balantxa.com/wp-admin HTTP/1.1" 429 267 www.caldereria-balantxa.com "-" "meta-externalagent/1.1 (+https://developers.facebook.com/docs/sharing/webmasters/crawler)" "-"
2a03:2880:f800:: - - [02/May/2026:00:12:36 +0200] "GET /lucky-block-apuestas-en-vivo-online-primera-apuesta-gratis/ HTTP/1.1" 200 66597 biark.net "-" "meta-externalagent/1.1 (+https://developers.facebook.com/docs/sharing/webmasters/crawler)" "-"
2a03:2880:f800:: - - [02/May/2026:00:12:39 +0200] "GET /sitemap.xml?path=/homepages/2/d834828290/htdocs/clickandbuilds/caldereria-balantxa.com/wp-includes/block-bindings HTTP/1.1" 200 20332 caldereria-balantxa.com "-" "meta-externalagent/1.1 (+https://developers.facebook.com/docs/sharing/webmasters/crawler)" "-"
114.119.130.0 - - [02/May/2026:00:12:40 +0200] "GET /resultados-getafe-osasuna/?fileloc=/homepages/9/d659153812/DASTOOLSTART&path=/homepages/9/d659153812 HTTP/1.1" 200 12312 www.caldereria-balantxa.com "-" "Mozilla/5.0 (Linux; Android 7.0;) AppleWebKit/537.36 (KHTML, like Gecko) Mobile Safari/537.36 (compatible; PetalBot;+https://webmaster.petalsearch.com/site/petalbot)" "-"
2a03:2880:f800:: - - [02/May/2026:00:12:40 +0200] "GET /sitemap-index.xml?fileloc=/homepages/2/d834828290/htdocs/clickandbuilds/caldereria-balantxa.com/wp-signup.php&path=/homepages/2/d834828290/htdocs/clickandbuilds/caldereria-balantxa.com HTTP/1.1" 200 54140 caldereria-balantxa.com "-" "meta-externalagent/1.1 (+https://developers.facebook.com/docs/sharing/webmasters/crawler)" "-"
114.119.159.0 - - [02/May/2026:00:12:42 +0200] "GET /bingo-gratis-multijugador/ HTTP/1.1" 200 55183 www.planeadosalbe.com "https://www.planeadosalbe.com/wp-sitemap-posts-post-1.xml" "Mozilla/5.0 (Linux; Android 7.0;) AppleWebKit/537.36 (HTML, like Gecko) Mobile Safari/537.36 (compatible; PetalBot;+https://webmaster.petalsearch.com/site/petalbot)" "-"
216.73.217.0 - - [02/May/2026:00:12:45 +0200] "GET /ruleta-n%C3%BAmeros-del-1-al-20/ HTTP/1.1" 200 53063 elpayasocobrador.com "-" "Mozilla/5.0 AppleWebKit/537.36 (KHTML, like Gecko; compatible; ClaudeBot/1.0; +claudebot@anthropic.com)" "-"
216.73.217.0 - - [02/May/2026:00:12:45 +0200] "GET /?p=34797 HTTP/1.1" 301 - elpayasocobrador.com "-" "Mozilla/5.0 AppleWebKit/537.36 (KHTML, like Gecko; compatible; ClaudeBot/1.0; +claudebot@anthropic.com)" "-"
216.73.217.0 - - [02/May/2026:00:12:46 +0200] "GET /casinos-en-hermosillo/ HTTP/1.1" 429 267 elpayasocobrador.com "https://elpayasocobrador.com/?p=34797" "Mozilla/5.0 AppleWebKit/537.36 (KHTML, like Gecko; compatible; ClaudeBot/1.0; +claudebot@anthropic.com)" "-"
2a03:2880:f800:: - - [02/May/2026:00:12:46 +0200] "GET /sitemap368.xml?path=/homepages/2 HTTP/1.1" 200 128273 caldereria-balantxa.com "-" "meta-externalagent/1.1 (+https://developers.facebook.com/docs/sharing/webmasters/crawler)" "-"
54.38.147.0 - - [02/May/2026:00:12:47 +0200] "GET /resultado-alav%C3%A9s-celta/ HTTP/1.1" 404 31217 www.erlain.es "-" "Mozilla/5.0 (compatible; AhrefsBot/7.0; +http://ahrefs.com/robot/)" "-"
176.31.139.0 - - [02/May/2026:00:12:50 +0200] "GET /juegos-de-maquinas-de-tragamonedas-gratis-sin-descargar/ HTTP/1.1" 200 67074 biark.net "-" "Mozilla/5.0 (compatible; AhrefsBot/7.0; +http://ahrefs.com/robot/)" "-"
2a03:2880:f800:: - - [02/May/2026:00:12:53 +0200] "GET /items/B121416249/?path=/homepages/2/d834828290/htdocs HTTP/1.1" 429 267 www.caldereria-balantxa.com "-" "meta-externalagent/1.1 (+https://developers.facebook.com/docs/sharing/webmasters/crawler)" "-"
2a03:2880:f800:: - - [02/May/2026:00:12:58 +0200] "GET /items/B121720249/?path=//tmp-private HTTP/1.1" 429 267 www.caldereria-balantxa.com "-" "meta-externalagent/1.1 (+https://developers.facebook.com/docs/sharing/webmasters/crawler)" "-"
2a03:2880:f800:: - - [02/May/2026:00:12:59 +0200] "GET /items/B121910033/?path=/homepages/2/d387762598 HTTP/1.1" 429 267 www.caldereria-balantxa.com "-" "meta-externalagent/1.1 (+https://developers.facebook.com/docs/sharing/webmasters/crawler)" "-"
2a03:2880:f800:: - - [02/May/2026:00:13:00 +0200] "GET /items/B121286444/?path=/homepages/2/d834828290/htdocs/clickandbuilds/caldereria-balantxa.com/wp-includes HTTP/1.1" 429 267 www.caldereria-balantxa.com "-" "meta-externalagent/1.1 (+https://developers.facebook.com/docs/sharing/webmasters/crawler)" "-"
24.150.247.0 - - [02/May/2026:00:13:00 +0200] "GET /pron%C3%B3sticos-ufc-para-hoy/ HTTP/1.1" 200 66113 biark.net "-" "Mozilla/5.0 (Macintosh; Intel Mac OS X 13_1_0) AppleWebKit/537.36 (KHTML, like Gecko) Chrome/129.0.6668.29 Safari/537.36" "-"
74.7.227.0 - - [02/May/2026:00:13:01 +0200] "GET /?fileloc=/homepages/2/d834828290/htdocs/clickandbuilds/caldereria-balantxa.com/wp-content/et-cache/8521/et-divi-dynamic-8521-late.css&path=/homepages/2/d834828290/htdocs/clickandbuilds/caldereria-balantxa.com/wp-content/et-cache/8521 HTTP/1.1" 200 13004 caldereria-balantxa.com "https://caldereria-balantxa.com/?path=/homepages/2/d834828290/htdocs/clickandbuilds/caldereria-balantxa.com/wp-content/et-cache/8521" "Mozilla/5.0 AppleWebKit/537.36 (KHTML, like Gecko; compatible; GPTBot/1.3; +https://openai.com/gptbot)" "-"
17.241.75.0 - - [02/May/2026:00:13:01 +0200] "GET /wp-content/plugins/contact-form-7/includes/css/styles.css?ver=6.1.5 HTTP/1.1" 429 267 elpayasocobrador.com "https://elpayasocobrador.com/maquinas-tragamonedas-mas-viejas-gratis/" "Mozilla/5.0 (Macintosh; Intel Mac OS X 10_15_7) AppleWebKit/605.1.15 (KHTML, like Gecko) Version/17.4 Safari/605.1.15 (Applebot/0.1; +http://www.apple.com/go/applebot)" "-"
17.241.219.0 - - [02/May/2026:00:13:02 +0200] "GET /wp-content/plugins/contact-form-7/includes/js/index.js?ver=6.1.5 HTTP/1.1" 429 267 elpayasocobrador.com "https://elpayasocobrador.com/maquinas-tragamonedas-mas-viejas-gratis/" "Mozilla/5.0 (Macintosh; Intel Mac OS X 10_15_7) AppleWebKit/605.1.15 (KHTML, like Gecko) Version/17.4 Safari/605.1.15 (Applebot/0.1; +http://www.apple.com/go/applebot)" "-"
3.232.82.0 - - [02/May/2026:00:13:03 +0200] "GET /wp-json/oembed/1.0/embed?format=xml&url=https://biark.net/tenis-predicciones/ HTTP/1.1" 200 2267 biark.net "-" "Mozilla/5.0 AppleWebKit/537.36 (KHTML, like Gecko; compatible; Amazonbot/0.1; +https://developer.amazon.com/support/amazonbot) Chrome/119.0.6045.214 Safari/537.36" "-"
17.241.219.0 - - [02/May/2026:00:13:04 +0200] "GET /wp-content/plugins/contact-form-7/includes/swv/js/index.js?ver=6.1.5 HTTP/1.1" 429 267 elpayasocobrador.com "https://elpayasocobrador.com/maquinas-tragamonedas-mas-viejas-gratis/" "Mozilla/5.0 (Macintosh; Intel Mac OS X 10_15_7) AppleWebKit/605.1.15 (KHTML, like Gecko) Version/17.4 Safari/605.1.15 (Applebot/0.1; +http://www.apple.com/go/applebot)" "-"
74.7.243.0 - - [02/May/2026:00:13:04 +0200] "GET /?p=36178 HTTP/1.1" 429 267 elpayasocobrador.com "https://elpayasocobrador.com/?p=27082" "Mozilla/5.0 AppleWebKit/537.36 (KHTML, like Gecko; compatible; GPTBot/1.3; +https://openai.com/gptbot)" "-"
17.241.227.0 - - [02/May/2026:00:13:05 +0200] "GET /wp-content/themes/Divi/style-static.min.css?ver=4.27.6 HTTP/1.1" 429 267 elpayasocobrador.com "https://elpayasocobrador.com/maquinas-tragamonedas-mas-viejas-gratis/" "Mozilla/5.0 (Macintosh; Intel Mac OS X 10_15_7) AppleWebKit/605.1.15 (KHTML, like Gecko) Version/17.4 Safari/605.1.15 (Applebot/0.1; +http://www.apple.com/go/applebot)" "-"
2a03:2880:f800:: - - [02/May/2026:00:13:07 +0200] "GET /items/B121665337/?path=/homepages/2/d834828290/htdocs/clickandbuilds/caldereria-balantxa.com/cgi-bin HTTP/1.1" 429 267 www.caldereria-balantxa.com "-" "meta-externalagent/1.1 (+https://developers.facebook.com/docs/sharing/webmasters/crawler)" "-"
17.241.219.0 - - [02/May/2026:00:13:07 +0200] "GET /wp-includes/js/dist/i18n.min.js?ver=c26c3dc7bed366793375 HTTP/1.1" 429 267 elpayasocobrador.com "https://elpayasocobrador.com/maquinas-tragamonedas-mas-viejas-gratis/" "Mozilla/5.0 (Macintosh; Intel Mac OS X 10_15_7) AppleWebKit/605.1.15 (KHTML, like Gecko) Version/17.4 Safari/605.1.15 (Applebot/0.1; +http://www.apple.com/go/applebot)" "-"
17.241.75.0 - - [02/May/2026:00:13:08 +0200] "GET /wp-includes/js/dist/hooks.min.js?ver=dd5603f07f9220ed27f1 HTTP/1.1" 429 267 elpayasocobrador.com "https://elpayasocobrador.com/maquinas-tragamonedas-mas-viejas-gratis/" "Mozilla/5.0 (Macintosh; Intel Mac OS X 10_15_7) AppleWebKit/605.1.15 (KHTML, like Gecko) Version/17.4 Safari/605.1.15 (Applebot/0.1; +http://www.apple.com/go/applebot)" "-"
2a03:2880:f800:: - - [02/May/2026:00:13:09 +0200] "GET /post-sitemap9.xml?fileloc=/homepages/2/d834828290/htdocs/clickandbuilds/caldereria-balantxa.com/wp-includes/class-wp-tax-query.php&path=/homepages/2/d834828290/htdocs/clickandbuilds/caldereria-balantxa.com/wp-includes HTTP/1.1" 429 267 www.caldereria-balantxa.com "-" "meta-externalagent/1.1 (+https://developers.facebook.com/docs/sharing/webmasters/crawler)" "-"
17.241.75.0 - - [02/May/2026:00:13:11 +0200] "GET /wp-includes/js/jquery/jquery.min.js?ver=3.7.1 HTTP/1.1" 429 267 elpayasocobrador.com "https://elpayasocobrador.com/maquinas-tragamonedas-mas-viejas-gratis/" "Mozilla/5.0 (Macintosh; Intel Mac OS X 10_15_7) AppleWebKit/605.1.15 (KHTML, like Gecko) Version/17.4 Safari/605.1.15 (Applebot/0.1; +http://www.apple.com/go/applebot)" "-"
17.241.75.0 - - [02/May/2026:00:13:14 +0200] "GET /wp-content/themes/Divi/core/admin/js/common.js?ver=4.27.6 HTTP/1.1" 429 267 elpayasocobrador.com "https://elpayasocobrador.com/maquinas-tragamonedas-mas-viejas-gratis/" "Mozilla/5.0 (Macintosh; Intel Mac OS X 10_15_7) AppleWebKit/605.1.15 (KHTML, like Gecko) Version/17.4 Safari/605.1.15 (Applebot/0.1; +http://www.apple.com/go/applebot)" "-"
17.241.219.0 - - [02/May/2026:00:13:17 +0200] "GET /?wordfence_lh=1&hid=DC653084733944A8250D9040D5655596&r=0.9966843204841239 HTTP/1.1" 429 267 elpayasocobrador.com "https://elpayasocobrador.com/maquinas-tragamonedas-mas-viejas-gratis/" "Mozilla/5.0 (Macintosh; Intel Mac OS X 10_15_7) AppleWebKit/605.1.15 (KHTML, like Gecko) Version/17.4 Safari/605.1.15 (Applebot/0.1; +http://www.apple.com/go/applebot)" "-"
114.119.154.0 - - [02/May/2026:00:13:17 +0200] "GET /?p=31592 HTTP/1.1" 301 - elpayasocobrador.com "https://elpayasocobrador.com/juegos-y-casino-de-mendoza/" "Mozilla/5.0 (Linux; Android 7.0;) AppleWebKit/537.36 (HTML, like Gecko) Mobile Safari/537.36 (compatible; PetalBot;+https://webmaster.petalsearch.com/site/petalbot)" "-"
82.165.80.0 - - [02/May/2026:00:13:18 +0200] "POST /wp-cron.php?doing_wp_cron=1777673598.3145060539245605468750 HTTP/1.1" 200 - elpayasocobrador.com "-" "WordPress/6.9.4; https://elpayasocobrador.com" "-"
2a03:2880:f800:: - - [02/May/2026:00:13:19 +0200] "GET /post-sitemap10.xml?path=/homepages/2/d386982304 HTTP/1.1" 200 25467 www.caldereria-balantxa.com "-" "meta-externalagent/1.1 (+https://developers.facebook.com/docs/sharing/webmasters/crawler)" "-"
114.119.154.0 - - [02/May/2026:00:13:19 +0200] "GET /jokerbet-casino-codigo-promocional-y-bonus-code-2025/ HTTP/1.1" 200 52677 elpayasocobrador.com "https://elpayasocobrador.com/juegos-y-casino-de-mendoza/" "Mozilla/5.0 (Linux; Android 7.0;) AppleWebKit/537.36 (HTML, like Gecko) Mobile Safari/537.36 (compatible; PetalBot;+https://webmaster.petalsearch.com/site/petalbot)" "-"
2a03:2880:f800:: - - [02/May/2026:00:13:20 +0200] "GET /post-sitemap9.xml?path=/homepages/2/d388732396 HTTP/1.1" 200 25467 www.caldereria-balantxa.com "-" "meta-externalagent/1.1 (+https://developers.facebook.com/docs/sharing/webmasters/crawler)" "-"
198.244.226.0 - - [02/May/2026:00:13:24 +0200] "GET /rayo-vallecano-pron%C3%B3stico/ HTTP/1.1" 404 31217 www.erlain.es "-" "Mozilla/5.0 (compatible; AhrefsBot/7.0; +http://ahrefs.com/robot/)" "-"
74.7.242.0 - - [02/May/2026:00:13:30 +0200] "GET /?path=//kunden/kunden/kunden/kunden/kunden/kunden/kunden/proc/thread-self/root/proc/self/root/kunden/kunden/var/lib/dictionaries-common HTTP/1.1" 200 15925 www.caldereria-balantxa.com "https://www.caldereria-balantxa.com/?path=//kunden/kunden/kunden/kunden/kunden/kunden/kunden/proc/thread-self/root/proc/self/root/kunden/kunden/var/lib" "Mozilla/5.0 AppleWebKit/537.36 (KHTML, like Gecko; compatible; GPTBot/1.3; +https://openai.com/gptbot)" "-"
205.185.118.0 - - [02/May/2026:00:13:31 +0200] "GET /wp-login.php HTTP/1.1" 200 9974 soldadura-aircom.com "-" "Mozilla/5.0 (Windows NT 5.1; rv:30.0) Gecko/20100101 Firefox/30.0" "-"
2a03:2880:f800:: - - [02/May/2026:00:13:32 +0200] "GET /items/B121591657/?path=/homepages/2/d834464369 HTTP/1.1" 200 28423 www.caldereria-balantxa.com "-" "meta-externalagent/1.1 (+https://developers.facebook.com/docs/sharing/webmasters/crawler)" "-"
216.73.217.0 - - [02/May/2026:00:13:35 +0200] "GET /?p=41354 HTTP/1.1" 429 267 elpayasocobrador.com "-" "Mozilla/5.0 AppleWebKit/537.36 (KHTML, like Gecko; compatible; ClaudeBot/1.0; +claudebot@anthropic.com)" "-"
74.7.243.0 - - [02/May/2026:00:13:36 +0200] "GET /?p=30497 HTTP/1.1" 429 267 elpayasocobrador.com "https://elpayasocobrador.com/?p=32539" "Mozilla/5.0 AppleWebKit/537.36 (KHTML, like Gecko; compatible; GPTBot/1.3; +https://openai.com/gptbot)" "-"
2a03:2880:f800:: - - [02/May/2026:00:13:40 +0200] "GET /post-sitemap4.xml?fileloc=/homepages/2/d834828290/htdocs/clickandbuilds/caldereria-balantxa.com/wp-includes/class-wp-role.php&path=/homepages/2/d834828290/htdocs/clickandbuilds/caldereria-balantxa.com/wp-includes HTTP/1.1" 200 15308 www.caldereria-balantxa.com "-" "meta-externalagent/1.1 (+https://developers.facebook.com/docs/sharing/webmasters/crawler)" "-"
2a03:2880:f800:: - - [02/May/2026:00:13:48 +0200] "GET /news_sitemap.xml?path=/homepages/9 HTTP/1.1" 200 120299 caldereria-balantxa.com "-" "meta-externalagent/1.1 (+https://developers.facebook.com/docs/sharing/webmasters/crawler)" "-"
40.77.167.0 - - [02/May/2026:00:13:51 +0200] "GET /?fileloc=/homepages/2/d834828290/htdocs/clickandbuilds/caldereria-balantxa.com/wp-activate.php&path=/homepages/2/d834828290/htdocs/clickandbuilds/caldereria-balantxa.com HTTP/1.1" 200 21597 caldereria-balantxa.com "-" "Mozilla/5.0 AppleWebKit/537.36 (KHTML, like Gecko; compatible; bingbot/2.0; +http://www.bing.com/bingbot.htm) Chrome/116.0.1938.76 Safari/537.36" "-"
114.119.140.0 - - [02/May/2026:00:13:52 +0200] "GET /2024/03/11/porque-la-ruleta-es-un-juego-de-azar/ HTTP/1.1" 404 31318 www.soldadura-aircom.com "https://www.soldadura-aircom.com/wp-sitemap-posts-post-1.xml" "Mozilla/5.0 (Linux; Android 7.0;) AppleWebKit/537.36 (HTML, like Gecko) Mobile Safari/537.36 (compatible; PetalBot;+https://webmaster.petalsearch.com/site/petalbot)" "-"
2a03:2880:f800:: - - [02/May/2026:00:13:53 +0200] "GET /esperanza-matem%C3%A1tica-apuestas-deportivas-madrid/ HTTP/1.1" 200 71793 biark.net "-" "meta-externalagent/1.1 (+https://developers.facebook.com/docs/sharing/webmasters/crawler)" "-"
95.108.213.0 - - [02/May/2026:00:13:53 +0200] "GET /tragamonedas-casino-en-es-2023/?amp=1 HTTP/1.1" 429 267 elpayasocobrador.com "-" "Mozilla/5.0 (compatible; YandexBot/3.0; +http://yandex.com/bots)" "-"
2a03:2880:f800:: - - [02/May/2026:00:13:56 +0200] "GET /sitemap.html?path=/homepages/sclientMF HTTP/1.1" 200 12666 caldereria-balantxa.com "-" "meta-externalagent/1.1 (+https://developers.facebook.com/docs/sharing/webmasters/crawler)" "-"
2a03:2880:f800:: - - [02/May/2026:00:13:57 +0200] "GET /mejores-casas-de-apuestas-nuevas/ HTTP/1.1" 200 66318 biark.net "-" "meta-externalagent/1.1 (+https://developers.facebook.com/docs/sharing/webmasters/crawler)" "-"
2a03:2880:f800:: - - [02/May/2026:00:13:57 +0200] "GET /real-sociedad-vs-real-madrid-apuestas/ HTTP/1.1" 200 66492 biark.net "-" "meta-externalagent/1.1 (+https://developers.facebook.com/docs/sharing/webmasters/crawler)" "-"
74.7.227.0 - - [02/May/2026:00:13:59 +0200] "GET /?fileloc=/homepages/2/d834828290/htdocs/clickandbuilds/caldereria-balantxa.com/wp-content/et-cache/9929/et-divi-dynamic-9929.css&path=/homepages/2/d834828290/htdocs/clickandbuilds/caldereria-balantxa.com/wp-content/et-cache/9929 HTTP/1.1" 200 12999 caldereria-balantxa.com "https://caldereria-balantxa.com/?path=/homepages/2/d834828290/htdocs/clickandbuilds/caldereria-balantxa.com/wp-content/et-cache/9929" "Mozilla/5.0 AppleWebKit/537.36 (KHTML, like Gecko; compatible; GPTBot/1.3; +https://openai.com/gptbot)" "-"
51.195.215.0 - - [02/May/2026:00:14:02 +0200] "GET /olybet-bono-de-100-euros-apuestas-online/ HTTP/1.1" 404 31217 www.erlain.es "-" "Mozilla/5.0 (compatible; AhrefsBot/7.0; +http://ahrefs.com/robot/)" "-"
2a03:2880:f800:: - - [02/May/2026:00:14:03 +0200] "GET /items/B121677280/?fileloc=//sbin/cpgr&path=//sbin HTTP/1.1" 200 96766 www.caldereria-balantxa.com "-" "meta-externalagent/1.1 (+https://developers.facebook.com/docs/sharing/webmasters/crawler)" "-"
54.37.118.0 - - [02/May/2026:00:14:05 +0200] "GET /el-casino-de-palermo-est%C3%A1-abierto-hoy/ HTTP/1.1" 200 66752 biark.net "-" "Mozilla/5.0 (compatible; AhrefsBot/7.0; +http://ahrefs.com/robot/)" "-"
2a03:2880:f800:: - - [02/May/2026:00:14:09 +0200] "GET /items/B121230275/?path=/homepages/2/d383920536 HTTP/1.1" 200 26933 www.caldereria-balantxa.com "-" "meta-externalagent/1.1 (+https://developers.facebook.com/docs/sharing/webmasters/crawler)" "-"
2a03:2880:f800:: - - [02/May/2026:00:14:09 +0200] "GET /ruleta-barquillos/ HTTP/1.1" 200 67329 biark.net "-" "meta-externalagent/1.1 (+https://developers.facebook.com/docs/sharing/webmasters/crawler)" "-"
54.37.118.0 - - [02/May/2026:00:14:12 +0200] "GET /juega-gratis-a-cash-o-matic-en-modo-demo/ HTTP/1.1" 200 35839 www.soldadura-aircom.com "-" "Mozilla/5.0 (compatible; AhrefsBot/7.0; +http://ahrefs.com/robot/)" "-"
40.77.167.0 - - [02/May/2026:00:14:14 +0200] "GET /reglas-de-web-apuestas-de-beisbol/ HTTP/1.1" 200 66171 biark.net "-" "Mozilla/5.0 AppleWebKit/537.36 (KHTML, like Gecko; compatible; bingbot/2.0; +http://www.bing.com/bingbot.htm) Chrome/116.0.1938.76 Safari/537.36" "-"
114.119.159.0 - - [02/May/2026:00:14:15 +0200] "GET /bingo-gratis-en-casa HTTP/1.1" 301 - www.planeadosalbe.com "-" "Mozilla/5.0 (Linux; Android 7.0;) AppleWebKit/537.36 (HTML, like Gecko) Mobile Safari/537.36 (compatible; PetalBot;+https://webmaster.petalsearch.com/site/petalbot)" "-"
2a03:2880:f800:: - - [02/May/2026:00:14:15 +0200] "GET /items/B122171563/?path=/homepages/2/d387952149 HTTP/1.1" 200 25467 www.caldereria-balantxa.com "-" "meta-externalagent/1.1 (+https://developers.facebook.com/docs/sharing/webmasters/crawler)" "-"
3.213.85.0 - - [02/May/2026:00:14:15 +0200] "GET /wp-json/oembed/1.0/embed?url=https://biark.net/son-foro-apuestas-deportivas-tenis/ HTTP/1.1" 200 2213 biark.net "-" "Mozilla/5.0 AppleWebKit/537.36 (KHTML, like Gecko; compatible; Amazonbot/0.1; +https://developer.amazon.com/support/amazonbot) Chrome/119.0.6045.214 Safari/537.36" "-"
2a03:2880:f800:: - - [02/May/2026:00:14:15 +0200] "GET /miguele%C3%B1o-casino-bono-sin-dep%C3%B3sito-50-giros-gratis-2025/ HTTP/1.1" 200 67914 biark.net "-" "meta-externalagent/1.1 (+https://developers.facebook.com/docs/sharing/webmasters/crawler)" "-"
40.77.167.0 - - [02/May/2026:00:14:16 +0200] "GET /leovegas-apuesta-gratis-primera-apuesta/ HTTP/1.1" 200 67377 biark.net "-" "Mozilla/5.0 AppleWebKit/537.36 (KHTML, like Gecko; compatible; bingbot/2.0; +http://www.bing.com/bingbot.htm) Chrome/116.0.1938.76 Safari/537.36" "-"
114.119.159.0 - - [02/May/2026:00:14:17 +0200] "GET /bingo-gratis-en-casa/ HTTP/1.1" 200 54862 www.planeadosalbe.com "https://www.planeadosalbe.com/bingo-gratis-en-casa" "Mozilla/5.0 (Linux; Android 7.0;) AppleWebKit/537.36 (HTML, like Gecko) Mobile Safari/537.36 (compatible; PetalBot;+https://webmaster.petalsearch.com/site/petalbot)" "-"
87.250.224.0 - - [02/May/2026:00:14:18 +0200] "GET /tragamonedas-bono-sin-deposito/ HTTP/1.1" 429 267 www.erlain.es "-" "Mozilla/5.0 (compatible; YandexBot/3.0; +http://yandex.com/bots)" "-"
52.167.144.0 - - [02/May/2026:00:14:20 +0200] "GET /cuando-foro-apuestas-deportivas-futbol/ HTTP/1.1" 200 67039 biark.net "-" "Mozilla/5.0 AppleWebKit/537.36 (KHTML, like Gecko; compatible; bingbot/2.0; +http://www.bing.com/bingbot.htm) Chrome/116.0.1938.76 Safari/537.36" "-"
2a03:2880:f800:: - - [02/May/2026:00:14:21 +0200] "GET /items/S39902150193?path=/homepages/2/d834828290 HTTP/1.1" 200 31371 www.caldereria-balantxa.com "-" "meta-externalagent/1.1 (+https://developers.facebook.com/docs/sharing/webmasters/crawler)" "-"
52.167.144.0 - - [02/May/2026:00:14:21 +0200] "GET /c%C3%B3mo-ganar-en-apuestas-deportivas/ HTTP/1.1" 200 67728 biark.net "-" "Mozilla/5.0 AppleWebKit/537.36 (KHTML, like Gecko; compatible; bingbot/2.0; +http://www.bing.com/bingbot.htm) Chrome/116.0.1938.76 Safari/537.36" "-"
74.7.242.0 - - [02/May/2026:00:14:26 +0200] "GET /?path=//kunden/kunden/kunden/kunden/kunden/kunden/kunden/proc/thread-self/root/proc/self/root/kunden/kunden/var/lib/libxml-sax-perl HTTP/1.1" 200 15941 www.caldereria-balantxa.com "https://www.caldereria-balantxa.com/?path=//kunden/kunden/kunden/kunden/kunden/kunden/kunden/proc/thread-self/root/proc/self/root/kunden/kunden/var/lib" "Mozilla/5.0 AppleWebKit/537.36 (KHTML, like Gecko; compatible; GPTBot/1.3; +https://openai.com/gptbot)" "-"
