136.243.228.0 - - [02/May/2026:00:32:16 +0200] "GET /que-es-volatilidad-en-casinos?fileloc=/homepages/2/d834828290/htdocs/clickandbuilds/caldereria-balantxa.com/wp-load.php&path=/homepages/2/d834828290/htdocs/clickandbuilds/caldereria-balantxa.com HTTP/1.1" 200 17125 www.caldereria-balantxa.com "-" "Mozilla/5.0 (compatible; DataForSeoBot/1.0; +https://dataforseo.com/dataforseo-bot)" "-"
2a03:2880:f800:: - - [02/May/2026:00:32:16 +0200] "GET /post-sitemap2.xml?fileloc=/homepages/2/d834828290/htdocs/clickandbuilds/caldereria-balantxa.com/wp-admin/post.php&path=/homepages/2/d834828290/htdocs/clickandbuilds/caldereria-balantxa.com/wp-admin HTTP/1.1" 200 24607 www.caldereria-balantxa.com "-" "meta-externalagent/1.1 (+https://developers.facebook.com/docs/sharing/webmasters/crawler)" "-"
114.119.137.0 - - [02/May/2026:00:32:18 +0200] "GET /betmexico-casino-bono-sin-dep%C3%B3sito-50-giros-gratis-2025/ HTTP/1.1" 200 56064 www.planeadosalbe.com "https://www.planeadosalbe.com/wp-sitemap-posts-post-4.xml" "Mozilla/5.0 (Linux; Android 7.0;) AppleWebKit/537.36 (HTML, like Gecko) Mobile Safari/537.36 (compatible; PetalBot;+https://webmaster.petalsearch.com/site/petalbot)" "-"
54.37.118.0 - - [02/May/2026:00:32:20 +0200] "GET /?p=36563 HTTP/1.1" 301 - elpayasocobrador.com "-" "Mozilla/5.0 (compatible; AhrefsBot/7.0; +http://ahrefs.com/robot/)" "-"
2a03:2880:f800:: - - [02/May/2026:00:32:22 +0200] "GET /resultado-hockey-liceo-barcelona/ HTTP/1.1" 200 67224 biark.net "-" "meta-externalagent/1.1 (+https://developers.facebook.com/docs/sharing/webmasters/crawler)" "-"
82.165.80.0 - - [02/May/2026:00:32:22 +0200] "POST /wp-cron.php?doing_wp_cron=1777674742.1901729106903076171875 HTTP/1.1" 200 - elpayasocobrador.com "-" "WordPress/6.9.4; https://elpayasocobrador.com" "-"
74.7.242.0 - - [02/May/2026:00:32:23 +0200] "GET /?path=//kunden/kunden/kunden/kunden/kunden/kunden/kunden/proc/thread-self/root/kunden/lib/terminfo/s HTTP/1.1" 200 27713 www.caldereria-balantxa.com "https://www.caldereria-balantxa.com/?path=//kunden/kunden/kunden/kunden/kunden/kunden/kunden/proc/thread-self/root/kunden/lib/terminfo" "Mozilla/5.0 AppleWebKit/537.36 (KHTML, like Gecko; compatible; GPTBot/1.3; +https://openai.com/gptbot)" "-"
74.7.227.0 - - [02/May/2026:00:32:23 +0200] "GET /?fileloc=/homepages/2/d834828290/htdocs/clickandbuilds/caldereria-balantxa.com/wp-content/et-cache/2245/et-divi-dynamic-2245-late.css&path=/homepages/2/d834828290/htdocs/clickandbuilds/caldereria-balantxa.com/wp-content/et-cache/2245 HTTP/1.1" 429 267 caldereria-balantxa.com "https://caldereria-balantxa.com/?path=/homepages/2/d834828290/htdocs/clickandbuilds/caldereria-balantxa.com/wp-content/et-cache/2245" "Mozilla/5.0 AppleWebKit/537.36 (KHTML, like Gecko; compatible; GPTBot/1.3; +https://openai.com/gptbot)" "-"
2a03:2880:f800:: - - [02/May/2026:00:32:23 +0200] "GET /items/B121695196/?fileloc=//bin/grep&path=//bin HTTP/1.1" 200 331644 www.caldereria-balantxa.com "-" "meta-externalagent/1.1 (+https://developers.facebook.com/docs/sharing/webmasters/crawler)" "-"
5.255.231.0 - - [02/May/2026:00:32:23 +0200] "GET /robots.txt HTTP/1.1" 429 267 biark.net "-" "Mozilla/5.0 (compatible; YandexBot/3.0; +http://yandex.com/bots)" "-"
136.243.228.0 - - [02/May/2026:00:32:24 +0200] "GET /que-es-volatilidad-en-casinos?fileloc=/homepages/2/d834828290/htdocs/clickandbuilds/caldereria-balantxa.com/wp-config.php&path=/homepages/2/d834828290/htdocs/clickandbuilds/caldereria-balantxa.com HTTP/1.1" 503 339 www.caldereria-balantxa.com "-" "Mozilla/5.0 (compatible; DataForSeoBot/1.0; +https://dataforseo.com/dataforseo-bot)" "-"
176.31.139.0 - - [02/May/2026:00:32:25 +0200] "GET /juego-de-casinos-jackpot/ HTTP/1.1" 200 36599 www.soldadura-aircom.com "-" "Mozilla/5.0 (compatible; AhrefsBot/7.0; +http://ahrefs.com/robot/)" "-"
52.167.144.0 - - [02/May/2026:00:32:26 +0200] "GET /?a=0177161995800 HTTP/1.1" 200 52512 caldereria-balantxa.com "-" "Mozilla/5.0 AppleWebKit/537.36 (KHTML, like Gecko; compatible; bingbot/2.0; +http://www.bing.com/bingbot.htm) Chrome/116.0.1938.76 Safari/537.36" "-"
2a03:2880:f800:: - - [02/May/2026:00:32:26 +0200] "GET /apuestas-deportivas-en-peru/ HTTP/1.1" 200 69993 biark.net "-" "meta-externalagent/1.1 (+https://developers.facebook.com/docs/sharing/webmasters/crawler)" "-"
52.167.144.0 - - [02/May/2026:00:32:27 +0200] "GET /?a=9540055347001 HTTP/1.1" 200 52512 caldereria-balantxa.com "-" "Mozilla/5.0 AppleWebKit/537.36 (KHTML, like Gecko; compatible; bingbot/2.0; +http://www.bing.com/bingbot.htm) Chrome/116.0.1938.76 Safari/537.36" "-"
74.7.227.0 - - [02/May/2026:00:32:30 +0200] "GET /?fileloc=/homepages/2/d834828290/htdocs/clickandbuilds/caldereria-balantxa.com/wp-content/et-cache/1489/et-divi-dynamic-1489-late.css&path=/homepages/2/d834828290/htdocs/clickandbuilds/caldereria-balantxa.com/wp-content/et-cache/1489 HTTP/1.1" 429 267 caldereria-balantxa.com "https://caldereria-balantxa.com/?path=/homepages/2/d834828290/htdocs/clickandbuilds/caldereria-balantxa.com/wp-content/et-cache/1489" "Mozilla/5.0 AppleWebKit/537.36 (KHTML, like Gecko; compatible; GPTBot/1.3; +https://openai.com/gptbot)" "-"
2a03:2880:f800:: - - [02/May/2026:00:32:30 +0200] "GET /items/B122152904/?path=//mnt HTTP/1.1" 200 15176 www.caldereria-balantxa.com "-" "meta-externalagent/1.1 (+https://developers.facebook.com/docs/sharing/webmasters/crawler)" "-"
94.23.188.0 - - [02/May/2026:00:32:31 +0200] "GET /jackpot-casino-rosarito/ HTTP/1.1" 200 37194 www.soldadura-aircom.com "-" "Mozilla/5.0 (compatible; AhrefsBot/7.0; +http://ahrefs.com/robot/)" "-"
74.7.242.0 - - [02/May/2026:00:32:32 +0200] "GET /?path=//kunden/kunden/kunden/kunden/kunden/kunden/kunden/proc/thread-self/root/kunden/lib/groff HTTP/1.1" 429 267 www.caldereria-balantxa.com "https://www.caldereria-balantxa.com/?path=//kunden/kunden/kunden/kunden/kunden/kunden/kunden/proc/thread-self/root/kunden/lib" "Mozilla/5.0 AppleWebKit/537.36 (KHTML, like Gecko; compatible; GPTBot/1.3; +https://openai.com/gptbot)" "-"
136.243.228.0 - - [02/May/2026:00:32:33 +0200] "GET /que-es-volatilidad-en-casinos?fileloc=/homepages/2/d834828290/htdocs/clickandbuilds/caldereria-balantxa.com/wp-signup.php&path=/homepages/2/d834828290/htdocs/clickandbuilds/caldereria-balantxa.com HTTP/1.1" 200 54140 www.caldereria-balantxa.com "-" "Mozilla/5.0 (compatible; DataForSeoBot/1.0; +https://dataforseo.com/dataforseo-bot)" "-"
2a03:2880:f800:: - - [02/May/2026:00:32:36 +0200] "GET /online-apuestas-futbol-liga-santander/ HTTP/1.1" 200 66968 biark.net "-" "meta-externalagent/1.1 (+https://developers.facebook.com/docs/sharing/webmasters/crawler)" "-"
2a03:2880:f800:: - - [02/May/2026:00:32:37 +0200] "GET /items/B121963445/?path=/homepages/42 HTTP/1.1" 200 123208 www.caldereria-balantxa.com "-" "meta-externalagent/1.1 (+https://developers.facebook.com/docs/sharing/webmasters/crawler)" "-"
74.7.242.0 - - [02/May/2026:00:32:39 +0200] "GET /?fileloc=//kunden/kunden/kunden/kunden/kunden/kunden/kunden/proc/thread-self/root/proc/self/root/kunden/bin/dh_bash-completion&path=//kunden/kunden/kunden/kunden/kunden/kunden/kunden/proc/thread-self/root/proc/self/root/kunden/bin HTTP/1.1" 429 267 www.caldereria-balantxa.com "https://www.caldereria-balantxa.com/?path=//kunden/kunden/kunden/kunden/kunden/kunden/kunden/proc/thread-self/root/proc/self/root/kunden/bin" "Mozilla/5.0 AppleWebKit/537.36 (KHTML, like Gecko; compatible; GPTBot/1.3; +https://openai.com/gptbot)" "-"
2a03:2880:f800:: - - [02/May/2026:00:32:39 +0200] "GET /rummy-jackpot-online/ HTTP/1.1" 200 66455 biark.net "-" "meta-externalagent/1.1 (+https://developers.facebook.com/docs/sharing/webmasters/crawler)" "-"
136.243.228.0 - - [02/May/2026:00:32:41 +0200] "GET /que-es-volatilidad-en-casinos?fileloc=/homepages/2/d834828290/htdocs/clickandbuilds/caldereria-balantxa.com/wp-trackback.php&path=/homepages/2/d834828290/htdocs/clickandbuilds/caldereria-balantxa.com HTTP/1.1" 200 18725 www.caldereria-balantxa.com "-" "Mozilla/5.0 (compatible; DataForSeoBot/1.0; +https://dataforseo.com/dataforseo-bot)" "-"
2a03:2880:f800:: - - [02/May/2026:00:32:42 +0200] "GET /items/B121160999/?path=/homepages/2/d388675244 HTTP/1.1" 200 26941 www.caldereria-balantxa.com "-" "meta-externalagent/1.1 (+https://developers.facebook.com/docs/sharing/webmasters/crawler)" "-"
167.114.139.0 - - [02/May/2026:00:32:43 +0200] "GET /mejor-juego-de-tragamonedas-android/ HTTP/1.1" 200 52512 www.caldereria-balantxa.com "-" "Mozilla/5.0 (compatible; AhrefsBot/7.0; +http://ahrefs.com/robot/)" "-"
74.7.243.0 - - [02/May/2026:00:32:47 +0200] "GET /?p=34640 HTTP/1.1" 301 - elpayasocobrador.com "https://elpayasocobrador.com/?p=35174" "Mozilla/5.0 AppleWebKit/537.36 (KHTML, like Gecko; compatible; GPTBot/1.3; +https://openai.com/gptbot)" "-"
2a03:2880:f800:: - - [02/May/2026:00:32:48 +0200] "GET /codere-casino-bono-sin-dep%C3%B3sito-50-giros-gratis-2025/ HTTP/1.1" 200 67564 biark.net "-" "meta-externalagent/1.1 (+https://developers.facebook.com/docs/sharing/webmasters/crawler)" "-"
74.7.243.0 - - [02/May/2026:00:32:48 +0200] "GET /casino-real-puerto-rico/ HTTP/1.1" 200 52891 elpayasocobrador.com "https://elpayasocobrador.com/?p=34640" "Mozilla/5.0 AppleWebKit/537.36 (KHTML, like Gecko; compatible; GPTBot/1.3; +https://openai.com/gptbot)" "-"
136.243.228.0 - - [02/May/2026:00:32:49 +0200] "GET /que-es-volatilidad-en-casinos?path=/homepages/2/d834828290 HTTP/1.1" 200 31371 www.caldereria-balantxa.com "-" "Mozilla/5.0 (compatible; DataForSeoBot/1.0; +https://dataforseo.com/dataforseo-bot)" "-"
74.7.227.0 - - [02/May/2026:00:32:50 +0200] "GET /?fileloc=/homepages/2/d834828290/htdocs/clickandbuilds/caldereria-balantxa.com/wp-content/et-cache/2946/et-divi-dynamic-2946-late.css&path=/homepages/2/d834828290/htdocs/clickandbuilds/caldereria-balantxa.com/wp-content/et-cache/2946 HTTP/1.1" 429 267 caldereria-balantxa.com "https://caldereria-balantxa.com/?path=/homepages/2/d834828290/htdocs/clickandbuilds/caldereria-balantxa.com/wp-content/et-cache/2946" "Mozilla/5.0 AppleWebKit/537.36 (KHTML, like Gecko; compatible; GPTBot/1.3; +https://openai.com/gptbot)" "-"
136.243.228.0 - - [02/May/2026:00:32:57 +0200] "GET /que-es-volatilidad-en-casinos?path=/homepages/2/d834828290/htdocs/clickandbuilds/caldereria-balantxa.com HTTP/1.1" 200 52512 www.caldereria-balantxa.com "-" "Mozilla/5.0 (compatible; DataForSeoBot/1.0; +https://dataforseo.com/dataforseo-bot)" "-"
2a03:2880:f800:: - - [02/May/2026:00:32:57 +0200] "GET /rayo-vallecano-celta-de-vigo-pronostico/ HTTP/1.1" 200 71587 biark.net "-" "meta-externalagent/1.1 (+https://developers.facebook.com/docs/sharing/webmasters/crawler)" "-"
114.119.151.0 - - [02/May/2026:00:32:58 +0200] "GET /?p=31520 HTTP/1.1" 301 - elpayasocobrador.com "https://elpayasocobrador.com/casino-online-dinero-real-argentina/" "Mozilla/5.0 (Linux; Android 7.0;) AppleWebKit/537.36 (HTML, like Gecko) Mobile Safari/537.36 (compatible; PetalBot;+https://webmaster.petalsearch.com/site/petalbot)" "-"
2a03:2880:f800:: - - [02/May/2026:00:32:59 +0200] "GET /items/B121222331/?path=/homepages/39/d389392830 HTTP/1.1" 200 25502 www.caldereria-balantxa.com "-" "meta-externalagent/1.1 (+https://developers.facebook.com/docs/sharing/webmasters/crawler)" "-"
74.7.242.0 - - [02/May/2026:00:33:02 +0200] "GET /?fileloc=//kunden/kunden/kunden/kunden/kunden/kunden/kunden/proc/thread-self/root/proc/self/root/kunden/bin/x86_64-linux-gnu-gcc-ranlib&path=//kunden/kunden/kunden/kunden/kunden/kunden/kunden/proc/thread-self/root/proc/self/root/kunden/bin HTTP/1.1" 429 267 www.caldereria-balantxa.com "https://www.caldereria-balantxa.com/?path=//kunden/kunden/kunden/kunden/kunden/kunden/kunden/proc/thread-self/root/proc/self/root/kunden/bin" "Mozilla/5.0 AppleWebKit/537.36 (KHTML, like Gecko; compatible; GPTBot/1.3; +https://openai.com/gptbot)" "-"
216.244.66.0 - - [02/May/2026:00:33:03 +0200] "GET /robots.txt HTTP/1.1" 403 775 www.biark.net "-" "Mozilla/5.0 (compatible; DotBot/1.2; +https://opensiteexplorer.org/dotbot; help@moz.com)" "-"
216.244.66.0 - - [02/May/2026:00:33:03 +0200] "GET /robots.txt HTTP/1.1" 403 775 biark.net "-" "Mozilla/5.0 (compatible; DotBot/1.2; +https://opensiteexplorer.org/dotbot; help@moz.com)" "-"
114.119.151.0 - - [02/May/2026:00:33:03 +0200] "GET /casino-bono-bienvenida-sin-dep%C3%B3sito-espa%C3%B1a/ HTTP/1.1" 200 52657 elpayasocobrador.com "https://elpayasocobrador.com/casino-online-dinero-real-argentina/" "Mozilla/5.0 (Linux; Android 7.0;) AppleWebKit/537.36 (HTML, like Gecko) Mobile Safari/537.36 (compatible; PetalBot;+https://webmaster.petalsearch.com/site/petalbot)" "-"
2a03:2880:f800:: - - [02/May/2026:00:33:04 +0200] "GET /items/B121200010/?fileloc=/homepages/2/d834828290/DASTOOLSTART&path=/homepages/2/d834828290 HTTP/1.1" 200 12312 www.caldereria-balantxa.com "-" "meta-externalagent/1.1 (+https://developers.facebook.com/docs/sharing/webmasters/crawler)" "-"
136.243.228.0 - - [02/May/2026:00:33:06 +0200] "GET /que-es-volatilidad-en-casinos?fileloc=/homepages/2/d834828290/htdocs/clickandbuilds/caldereria-balantxa.com/wp-comments-post.php&path=/homepages/2/d834828290/htdocs/clickandbuilds/caldereria-balantxa.com HTTP/1.1" 200 15288 www.caldereria-balantxa.com "-" "Mozilla/5.0 (compatible; DataForSeoBot/1.0; +https://dataforseo.com/dataforseo-bot)" "-"
54.37.118.0 - - [02/May/2026:00:33:06 +0200] "GET /spingenie-bono-bienvenida-sin-dep%C3%B3sito/ HTTP/1.1" 200 66702 biark.net "-" "Mozilla/5.0 (compatible; AhrefsBot/7.0; +http://ahrefs.com/robot/)" "-"
2a03:2880:f800:: - - [02/May/2026:00:33:09 +0200] "GET /items/B121668892/?fileloc=//bin/ppmtoacad&path=//bin HTTP/1.1" 200 35662 www.caldereria-balantxa.com "-" "meta-externalagent/1.1 (+https://developers.facebook.com/docs/sharing/webmasters/crawler)" "-"
54.37.118.0 - - [02/May/2026:00:33:10 +0200] "GET /forma-de-jugar-a-la-ruleta/ HTTP/1.1" 200 36408 www.soldadura-aircom.com "-" "Mozilla/5.0 (compatible; AhrefsBot/7.0; +http://ahrefs.com/robot/)" "-"
136.243.228.0 - - [02/May/2026:00:33:14 +0200] "GET /que-es-volatilidad-en-casinos?fileloc=/homepages/2/d834828290/htdocs/clickandbuilds/caldereria-balantxa.com/license.txt&path=/homepages/2/d834828290/htdocs/clickandbuilds/caldereria-balantxa.com HTTP/1.1" 429 267 www.caldereria-balantxa.com "-" "Mozilla/5.0 (compatible; DataForSeoBot/1.0; +https://dataforseo.com/dataforseo-bot)" "-"
2a03:2880:f800:: - - [02/May/2026:00:33:18 +0200] "GET /traspaso-local-apuestas-deportivas/ HTTP/1.1" 200 66032 biark.net "-" "meta-externalagent/1.1 (+https://developers.facebook.com/docs/sharing/webmasters/crawler)" "-"
47.82.10.0 - - [02/May/2026:00:33:19 +0200] "GET /amuletos-para-juegos-de-casino-en-es-2023 HTTP/1.1" 429 267 www.erlain.es "https://www.erlain.es/" "Mozilla/5.0 (Macintosh; Intel Mac OS X 10_15_7) AppleWebKit/537.36 (KHTML, like Gecko) Chrome/134.0.0.0 Safari/537.36" "-"
2a03:2880:f800:: - - [02/May/2026:00:33:22 +0200] "GET /items/B122001809/?path=/homepages/14/d384703662 HTTP/1.1" 200 34366 www.caldereria-balantxa.com "-" "meta-externalagent/1.1 (+https://developers.facebook.com/docs/sharing/webmasters/crawler)" "-"
114.119.153.0 - - [02/May/2026:00:33:24 +0200] "GET /2024/03/11/jugar-gratis-online-maquinas-tragamonedas/ HTTP/1.1" 404 31318 www.soldadura-aircom.com "https://www.soldadura-aircom.com/wp-sitemap-posts-post-2.xml" "Mozilla/5.0 (Linux; Android 7.0;) AppleWebKit/537.36 (HTML, like Gecko) Mobile Safari/537.36 (compatible; PetalBot;+https://webmaster.petalsearch.com/site/petalbot)" "-"
2a03:2880:f800:: - - [02/May/2026:00:33:25 +0200] "GET /app-de-apuestas-baloncesto/ HTTP/1.1" 200 67253 biark.net "-" "meta-externalagent/1.1 (+https://developers.facebook.com/docs/sharing/webmasters/crawler)" "-"
40.77.167.0 - - [02/May/2026:00:33:27 +0200] "GET /nuevas-casas-de-apuestas-en-estados-unidos/?path=/homepages HTTP/1.1" 200 81138 www.caldereria-balantxa.com "-" "Mozilla/5.0 AppleWebKit/537.36 (KHTML, like Gecko; compatible; bingbot/2.0; +http://www.bing.com/bingbot.htm) Chrome/116.0.1938.76 Safari/537.36" "-"
2a03:2880:f800:: - - [02/May/2026:00:33:27 +0200] "GET /items/B121803503/?path=//home HTTP/1.1" 200 12606 www.caldereria-balantxa.com "-" "meta-externalagent/1.1 (+https://developers.facebook.com/docs/sharing/webmasters/crawler)" "-"
2a03:2880:f800:: - - [02/May/2026:00:33:28 +0200] "GET /wp-json/oembed/1.0/embed?url=https%3A%2F%2Fbiark.net%2Frentables-casas-de-apuestas-en-venezuela%2F HTTP/1.1" 200 2243 biark.net "-" "meta-externalagent/1.1 (+https://developers.facebook.com/docs/sharing/webmasters/crawler)" "-"
74.7.243.0 - - [02/May/2026:00:33:28 +0200] "GET /?p=30208 HTTP/1.1" 301 - elpayasocobrador.com "https://elpayasocobrador.com/?p=30285" "Mozilla/5.0 AppleWebKit/537.36 (KHTML, like Gecko; compatible; GPTBot/1.3; +https://openai.com/gptbot)" "-"
82.165.80.0 - - [02/May/2026:00:33:29 +0200] "POST /wp-cron.php?doing_wp_cron=1777674809.8145930767059326171875 HTTP/1.1" 200 - elpayasocobrador.com "-" "WordPress/6.9.4; https://elpayasocobrador.com" "-"
74.7.243.0 - - [02/May/2026:00:33:30 +0200] "GET /tragaperras-online-lost-vegas/ HTTP/1.1" 200 53313 elpayasocobrador.com "https://elpayasocobrador.com/?p=30208" "Mozilla/5.0 AppleWebKit/537.36 (KHTML, like Gecko; compatible; GPTBot/1.3; +https://openai.com/gptbot)" "-"
2a03:2880:f800:: - - [02/May/2026:00:33:31 +0200] "GET /items/B121368600/?path=/homepages/9/d833431034 HTTP/1.1" 200 24001 www.caldereria-balantxa.com "-" "meta-externalagent/1.1 (+https://developers.facebook.com/docs/sharing/webmasters/crawler)" "-"
2a03:2880:f800:: - - [02/May/2026:00:33:31 +0200] "GET /juegos-de-casino-gratis-tragamonedas-frutillas/ HTTP/1.1" 200 67166 biark.net "-" "meta-externalagent/1.1 (+https://developers.facebook.com/docs/sharing/webmasters/crawler)" "-"
2a03:2880:f800:: - - [02/May/2026:00:33:35 +0200] "GET /items/B121003567/?path=/homepages/2/d388622369 HTTP/1.1" 200 26941 www.caldereria-balantxa.com "-" "meta-externalagent/1.1 (+https://developers.facebook.com/docs/sharing/webmasters/crawler)" "-"
5.39.1.0 - - [02/May/2026:00:33:39 +0200] "GET /descargar-ruleta-virtual/ HTTP/1.1" 200 36693 www.soldadura-aircom.com "-" "Mozilla/5.0 (compatible; AhrefsBot/7.0; +http://ahrefs.com/robot/)" "-"
2a03:2880:f800:: - - [02/May/2026:00:33:40 +0200] "GET /items/B121011758/?fileloc=/homepages/2/d387551944/phpinilist&path=/homepages/2/d387551944 HTTP/1.1" 200 12310 www.caldereria-balantxa.com "-" "meta-externalagent/1.1 (+https://developers.facebook.com/docs/sharing/webmasters/crawler)" "-"
114.119.137.0 - - [02/May/2026:00:33:41 +0200] "GET /betfair-casino-en-vivo/ HTTP/1.1" 200 54401 www.planeadosalbe.com "https://www.planeadosalbe.com/wp-sitemap-posts-post-1.xml" "Mozilla/5.0 (Linux; Android 7.0;) AppleWebKit/537.36 (HTML, like Gecko) Mobile Safari/537.36 (compatible; PetalBot;+https://webmaster.petalsearch.com/site/petalbot)" "-"
2a03:2880:f800:: - - [02/May/2026:00:33:43 +0200] "GET /post-sitemap10.xml?fileloc=/homepages/2/d834828290/htdocs/clickandbuilds/caldereria-balantxa.com/wp-admin/ms-edit.php&path=/homepages/2/d834828290/htdocs/clickandbuilds/caldereria-balantxa.com/wp-admin HTTP/1.1" 200 12956 www.caldereria-balantxa.com "-" "meta-externalagent/1.1 (+https://developers.facebook.com/docs/sharing/webmasters/crawler)" "-"
40.77.167.0 - - [02/May/2026:00:33:45 +0200] "GET /pron%C3%B3sticos-de-partidos-con-menos-de-3-5-goles/?path=/homepages/11/d833043944 HTTP/1.1" 200 31422 www.caldereria-balantxa.com "-" "Mozilla/5.0 AppleWebKit/537.36 (KHTML, like Gecko; compatible; bingbot/2.0; +http://www.bing.com/bingbot.htm) Chrome/116.0.1938.76 Safari/537.36" "-"
2a03:2880:f800:: - - [02/May/2026:00:33:47 +0200] "GET /sitemap-index.xml?path=//libx32 HTTP/1.1" 200 12610 caldereria-balantxa.com "-" "meta-externalagent/1.1 (+https://developers.facebook.com/docs/sharing/webmasters/crawler)" "-"
2a03:2880:f800:: - - [02/May/2026:00:33:51 +0200] "GET /sitemap.xml?path=/homepages/2/d834828290/htdocs/clickandbuilds/caldereria-balantxa.com/wp-includes/customize HTTP/1.1" 200 80345 caldereria-balantxa.com "-" "meta-externalagent/1.1 (+https://developers.facebook.com/docs/sharing/webmasters/crawler)" "-"
2a03:2880:f800:: - - [02/May/2026:00:33:51 +0200] "GET /pronosticos-deportivos-para-este-fin-de-semana/ HTTP/1.1" 200 66849 biark.net "-" "meta-externalagent/1.1 (+https://developers.facebook.com/docs/sharing/webmasters/crawler)" "-"
74.7.227.0 - - [02/May/2026:00:33:54 +0200] "GET /?fileloc=/homepages/2/d834828290/htdocs/clickandbuilds/caldereria-balantxa.com/wp-content/et-cache/3077/et-divi-dynamic-3077-late.css&path=/homepages/2/d834828290/htdocs/clickandbuilds/caldereria-balantxa.com/wp-content/et-cache/3077 HTTP/1.1" 200 13004 caldereria-balantxa.com "https://caldereria-balantxa.com/?path=/homepages/2/d834828290/htdocs/clickandbuilds/caldereria-balantxa.com/wp-content/et-cache/3077" "Mozilla/5.0 AppleWebKit/537.36 (KHTML, like Gecko; compatible; GPTBot/1.3; +https://openai.com/gptbot)" "-"
2a03:2880:f800:: - - [02/May/2026:00:33:54 +0200] "GET /items/B121677280/?fileloc=//sbin/remove-default-wordlist&path=//sbin HTTP/1.1" 200 15375 www.caldereria-balantxa.com "-" "meta-externalagent/1.1 (+https://developers.facebook.com/docs/sharing/webmasters/crawler)" "-"
2a03:2880:f800:: - - [02/May/2026:00:33:55 +0200] "GET /casa-de-apuestas-barcelona-vs-liverpool/ HTTP/1.1" 429 267 biark.net "-" "meta-externalagent/1.1 (+https://developers.facebook.com/docs/sharing/webmasters/crawler)" "-"
2a03:2880:f800:: - - [02/May/2026:00:33:58 +0200] "GET /sitemap.txt?path=/homepages/19 HTTP/1.1" 200 113884 caldereria-balantxa.com "-" "meta-externalagent/1.1 (+https://developers.facebook.com/docs/sharing/webmasters/crawler)" "-"
2a03:2880:f800:: - - [02/May/2026:00:33:58 +0200] "GET /casa-de-apuestas-per%C3%BA-vs-chile/ HTTP/1.1" 429 267 biark.net "-" "meta-externalagent/1.1 (+https://developers.facebook.com/docs/sharing/webmasters/crawler)" "-"
47.82.10.0 - - [02/May/2026:00:33:59 +0200] "GET /?p=2059 HTTP/1.1" 429 267 www.erlain.es "https://www.erlain.es/" "Mozilla/5.0 (Macintosh; Intel Mac OS X 10_15_7) AppleWebKit/537.36 (KHTML, like Gecko) Chrome/135.0.0.0 Safari/537.36" "-"
2a03:2880:f800:: - - [02/May/2026:00:34:01 +0200] "GET /post-sitemap5.xml?fileloc=/homepages/2/d834828290/htdocs/clickandbuilds/caldereria-balantxa.com/wp-login.php&path=/homepages/2/d834828290/htdocs/clickandbuilds/caldereria-balantxa.com HTTP/1.1" 200 75165 www.caldereria-balantxa.com "-" "meta-externalagent/1.1 (+https://developers.facebook.com/docs/sharing/webmasters/crawler)" "-"
216.73.217.0 - - [02/May/2026:00:34:03 +0200] "GET /pron%C3%B3stico-sevilla-real-sociedad/ HTTP/1.1" 200 51950 elpayasocobrador.com "-" "Mozilla/5.0 AppleWebKit/537.36 (KHTML, like Gecko; compatible; ClaudeBot/1.0; +claudebot@anthropic.com)" "-"
2a03:2880:f800:: - - [02/May/2026:00:34:04 +0200] "GET /items/B121333361/?path=//lib32 HTTP/1.1" 200 12608 www.caldereria-balantxa.com "-" "meta-externalagent/1.1 (+https://developers.facebook.com/docs/sharing/webmasters/crawler)" "-"
114.119.155.0 - - [02/May/2026:00:34:04 +0200] "GET /resultados-getafe-real-madrid/?path=/homepages/2/d834828290/htdocs/clickandbuilds/caldereria-balantxa.com/wp-content/languages HTTP/1.1" 200 148278 www.caldereria-balantxa.com "-" "Mozilla/5.0 (Linux; Android 7.0;) AppleWebKit/537.36 (KHTML, like Gecko) Mobile Safari/537.36 (compatible; PetalBot;+https://webmaster.petalsearch.com/site/petalbot)" "-"
74.7.243.0 - - [02/May/2026:00:34:05 +0200] "GET /?p=35979 HTTP/1.1" 301 - elpayasocobrador.com "https://elpayasocobrador.com/?p=26600" "Mozilla/5.0 AppleWebKit/537.36 (KHTML, like Gecko; compatible; GPTBot/1.3; +https://openai.com/gptbot)" "-"
82.165.80.0 - - [02/May/2026:00:34:06 +0200] "POST /wp-cron.php?doing_wp_cron=1777674846.5673069953918457031250 HTTP/1.1" 200 - elpayasocobrador.com "-" "WordPress/6.9.4; https://elpayasocobrador.com" "-"
74.7.243.0 - - [02/May/2026:00:34:07 +0200] "GET /juega-gratis-a-sugar-pop-en-modo-demo/ HTTP/1.1" 200 56457 elpayasocobrador.com "https://elpayasocobrador.com/?p=35979" "Mozilla/5.0 AppleWebKit/537.36 (KHTML, like Gecko; compatible; GPTBot/1.3; +https://openai.com/gptbot)" "-"
114.119.155.0 - - [02/May/2026:00:34:07 +0200] "GET /resultados-getafe-osasuna/?fileloc=/homepages/9/d391622809/htpasswd&path=/homepages/9/d391622809 HTTP/1.1" 200 12308 www.caldereria-balantxa.com "-" "Mozilla/5.0 (Linux; Android 7.0;) AppleWebKit/537.36 (KHTML, like Gecko) Mobile Safari/537.36 (compatible; PetalBot;+https://webmaster.petalsearch.com/site/petalbot)" "-"
2a03:2880:f800:: - - [02/May/2026:00:34:07 +0200] "GET /sitemap-index.xml?path=/homepages/2/d834828290/htdocs/clickandbuilds/caldereria-balantxa.com/wp-includes/interactivity-api HTTP/1.1" 200 18821 caldereria-balantxa.com "-" "meta-externalagent/1.1 (+https://developers.facebook.com/docs/sharing/webmasters/crawler)" "-"
74.7.242.0 - - [02/May/2026:00:34:08 +0200] "GET /?path=//kunden/kunden/kunden/kunden/kunden/kunden/kunden/proc/thread-self/root/kunden/lib/locale/eo/LC_MESSAGES HTTP/1.1" 200 15650 www.caldereria-balantxa.com "https://www.caldereria-balantxa.com/?path=//kunden/kunden/kunden/kunden/kunden/kunden/kunden/proc/thread-self/root/kunden/lib/locale/eo" "Mozilla/5.0 AppleWebKit/537.36 (KHTML, like Gecko; compatible; GPTBot/1.3; +https://openai.com/gptbot)" "-"
2a03:2880:f800:: - - [02/May/2026:00:34:10 +0200] "GET /items/B121335235/?path=/homepages/2/d391179122 HTTP/1.1" 200 26941 www.caldereria-balantxa.com "-" "meta-externalagent/1.1 (+https://developers.facebook.com/docs/sharing/webmasters/crawler)" "-"
2a03:2880:f800:: - - [02/May/2026:00:34:13 +0200] "GET /items/B121076081/?path=/homepages/34/d387820957 HTTP/1.1" 429 267 www.caldereria-balantxa.com "-" "meta-externalagent/1.1 (+https://developers.facebook.com/docs/sharing/webmasters/crawler)" "-"
94.23.188.0 - - [02/May/2026:00:34:13 +0200] "GET /apuestas-de-dados-con-btc/ HTTP/1.1" 200 37722 www.soldadura-aircom.com "-" "Mozilla/5.0 (compatible; AhrefsBot/7.0; +http://ahrefs.com/robot/)" "-"
2a03:2880:f800:: - - [02/May/2026:00:34:16 +0200] "GET /items/B121758361/?path=/homepages/38 HTTP/1.1" 429 267 www.caldereria-balantxa.com "-" "meta-externalagent/1.1 (+https://developers.facebook.com/docs/sharing/webmasters/crawler)" "-"
2a03:2880:f800:: - - [02/May/2026:00:34:17 +0200] "GET /items/B121550265/?path=/homepages/2/d834828290/htdocs/clickandbuilds/caldereria-balantxa.com/.well-known HTTP/1.1" 429 267 www.caldereria-balantxa.com "-" "meta-externalagent/1.1 (+https://developers.facebook.com/docs/sharing/webmasters/crawler)" "-"
2a03:2880:f800:: - - [02/May/2026:00:34:20 +0200] "GET /items/B121192684/?path=/homepages/18/d833917258 HTTP/1.1" 429 267 www.caldereria-balantxa.com "-" "meta-externalagent/1.1 (+https://developers.facebook.com/docs/sharing/webmasters/crawler)" "-"
202.46.62.0 - - [02/May/2026:00:34:23 +0200] "GET /wp-json/oembed/1.0/embed?url=https%3A%2F%2Felpayasocobrador.com%2Fcasinos-en-medell%25C3%25ADn%2F&format=xml HTTP/1.1" 200 2359 elpayasocobrador.com "-" "Mozilla/5.0 (Windows NT 10.0; Win64; x64) AppleWebKit/537.36 (KHTML, like Gecko) Chrome/133.0.6943.141 Safari/537.36" "-"
213.180.203.0 - - [02/May/2026:00:34:23 +0200] "GET /robots.txt HTTP/1.1" 429 267 biark.net "-" "Mozilla/5.0 (compatible; YandexBot/3.0; +http://yandex.com/bots)" "-"
87.250.224.0 - - [02/May/2026:00:34:23 +0200] "GET /eusk/lokal-komertzialak/ HTTP/1.1" 429 267 biark.net "-" "Mozilla/5.0 (compatible; YandexBot/3.0; +http://yandex.com/bots)" "-"
40.77.167.0 - - [02/May/2026:00:34:23 +0200] "GET /como-jugar-al-flappy-casino/ HTTP/1.1" 200 54988 www.planeadosalbe.com "-" "Mozilla/5.0 AppleWebKit/537.36 (KHTML, like Gecko; compatible; bingbot/2.0; +http://www.bing.com/bingbot.htm) Chrome/116.0.1938.76 Safari/537.36" "-"
216.73.217.0 - - [02/May/2026:00:34:24 +0200] "GET /?p=40900 HTTP/1.1" 301 - elpayasocobrador.com "-" "Mozilla/5.0 AppleWebKit/537.36 (KHTML, like Gecko; compatible; ClaudeBot/1.0; +claudebot@anthropic.com)" "-"
2a03:2880:f800:: - - [02/May/2026:00:34:24 +0200] "GET /items/B121786764/?path=/homepages/2/d834828290/htdocs/clickandbuilds/caldereria-balantxa.com/cgi-bin HTTP/1.1" 429 267 www.caldereria-balantxa.com "-" "meta-externalagent/1.1 (+https://developers.facebook.com/docs/sharing/webmasters/crawler)" "-"
2a03:2880:f800:: - - [02/May/2026:00:34:24 +0200] "GET /items/B121317980/?path=//lib32 HTTP/1.1" 429 267 www.caldereria-balantxa.com "-" "meta-externalagent/1.1 (+https://developers.facebook.com/docs/sharing/webmasters/crawler)" "-"
216.73.217.0 - - [02/May/2026:00:34:25 +0200] "GET /que-significa-1x2-en-apuesta/ HTTP/1.1" 429 267 elpayasocobrador.com "https://elpayasocobrador.com/?p=40900" "Mozilla/5.0 AppleWebKit/537.36 (KHTML, like Gecko; compatible; ClaudeBot/1.0; +claudebot@anthropic.com)" "-"
114.119.131.0 - - [02/May/2026:00:34:25 +0200] "GET /?p=31508 HTTP/1.1" 301 - elpayasocobrador.com "https://elpayasocobrador.com/?p=34182" "Mozilla/5.0 (Linux; Android 7.0;) AppleWebKit/537.36 (HTML, like Gecko) Mobile Safari/537.36 (compatible; PetalBot;+https://webmaster.petalsearch.com/site/petalbot)" "-"
2a03:2880:f800:: - - [02/May/2026:00:34:28 +0200] "GET /juegos-de-la-ruleta-online/ HTTP/1.1" 429 267 biark.net "-" "meta-externalagent/1.1 (+https://developers.facebook.com/docs/sharing/webmasters/crawler)" "-"
2a03:2880:f800:: - - [02/May/2026:00:34:28 +0200] "GET /post-sitemap11.xml?path=/homepages/15/d391641239 HTTP/1.1" 429 267 www.caldereria-balantxa.com "-" "meta-externalagent/1.1 (+https://developers.facebook.com/docs/sharing/webmasters/crawler)" "-"
2a03:2880:f800:: - - [02/May/2026:00:34:29 +0200] "GET /items/B121804382/?path=/homepages/14/d833745187 HTTP/1.1" 429 267 www.caldereria-balantxa.com "-" "meta-externalagent/1.1 (+https://developers.facebook.com/docs/sharing/webmasters/crawler)" "-"
114.119.131.0 - - [02/May/2026:00:34:30 +0200] "GET /casinos-gratis-online-sin-descargar/ HTTP/1.1" 200 52346 elpayasocobrador.com "https://elpayasocobrador.com/?p=34182" "Mozilla/5.0 (Linux; Android 7.0;) AppleWebKit/537.36 (HTML, like Gecko) Mobile Safari/537.36 (compatible; PetalBot;+https://webmaster.petalsearch.com/site/petalbot)" "-"
114.119.138.0 - - [02/May/2026:00:34:31 +0200] "GET /resultados-getafe-osasuna/?path=/homepages/31/d384902066/managed HTTP/1.1" 200 12769 www.caldereria-balantxa.com "-" "Mozilla/5.0 (Linux; Android 7.0;) AppleWebKit/537.36 (KHTML, like Gecko) Mobile Safari/537.36 (compatible; PetalBot;+https://webmaster.petalsearch.com/site/petalbot)" "-"
2a03:2880:f800:: - - [02/May/2026:00:34:34 +0200] "GET /items/B121677887/?path=/homepages/40/d833207909 HTTP/1.1" 429 267 www.caldereria-balantxa.com "-" "meta-externalagent/1.1 (+https://developers.facebook.com/docs/sharing/webmasters/crawler)" "-"
52.167.144.0 - - [02/May/2026:00:34:34 +0200] "GET /wp-sitemap.xml HTTP/1.1" 200 52512 www.caldereria-balantxa.com "-" "Mozilla/5.0 AppleWebKit/537.36 (KHTML, like Gecko; compatible; bingbot/2.0; +http://www.bing.com/bingbot.htm) Chrome/116.0.1938.76 Safari/537.36" "-"
2a03:2880:f800:: - - [02/May/2026:00:34:36 +0200] "GET /items/B121547734/?path=/homepages/19/d385691889 HTTP/1.1" 429 267 www.caldereria-balantxa.com "-" "meta-externalagent/1.1 (+https://developers.facebook.com/docs/sharing/webmasters/crawler)" "-"
2a03:2880:f800:: - - [02/May/2026:00:34:36 +0200] "GET /items/B121312218/?path=/homepages/2/d834734995 HTTP/1.1" 429 267 www.caldereria-balantxa.com "-" "meta-externalagent/1.1 (+https://developers.facebook.com/docs/sharing/webmasters/crawler)" "-"
74.7.243.0 - - [02/May/2026:00:34:37 +0200] "GET /?p=34510 HTTP/1.1" 429 267 elpayasocobrador.com "https://elpayasocobrador.com/?p=34613" "Mozilla/5.0 AppleWebKit/537.36 (KHTML, like Gecko; compatible; GPTBot/1.3; +https://openai.com/gptbot)" "-"
51.195.215.0 - - [02/May/2026:00:34:43 +0200] "GET /resultado-real-madrid-celta/ HTTP/1.1" 404 31217 www.erlain.es "-" "Mozilla/5.0 (compatible; AhrefsBot/7.0; +http://ahrefs.com/robot/)" "-"
2a03:2880:f800:: - - [02/May/2026:00:34:44 +0200] "GET /items/B121855780/?fileloc=/homepages/2/d389000202/htpasswd&path=/homepages/2/d389000202 HTTP/1.1" 429 267 www.caldereria-balantxa.com "-" "meta-externalagent/1.1 (+https://developers.facebook.com/docs/sharing/webmasters/crawler)" "-"
2a03:2880:f800:: - - [02/May/2026:00:34:45 +0200] "GET /items/B122049031/?path=/homepages/2/d384623844 HTTP/1.1" 429 267 www.caldereria-balantxa.com "-" "meta-externalagent/1.1 (+https://developers.facebook.com/docs/sharing/webmasters/crawler)" "-"
92.222.108.0 - - [02/May/2026:00:34:47 +0200] "GET /slot-maquina-tragamonedas/ HTTP/1.1" 200 36595 www.soldadura-aircom.com "-" "Mozilla/5.0 (compatible; AhrefsBot/7.0; +http://ahrefs.com/robot/)" "-"
2a03:2880:f800:: - - [02/May/2026:00:34:48 +0200] "GET /gran-canals-casino-codigo-promocional-y-bonus-code-2025/ HTTP/1.1" 429 267 biark.net "-" "meta-externalagent/1.1 (+https://developers.facebook.com/docs/sharing/webmasters/crawler)" "-"
114.119.159.0 - - [02/May/2026:00:34:48 +0200] "GET /2024/03/11/jugar-gratis-maquinas-tragamonedas-ultima-generacion/ HTTP/1.1" 404 31318 www.soldadura-aircom.com "https://www.soldadura-aircom.com/wp-sitemap-posts-post-2.xml" "Mozilla/5.0 (Linux; Android 7.0;) AppleWebKit/537.36 (HTML, like Gecko) Mobile Safari/537.36 (compatible; PetalBot;+https://webmaster.petalsearch.com/site/petalbot)" "-"
216.73.217.0 - - [02/May/2026:00:34:52 +0200] "GET /madrid-getafe-apuestas/ HTTP/1.1" 429 267 elpayasocobrador.com "-" "Mozilla/5.0 AppleWebKit/537.36 (KHTML, like Gecko; compatible; ClaudeBot/1.0; +claudebot@anthropic.com)" "-"
37.59.204.0 - - [02/May/2026:00:34:55 +0200] "GET /sitios-de-apuestas-deportivas-online/ HTTP/1.1" 200 66989 biark.net "-" "Mozilla/5.0 (compatible; AhrefsBot/7.0; +http://ahrefs.com/robot/)" "-"
2a03:2880:f800:: - - [02/May/2026:00:34:55 +0200] "GET /post-sitemap7.xml?path=/homepages/2/d834828290/htdocs/clickandbuilds/caldereria-balantxa.com/wp-includes/pomo HTTP/1.1" 429 267 www.caldereria-balantxa.com "-" "meta-externalagent/1.1 (+https://developers.facebook.com/docs/sharing/webmasters/crawler)" "-"
2a03:2880:f800:: - - [02/May/2026:00:34:56 +0200] "GET /sitemap.xml?fileloc=/homepages/2/d834828290/htdocs/clickandbuilds/caldereria-balantxa.com/wp-includes/class-wp-token-map.php&path=/homepages/2/d834828290/htdocs/clickandbuilds/caldereria-balantxa.com/wp-includes HTTP/1.1" 200 43894 caldereria-balantxa.com "-" "meta-externalagent/1.1 (+https://developers.facebook.com/docs/sharing/webmasters/crawler)" "-"
95.108.213.0 - - [02/May/2026:00:34:57 +0200] "GET /juega-gratis-a-fortune-tige-en-modo-demo/ HTTP/1.1" 429 267 www.erlain.es "-" "Mozilla/5.0 (compatible; YandexBot/3.0; +http://yandex.com/bots)" "-"
2a03:2880:f800:: - - [02/May/2026:00:34:58 +0200] "GET /items/B121216572/?path=/homepages/42/d386315508 HTTP/1.1" 429 267 www.caldereria-balantxa.com "-" "meta-externalagent/1.1 (+https://developers.facebook.com/docs/sharing/webmasters/crawler)" "-"
74.7.227.0 - - [02/May/2026:00:34:58 +0200] "GET /?fileloc=/homepages/2/d834828290/htdocs/clickandbuilds/caldereria-balantxa.com/wp-content/et-cache/2126/et-divi-dynamic-2126-late.css&path=/homepages/2/d834828290/htdocs/clickandbuilds/caldereria-balantxa.com/wp-content/et-cache/2126 HTTP/1.1" 200 13004 caldereria-balantxa.com "https://caldereria-balantxa.com/?path=/homepages/2/d834828290/htdocs/clickandbuilds/caldereria-balantxa.com/wp-content/et-cache/2126" "Mozilla/5.0 AppleWebKit/537.36 (KHTML, like Gecko; compatible; GPTBot/1.3; +https://openai.com/gptbot)" "-"
2a03:2880:f800:: - - [02/May/2026:00:34:59 +0200] "GET /mejores-slots-betfair/ HTTP/1.1" 200 67287 biark.net "-" "meta-externalagent/1.1 (+https://developers.facebook.com/docs/sharing/webmasters/crawler)" "-"
114.119.156.0 - - [02/May/2026:00:34:59 +0200] "GET /betcris-casino-bono-sin-dep%C3%B3sito-50-giros-gratis-2025/ HTTP/1.1" 200 55335 www.planeadosalbe.com "https://www.planeadosalbe.com/wp-sitemap-posts-post-4.xml" "Mozilla/5.0 (Linux; Android 7.0;) AppleWebKit/537.36 (HTML, like Gecko) Mobile Safari/537.36 (compatible; PetalBot;+https://webmaster.petalsearch.com/site/petalbot)" "-"
74.7.243.0 - - [02/May/2026:00:35:07 +0200] "GET /?p=34150 HTTP/1.1" 429 267 elpayasocobrador.com "https://elpayasocobrador.com/?p=36015" "Mozilla/5.0 AppleWebKit/537.36 (KHTML, like Gecko; compatible; GPTBot/1.3; +https://openai.com/gptbot)" "-"
2a03:2880:f800:: - - [02/May/2026:00:35:09 +0200] "GET /slots-dinero-ficticio/ HTTP/1.1" 200 67492 biark.net "-" "meta-externalagent/1.1 (+https://developers.facebook.com/docs/sharing/webmasters/crawler)" "-"
2a03:2880:f800:: - - [02/May/2026:00:35:10 +0200] "GET /post-sitemap14.xml?fileloc=/homepages/2/d834828290/htdocs/clickandbuilds/caldereria-balantxa.com/wp-admin/edit-form-advanced.php&path=/homepages/2/d834828290/htdocs/clickandbuilds/caldereria-balantxa.com/wp-admin HTTP/1.1" 429 267 www.caldereria-balantxa.com "-" "meta-externalagent/1.1 (+https://developers.facebook.com/docs/sharing/webmasters/crawler)" "-"
2a03:2880:f800:: - - [02/May/2026:00:35:12 +0200] "GET /espa%C3%B1a-inglaterra-apuestas/ HTTP/1.1" 200 67162 biark.net "-" "meta-externalagent/1.1 (+https://developers.facebook.com/docs/sharing/webmasters/crawler)" "-"
74.7.242.0 - - [02/May/2026:00:35:12 +0200] "GET /?path=//kunden/kunden/kunden/kunden/kunden/kunden/kunden/proc/thread-self/root/proc/self/root/kunden/mnt/rid HTTP/1.1" 200 13948 www.caldereria-balantxa.com "https://www.caldereria-balantxa.com/?path=//kunden/kunden/kunden/kunden/kunden/kunden/kunden/proc/thread-self/root/proc/self/root/kunden/mnt" "Mozilla/5.0 AppleWebKit/537.36 (KHTML, like Gecko; compatible; GPTBot/1.3; +https://openai.com/gptbot)" "-"
52.167.144.0 - - [02/May/2026:00:35:15 +0200] "GET /buena-casa-de-apuestas-alianza-binacional/?path=//root HTTP/1.1" 200 12606 www.caldereria-balantxa.com "-" "Mozilla/5.0 AppleWebKit/537.36 (KHTML, like Gecko; compatible; bingbot/2.0; +http://www.bing.com/bingbot.htm) Chrome/116.0.1938.76 Safari/537.36" "-"
2a03:2880:f800:: - - [02/May/2026:00:35:17 +0200] "GET /probabilidad-de-ganar-en-maquinas-tragamonedas/ HTTP/1.1" 200 67989 biark.net "-" "meta-externalagent/1.1 (+https://developers.facebook.com/docs/sharing/webmasters/crawler)" "-"
2a03:2880:f800:: - - [02/May/2026:00:35:21 +0200] "GET /items/B121057589/?path=/homepages/2/d834828290/htdocs/clickandbuilds/caldereria-balantxa.com HTTP/1.1" 200 52512 www.caldereria-balantxa.com "-" "meta-externalagent/1.1 (+https://developers.facebook.com/docs/sharing/webmasters/crawler)" "-"
51.68.247.0 - - [02/May/2026:00:35:21 +0200] "GET /juegos-de-casino-de-bitcoin/ HTTP/1.1" 200 35410 www.soldadura-aircom.com "-" "Mozilla/5.0 (compatible; AhrefsBot/7.0; +http://ahrefs.com/robot/)" "-"
2a03:2880:f800:: - - [02/May/2026:00:35:22 +0200] "GET /post-sitemap5.xml?path=/homepages/2/d834828290/htdocs/clickandbuilds/caldereria-balantxa.com/wp-content/et-cache/13692 HTTP/1.1" 200 13311 www.caldereria-balantxa.com "-" "meta-externalagent/1.1 (+https://developers.facebook.com/docs/sharing/webmasters/crawler)" "-"
2a03:2880:f800:: - - [02/May/2026:00:35:27 +0200] "GET /resultados-oviedo-hoy/ HTTP/1.1" 200 67277 biark.net "-" "meta-externalagent/1.1 (+https://developers.facebook.com/docs/sharing/webmasters/crawler)" "-"
54.39.6.0 - - [02/May/2026:00:35:32 +0200] "GET /juegos-de-casino-que-pagan-dinero-real/ HTTP/1.1" 200 52512 www.caldereria-balantxa.com "-" "Mozilla/5.0 (compatible; AhrefsBot/7.0; +http://ahrefs.com/robot/)" "-"
2a03:2880:f800:: - - [02/May/2026:00:35:36 +0200] "GET /items/B121464161/?path=/homepages/2/d386982304 HTTP/1.1" 200 26941 www.caldereria-balantxa.com "-" "meta-externalagent/1.1 (+https://developers.facebook.com/docs/sharing/webmasters/crawler)" "-"
2a03:2880:f800:: - - [02/May/2026:00:35:37 +0200] "GET /juegos-online-gratis-de-casino/ HTTP/1.1" 200 67840 biark.net "-" "meta-externalagent/1.1 (+https://developers.facebook.com/docs/sharing/webmasters/crawler)" "-"
2a03:2880:f800:: - - [02/May/2026:00:35:40 +0200] "GET /donde-se-creo-el-hockey-sobre-hielo/ HTTP/1.1" 200 67388 biark.net "-" "meta-externalagent/1.1 (+https://developers.facebook.com/docs/sharing/webmasters/crawler)" "-"
114.119.152.0 - - [02/May/2026:00:35:44 +0200] "GET /?p=31499 HTTP/1.1" 301 - elpayasocobrador.com "https://elpayasocobrador.com/mejor-casino-online-para-jugar/" "Mozilla/5.0 (Linux; Android 7.0;) AppleWebKit/537.36 (HTML, like Gecko) Mobile Safari/537.36 (compatible; PetalBot;+https://webmaster.petalsearch.com/site/petalbot)" "-"
82.165.80.0 - - [02/May/2026:00:35:45 +0200] "POST /wp-cron.php?doing_wp_cron=1777674945.5788900852203369140625 HTTP/1.1" 200 - elpayasocobrador.com "-" "WordPress/6.9.4; https://elpayasocobrador.com" "-"
2a03:2880:f800:: - - [02/May/2026:00:35:47 +0200] "GET /post-sitemap11.xml?fileloc=/homepages/2/d834828290/htdocs/clickandbuilds/caldereria-balantxa.com/wp-admin/load-styles.php&path=/homepages/2/d834828290/htdocs/clickandbuilds/caldereria-balantxa.com/wp-admin HTTP/1.1" 200 16339 www.caldereria-balantxa.com "-" "meta-externalagent/1.1 (+https://developers.facebook.com/docs/sharing/webmasters/crawler)" "-"
52.167.144.0 - - [02/May/2026:00:35:48 +0200] "GET /ruleta-bono-de-bienvenida/?path=/homepages HTTP/1.1" 200 81138 www.caldereria-balantxa.com "-" "Mozilla/5.0 AppleWebKit/537.36 (KHTML, like Gecko; compatible; bingbot/2.0; +http://www.bing.com/bingbot.htm) Chrome/116.0.1938.76 Safari/537.36" "-"
114.119.152.0 - - [02/May/2026:00:35:50 +0200] "GET /grupo-casino-se-va-de-colombia/ HTTP/1.1" 200 52445 elpayasocobrador.com "https://elpayasocobrador.com/mejor-casino-online-para-jugar/" "Mozilla/5.0 (Linux; Android 7.0;) AppleWebKit/537.36 (HTML, like Gecko) Mobile Safari/537.36 (compatible; PetalBot;+https://webmaster.petalsearch.com/site/petalbot)" "-"
216.73.217.0 - - [02/May/2026:00:35:50 +0200] "GET /betfred-aplicaci%C3%B3n-de-apuestas-deportivas-online/ HTTP/1.1" 200 52988 elpayasocobrador.com "-" "Mozilla/5.0 AppleWebKit/537.36 (KHTML, like Gecko; compatible; ClaudeBot/1.0; +claudebot@anthropic.com)" "-"
74.7.227.0 - - [02/May/2026:00:35:53 +0200] "GET /?fileloc=/homepages/2/d834828290/htdocs/clickandbuilds/caldereria-balantxa.com/wp-content/et-cache/8936/et-divi-dynamic-8936.css&path=/homepages/2/d834828290/htdocs/clickandbuilds/caldereria-balantxa.com/wp-content/et-cache/8936 HTTP/1.1" 200 12999 caldereria-balantxa.com "https://caldereria-balantxa.com/?path=/homepages/2/d834828290/htdocs/clickandbuilds/caldereria-balantxa.com/wp-content/et-cache/8936" "Mozilla/5.0 AppleWebKit/537.36 (KHTML, like Gecko; compatible; GPTBot/1.3; +https://openai.com/gptbot)" "-"
54.37.118.0 - - [02/May/2026:00:35:54 +0200] "GET /estrella-casino-es-2025-review/ HTTP/1.1" 200 36223 www.soldadura-aircom.com "-" "Mozilla/5.0 (compatible; AhrefsBot/7.0; +http://ahrefs.com/robot/)" "-"
2a03:2880:f800:: - - [02/May/2026:00:35:56 +0200] "GET /post-sitemap12.xml?fileloc=/homepages/2/d834828290/htaccesslist&path=/homepages/2/d834828290 HTTP/1.1" 200 12312 www.caldereria-balantxa.com "-" "meta-externalagent/1.1 (+https://developers.facebook.com/docs/sharing/webmasters/crawler)" "-"
66.249.64.0 - - [02/May/2026:00:35:57 +0200] "GET /2024/03/11/888-casino-es-fiable/ HTTP/1.1" 404 31318 www.soldadura-aircom.com "-" "Mozilla/5.0 (Linux; Android 6.0.1; Nexus 5X Build/MMB29P) AppleWebKit/537.36 (KHTML, like Gecko) Chrome/147.0.7727.137 Mobile Safari/537.36 (compatible; Googlebot/2.1; +http://www.google.com/bot.html)" "-"
2a03:2880:f800:: - - [02/May/2026:00:36:06 +0200] "GET /news_sitemap.xml?fileloc=/homepages/2/d834828290/htdocs/clickandbuilds/caldereria-balantxa.com/wp-admin/media.php&path=/homepages/2/d834828290/htdocs/clickandbuilds/caldereria-balantxa.com/wp-admin HTTP/1.1" 200 13691 caldereria-balantxa.com "-" "meta-externalagent/1.1 (+https://developers.facebook.com/docs/sharing/webmasters/crawler)" "-"
2a03:2880:f800:: - - [02/May/2026:00:36:08 +0200] "GET /mejor-apuestas-deportivas-australia/ HTTP/1.1" 200 66102 biark.net "-" "meta-externalagent/1.1 (+https://developers.facebook.com/docs/sharing/webmasters/crawler)" "-"
74.7.243.0 - - [02/May/2026:00:36:09 +0200] "GET /?p=29196 HTTP/1.1" 301 - elpayasocobrador.com "https://elpayasocobrador.com/?p=32821" "Mozilla/5.0 AppleWebKit/537.36 (KHTML, like Gecko; compatible; GPTBot/1.3; +https://openai.com/gptbot)" "-"
82.165.80.0 - - [02/May/2026:00:36:10 +0200] "POST /wp-cron.php?doing_wp_cron=1777674970.4081630706787109375000 HTTP/1.1" 200 - elpayasocobrador.com "-" "WordPress/6.9.4; https://elpayasocobrador.com" "-"
74.7.242.0 - - [02/May/2026:00:36:10 +0200] "GET /?path=//kunden/kunden/kunden/kunden/kunden/kunden/kunden/proc/thread-self/root/proc/self/root/kunden/mnt/strato HTTP/1.1" 200 15534 www.caldereria-balantxa.com "https://www.caldereria-balantxa.com/?path=//kunden/kunden/kunden/kunden/kunden/kunden/kunden/proc/thread-self/root/proc/self/root/kunden/mnt" "Mozilla/5.0 AppleWebKit/537.36 (KHTML, like Gecko; compatible; GPTBot/1.3; +https://openai.com/gptbot)" "-"
74.7.243.0 - - [02/May/2026:00:36:11 +0200] "GET /juegos-de-casino-online-en-espanol/ HTTP/1.1" 200 53004 elpayasocobrador.com "https://elpayasocobrador.com/?p=29196" "Mozilla/5.0 AppleWebKit/537.36 (KHTML, like Gecko; compatible; GPTBot/1.3; +https://openai.com/gptbot)" "-"
114.119.157.0 - - [02/May/2026:00:36:11 +0200] "GET /2024/03/11/jugar-en-un-casino-bitcoin HTTP/1.1" 404 31318 www.soldadura-aircom.com "-" "Mozilla/5.0 (Linux; Android 7.0;) AppleWebKit/537.36 (HTML, like Gecko) Mobile Safari/537.36 (compatible; PetalBot;+https://webmaster.petalsearch.com/site/petalbot)" "-"
2a03:2880:f800:: - - [02/May/2026:00:36:14 +0200] "GET /items/B121962378/?path=/homepages/2/d834828290/htdocs/clickandbuilds/ERLAIN1 HTTP/1.1" 200 52583 www.caldereria-balantxa.com "-" "meta-externalagent/1.1 (+https://developers.facebook.com/docs/sharing/webmasters/crawler)" "-"
211.21.61.0 - - [02/May/2026:00:36:14 +0200] "POST /xmlrpc.php HTTP/1.1" 429 267 www.erlain.es "-" "Mozilla/5.0 (Windows NT 10.0; Win64; x64) AppleWebKit/537.36 (KHTML, like Gecko) Chrome/137.0.0.0 Safari/537.36" "-"
2a03:2880:f800:: - - [02/May/2026:00:36:19 +0200] "GET /pronosticos-apuestas-carreras-de-caballos/ HTTP/1.1" 200 66901 biark.net "-" "meta-externalagent/1.1 (+https://developers.facebook.com/docs/sharing/webmasters/crawler)" "-"
2a03:2880:f800:: - - [02/May/2026:00:36:22 +0200] "GET /items/B121998256/?path=/homepages/23 HTTP/1.1" 200 127204 www.caldereria-balantxa.com "-" "meta-externalagent/1.1 (+https://developers.facebook.com/docs/sharing/webmasters/crawler)" "-"
47.82.10.0 - - [02/May/2026:00:36:22 +0200] "GET /ganarle-a-tragaperras-online-de-frutas-en-es-2023 HTTP/1.1" 429 267 www.erlain.es "https://www.erlain.es/" "Mozilla/5.0 (Windows NT 10.0; Win64; x64) AppleWebKit/537.36 (KHTML, like Gecko) Chrome/135.0.0.0 Safari/537.36 Edg/135.0.0.0" "-"
87.250.224.0 - - [02/May/2026:00:36:23 +0200] "GET /robots.txt HTTP/1.1" 429 267 biark.net "-" "Mozilla/5.0 (compatible; YandexBot/3.0; +http://yandex.com/bots)" "-"
2a03:2880:f800:: - - [02/May/2026:00:36:25 +0200] "GET /espa%C3%B1a-francia-resultado/ HTTP/1.1" 200 67173 biark.net "-" "meta-externalagent/1.1 (+https://developers.facebook.com/docs/sharing/webmasters/crawler)" "-"
2a03:2880:f800:: - - [02/May/2026:00:36:28 +0200] "GET /pron%C3%B3sticos-de-f%C3%BAtbol-liga-mx/ HTTP/1.1" 200 67922 biark.net "-" "meta-externalagent/1.1 (+https://developers.facebook.com/docs/sharing/webmasters/crawler)" "-"
2a03:2880:f800:: - - [02/May/2026:00:36:28 +0200] "GET /items/B121430973/?path=/homepages/2/d383920536 HTTP/1.1" 200 28407 www.caldereria-balantxa.com "-" "meta-externalagent/1.1 (+https://developers.facebook.com/docs/sharing/webmasters/crawler)" "-"
114.119.156.0 - - [02/May/2026:00:36:29 +0200] "GET /betano-casino-no-deposit-bonus/ HTTP/1.1" 200 55098 www.planeadosalbe.com "https://www.planeadosalbe.com/wp-sitemap-posts-post-1.xml" "Mozilla/5.0 (Linux; Android 7.0;) AppleWebKit/537.36 (HTML, like Gecko) Mobile Safari/537.36 (compatible; PetalBot;+https://webmaster.petalsearch.com/site/petalbot)" "-"
54.37.118.0 - - [02/May/2026:00:36:29 +0200] "GET /enzo-casino-es-2025-review/ HTTP/1.1" 200 35829 www.soldadura-aircom.com "-" "Mozilla/5.0 (compatible; AhrefsBot/7.0; +http://ahrefs.com/robot/)" "-"
2a03:2880:f800:: - - [02/May/2026:00:36:31 +0200] "GET /bono-de-bienvenida/ HTTP/1.1" 200 70982 biark.net "-" "meta-externalagent/1.1 (+https://developers.facebook.com/docs/sharing/webmasters/crawler)" "-"
2a03:2880:f800:: - - [02/May/2026:00:36:35 +0200] "GET /items/B121873268/?fileloc=//bin/mariadb-repair&path=//bin HTTP/1.1" 200 5026517 www.caldereria-balantxa.com "-" "meta-externalagent/1.1 (+https://developers.facebook.com/docs/sharing/webmasters/crawler)" "-"
216.73.217.0 - - [02/May/2026:00:36:38 +0200] "GET /recomendaciones-apuestas-tenis/ HTTP/1.1" 200 52528 elpayasocobrador.com "-" "Mozilla/5.0 AppleWebKit/537.36 (KHTML, like Gecko; compatible; ClaudeBot/1.0; +claudebot@anthropic.com)" "-"
2a03:2880:f800:: - - [02/May/2026:00:36:41 +0200] "GET /items/B121192093/?fileloc=//bin/autoconf&path=//bin HTTP/1.1" 200 29223 www.caldereria-balantxa.com "-" "meta-externalagent/1.1 (+https://developers.facebook.com/docs/sharing/webmasters/crawler)" "-"
2a03:2880:f800:: - - [02/May/2026:00:36:44 +0200] "GET /cuanto-dinero-se-gana-en-el-bingo/ HTTP/1.1" 200 67264 biark.net "-" "meta-externalagent/1.1 (+https://developers.facebook.com/docs/sharing/webmasters/crawler)" "-"
2a03:2880:f800:: - - [02/May/2026:00:36:45 +0200] "GET /se-puede-vivir-del-blackjack/ HTTP/1.1" 200 67335 biark.net "-" "meta-externalagent/1.1 (+https://developers.facebook.com/docs/sharing/webmasters/crawler)" "-"
2a03:2880:f800:: - - [02/May/2026:00:36:45 +0200] "GET /items/B122174116/?fileloc=//bin/x86_64-linux-gnu-gcov&path=//bin HTTP/1.1" 200 615382 www.caldereria-balantxa.com "-" "meta-externalagent/1.1 (+https://developers.facebook.com/docs/sharing/webmasters/crawler)" "-"
