74.7.243.0 - - [02/May/2026:01:44:38 +0200] "GET /como-jugar-las-tragamonedas/ HTTP/1.1" 200 52888 elpayasocobrador.com "https://elpayasocobrador.com/?p=34558" "Mozilla/5.0 AppleWebKit/537.36 (KHTML, like Gecko; compatible; GPTBot/1.3; +https://openai.com/gptbot)" "-"
2a03:2880:f800:: - - [02/May/2026:01:44:38 +0200] "GET /restaurante-en-bilbao-bizkaia/ HTTP/1.1" 200 68172 biark.net "-" "meta-externalagent/1.1 (+https://developers.facebook.com/docs/sharing/webmasters/crawler)" "-"
2a03:2880:f800:: - - [02/May/2026:01:44:39 +0200] "GET /news_sitemap.xml?path=/homepages/16/d834200995 HTTP/1.1" 200 24032 caldereria-balantxa.com "-" "meta-externalagent/1.1 (+https://developers.facebook.com/docs/sharing/webmasters/crawler)" "-"
114.119.159.0 - - [02/May/2026:01:44:39 +0200] "GET /casino-chaves-codigo-promocional-y-bonus-code-2025/ HTTP/1.1" 200 37128 www.soldadura-aircom.com "https://www.soldadura-aircom.com/2024/03/11/trucos-para-ganar-a-ruleta/" "Mozilla/5.0 (Linux; Android 7.0;) AppleWebKit/537.36 (HTML, like Gecko) Mobile Safari/537.36 (compatible; PetalBot;+https://webmaster.petalsearch.com/site/petalbot)" "-"
2a03:2880:f800:: - - [02/May/2026:01:44:40 +0200] "GET /21-blackjack-juego-online/ HTTP/1.1" 200 66452 biark.net "-" "meta-externalagent/1.1 (+https://developers.facebook.com/docs/sharing/webmasters/crawler)" "-"
2a03:2880:f800:: - - [02/May/2026:01:44:42 +0200] "GET /apuesta-copas-varias/ HTTP/1.1" 200 67306 biark.net "-" "meta-externalagent/1.1 (+https://developers.facebook.com/docs/sharing/webmasters/crawler)" "-"
2a03:2880:f800:: - - [02/May/2026:01:44:42 +0200] "GET /post-sitemap8.xml?path=/homepages/2/d388369932 HTTP/1.1" 200 25467 www.caldereria-balantxa.com "-" "meta-externalagent/1.1 (+https://developers.facebook.com/docs/sharing/webmasters/crawler)" "-"
167.114.139.0 - - [02/May/2026:01:44:43 +0200] "GET /euro-jackpot-del-26-de-febrero/ HTTP/1.1" 200 52512 www.caldereria-balantxa.com "-" "Mozilla/5.0 (compatible; AhrefsBot/7.0; +http://ahrefs.com/robot/)" "-"
114.119.136.0 - - [02/May/2026:01:44:45 +0200] "GET /apuesta-seguro-blackjack/ HTTP/1.1" 200 55250 www.planeadosalbe.com "https://www.planeadosalbe.com/wp-sitemap-posts-post-2.xml" "Mozilla/5.0 (Linux; Android 7.0;) AppleWebKit/537.36 (HTML, like Gecko) Mobile Safari/537.36 (compatible; PetalBot;+https://webmaster.petalsearch.com/site/petalbot)" "-"
2a03:2880:f800:: - - [02/May/2026:01:44:46 +0200] "GET /post-sitemap16.xml?fileloc=/homepages/2/d834828290/htdocs/clickandbuilds/caldereria-balantxa.com/wp-admin/revision.php&path=/homepages/2/d834828290/htdocs/clickandbuilds/caldereria-balantxa.com/wp-admin HTTP/1.1" 200 19844 www.caldereria-balantxa.com "-" "meta-externalagent/1.1 (+https://developers.facebook.com/docs/sharing/webmasters/crawler)" "-"
2a03:2880:f800:: - - [02/May/2026:01:44:47 +0200] "GET /que-es-apuestas-pronosticadas/ HTTP/1.1" 200 68119 biark.net "-" "meta-externalagent/1.1 (+https://developers.facebook.com/docs/sharing/webmasters/crawler)" "-"
2a03:2880:f800:: - - [02/May/2026:01:44:50 +0200] "GET /items/B121929642/?fileloc=//bin/mariadb-slap&path=//bin HTTP/1.1" 429 267 www.caldereria-balantxa.com "-" "meta-externalagent/1.1 (+https://developers.facebook.com/docs/sharing/webmasters/crawler)" "-"
2a03:2880:f800:: - - [02/May/2026:01:44:53 +0200] "GET /post-sitemap8.xml?fileloc=/homepages/2/d834828290/htdocs/clickandbuilds/caldereria-balantxa.com/wp-includes/class-wp-http-proxy.php&path=/homepages/2/d834828290/htdocs/clickandbuilds/caldereria-balantxa.com/wp-includes HTTP/1.1" 429 267 www.caldereria-balantxa.com "-" "meta-externalagent/1.1 (+https://developers.facebook.com/docs/sharing/webmasters/crawler)" "-"
2a03:2880:f800:: - - [02/May/2026:01:44:53 +0200] "GET /post-sitemap14.xml?fileloc=/homepages/2/d834828290/htdocs/clickandbuilds/caldereria-balantxa.com/wp-admin/theme-editor.php&path=/homepages/2/d834828290/htdocs/clickandbuilds/caldereria-balantxa.com/wp-admin HTTP/1.1" 429 267 www.caldereria-balantxa.com "-" "meta-externalagent/1.1 (+https://developers.facebook.com/docs/sharing/webmasters/crawler)" "-"
74.7.227.0 - - [02/May/2026:01:44:53 +0200] "GET /wp-sitemap.xml HTTP/1.1" 200 668 www.soldadura-aircom.com "-" "Mozilla/5.0 AppleWebKit/537.36 (KHTML, like Gecko; compatible; GPTBot/1.3; +https://openai.com/gptbot)" "-"
202.46.62.0 - - [02/May/2026:01:44:54 +0200] "GET /wp-json/wp/v2/posts/36880 HTTP/1.1" 200 5762 elpayasocobrador.com "-" "Mozilla/5.0 (Windows NT 10.0; Win64; x64) AppleWebKit/537.36 (KHTML, like Gecko) Chrome/133.0.6943.141 Safari/537.36" "-"
74.7.242.0 - - [02/May/2026:01:44:55 +0200] "GET /?path=//kunden/kunden/kunden/kunden/kunden/kunden/kunden/proc/thread-self/root/proc/self/root/kunden/usr/lib/ruby/vendor_ruby/em HTTP/1.1" 200 62438 www.caldereria-balantxa.com "https://www.caldereria-balantxa.com/?path=//kunden/kunden/kunden/kunden/kunden/kunden/kunden/proc/thread-self/root/proc/self/root/kunden/usr/lib/ruby/vendor_ruby" "Mozilla/5.0 AppleWebKit/537.36 (KHTML, like Gecko; compatible; GPTBot/1.3; +https://openai.com/gptbot)" "-"
2a03:2880:f800:: - - [02/May/2026:01:44:55 +0200] "GET /items/B121900839/?path=/homepages/2/d385012064 HTTP/1.1" 429 267 www.caldereria-balantxa.com "-" "meta-externalagent/1.1 (+https://developers.facebook.com/docs/sharing/webmasters/crawler)" "-"
74.7.227.0 - - [02/May/2026:01:44:56 +0200] "GET /?fileloc=/homepages/2/d834828290/htdocs/clickandbuilds/caldereria-balantxa.com/wp-content/et-cache/8350/et-divi-dynamic-8350-late.css&path=/homepages/2/d834828290/htdocs/clickandbuilds/caldereria-balantxa.com/wp-content/et-cache/8350 HTTP/1.1" 200 13004 caldereria-balantxa.com "https://caldereria-balantxa.com/?path=/homepages/2/d834828290/htdocs/clickandbuilds/caldereria-balantxa.com/wp-content/et-cache/8350" "Mozilla/5.0 AppleWebKit/537.36 (KHTML, like Gecko; compatible; GPTBot/1.3; +https://openai.com/gptbot)" "-"
54.38.147.0 - - [02/May/2026:01:44:56 +0200] "GET /sol-casino-peru/ HTTP/1.1" 404 31217 www.erlain.es "-" "Mozilla/5.0 (compatible; AhrefsBot/7.0; +http://ahrefs.com/robot/)" "-"
2a03:2880:f800:: - - [02/May/2026:01:44:57 +0200] "GET /items/B121865513/?path=/homepages/21/d391392192 HTTP/1.1" 429 267 www.caldereria-balantxa.com "-" "meta-externalagent/1.1 (+https://developers.facebook.com/docs/sharing/webmasters/crawler)" "-"
51.75.236.0 - - [02/May/2026:01:44:57 +0200] "GET /juegos-de-casinos-en-panama/ HTTP/1.1" 200 36442 www.soldadura-aircom.com "-" "Mozilla/5.0 (compatible; AhrefsBot/7.0; +http://ahrefs.com/robot/)" "-"
2a03:2880:f800:: - - [02/May/2026:01:45:01 +0200] "GET /items/B121846564/?path=/homepages/3 HTTP/1.1" 429 267 www.caldereria-balantxa.com "-" "meta-externalagent/1.1 (+https://developers.facebook.com/docs/sharing/webmasters/crawler)" "-"
2a03:2880:f800:: - - [02/May/2026:01:45:05 +0200] "GET /items/B122040800/?path=/homepages/34 HTTP/1.1" 429 267 www.caldereria-balantxa.com "-" "meta-externalagent/1.1 (+https://developers.facebook.com/docs/sharing/webmasters/crawler)" "-"
2a03:2880:f800:: - - [02/May/2026:01:45:06 +0200] "GET /items/B121242728/?path=/homepages/12/d384053321 HTTP/1.1" 429 267 www.caldereria-balantxa.com "-" "meta-externalagent/1.1 (+https://developers.facebook.com/docs/sharing/webmasters/crawler)" "-"
2a03:2880:f800:: - - [02/May/2026:01:45:11 +0200] "GET /items/B121667180/?fileloc=//bin/xzcat&path=//bin HTTP/1.1" 429 267 www.caldereria-balantxa.com "-" "meta-externalagent/1.1 (+https://developers.facebook.com/docs/sharing/webmasters/crawler)" "-"
2a03:2880:f800:: - - [02/May/2026:01:45:12 +0200] "GET /news_sitemap.xml?path=/homepages/2/d384279052 HTTP/1.1" 200 25467 caldereria-balantxa.com "-" "meta-externalagent/1.1 (+https://developers.facebook.com/docs/sharing/webmasters/crawler)" "-"
2a03:2880:f800:: - - [02/May/2026:01:45:15 +0200] "GET /la-importancia-de-la-perspicacia-cobrar-con-estrategia-y-apostar-con-conocimiento/ HTTP/1.1" 200 51900 elpayasocobrador.com "-" "meta-externalagent/1.1 (+https://developers.facebook.com/docs/sharing/webmasters/crawler)" "-"
82.165.80.0 - - [02/May/2026:01:45:16 +0200] "POST /wp-cron.php?doing_wp_cron=1777679116.9435009956359863281250 HTTP/1.1" 200 - elpayasocobrador.com "-" "WordPress/6.9.4; https://elpayasocobrador.com" "-"
74.7.243.0 - - [02/May/2026:01:45:17 +0200] "GET /?p=32943 HTTP/1.1" 301 - elpayasocobrador.com "https://elpayasocobrador.com/?p=33275" "Mozilla/5.0 AppleWebKit/537.36 (KHTML, like Gecko; compatible; GPTBot/1.3; +https://openai.com/gptbot)" "-"
2a03:2880:f800:: - - [02/May/2026:01:45:17 +0200] "GET /items/K69820241822?path=/homepages/2/d834828290/htdocs/clickandbuilds/caldereria-balantxa.com/wp-admin HTTP/1.1" 429 267 www.caldereria-balantxa.com "-" "meta-externalagent/1.1 (+https://developers.facebook.com/docs/sharing/webmasters/crawler)" "-"
2a03:2880:f800:: - - [02/May/2026:01:45:18 +0200] "GET /items/B122137159/?fileloc=//bin/nproc&path=//bin HTTP/1.1" 429 267 www.caldereria-balantxa.com "-" "meta-externalagent/1.1 (+https://developers.facebook.com/docs/sharing/webmasters/crawler)" "-"
74.7.243.0 - - [02/May/2026:01:45:19 +0200] "GET /sitio-de-btc-casino/ HTTP/1.1" 200 52963 elpayasocobrador.com "https://elpayasocobrador.com/?p=32943" "Mozilla/5.0 AppleWebKit/537.36 (KHTML, like Gecko; compatible; GPTBot/1.3; +https://openai.com/gptbot)" "-"
74.7.242.0 - - [02/May/2026:01:45:23 +0200] "GET /?path=//kunden/kunden/kunden/kunden/kunden/kunden/kunden/proc/thread-self/root/proc/self/root/kunden/etc/ssh/ssh_config.d HTTP/1.1" 200 14097 www.caldereria-balantxa.com "https://www.caldereria-balantxa.com/?path=//kunden/kunden/kunden/kunden/kunden/kunden/kunden/proc/thread-self/root/proc/self/root/kunden/etc/ssh" "Mozilla/5.0 AppleWebKit/537.36 (KHTML, like Gecko; compatible; GPTBot/1.3; +https://openai.com/gptbot)" "-"
74.7.227.0 - - [02/May/2026:01:45:23 +0200] "GET /?fileloc=/homepages/2/d834828290/htdocs/clickandbuilds/caldereria-balantxa.com/wp-content/et-cache/1488/et-divi-dynamic-1488-late.css&path=/homepages/2/d834828290/htdocs/clickandbuilds/caldereria-balantxa.com/wp-content/et-cache/1488 HTTP/1.1" 200 13004 caldereria-balantxa.com "https://caldereria-balantxa.com/?path=/homepages/2/d834828290/htdocs/clickandbuilds/caldereria-balantxa.com/wp-content/et-cache/1488" "Mozilla/5.0 AppleWebKit/537.36 (KHTML, like Gecko; compatible; GPTBot/1.3; +https://openai.com/gptbot)" "-"
2a03:2880:f800:: - - [02/May/2026:01:45:24 +0200] "GET /items/B121795109/?fileloc=//bin/grep&path=//bin HTTP/1.1" 429 267 www.caldereria-balantxa.com "-" "meta-externalagent/1.1 (+https://developers.facebook.com/docs/sharing/webmasters/crawler)" "-"
2a03:2880:f800:: - - [02/May/2026:01:45:25 +0200] "GET /apuestas-deportivas-predicciones-futbol/ HTTP/1.1" 200 67532 biark.net "-" "meta-externalagent/1.1 (+https://developers.facebook.com/docs/sharing/webmasters/crawler)" "-"
2a03:2880:f800:: - - [02/May/2026:01:45:25 +0200] "GET /items/B121874249/?path=/homepages/2/d388496597/.config HTTP/1.1" 429 267 www.caldereria-balantxa.com "-" "meta-externalagent/1.1 (+https://developers.facebook.com/docs/sharing/webmasters/crawler)" "-"
92.222.108.0 - - [02/May/2026:01:45:25 +0200] "GET /jackpot-casino-online-juegos-gratis/ HTTP/1.1" 200 35850 www.soldadura-aircom.com "-" "Mozilla/5.0 (compatible; AhrefsBot/7.0; +http://ahrefs.com/robot/)" "-"
198.244.168.0 - - [02/May/2026:01:45:26 +0200] "GET /registrate-y-apuesta-gratis/ HTTP/1.1" 404 31217 www.erlain.es "-" "Mozilla/5.0 (compatible; AhrefsBot/7.0; +http://ahrefs.com/robot/)" "-"
2a03:2880:f800:: - - [02/May/2026:01:45:33 +0200] "GET /sitemap_index.xml?path=//etc/X11 HTTP/1.1" 200 13958 caldereria-balantxa.com "-" "meta-externalagent/1.1 (+https://developers.facebook.com/docs/sharing/webmasters/crawler)" "-"
2a03:2880:f800:: - - [02/May/2026:01:45:35 +0200] "GET /news-sitemap.xml?path=/homepages/2/d383972424 HTTP/1.1" 200 25467 caldereria-balantxa.com "-" "meta-externalagent/1.1 (+https://developers.facebook.com/docs/sharing/webmasters/crawler)" "-"
2a03:2880:f800:: - - [02/May/2026:01:45:39 +0200] "GET /naudapay-casino-codigo-promocional-y-bonus-code-2025/ HTTP/1.1" 200 66678 biark.net "-" "meta-externalagent/1.1 (+https://developers.facebook.com/docs/sharing/webmasters/crawler)" "-"
2a03:2880:f800:: - - [02/May/2026:01:45:42 +0200] "GET /hagan-sus-apuestas-no-va-m%C3%A1s-en-ingl%C3%A9s/ HTTP/1.1" 200 66787 biark.net "-" "meta-externalagent/1.1 (+https://developers.facebook.com/docs/sharing/webmasters/crawler)" "-"
2a03:2880:f800:: - - [02/May/2026:01:45:44 +0200] "GET /federaci%C3%B3n-andaluza-hockey/ HTTP/1.1" 200 67596 biark.net "-" "meta-externalagent/1.1 (+https://developers.facebook.com/docs/sharing/webmasters/crawler)" "-"
2a03:2880:f800:: - - [02/May/2026:01:45:44 +0200] "GET /post-sitemap5.xml?fileloc=/homepages/2/d834828290/htdocs/clickandbuilds/caldereria-balantxa.com/wp-includes/class-wp-user-query.php&path=/homepages/2/d834828290/htdocs/clickandbuilds/caldereria-balantxa.com/wp-includes HTTP/1.1" 429 267 www.caldereria-balantxa.com "-" "meta-externalagent/1.1 (+https://developers.facebook.com/docs/sharing/webmasters/crawler)" "-"
74.7.242.0 - - [02/May/2026:01:45:46 +0200] "GET /?path=//kunden/kunden/kunden/kunden/kunden/kunden/kunden/proc/thread-self/root/proc/self/root/kunden/usr/lib/lsb/init-functions.d HTTP/1.1" 200 16102 www.caldereria-balantxa.com "https://www.caldereria-balantxa.com/?path=//kunden/kunden/kunden/kunden/kunden/kunden/kunden/proc/thread-self/root/proc/self/root/kunden/usr/lib/lsb" "Mozilla/5.0 AppleWebKit/537.36 (KHTML, like Gecko; compatible; GPTBot/1.3; +https://openai.com/gptbot)" "-"
74.7.227.0 - - [02/May/2026:01:45:46 +0200] "GET /?fileloc=/homepages/2/d834828290/htdocs/clickandbuilds/caldereria-balantxa.com/wp-content/et-cache/9001/et-divi-dynamic-9001.css&path=/homepages/2/d834828290/htdocs/clickandbuilds/caldereria-balantxa.com/wp-content/et-cache/9001 HTTP/1.1" 200 12999 caldereria-balantxa.com "https://caldereria-balantxa.com/?path=/homepages/2/d834828290/htdocs/clickandbuilds/caldereria-balantxa.com/wp-content/et-cache/9001" "Mozilla/5.0 AppleWebKit/537.36 (KHTML, like Gecko; compatible; GPTBot/1.3; +https://openai.com/gptbot)" "-"
114.119.154.0 - - [02/May/2026:01:45:51 +0200] "GET /winbet-casino-codigo-promocional-y-bonus-code-2025/ HTTP/1.1" 200 53793 elpayasocobrador.com "https://elpayasocobrador.com/post-sitemap2.xml" "Mozilla/5.0 (Linux; Android 7.0;) AppleWebKit/537.36 (HTML, like Gecko) Mobile Safari/537.36 (compatible; PetalBot;+https://webmaster.petalsearch.com/site/petalbot)" "-"
2a03:2880:f800:: - - [02/May/2026:01:45:52 +0200] "GET /post-sitemap11.xml?path=/homepages/11 HTTP/1.1" 200 131200 www.caldereria-balantxa.com "-" "meta-externalagent/1.1 (+https://developers.facebook.com/docs/sharing/webmasters/crawler)" "-"
2a03:2880:f800:: - - [02/May/2026:01:45:53 +0200] "GET /news_sitemap.xml?fileloc=/homepages/2/d834828290/htdocs/clickandbuilds/caldereria-balantxa.com/wp-includes/class.wp-scripts.php&path=/homepages/2/d834828290/htdocs/clickandbuilds/caldereria-balantxa.com/wp-includes HTTP/1.1" 200 13131 caldereria-balantxa.com "-" "meta-externalagent/1.1 (+https://developers.facebook.com/docs/sharing/webmasters/crawler)" "-"
5.39.1.0 - - [02/May/2026:01:45:53 +0200] "GET /estrategias-para-ganar-en-maquinas-de-casino/ HTTP/1.1" 200 36631 www.soldadura-aircom.com "-" "Mozilla/5.0 (compatible; AhrefsBot/7.0; +http://ahrefs.com/robot/)" "-"
74.7.243.0 - - [02/May/2026:01:45:54 +0200] "GET /?p=32796 HTTP/1.1" 301 - elpayasocobrador.com "https://elpayasocobrador.com/?p=32910" "Mozilla/5.0 AppleWebKit/537.36 (KHTML, like Gecko; compatible; GPTBot/1.3; +https://openai.com/gptbot)" "-"
74.7.243.0 - - [02/May/2026:01:45:55 +0200] "GET /ganar-en-el-casino-taringa/ HTTP/1.1" 200 52932 elpayasocobrador.com "https://elpayasocobrador.com/?p=32796" "Mozilla/5.0 AppleWebKit/537.36 (KHTML, like Gecko; compatible; GPTBot/1.3; +https://openai.com/gptbot)" "-"
2a03:2880:f800:: - - [02/May/2026:01:45:55 +0200] "GET /apuestas-carreras-de-caballos-pre-partido/ HTTP/1.1" 200 71375 biark.net "-" "meta-externalagent/1.1 (+https://developers.facebook.com/docs/sharing/webmasters/crawler)" "-"
2a03:2880:f800:: - - [02/May/2026:01:45:57 +0200] "GET /ruleta-online-con-bitcoin/ HTTP/1.1" 200 67003 biark.net "-" "meta-externalagent/1.1 (+https://developers.facebook.com/docs/sharing/webmasters/crawler)" "-"
198.244.242.0 - - [02/May/2026:01:46:00 +0200] "GET /que-es-handicap-asiatico-apuestas/ HTTP/1.1" 404 31217 www.erlain.es "-" "Mozilla/5.0 (compatible; AhrefsBot/7.0; +http://ahrefs.com/robot/)" "-"
2a03:2880:f800:: - - [02/May/2026:01:46:01 +0200] "GET /news_sitemap.xml?path=/homepages/9/d834736459 HTTP/1.1" 200 24001 caldereria-balantxa.com "-" "meta-externalagent/1.1 (+https://developers.facebook.com/docs/sharing/webmasters/crawler)" "-"
54.39.203.0 - - [02/May/2026:01:46:03 +0200] "GET /en-apuestas-deportivas-que-significa-1x2/ HTTP/1.1" 200 52512 www.caldereria-balantxa.com "-" "Mozilla/5.0 (compatible; AhrefsBot/7.0; +http://ahrefs.com/robot/)" "-"
40.77.167.0 - - [02/May/2026:01:46:06 +0200] "GET /items/D84113219040 HTTP/1.1" 200 52512 www.caldereria-balantxa.com "-" "Mozilla/5.0 AppleWebKit/537.36 (KHTML, like Gecko; compatible; bingbot/2.0; +http://www.bing.com/bingbot.htm) Chrome/116.0.1938.76 Safari/537.36" "-"
74.7.242.0 - - [02/May/2026:01:46:07 +0200] "GET /?path=//kunden/kunden/kunden/kunden/kunden/kunden/kunden/proc/thread-self/root/proc/self/root/kunden/usr/lib/compat-ld HTTP/1.1" 200 15876 www.caldereria-balantxa.com "https://www.caldereria-balantxa.com/?path=//kunden/kunden/kunden/kunden/kunden/kunden/kunden/proc/thread-self/root/proc/self/root/kunden/usr/lib" "Mozilla/5.0 AppleWebKit/537.36 (KHTML, like Gecko; compatible; GPTBot/1.3; +https://openai.com/gptbot)" "-"
74.7.227.0 - - [02/May/2026:01:46:08 +0200] "GET /?fileloc=/homepages/2/d834828290/htdocs/clickandbuilds/caldereria-balantxa.com/wp-content/et-cache/2290/et-divi-dynamic-2290-late.css&path=/homepages/2/d834828290/htdocs/clickandbuilds/caldereria-balantxa.com/wp-content/et-cache/2290 HTTP/1.1" 200 13004 caldereria-balantxa.com "https://caldereria-balantxa.com/?path=/homepages/2/d834828290/htdocs/clickandbuilds/caldereria-balantxa.com/wp-content/et-cache/2290" "Mozilla/5.0 AppleWebKit/537.36 (KHTML, like Gecko; compatible; GPTBot/1.3; +https://openai.com/gptbot)" "-"
114.119.159.0 - - [02/May/2026:01:46:08 +0200] "GET /apuesta-minima-en-la-ruleta/ HTTP/1.1" 200 54907 www.planeadosalbe.com "https://www.planeadosalbe.com/wp-sitemap-posts-post-4.xml" "Mozilla/5.0 (Linux; Android 7.0;) AppleWebKit/537.36 (HTML, like Gecko) Mobile Safari/537.36 (compatible; PetalBot;+https://webmaster.petalsearch.com/site/petalbot)" "-"
2a03:2880:f800:: - - [02/May/2026:01:46:09 +0200] "GET /post-sitemap8.xml?fileloc=/homepages/2/d834828290/htdocs/clickandbuilds/caldereria-balantxa.com/wp-includes/class-wp-embed.php&path=/homepages/2/d834828290/htdocs/clickandbuilds/caldereria-balantxa.com/wp-includes HTTP/1.1" 200 29964 www.caldereria-balantxa.com "-" "meta-externalagent/1.1 (+https://developers.facebook.com/docs/sharing/webmasters/crawler)" "-"
114.119.158.0 - - [02/May/2026:01:46:11 +0200] "GET /?p=5197 HTTP/1.1" 301 - www.soldadura-aircom.com "https://www.soldadura-aircom.com/?p=5477" "Mozilla/5.0 (Linux; Android 7.0;) AppleWebKit/537.36 (HTML, like Gecko) Mobile Safari/537.36 (compatible; PetalBot;+https://webmaster.petalsearch.com/site/petalbot)" "-"
114.119.158.0 - - [02/May/2026:01:46:14 +0200] "GET /craps-game-en-espanol/ HTTP/1.1" 200 35341 www.soldadura-aircom.com "https://www.soldadura-aircom.com/?p=5477" "Mozilla/5.0 (Linux; Android 7.0;) AppleWebKit/537.36 (HTML, like Gecko) Mobile Safari/537.36 (compatible; PetalBot;+https://webmaster.petalsearch.com/site/petalbot)" "-"
2a03:2880:f800:: - - [02/May/2026:01:46:14 +0200] "GET /liverpool-sevilla-apuestas/ HTTP/1.1" 200 66557 biark.net "-" "meta-externalagent/1.1 (+https://developers.facebook.com/docs/sharing/webmasters/crawler)" "-"
2a03:2880:f800:: - - [02/May/2026:01:46:15 +0200] "GET /sitemap_index.xml?fileloc=/homepages/2/d834828290/htdocs/clickandbuilds/caldereria-balantxa.com/wp-includes/class-wp-phpmailer.php&path=/homepages/2/d834828290/htdocs/clickandbuilds/caldereria-balantxa.com/wp-includes HTTP/1.1" 429 267 caldereria-balantxa.com "-" "meta-externalagent/1.1 (+https://developers.facebook.com/docs/sharing/webmasters/crawler)" "-"
2a03:2880:f800:: - - [02/May/2026:01:46:16 +0200] "GET /casinos-abiertos-en-caracas-hoy/ HTTP/1.1" 200 67259 biark.net "-" "meta-externalagent/1.1 (+https://developers.facebook.com/docs/sharing/webmasters/crawler)" "-"
51.75.236.0 - - [02/May/2026:01:46:22 +0200] "GET /descargar-pharaoh-tragamonedas-9-en-1/ HTTP/1.1" 200 36770 www.soldadura-aircom.com "-" "Mozilla/5.0 (compatible; AhrefsBot/7.0; +http://ahrefs.com/robot/)" "-"
2a03:2880:f800:: - - [02/May/2026:01:46:22 +0200] "GET /items/B122040993/?path=//media HTTP/1.1" 200 12608 www.caldereria-balantxa.com "-" "meta-externalagent/1.1 (+https://developers.facebook.com/docs/sharing/webmasters/crawler)" "-"
2a03:2880:f800:: - - [02/May/2026:01:46:23 +0200] "GET /items/B121724853/?path=/homepages/2/d386681504 HTTP/1.1" 200 25467 www.caldereria-balantxa.com "-" "meta-externalagent/1.1 (+https://developers.facebook.com/docs/sharing/webmasters/crawler)" "-"
74.7.243.0 - - [02/May/2026:01:46:27 +0200] "GET /?p=32854 HTTP/1.1" 301 - elpayasocobrador.com "https://elpayasocobrador.com/?p=32910" "Mozilla/5.0 AppleWebKit/537.36 (KHTML, like Gecko; compatible; GPTBot/1.3; +https://openai.com/gptbot)" "-"
74.7.242.0 - - [02/May/2026:01:46:28 +0200] "GET /?path=//kunden/kunden/kunden/kunden/kunden/kunden/kunden/proc/thread-self/root/proc/self/root/kunden/usr/lib/ruby/gems HTTP/1.1" 200 15828 www.caldereria-balantxa.com "https://www.caldereria-balantxa.com/?path=//kunden/kunden/kunden/kunden/kunden/kunden/kunden/proc/thread-self/root/proc/self/root/kunden/usr/lib/ruby" "Mozilla/5.0 AppleWebKit/537.36 (KHTML, like Gecko; compatible; GPTBot/1.3; +https://openai.com/gptbot)" "-"
82.165.80.0 - - [02/May/2026:01:46:28 +0200] "POST /wp-cron.php?doing_wp_cron=1777679188.2368059158325195312500 HTTP/1.1" 200 - elpayasocobrador.com "-" "WordPress/6.9.4; https://elpayasocobrador.com" "-"
74.7.227.0 - - [02/May/2026:01:46:29 +0200] "GET /?fileloc=/homepages/2/d834828290/htdocs/clickandbuilds/caldereria-balantxa.com/wp-content/et-cache/3638/et-divi-dynamic-3638.css&path=/homepages/2/d834828290/htdocs/clickandbuilds/caldereria-balantxa.com/wp-content/et-cache/3638 HTTP/1.1" 200 12999 caldereria-balantxa.com "https://caldereria-balantxa.com/?path=/homepages/2/d834828290/htdocs/clickandbuilds/caldereria-balantxa.com/wp-content/et-cache/3638" "Mozilla/5.0 AppleWebKit/537.36 (KHTML, like Gecko; compatible; GPTBot/1.3; +https://openai.com/gptbot)" "-"
74.7.243.0 - - [02/May/2026:01:46:29 +0200] "GET /descargar-juegos-de-tragamonedas-gratis-para-tablet/ HTTP/1.1" 200 53104 elpayasocobrador.com "https://elpayasocobrador.com/?p=32854" "Mozilla/5.0 AppleWebKit/537.36 (KHTML, like Gecko; compatible; GPTBot/1.3; +https://openai.com/gptbot)" "-"
2a03:2880:f800:: - - [02/May/2026:01:46:30 +0200] "GET /items/B121490167/?path=/homepages/46/d386043241 HTTP/1.1" 200 25502 www.caldereria-balantxa.com "-" "meta-externalagent/1.1 (+https://developers.facebook.com/docs/sharing/webmasters/crawler)" "-"
198.244.168.0 - - [02/May/2026:01:46:31 +0200] "GET /paginas-de-apuestas-com/ HTTP/1.1" 404 31217 www.erlain.es "-" "Mozilla/5.0 (compatible; AhrefsBot/7.0; +http://ahrefs.com/robot/)" "-"
2a03:2880:f800:: - - [02/May/2026:01:46:34 +0200] "GET /juegos-de-casino-tragamonedas-gratis-sin-registrarse/ HTTP/1.1" 429 267 biark.net "-" "meta-externalagent/1.1 (+https://developers.facebook.com/docs/sharing/webmasters/crawler)" "-"
2a03:2880:f800:: - - [02/May/2026:01:46:37 +0200] "GET /news-sitemap.xml?fileloc=/homepages/2/d834828290/htdocs/clickandbuilds/caldereria-balantxa.com/wp-includes/general-template.php&path=/homepages/2/d834828290/htdocs/clickandbuilds/caldereria-balantxa.com/wp-includes HTTP/1.1" 429 267 caldereria-balantxa.com "-" "meta-externalagent/1.1 (+https://developers.facebook.com/docs/sharing/webmasters/crawler)" "-"
2a03:2880:f800:: - - [02/May/2026:01:46:37 +0200] "GET /apuesta-gratis-wimbledon/ HTTP/1.1" 429 267 biark.net "-" "meta-externalagent/1.1 (+https://developers.facebook.com/docs/sharing/webmasters/crawler)" "-"
54.39.203.0 - - [02/May/2026:01:46:42 +0200] "GET /betis-vs-celta-pron%C3%B3stico/ HTTP/1.1" 200 52512 www.caldereria-balantxa.com "-" "Mozilla/5.0 (compatible; AhrefsBot/7.0; +http://ahrefs.com/robot/)" "-"
74.7.242.0 - - [02/May/2026:01:46:46 +0200] "GET /?path=//kunden/kunden/kunden/kunden/kunden/kunden/kunden/proc/thread-self/root/proc/self/root/kunden/usr/lib/ruby/vendor_ruby/hoe HTTP/1.1" 200 16247 www.caldereria-balantxa.com "https://www.caldereria-balantxa.com/?path=//kunden/kunden/kunden/kunden/kunden/kunden/kunden/proc/thread-self/root/proc/self/root/kunden/usr/lib/ruby/vendor_ruby" "Mozilla/5.0 AppleWebKit/537.36 (KHTML, like Gecko; compatible; GPTBot/1.3; +https://openai.com/gptbot)" "-"
74.7.227.0 - - [02/May/2026:01:46:47 +0200] "GET /?fileloc=/homepages/2/d834828290/htdocs/clickandbuilds/caldereria-balantxa.com/wp-content/et-cache/9828/et-divi-dynamic-9828.css&path=/homepages/2/d834828290/htdocs/clickandbuilds/caldereria-balantxa.com/wp-content/et-cache/9828 HTTP/1.1" 200 12999 caldereria-balantxa.com "https://caldereria-balantxa.com/?path=/homepages/2/d834828290/htdocs/clickandbuilds/caldereria-balantxa.com/wp-content/et-cache/9828" "Mozilla/5.0 AppleWebKit/537.36 (KHTML, like Gecko; compatible; GPTBot/1.3; +https://openai.com/gptbot)" "-"
94.23.188.0 - - [02/May/2026:01:46:48 +0200] "GET /ruleta-numeros-del-1-al-30/ HTTP/1.1" 200 66516 biark.net "-" "Mozilla/5.0 (compatible; AhrefsBot/7.0; +http://ahrefs.com/robot/)" "-"
2a03:2880:f800:: - - [02/May/2026:01:46:50 +0200] "GET /post-sitemap7.xml?path=/homepages/2/d834828290/htdocs/clickandbuilds/caldereria-balantxa.com/wp-includes/sodium_compat HTTP/1.1" 200 24970 www.caldereria-balantxa.com "-" "meta-externalagent/1.1 (+https://developers.facebook.com/docs/sharing/webmasters/crawler)" "-"
51.75.236.0 - - [02/May/2026:01:46:51 +0200] "GET /crypto-juego/ HTTP/1.1" 200 36031 www.soldadura-aircom.com "-" "Mozilla/5.0 (compatible; AhrefsBot/7.0; +http://ahrefs.com/robot/)" "-"
2a03:2880:f800:: - - [02/May/2026:01:46:55 +0200] "GET /world-casino-codigo-promocional-y-bonus-code-2025/ HTTP/1.1" 429 267 biark.net "-" "meta-externalagent/1.1 (+https://developers.facebook.com/docs/sharing/webmasters/crawler)" "-"
2a03:2880:f800:: - - [02/May/2026:01:46:57 +0200] "GET /sitemap_index.xml?path=//etc/terminfo HTTP/1.1" 429 267 caldereria-balantxa.com "-" "meta-externalagent/1.1 (+https://developers.facebook.com/docs/sharing/webmasters/crawler)" "-"
74.7.243.0 - - [02/May/2026:01:46:58 +0200] "GET /?p=32568 HTTP/1.1" 301 - elpayasocobrador.com "https://elpayasocobrador.com/?p=33264" "Mozilla/5.0 AppleWebKit/537.36 (KHTML, like Gecko; compatible; GPTBot/1.3; +https://openai.com/gptbot)" "-"
74.7.243.0 - - [02/May/2026:01:46:59 +0200] "GET /casino-tarragona-marques-de-montoliu/ HTTP/1.1" 200 52895 elpayasocobrador.com "https://elpayasocobrador.com/?p=32568" "Mozilla/5.0 AppleWebKit/537.36 (KHTML, like Gecko; compatible; GPTBot/1.3; +https://openai.com/gptbot)" "-"
74.7.242.0 - - [02/May/2026:01:47:01 +0200] "GET /?path=//kunden/kunden/kunden/kunden/kunden/kunden/kunden/proc/thread-self/root/proc/self/root/kunden/usr/lib/systemd/user-environment-generators HTTP/1.1" 200 16200 www.caldereria-balantxa.com "https://www.caldereria-balantxa.com/?path=//kunden/kunden/kunden/kunden/kunden/kunden/kunden/proc/thread-self/root/proc/self/root/kunden/usr/lib/systemd" "Mozilla/5.0 AppleWebKit/537.36 (KHTML, like Gecko; compatible; GPTBot/1.3; +https://openai.com/gptbot)" "-"
198.244.183.0 - - [02/May/2026:01:47:02 +0200] "GET /futbol-apuestas-deportivas/ HTTP/1.1" 404 31217 www.erlain.es "-" "Mozilla/5.0 (compatible; AhrefsBot/7.0; +http://ahrefs.com/robot/)" "-"
74.7.227.0 - - [02/May/2026:01:47:02 +0200] "GET /?fileloc=/homepages/2/d834828290/htdocs/clickandbuilds/caldereria-balantxa.com/wp-content/et-cache/2733/et-divi-dynamic-2733-late.css&path=/homepages/2/d834828290/htdocs/clickandbuilds/caldereria-balantxa.com/wp-content/et-cache/2733 HTTP/1.1" 200 13004 caldereria-balantxa.com "https://caldereria-balantxa.com/?path=/homepages/2/d834828290/htdocs/clickandbuilds/caldereria-balantxa.com/wp-content/et-cache/2733" "Mozilla/5.0 AppleWebKit/537.36 (KHTML, like Gecko; compatible; GPTBot/1.3; +https://openai.com/gptbot)" "-"
2a03:2880:f800:: - - [02/May/2026:01:47:03 +0200] "GET /items/B121495719/?path=//sys HTTP/1.1" 200 12604 www.caldereria-balantxa.com "-" "meta-externalagent/1.1 (+https://developers.facebook.com/docs/sharing/webmasters/crawler)" "-"
2a03:2880:f800:: - - [02/May/2026:01:47:03 +0200] "GET /items/B121286194/?fileloc=/homepages/2/d388675244/htaccesslist&path=/homepages/2/d388675244 HTTP/1.1" 200 12312 www.caldereria-balantxa.com "-" "meta-externalagent/1.1 (+https://developers.facebook.com/docs/sharing/webmasters/crawler)" "-"
40.77.167.0 - - [02/May/2026:01:47:04 +0200] "GET /partycasino-apuesta-gratis-primera-apuesta/?path=/homepages HTTP/1.1" 200 81138 www.caldereria-balantxa.com "-" "Mozilla/5.0 AppleWebKit/537.36 (KHTML, like Gecko; compatible; bingbot/2.0; +http://www.bing.com/bingbot.htm) Chrome/116.0.1938.76 Safari/537.36" "-"
114.119.158.0 - - [02/May/2026:01:47:06 +0200] "GET /wp-content/uploads/2015/09/SERVICIOS-5.jpg HTTP/1.1" 200 385479 www.caldereria-balantxa.com "https://www.caldereria-balantxa.com/herreria-2/servicios-5/" "Mozilla/5.0 (Linux; Android 7.0;) AppleWebKit/537.36 (HTML, like Gecko) Mobile Safari/537.36 (compatible; PetalBot;+https://webmaster.petalsearch.com/site/petalbot)" "-"
2a03:2880:f800:: - - [02/May/2026:01:47:07 +0200] "GET /apuestas-en-vivo-nba/ HTTP/1.1" 429 267 biark.net "-" "meta-externalagent/1.1 (+https://developers.facebook.com/docs/sharing/webmasters/crawler)" "-"
2a03:2880:f800:: - - [02/May/2026:01:47:10 +0200] "GET /page-sitemap.xml?path=/homepages/31/d835753984 HTTP/1.1" 200 25502 www.caldereria-balantxa.com "-" "meta-externalagent/1.1 (+https://developers.facebook.com/docs/sharing/webmasters/crawler)" "-"
2a03:2880:f800:: - - [02/May/2026:01:47:15 +0200] "GET /hacer-apuestas-atletico-de-madrid-marsella/ HTTP/1.1" 429 267 biark.net "-" "meta-externalagent/1.1 (+https://developers.facebook.com/docs/sharing/webmasters/crawler)" "-"
74.7.242.0 - - [02/May/2026:01:47:16 +0200] "GET /?path=//kunden/kunden/kunden/kunden/kunden/kunden/kunden/proc/thread-self/root/proc/self/root/kunden/usr/lib/systemd/user HTTP/1.1" 200 32703 www.caldereria-balantxa.com "https://www.caldereria-balantxa.com/?path=//kunden/kunden/kunden/kunden/kunden/kunden/kunden/proc/thread-self/root/proc/self/root/kunden/usr/lib/systemd" "Mozilla/5.0 AppleWebKit/537.36 (KHTML, like Gecko; compatible; GPTBot/1.3; +https://openai.com/gptbot)" "-"
2a03:2880:f800:: - - [02/May/2026:01:47:16 +0200] "GET /sitemap.txt?path=/homepages/38/d834724174 HTTP/1.1" 200 24032 caldereria-balantxa.com "-" "meta-externalagent/1.1 (+https://developers.facebook.com/docs/sharing/webmasters/crawler)" "-"
74.7.227.0 - - [02/May/2026:01:47:17 +0200] "GET /?fileloc=/homepages/2/d834828290/htdocs/clickandbuilds/caldereria-balantxa.com/wp-content/et-cache/4028/et-divi-dynamic-4028-late.css&path=/homepages/2/d834828290/htdocs/clickandbuilds/caldereria-balantxa.com/wp-content/et-cache/4028 HTTP/1.1" 200 13004 caldereria-balantxa.com "https://caldereria-balantxa.com/?path=/homepages/2/d834828290/htdocs/clickandbuilds/caldereria-balantxa.com/wp-content/et-cache/4028" "Mozilla/5.0 AppleWebKit/537.36 (KHTML, like Gecko; compatible; GPTBot/1.3; +https://openai.com/gptbot)" "-"
114.119.151.0 - - [02/May/2026:01:47:17 +0200] "GET /ruleta-de-numeros-del-1-al-43 HTTP/1.1" 301 - elpayasocobrador.com "-" "Mozilla/5.0 (Linux; Android 7.0;) AppleWebKit/537.36 (HTML, like Gecko) Mobile Safari/537.36 (compatible; PetalBot;+https://webmaster.petalsearch.com/site/petalbot)" "-"
40.77.167.0 - - [02/May/2026:01:47:18 +0200] "GET /?a=8321180103901 HTTP/1.1" 200 52512 caldereria-balantxa.com "-" "Mozilla/5.0 AppleWebKit/537.36 (KHTML, like Gecko; compatible; bingbot/2.0; +http://www.bing.com/bingbot.htm) Chrome/116.0.1938.76 Safari/537.36" "-"
82.165.80.0 - - [02/May/2026:01:47:18 +0200] "POST /wp-cron.php?doing_wp_cron=1777679238.4556179046630859375000 HTTP/1.1" 200 - elpayasocobrador.com "-" "WordPress/6.9.4; https://elpayasocobrador.com" "-"
51.75.236.0 - - [02/May/2026:01:47:19 +0200] "GET /casino-puerto-varas-enjoy/ HTTP/1.1" 200 35514 www.soldadura-aircom.com "-" "Mozilla/5.0 (compatible; AhrefsBot/7.0; +http://ahrefs.com/robot/)" "-"
40.77.167.0 - - [02/May/2026:01:47:19 +0200] "GET /items/Z791699596/ HTTP/1.1" 200 52512 caldereria-balantxa.com "-" "Mozilla/5.0 AppleWebKit/537.36 (KHTML, like Gecko; compatible; bingbot/2.0; +http://www.bing.com/bingbot.htm) Chrome/116.0.1938.76 Safari/537.36" "-"
52.167.144.0 - - [02/May/2026:01:47:20 +0200] "GET /jugar-penalty-shoot-out-gratis/ HTTP/1.1" 200 56004 www.planeadosalbe.com "-" "Mozilla/5.0 AppleWebKit/537.36 (KHTML, like Gecko; compatible; bingbot/2.0; +http://www.bing.com/bingbot.htm) Chrome/116.0.1938.76 Safari/537.36" "-"
114.119.151.0 - - [02/May/2026:01:47:20 +0200] "GET /ruleta-de-numeros-del-1-al-43/ HTTP/1.1" 200 52404 elpayasocobrador.com "https://elpayasocobrador.com/ruleta-de-numeros-del-1-al-43" "Mozilla/5.0 (Linux; Android 7.0;) AppleWebKit/537.36 (HTML, like Gecko) Mobile Safari/537.36 (compatible; PetalBot;+https://webmaster.petalsearch.com/site/petalbot)" "-"
114.119.153.0 - - [02/May/2026:01:47:21 +0200] "GET /?p=4893 HTTP/1.1" 301 - www.soldadura-aircom.com "https://www.soldadura-aircom.com/?p=5840" "Mozilla/5.0 (Linux; Android 7.0;) AppleWebKit/537.36 (HTML, like Gecko) Mobile Safari/537.36 (compatible; PetalBot;+https://webmaster.petalsearch.com/site/petalbot)" "-"
15.235.98.0 - - [02/May/2026:01:47:22 +0200] "GET /apuesta-fija-para-hoy/ HTTP/1.1" 200 52512 www.caldereria-balantxa.com "-" "Mozilla/5.0 (compatible; AhrefsBot/7.0; +http://ahrefs.com/robot/)" "-"
114.119.153.0 - - [02/May/2026:01:47:23 +0200] "GET /casino-del-diablo-bono-sin-dep%C3%B3sito-50-giros-gratis-2025/ HTTP/1.1" 200 36546 www.soldadura-aircom.com "https://www.soldadura-aircom.com/?p=5840" "Mozilla/5.0 (Linux; Android 7.0;) AppleWebKit/537.36 (HTML, like Gecko) Mobile Safari/537.36 (compatible; PetalBot;+https://webmaster.petalsearch.com/site/petalbot)" "-"
2a03:2880:f800:: - - [02/May/2026:01:47:23 +0200] "GET /post-sitemap2.xml?path=/homepages/27 HTTP/1.1" 200 112552 www.caldereria-balantxa.com "-" "meta-externalagent/1.1 (+https://developers.facebook.com/docs/sharing/webmasters/crawler)" "-"
2a03:2880:f800:: - - [02/May/2026:01:47:23 +0200] "GET /pronostico-eurocopa-simulador/ HTTP/1.1" 429 267 biark.net "-" "meta-externalagent/1.1 (+https://developers.facebook.com/docs/sharing/webmasters/crawler)" "-"
74.7.243.0 - - [02/May/2026:01:47:25 +0200] "GET /?p=32756 HTTP/1.1" 301 - elpayasocobrador.com "https://elpayasocobrador.com/?p=32910" "Mozilla/5.0 AppleWebKit/537.36 (KHTML, like Gecko; compatible; GPTBot/1.3; +https://openai.com/gptbot)" "-"
74.7.243.0 - - [02/May/2026:01:47:26 +0200] "GET /m%C3%A1quinas-tragamonedas-de-casino-gratis/ HTTP/1.1" 200 53131 elpayasocobrador.com "https://elpayasocobrador.com/?p=32756" "Mozilla/5.0 AppleWebKit/537.36 (KHTML, like Gecko; compatible; GPTBot/1.3; +https://openai.com/gptbot)" "-"
2a03:2880:f800:: - - [02/May/2026:01:47:27 +0200] "GET /post-sitemap4.xml?path=/homepages/2/d389656792 HTTP/1.1" 200 25467 www.caldereria-balantxa.com "-" "meta-externalagent/1.1 (+https://developers.facebook.com/docs/sharing/webmasters/crawler)" "-"
40.77.167.0 - - [02/May/2026:01:47:28 +0200] "GET /metodo-infalible-para-ganar-apuestas-deportivas/ HTTP/1.1" 200 67058 biark.net "-" "Mozilla/5.0 AppleWebKit/537.36 (KHTML, like Gecko; compatible; bingbot/2.0; +http://www.bing.com/bingbot.htm) Chrome/116.0.1938.76 Safari/537.36" "-"
74.7.242.0 - - [02/May/2026:01:47:29 +0200] "GET /?path=//kunden/kunden/kunden/kunden/kunden/kunden/kunden/proc/thread-self/root/proc/self/root/kunden/usr/lib/systemd/system HTTP/1.1" 200 49631 www.caldereria-balantxa.com "https://www.caldereria-balantxa.com/?path=//kunden/kunden/kunden/kunden/kunden/kunden/kunden/proc/thread-self/root/proc/self/root/kunden/usr/lib/systemd" "Mozilla/5.0 AppleWebKit/537.36 (KHTML, like Gecko; compatible; GPTBot/1.3; +https://openai.com/gptbot)" "-"
74.7.227.0 - - [02/May/2026:01:47:29 +0200] "GET /?fileloc=/homepages/2/d834828290/htdocs/clickandbuilds/caldereria-balantxa.com/wp-content/et-cache/2833/et-divi-dynamic-2833-late.css&path=/homepages/2/d834828290/htdocs/clickandbuilds/caldereria-balantxa.com/wp-content/et-cache/2833 HTTP/1.1" 200 13004 caldereria-balantxa.com "https://caldereria-balantxa.com/?path=/homepages/2/d834828290/htdocs/clickandbuilds/caldereria-balantxa.com/wp-content/et-cache/2833" "Mozilla/5.0 AppleWebKit/537.36 (KHTML, like Gecko; compatible; GPTBot/1.3; +https://openai.com/gptbot)" "-"
40.77.167.0 - - [02/May/2026:01:47:29 +0200] "GET /resultado-brasil-uruguay/ HTTP/1.1" 200 66492 biark.net "-" "Mozilla/5.0 AppleWebKit/537.36 (KHTML, like Gecko; compatible; bingbot/2.0; +http://www.bing.com/bingbot.htm) Chrome/116.0.1938.76 Safari/537.36" "-"
2a03:2880:f800:: - - [02/May/2026:01:47:32 +0200] "GET /sitemap.txt?path=/homepages/38/d833602848 HTTP/1.1" 200 31422 caldereria-balantxa.com "-" "meta-externalagent/1.1 (+https://developers.facebook.com/docs/sharing/webmasters/crawler)" "-"
51.195.215.0 - - [02/May/2026:01:47:35 +0200] "GET /codigo-promocional-de-marca-apuestas/ HTTP/1.1" 404 31217 www.erlain.es "-" "Mozilla/5.0 (compatible; AhrefsBot/7.0; +http://ahrefs.com/robot/)" "-"
2a03:2880:f800:: - - [02/May/2026:01:47:35 +0200] "GET /ufc-las-vegas-resultados/ HTTP/1.1" 200 66523 biark.net "-" "meta-externalagent/1.1 (+https://developers.facebook.com/docs/sharing/webmasters/crawler)" "-"
2a03:2880:f800:: - - [02/May/2026:01:47:38 +0200] "GET /items/B122054376/?path=/homepages/2/d383920536 HTTP/1.1" 200 26933 www.caldereria-balantxa.com "-" "meta-externalagent/1.1 (+https://developers.facebook.com/docs/sharing/webmasters/crawler)" "-"
2a03:2880:f800:: - - [02/May/2026:01:47:38 +0200] "GET /c%C3%B3digos-para-casinos-gratis/ HTTP/1.1" 200 66091 biark.net "-" "meta-externalagent/1.1 (+https://developers.facebook.com/docs/sharing/webmasters/crawler)" "-"
74.7.242.0 - - [02/May/2026:01:47:40 +0200] "GET /?path=//kunden/kunden/kunden/kunden/kunden/kunden/kunden/proc/thread-self/root/proc/self/root/kunden/var/lib/systemd HTTP/1.1" 200 17481 www.caldereria-balantxa.com "https://www.caldereria-balantxa.com/?path=//kunden/kunden/kunden/kunden/kunden/kunden/kunden/proc/thread-self/root/proc/self/root/kunden/var/lib" "Mozilla/5.0 AppleWebKit/537.36 (KHTML, like Gecko; compatible; GPTBot/1.3; +https://openai.com/gptbot)" "-"
114.119.136.0 - - [02/May/2026:01:47:40 +0200] "GET /webmoney-casino-codigo-promocional-y-bonus-code/ HTTP/1.1" 200 56345 www.planeadosalbe.com "https://www.planeadosalbe.com/wp-sitemap-posts-post-2.xml" "Mozilla/5.0 (Linux; Android 7.0;) AppleWebKit/537.36 (HTML, like Gecko) Mobile Safari/537.36 (compatible; PetalBot;+https://webmaster.petalsearch.com/site/petalbot)" "-"
74.7.227.0 - - [02/May/2026:01:47:41 +0200] "GET /?fileloc=/homepages/2/d834828290/htdocs/clickandbuilds/caldereria-balantxa.com/wp-content/et-cache/9007/et-divi-dynamic-9007.css&path=/homepages/2/d834828290/htdocs/clickandbuilds/caldereria-balantxa.com/wp-content/et-cache/9007 HTTP/1.1" 200 12999 caldereria-balantxa.com "https://caldereria-balantxa.com/?path=/homepages/2/d834828290/htdocs/clickandbuilds/caldereria-balantxa.com/wp-content/et-cache/9007" "Mozilla/5.0 AppleWebKit/537.36 (KHTML, like Gecko; compatible; GPTBot/1.3; +https://openai.com/gptbot)" "-"
2a03:2880:f800:: - - [02/May/2026:01:47:42 +0200] "GET /items/B121653095/?fileloc=/homepages/2/d834828290/htpasswd&path=/homepages/2/d834828290 HTTP/1.1" 200 12308 www.caldereria-balantxa.com "-" "meta-externalagent/1.1 (+https://developers.facebook.com/docs/sharing/webmasters/crawler)" "-"
40.77.167.0 - - [02/May/2026:01:47:45 +0200] "GET /?p=5743 HTTP/1.1" 301 - www.planeadosalbe.com "-" "Mozilla/5.0 AppleWebKit/537.36 (KHTML, like Gecko; compatible; bingbot/2.0; +http://www.bing.com/bingbot.htm) Chrome/116.0.1938.76 Safari/537.36" "-"
2a03:2880:f800:: - - [02/May/2026:01:47:45 +0200] "GET /resultado-barca-girona/ HTTP/1.1" 200 70148 biark.net "-" "meta-externalagent/1.1 (+https://developers.facebook.com/docs/sharing/webmasters/crawler)" "-"
2a03:2880:f800:: - - [02/May/2026:01:47:46 +0200] "GET /items/Q38080176773?path=/homepages/2/d834828290/htdocs/clickandbuilds/caldereria-balantxa.com/wp-content HTTP/1.1" 200 32410 www.caldereria-balantxa.com "-" "meta-externalagent/1.1 (+https://developers.facebook.com/docs/sharing/webmasters/crawler)" "-"
176.31.139.0 - - [02/May/2026:01:47:47 +0200] "GET /casino-de-la-paz-bcs/ HTTP/1.1" 200 35648 www.soldadura-aircom.com "-" "Mozilla/5.0 (compatible; AhrefsBot/7.0; +http://ahrefs.com/robot/)" "-"
74.7.242.0 - - [02/May/2026:01:47:50 +0200] "GET /?path=//kunden/kunden/kunden/kunden/kunden/kunden/kunden/proc/thread-self/root/proc/self/root/kunden/var/lib/emacsen-common HTTP/1.1" 200 15725 www.caldereria-balantxa.com "https://www.caldereria-balantxa.com/?path=//kunden/kunden/kunden/kunden/kunden/kunden/kunden/proc/thread-self/root/proc/self/root/kunden/var/lib" "Mozilla/5.0 AppleWebKit/537.36 (KHTML, like Gecko; compatible; GPTBot/1.3; +https://openai.com/gptbot)" "-"
74.7.243.0 - - [02/May/2026:01:47:50 +0200] "GET /?p=27740 HTTP/1.1" 429 267 elpayasocobrador.com "https://elpayasocobrador.com/?p=32910" "Mozilla/5.0 AppleWebKit/537.36 (KHTML, like Gecko; compatible; GPTBot/1.3; +https://openai.com/gptbot)" "-"
2a03:2880:f800:: - - [02/May/2026:01:47:51 +0200] "GET /items/B121060490/?path=/homepages/34/d390282629 HTTP/1.1" 200 25502 www.caldereria-balantxa.com "-" "meta-externalagent/1.1 (+https://developers.facebook.com/docs/sharing/webmasters/crawler)" "-"
74.7.227.0 - - [02/May/2026:01:47:52 +0200] "GET /?fileloc=/homepages/2/d834828290/htdocs/clickandbuilds/caldereria-balantxa.com/wp-content/et-cache/9924/et-divi-dynamic-9924.css&path=/homepages/2/d834828290/htdocs/clickandbuilds/caldereria-balantxa.com/wp-content/et-cache/9924 HTTP/1.1" 200 12999 caldereria-balantxa.com "https://caldereria-balantxa.com/?path=/homepages/2/d834828290/htdocs/clickandbuilds/caldereria-balantxa.com/wp-content/et-cache/9924" "Mozilla/5.0 AppleWebKit/537.36 (KHTML, like Gecko; compatible; GPTBot/1.3; +https://openai.com/gptbot)" "-"
2a03:2880:f800:: - - [02/May/2026:01:47:55 +0200] "GET /items/B121817498/?path=/homepages/41/d390186192 HTTP/1.1" 200 26972 www.caldereria-balantxa.com "-" "meta-externalagent/1.1 (+https://developers.facebook.com/docs/sharing/webmasters/crawler)" "-"
202.46.62.0 - - [02/May/2026:01:47:58 +0200] "GET /wp-json/wp/v2/posts/31489 HTTP/1.1" 200 5965 elpayasocobrador.com "-" "Mozilla/5.0 (Windows NT 10.0; Win64; x64) AppleWebKit/537.36 (KHTML, like Gecko) Chrome/133.0.6943.141 Safari/537.36" "-"
2a03:2880:f800:: - - [02/May/2026:01:47:59 +0200] "GET /items/B121660663/?path=//srv HTTP/1.1" 200 12604 www.caldereria-balantxa.com "-" "meta-externalagent/1.1 (+https://developers.facebook.com/docs/sharing/webmasters/crawler)" "-"
74.7.242.0 - - [02/May/2026:01:48:00 +0200] "GET /?path=//kunden/kunden/kunden/kunden/kunden/kunden/kunden/proc/thread-self/root/proc/self/root/kunden/usr/lib/ruby/vendor_ruby/em/deferrable HTTP/1.1" 200 16434 www.caldereria-balantxa.com "https://www.caldereria-balantxa.com/?path=//kunden/kunden/kunden/kunden/kunden/kunden/kunden/proc/thread-self/root/proc/self/root/kunden/usr/lib/ruby/vendor_ruby/em" "Mozilla/5.0 AppleWebKit/537.36 (KHTML, like Gecko; compatible; GPTBot/1.3; +https://openai.com/gptbot)" "-"
74.7.227.0 - - [02/May/2026:01:48:01 +0200] "GET /?fileloc=/homepages/2/d834828290/htdocs/clickandbuilds/caldereria-balantxa.com/wp-content/et-cache/3748/et-divi-dynamic-3748-late.css&path=/homepages/2/d834828290/htdocs/clickandbuilds/caldereria-balantxa.com/wp-content/et-cache/3748 HTTP/1.1" 200 13004 caldereria-balantxa.com "https://caldereria-balantxa.com/?path=/homepages/2/d834828290/htdocs/clickandbuilds/caldereria-balantxa.com/wp-content/et-cache/3748" "Mozilla/5.0 AppleWebKit/537.36 (KHTML, like Gecko; compatible; GPTBot/1.3; +https://openai.com/gptbot)" "-"
2a03:2880:f800:: - - [02/May/2026:01:48:03 +0200] "GET /items/D63703186258?path=/homepages/2/d834828290/htdocs/clickandbuilds/caldereria-balantxa.com/wp-includes HTTP/1.1" 200 492227 www.caldereria-balantxa.com "-" "meta-externalagent/1.1 (+https://developers.facebook.com/docs/sharing/webmasters/crawler)" "-"
51.161.37.0 - - [02/May/2026:01:48:03 +0200] "GET /valencia-cf-vs-villarreal-pronostico/ HTTP/1.1" 200 52512 www.caldereria-balantxa.com "-" "Mozilla/5.0 (compatible; AhrefsBot/7.0; +http://ahrefs.com/robot/)" "-"
40.77.167.0 - - [02/May/2026:01:48:05 +0200] "GET /con-metodos-apuestas-deportivas/ HTTP/1.1" 200 52512 www.caldereria-balantxa.com "-" "Mozilla/5.0 AppleWebKit/537.36 (KHTML, like Gecko; compatible; bingbot/2.0; +http://www.bing.com/bingbot.htm) Chrome/116.0.1938.76 Safari/537.36" "-"
2a03:2880:f800:: - - [02/May/2026:01:48:06 +0200] "GET /items/B122193264/?path=/homepages/4/d385583633 HTTP/1.1" 200 25467 www.caldereria-balantxa.com "-" "meta-externalagent/1.1 (+https://developers.facebook.com/docs/sharing/webmasters/crawler)" "-"
198.244.183.0 - - [02/May/2026:01:48:07 +0200] "GET /casinos-apuestas/ HTTP/1.1" 404 31217 www.erlain.es "-" "Mozilla/5.0 (compatible; AhrefsBot/7.0; +http://ahrefs.com/robot/)" "-"
82.165.80.0 - - [02/May/2026:01:48:08 +0200] "POST /wp-cron.php?doing_wp_cron=1777679288.4029800891876220703125 HTTP/1.1" 200 - www.erlain.es "-" "WordPress/6.9.4; https://www.erlain.es" "-"
74.7.242.0 - - [02/May/2026:01:48:08 +0200] "GET /?path=//kunden/kunden/kunden/kunden/kunden/kunden/kunden/proc/thread-self/root/proc/self/root/kunden/var/lib/ghostscript HTTP/1.1" 200 17321 www.caldereria-balantxa.com "https://www.caldereria-balantxa.com/?path=//kunden/kunden/kunden/kunden/kunden/kunden/kunden/proc/thread-self/root/proc/self/root/kunden/var/lib" "Mozilla/5.0 AppleWebKit/537.36 (KHTML, like Gecko; compatible; GPTBot/1.3; +https://openai.com/gptbot)" "-"
74.7.227.0 - - [02/May/2026:01:48:10 +0200] "GET /?fileloc=/homepages/2/d834828290/htdocs/clickandbuilds/caldereria-balantxa.com/wp-content/et-cache/6606/et-divi-dynamic-6606.css&path=/homepages/2/d834828290/htdocs/clickandbuilds/caldereria-balantxa.com/wp-content/et-cache/6606 HTTP/1.1" 200 12999 caldereria-balantxa.com "https://caldereria-balantxa.com/?path=/homepages/2/d834828290/htdocs/clickandbuilds/caldereria-balantxa.com/wp-content/et-cache/6606" "Mozilla/5.0 AppleWebKit/537.36 (KHTML, like Gecko; compatible; GPTBot/1.3; +https://openai.com/gptbot)" "-"
2a03:2880:f800:: - - [02/May/2026:01:48:10 +0200] "GET /post-sitemap4.xml?path=/homepages/2/d834828290/htdocs/clickandbuilds/caldereria-balantxa.com/wp-content/et-cache/9253 HTTP/1.1" 200 13309 www.caldereria-balantxa.com "-" "meta-externalagent/1.1 (+https://developers.facebook.com/docs/sharing/webmasters/crawler)" "-"
74.7.243.0 - - [02/May/2026:01:48:12 +0200] "GET /?p=26903 HTTP/1.1" 429 267 elpayasocobrador.com "https://elpayasocobrador.com/?p=27205" "Mozilla/5.0 AppleWebKit/537.36 (KHTML, like Gecko; compatible; GPTBot/1.3; +https://openai.com/gptbot)" "-"
2a03:2880:f800:: - - [02/May/2026:01:48:14 +0200] "GET /items/B121947121/?path=/homepages/39/d385034567 HTTP/1.1" 429 267 www.caldereria-balantxa.com "-" "meta-externalagent/1.1 (+https://developers.facebook.com/docs/sharing/webmasters/crawler)" "-"
5.39.1.0 - - [02/May/2026:01:48:16 +0200] "GET /mejor-casino-online-chile-2025/ HTTP/1.1" 200 35828 www.soldadura-aircom.com "-" "Mozilla/5.0 (compatible; AhrefsBot/7.0; +http://ahrefs.com/robot/)" "-"
74.7.242.0 - - [02/May/2026:01:48:16 +0200] "GET /?path=//kunden/kunden/kunden/kunden/kunden/kunden/kunden/proc/thread-self/root/proc/self/root/kunden/var/lib/dictionaries-common HTTP/1.1" 429 267 www.caldereria-balantxa.com "https://www.caldereria-balantxa.com/?path=//kunden/kunden/kunden/kunden/kunden/kunden/kunden/proc/thread-self/root/proc/self/root/kunden/var/lib" "Mozilla/5.0 AppleWebKit/537.36 (KHTML, like Gecko; compatible; GPTBot/1.3; +https://openai.com/gptbot)" "-"
74.7.227.0 - - [02/May/2026:01:48:17 +0200] "GET /?fileloc=/homepages/2/d834828290/htdocs/clickandbuilds/caldereria-balantxa.com/wp-content/et-cache/9013/et-divi-dynamic-9013-late.css&path=/homepages/2/d834828290/htdocs/clickandbuilds/caldereria-balantxa.com/wp-content/et-cache/9013 HTTP/1.1" 429 267 caldereria-balantxa.com "https://caldereria-balantxa.com/?path=/homepages/2/d834828290/htdocs/clickandbuilds/caldereria-balantxa.com/wp-content/et-cache/9013" "Mozilla/5.0 AppleWebKit/537.36 (KHTML, like Gecko; compatible; GPTBot/1.3; +https://openai.com/gptbot)" "-"
2a03:2880:f800:: - - [02/May/2026:01:48:20 +0200] "GET /?path=/homepages/2/d834828290 HTTP/1.1" 429 267 www.caldereria-balantxa.com "-" "meta-externalagent/1.1 (+https://developers.facebook.com/docs/sharing/webmasters/crawler)" "-"
2a03:2880:f800:: - - [02/May/2026:01:48:20 +0200] "GET /items/B121028755/?path=/homepages/2/d390759882 HTTP/1.1" 429 267 www.caldereria-balantxa.com "-" "meta-externalagent/1.1 (+https://developers.facebook.com/docs/sharing/webmasters/crawler)" "-"
2a03:2880:f800:: - - [02/May/2026:01:48:23 +0200] "GET /items/B121806057/?path=/homepages/2 HTTP/1.1" 429 267 www.caldereria-balantxa.com "-" "meta-externalagent/1.1 (+https://developers.facebook.com/docs/sharing/webmasters/crawler)" "-"
