2a03:2880:f800:: - - [02/May/2026:00:14:27 +0200] "GET /items/B121173752/?fileloc=/homepages/2/d385845374/htpasswd&path=/homepages/2/d385845374 HTTP/1.1" 200 12308 www.caldereria-balantxa.com "-" "meta-externalagent/1.1 (+https://developers.facebook.com/docs/sharing/webmasters/crawler)" "-"
2a03:2880:f800:: - - [02/May/2026:00:14:28 +0200] "GET /wp-json/oembed/1.0/embed?url=https%3A%2F%2Fbiark.net%2Fruleta-barquillos%2F HTTP/1.1" 200 2128 biark.net "-" "meta-externalagent/1.1 (+https://developers.facebook.com/docs/sharing/webmasters/crawler)" "-"
216.73.217.0 - - [02/May/2026:00:14:29 +0200] "GET /slots-online-paypal/ HTTP/1.1" 200 52076 elpayasocobrador.com "-" "Mozilla/5.0 AppleWebKit/537.36 (KHTML, like Gecko; compatible; ClaudeBot/1.0; +claudebot@anthropic.com)" "-"
216.73.217.0 - - [02/May/2026:00:14:29 +0200] "GET /la-mejor-estrategia-para-apuestas-deportivas/ HTTP/1.1" 200 53138 elpayasocobrador.com "-" "Mozilla/5.0 AppleWebKit/537.36 (KHTML, like Gecko; compatible; ClaudeBot/1.0; +claudebot@anthropic.com)" "-"
47.82.10.0 - - [02/May/2026:00:14:30 +0200] "GET /como-ganar-en-las-tragamonedas-online HTTP/1.1" 429 267 elpayasocobrador.com "https://elpayasocobrador.com/" "Mozilla/5.0 (Windows NT 10.0; Win64; x64) AppleWebKit/537.36 (KHTML, like Gecko) Chrome/135.0.0.0 Safari/537.36" "-"
82.165.80.0 - - [02/May/2026:00:14:30 +0200] "POST /wp-cron.php?doing_wp_cron=1777673670.4907610416412353515625 HTTP/1.1" 200 - elpayasocobrador.com "-" "WordPress/6.9.4; https://elpayasocobrador.com" "-"
2a03:2880:f800:: - - [02/May/2026:00:14:31 +0200] "GET /wp-json/wp/v2/posts/3753 HTTP/1.1" 200 6291 biark.net "-" "meta-externalagent/1.1 (+https://developers.facebook.com/docs/sharing/webmasters/crawler)" "-"
2a03:2880:f800:: - - [02/May/2026:00:14:31 +0200] "GET /?p=3753 HTTP/1.1" 301 - biark.net "-" "meta-externalagent/1.1 (+https://developers.facebook.com/docs/sharing/webmasters/crawler)" "-"
216.73.217.0 - - [02/May/2026:00:14:31 +0200] "GET /?p=41650 HTTP/1.1" 301 - elpayasocobrador.com "-" "Mozilla/5.0 AppleWebKit/537.36 (KHTML, like Gecko; compatible; ClaudeBot/1.0; +claudebot@anthropic.com)" "-"
2a03:2880:f800:: - - [02/May/2026:00:14:32 +0200] "GET /items/B121383425/?path=/homepages/2/d388496597 HTTP/1.1" 200 26933 www.caldereria-balantxa.com "-" "meta-externalagent/1.1 (+https://developers.facebook.com/docs/sharing/webmasters/crawler)" "-"
216.73.217.0 - - [02/May/2026:00:14:32 +0200] "GET /gu%C3%ADa-apuestas-deportivas-app/ HTTP/1.1" 200 52689 elpayasocobrador.com "https://elpayasocobrador.com/?p=41650" "Mozilla/5.0 AppleWebKit/537.36 (KHTML, like Gecko; compatible; ClaudeBot/1.0; +claudebot@anthropic.com)" "-"
2a03:2880:f800:: - - [02/May/2026:00:14:35 +0200] "GET /casinos-cripto-an%C3%B3nimos-2025/ HTTP/1.1" 200 68118 biark.net "-" "meta-externalagent/1.1 (+https://developers.facebook.com/docs/sharing/webmasters/crawler)" "-"
74.7.243.0 - - [02/May/2026:00:14:37 +0200] "GET /?p=30082 HTTP/1.1" 301 - elpayasocobrador.com "https://elpayasocobrador.com/?p=32539" "Mozilla/5.0 AppleWebKit/537.36 (KHTML, like Gecko; compatible; GPTBot/1.3; +https://openai.com/gptbot)" "-"
2a03:2880:f800:: - - [02/May/2026:00:14:38 +0200] "GET /items/B121486462/?path=/homepages/2/d834828290/htdocs/clickandbuilds/caldereria-balantxa.com/cgi-bin HTTP/1.1" 200 13064 www.caldereria-balantxa.com "-" "meta-externalagent/1.1 (+https://developers.facebook.com/docs/sharing/webmasters/crawler)" "-"
51.161.65.0 - - [02/May/2026:00:14:38 +0200] "GET /que-casas-de-apuesta-es-rentables-en-per%C3%BA/ HTTP/1.1" 200 52512 www.caldereria-balantxa.com "-" "Mozilla/5.0 (compatible; AhrefsBot/7.0; +http://ahrefs.com/robot/)" "-"
202.46.62.0 - - [02/May/2026:00:14:38 +0200] "GET /wp-json/wp/v2/posts/31199 HTTP/1.1" 200 5957 elpayasocobrador.com "-" "Mozilla/5.0 (Windows NT 10.0; Win64; x64) AppleWebKit/537.36 (KHTML, like Gecko) Chrome/133.0.6943.141 Safari/537.36" "-"
74.7.243.0 - - [02/May/2026:00:14:38 +0200] "GET /sitio-de-baccarat-con-cripto/ HTTP/1.1" 200 52856 elpayasocobrador.com "https://elpayasocobrador.com/?p=30082" "Mozilla/5.0 AppleWebKit/537.36 (KHTML, like Gecko; compatible; GPTBot/1.3; +https://openai.com/gptbot)" "-"
198.244.226.0 - - [02/May/2026:00:14:39 +0200] "GET /nuevas-casas-de-apuestas-deportuvas/ HTTP/1.1" 404 31217 www.erlain.es "-" "Mozilla/5.0 (compatible; AhrefsBot/7.0; +http://ahrefs.com/robot/)" "-"
2a03:2880:f800:: - - [02/May/2026:00:14:42 +0200] "GET /items/B121873268/?fileloc=/homepages/2/d385845374/htpasswd&path=/homepages/2/d385845374 HTTP/1.1" 200 12308 www.caldereria-balantxa.com "-" "meta-externalagent/1.1 (+https://developers.facebook.com/docs/sharing/webmasters/crawler)" "-"
51.68.247.0 - - [02/May/2026:00:14:42 +0200] "GET /casinos-salta-argentina/ HTTP/1.1" 200 67300 biark.net "-" "Mozilla/5.0 (compatible; AhrefsBot/7.0; +http://ahrefs.com/robot/)" "-"
205.185.118.0 - - [02/May/2026:00:14:43 +0200] "POST /wp-login.php HTTP/1.1" 503 19283 soldadura-aircom.com "-" "Mozilla/5.0 (Windows NT 5.1; rv:30.0) Gecko/20100101 Firefox/30.0" "-"
114.119.155.0 - - [02/May/2026:00:14:43 +0200] "GET /?p=31550 HTTP/1.1" 301 - elpayasocobrador.com "https://elpayasocobrador.com/juegos-gratis-en-tragamonedas/" "Mozilla/5.0 (Linux; Android 7.0;) AppleWebKit/537.36 (HTML, like Gecko) Mobile Safari/537.36 (compatible; PetalBot;+https://webmaster.petalsearch.com/site/petalbot)" "-"
114.119.155.0 - - [02/May/2026:00:14:45 +0200] "GET /metodo-blackjack-21/ HTTP/1.1" 200 57732 elpayasocobrador.com "https://elpayasocobrador.com/juegos-gratis-en-tragamonedas/" "Mozilla/5.0 (Linux; Android 7.0;) AppleWebKit/537.36 (HTML, like Gecko) Mobile Safari/537.36 (compatible; PetalBot;+https://webmaster.petalsearch.com/site/petalbot)" "-"
2a03:2880:f800:: - - [02/May/2026:00:14:46 +0200] "GET /items/B121991886/?path=/homepages/39/d387954771 HTTP/1.1" 200 25502 www.caldereria-balantxa.com "-" "meta-externalagent/1.1 (+https://developers.facebook.com/docs/sharing/webmasters/crawler)" "-"
2a03:2880:f800:: - - [02/May/2026:00:14:46 +0200] "GET /jugar-juegos-de-casino-tragamonedas-gratis/ HTTP/1.1" 200 67116 biark.net "-" "meta-externalagent/1.1 (+https://developers.facebook.com/docs/sharing/webmasters/crawler)" "-"
2a03:2880:f800:: - - [02/May/2026:00:14:50 +0200] "GET /post-sitemap11.xml?path=/ HTTP/1.1" 200 44504 www.caldereria-balantxa.com "-" "meta-externalagent/1.1 (+https://developers.facebook.com/docs/sharing/webmasters/crawler)" "-"
74.7.227.0 - - [02/May/2026:00:14:50 +0200] "GET /?fileloc=/homepages/2/d834828290/htdocs/clickandbuilds/caldereria-balantxa.com/wp-content/et-cache/9088/et-divi-dynamic-9088-late.css&path=/homepages/2/d834828290/htdocs/clickandbuilds/caldereria-balantxa.com/wp-content/et-cache/9088 HTTP/1.1" 200 13004 caldereria-balantxa.com "https://caldereria-balantxa.com/?path=/homepages/2/d834828290/htdocs/clickandbuilds/caldereria-balantxa.com/wp-content/et-cache/9088" "Mozilla/5.0 AppleWebKit/537.36 (KHTML, like Gecko; compatible; GPTBot/1.3; +https://openai.com/gptbot)" "-"
54.204.62.0 - - [02/May/2026:00:14:53 +0200] "GET /wp-json/oembed/1.0/embed?format=xml&url=https://www.planeadosalbe.com/casinos-en-hermosillo/ HTTP/1.1" 200 2358 www.planeadosalbe.com "-" "Mozilla/5.0 AppleWebKit/537.36 (KHTML, like Gecko; compatible; Amazonbot/0.1; +https://developer.amazon.com/support/amazonbot) Chrome/119.0.6045.214 Safari/537.36" "-"
2a03:2880:f800:: - - [02/May/2026:00:14:55 +0200] "GET /items/B121199904/?path=/homepages/2/d834828290/htdocs/clickandbuilds/caldereria-balantxa.com/wp-content HTTP/1.1" 200 32410 www.caldereria-balantxa.com "-" "meta-externalagent/1.1 (+https://developers.facebook.com/docs/sharing/webmasters/crawler)" "-"
2a03:2880:f800:: - - [02/May/2026:00:14:59 +0200] "GET /items/B121924010/?path=/homepages/2/d834828290/htdocs/clickandbuilds/caldereria-balantxa.com HTTP/1.1" 200 52512 www.caldereria-balantxa.com "-" "meta-externalagent/1.1 (+https://developers.facebook.com/docs/sharing/webmasters/crawler)" "-"
112.86.225.0 - - [02/May/2026:00:14:59 +0200] "GET /pizzeria-en-bergara-gipuzkoa/ HTTP/1.1" 200 66762 biark.net "-" "Sogou web spider/4.0(+http://www.sogou.com/docs/help/webmasters.htm#07)" "-"
2a03:2880:f800:: - - [02/May/2026:00:14:59 +0200] "GET /trucos-para-ganar-en-maquinitas-tragamonedas/ HTTP/1.1" 200 67705 biark.net "-" "meta-externalagent/1.1 (+https://developers.facebook.com/docs/sharing/webmasters/crawler)" "-"
2a03:2880:f800:: - - [02/May/2026:00:15:00 +0200] "GET /mejor-sitio-de-apuestas-deportivas/ HTTP/1.1" 200 67522 biark.net "-" "meta-externalagent/1.1 (+https://developers.facebook.com/docs/sharing/webmasters/crawler)" "-"
2a03:2880:f800:: - - [02/May/2026:00:15:06 +0200] "GET /items/B121577794/?path=/homepages/2/d834828290/htdocs/clickandbuilds/elpayasocobrador.com HTTP/1.1" 200 52227 www.caldereria-balantxa.com "-" "meta-externalagent/1.1 (+https://developers.facebook.com/docs/sharing/webmasters/crawler)" "-"
2a03:2880:f800:: - - [02/May/2026:00:15:09 +0200] "GET /items/B121156154/?path=/homepages/2/d834828290/htdocs/clickandbuilds/caldereria-balantxa.com/wp-content HTTP/1.1" 200 32410 www.caldereria-balantxa.com "-" "meta-externalagent/1.1 (+https://developers.facebook.com/docs/sharing/webmasters/crawler)" "-"
2a03:2880:f800:: - - [02/May/2026:00:15:12 +0200] "GET /casino-online-juega-en-vivo/ HTTP/1.1" 200 67645 biark.net "-" "meta-externalagent/1.1 (+https://developers.facebook.com/docs/sharing/webmasters/crawler)" "-"
2a03:2880:f800:: - - [02/May/2026:00:15:13 +0200] "GET /items/B121343026/?fileloc=//bin/mysqlcheck&path=//bin HTTP/1.1" 200 5026513 www.caldereria-balantxa.com "-" "meta-externalagent/1.1 (+https://developers.facebook.com/docs/sharing/webmasters/crawler)" "-"
205.185.118.0 - - [02/May/2026:00:15:14 +0200] "GET /wp-admin/themes.php HTTP/1.1" 503 18281 soldadura-aircom.com "-" "python-requests/2.33.1" "-"
205.185.118.0 - - [02/May/2026:00:15:15 +0200] "GET /wp-admin/plugin-install.php?tab=upload HTTP/1.1" 503 18281 soldadura-aircom.com "-" "python-requests/2.33.1" "-"
198.244.168.0 - - [02/May/2026:00:15:15 +0200] "GET /mexico-ecuador-resultado/ HTTP/1.1" 429 267 www.erlain.es "-" "Mozilla/5.0 (compatible; AhrefsBot/7.0; +http://ahrefs.com/robot/)" "-"
2a03:2880:f800:: - - [02/May/2026:00:15:17 +0200] "GET /items/B121476412/?path=/homepages/44/d389281304 HTTP/1.1" 200 25502 www.caldereria-balantxa.com "-" "meta-externalagent/1.1 (+https://developers.facebook.com/docs/sharing/webmasters/crawler)" "-"
74.7.242.0 - - [02/May/2026:00:15:17 +0200] "GET /?path=//kunden/kunden/kunden/kunden/kunden/kunden/kunden/proc/thread-self/root/proc/self/root/kunden/homepages/.meta HTTP/1.1" 200 13970 www.caldereria-balantxa.com "https://www.caldereria-balantxa.com/?path=//kunden/kunden/kunden/kunden/kunden/kunden/kunden/proc/thread-self/root/proc/self/root/kunden/homepages" "Mozilla/5.0 AppleWebKit/537.36 (KHTML, like Gecko; compatible; GPTBot/1.3; +https://openai.com/gptbot)" "-"
2a03:2880:f800:: - - [02/May/2026:00:15:20 +0200] "GET /items/B121868090/?path=/homepages/2/d834828290/htdocs/clickandbuilds/caldereria-balantxa.com/cgi-bin HTTP/1.1" 429 267 www.caldereria-balantxa.com "-" "meta-externalagent/1.1 (+https://developers.facebook.com/docs/sharing/webmasters/crawler)" "-"
92.222.104.0 - - [02/May/2026:00:15:21 +0200] "GET /casino-pause-and-play-cup%C3%B3n-de-50-euros-apuestas-deportivas/ HTTP/1.1" 200 66780 biark.net "-" "Mozilla/5.0 (compatible; AhrefsBot/7.0; +http://ahrefs.com/robot/)" "-"
2a03:2880:f800:: - - [02/May/2026:00:15:23 +0200] "GET /items/B121113183/?path=/homepages/2/d388986995 HTTP/1.1" 429 267 www.caldereria-balantxa.com "-" "meta-externalagent/1.1 (+https://developers.facebook.com/docs/sharing/webmasters/crawler)" "-"
2a03:2880:f800:: - - [02/May/2026:00:15:23 +0200] "GET /items/B121559737/?path=/homepages/2/d834828290/htdocs/clickandbuilds/caldereria-balantxa.com HTTP/1.1" 429 267 www.caldereria-balantxa.com "-" "meta-externalagent/1.1 (+https://developers.facebook.com/docs/sharing/webmasters/crawler)" "-"
2a03:2880:f800:: - - [02/May/2026:00:15:28 +0200] "GET /items/B121403604/?path=/homepages/2/d388511966 HTTP/1.1" 429 267 www.caldereria-balantxa.com "-" "meta-externalagent/1.1 (+https://developers.facebook.com/docs/sharing/webmasters/crawler)" "-"
2a03:2880:f800:: - - [02/May/2026:00:15:28 +0200] "GET /items/B121274764/?path=/homepages/2/d834828290/htdocs/clickandbuilds/caldereria-balantxa.com/wp-includes HTTP/1.1" 429 267 www.caldereria-balantxa.com "-" "meta-externalagent/1.1 (+https://developers.facebook.com/docs/sharing/webmasters/crawler)" "-"
2a03:2880:f800:: - - [02/May/2026:00:15:29 +0200] "GET /pronostico-espa%C3%B1a-alemania/ HTTP/1.1" 200 67840 biark.net "-" "meta-externalagent/1.1 (+https://developers.facebook.com/docs/sharing/webmasters/crawler)" "-"
2a03:2880:f800:: - - [02/May/2026:00:15:32 +0200] "GET /items/B122020843/?path=/homepages/2/d386967264 HTTP/1.1" 429 267 www.caldereria-balantxa.com "-" "meta-externalagent/1.1 (+https://developers.facebook.com/docs/sharing/webmasters/crawler)" "-"
74.7.227.0 - - [02/May/2026:00:15:37 +0200] "GET /?fileloc=/homepages/2/d834828290/htdocs/clickandbuilds/caldereria-balantxa.com/wp-content/et-cache/9485/et-divi-dynamic-9485.css&path=/homepages/2/d834828290/htdocs/clickandbuilds/caldereria-balantxa.com/wp-content/et-cache/9485 HTTP/1.1" 200 12999 caldereria-balantxa.com "https://caldereria-balantxa.com/?path=/homepages/2/d834828290/htdocs/clickandbuilds/caldereria-balantxa.com/wp-content/et-cache/9485" "Mozilla/5.0 AppleWebKit/537.36 (KHTML, like Gecko; compatible; GPTBot/1.3; +https://openai.com/gptbot)" "-"
2a03:2880:f800:: - - [02/May/2026:00:15:38 +0200] "GET /barcelona-vs-espanyol-apuestas/ HTTP/1.1" 200 66449 biark.net "-" "meta-externalagent/1.1 (+https://developers.facebook.com/docs/sharing/webmasters/crawler)" "-"
2a03:2880:f800:: - - [02/May/2026:00:15:39 +0200] "GET /post-sitemap5.xml?path=/homepages/2/d834828290/htdocs/clickandbuilds/caldereria-balantxa.com/wp-content/et-cache/12553 HTTP/1.1" 429 267 www.caldereria-balantxa.com "-" "meta-externalagent/1.1 (+https://developers.facebook.com/docs/sharing/webmasters/crawler)" "-"
2a03:2880:f800:: - - [02/May/2026:00:15:40 +0200] "GET /items/B122164536/?path=/homepages/2/d385012064 HTTP/1.1" 429 267 www.caldereria-balantxa.com "-" "meta-externalagent/1.1 (+https://developers.facebook.com/docs/sharing/webmasters/crawler)" "-"
74.7.243.0 - - [02/May/2026:00:15:40 +0200] "GET /?p=28611 HTTP/1.1" 301 - elpayasocobrador.com "https://elpayasocobrador.com/?p=32539" "Mozilla/5.0 AppleWebKit/537.36 (KHTML, like Gecko; compatible; GPTBot/1.3; +https://openai.com/gptbot)" "-"
2a03:2880:f800:: - - [02/May/2026:00:15:41 +0200] "GET /nhl-logos-equipos/ HTTP/1.1" 200 67156 biark.net "-" "meta-externalagent/1.1 (+https://developers.facebook.com/docs/sharing/webmasters/crawler)" "-"
82.165.80.0 - - [02/May/2026:00:15:41 +0200] "POST /wp-cron.php?doing_wp_cron=1777673741.2325699329376220703125 HTTP/1.1" 200 - elpayasocobrador.com "-" "WordPress/6.9.4; https://elpayasocobrador.com" "-"
74.7.243.0 - - [02/May/2026:00:15:42 +0200] "GET /yoyo-casino-no-deposit-bonus/ HTTP/1.1" 200 56099 elpayasocobrador.com "https://elpayasocobrador.com/?p=28611" "Mozilla/5.0 AppleWebKit/537.36 (KHTML, like Gecko; compatible; GPTBot/1.3; +https://openai.com/gptbot)" "-"
52.167.144.0 - - [02/May/2026:00:15:43 +0200] "GET /ruleta-virtual-online-gratis/ HTTP/1.1" 200 54764 www.planeadosalbe.com "-" "Mozilla/5.0 AppleWebKit/537.36 (KHTML, like Gecko; compatible; bingbot/2.0; +http://www.bing.com/bingbot.htm) Chrome/116.0.1938.76 Safari/537.36" "-"
82.165.80.0 - - [02/May/2026:00:15:44 +0200] "POST /wp-cron.php?doing_wp_cron=1777673744.2360930442810058593750 HTTP/1.1" 200 - www.planeadosalbe.com "-" "WordPress/6.9.4; https://www.planeadosalbe.com" "-"
82.165.80.0 - - [02/May/2026:00:15:45 +0200] "POST /wp-cron.php HTTP/1.1" 200 - www.planeadosalbe.com "-" "WordPress/6.9.4; https://www.planeadosalbe.com" "-"
82.165.80.0 - - [02/May/2026:00:15:45 +0200] "GET / HTTP/1.1" 200 71321 www.planeadosalbe.com "-" "WordPress/6.9.4; https://www.planeadosalbe.com" "-"
2a03:2880:f800:: - - [02/May/2026:00:15:45 +0200] "GET /items/B121757048/?path=/homepages HTTP/1.1" 429 267 www.caldereria-balantxa.com "-" "meta-externalagent/1.1 (+https://developers.facebook.com/docs/sharing/webmasters/crawler)" "-"
2a03:2880:f800:: - - [02/May/2026:00:15:46 +0200] "GET /items/B121484867/?path=/homepages/2/d834828290/htdocs/clickandbuilds/caldereria-balantxa.com/wp-admin HTTP/1.1" 429 267 www.caldereria-balantxa.com "-" "meta-externalagent/1.1 (+https://developers.facebook.com/docs/sharing/webmasters/crawler)" "-"
82.165.80.0 - - [02/May/2026:00:15:47 +0200] "GET / HTTP/1.1" 200 71321 www.planeadosalbe.com "-" "WordPress/6.9.4; https://www.planeadosalbe.com" "-"
2a03:2880:f800:: - - [02/May/2026:00:15:47 +0200] "GET /bruno-casino-bono-sin-dep%C3%B3sito-apuestas-deportivas/ HTTP/1.1" 200 67579 biark.net "-" "meta-externalagent/1.1 (+https://developers.facebook.com/docs/sharing/webmasters/crawler)" "-"
82.165.80.0 - - [02/May/2026:00:15:48 +0200] "GET / HTTP/1.1" 200 71321 www.planeadosalbe.com "-" "WordPress/6.9.4; https://www.planeadosalbe.com" "-"
82.165.80.0 - - [02/May/2026:00:15:49 +0200] "POST /?wordfence_syncAttackData=1777673749.8772 HTTP/1.1" 200 - www.soldadura-aircom.com "-" "WordPress/6.9.4; https://www.soldadura-aircom.com" "-"
114.119.159.0 - - [02/May/2026:00:15:49 +0200] "GET /2024/03/11/para-que-sirve-contar-cartas-en-blackjack/ HTTP/1.1" 404 31318 www.soldadura-aircom.com "https://www.soldadura-aircom.com/wp-sitemap-posts-post-2.xml" "Mozilla/5.0 (Linux; Android 7.0;) AppleWebKit/537.36 (HTML, like Gecko) Mobile Safari/537.36 (compatible; PetalBot;+https://webmaster.petalsearch.com/site/petalbot)" "-"
82.165.80.0 - - [02/May/2026:00:15:50 +0200] "POST /wp-cron.php?doing_wp_cron=1777673750.6138489246368408203125 HTTP/1.1" 200 - www.soldadura-aircom.com "-" "WordPress/6.9.4; https://www.soldadura-aircom.com" "-"
82.165.80.0 - - [02/May/2026:00:15:50 +0200] "GET / HTTP/1.1" 200 71321 www.planeadosalbe.com "-" "WordPress/6.9.4; https://www.planeadosalbe.com" "-"
82.165.80.0 - - [02/May/2026:00:15:51 +0200] "POST /wp-cron.php?doing_wp_cron=1777673751.6077001094818115234375 HTTP/1.1" 200 - www.soldadura-aircom.com "-" "WordPress/6.9.4; https://www.soldadura-aircom.com" "-"
198.244.168.0 - - [02/May/2026:00:15:51 +0200] "GET /mejor-casa-de-apuesta-deportiva/ HTTP/1.1" 429 267 www.erlain.es "-" "Mozilla/5.0 (compatible; AhrefsBot/7.0; +http://ahrefs.com/robot/)" "-"
52.167.144.0 - - [02/May/2026:00:15:54 +0200] "GET /?p=4875 HTTP/1.1" 301 - www.planeadosalbe.com "-" "Mozilla/5.0 AppleWebKit/537.36 (KHTML, like Gecko; compatible; bingbot/2.0; +http://www.bing.com/bingbot.htm) Chrome/116.0.1938.76 Safari/537.36" "-"
2a03:2880:f800:: - - [02/May/2026:00:15:56 +0200] "GET /items/B121107581/?path=/homepages/2/d390557641 HTTP/1.1" 429 267 www.caldereria-balantxa.com "-" "meta-externalagent/1.1 (+https://developers.facebook.com/docs/sharing/webmasters/crawler)" "-"
2a03:2880:f800:: - - [02/May/2026:00:15:57 +0200] "GET /post-sitemap9.xml?fileloc=/homepages/2/d834828290/htdocs/clickandbuilds/caldereria-balantxa.com/wp-includes/css/editor.css&path=/homepages/2/d834828290/htdocs/clickandbuilds/caldereria-balantxa.com/wp-includes/css HTTP/1.1" 429 267 www.caldereria-balantxa.com "-" "meta-externalagent/1.1 (+https://developers.facebook.com/docs/sharing/webmasters/crawler)" "-"
5.39.1.0 - - [02/May/2026:00:15:59 +0200] "GET /casino-en-marbella/ HTTP/1.1" 200 66094 biark.net "-" "Mozilla/5.0 (compatible; AhrefsBot/7.0; +http://ahrefs.com/robot/)" "-"
114.119.151.0 - - [02/May/2026:00:16:00 +0200] "GET /versus-casino-es-2025-review HTTP/1.1" 301 - elpayasocobrador.com "-" "Mozilla/5.0 (Linux; Android 7.0;) AppleWebKit/537.36 (HTML, like Gecko) Mobile Safari/537.36 (compatible; PetalBot;+https://webmaster.petalsearch.com/site/petalbot)" "-"
114.119.151.0 - - [02/May/2026:00:16:02 +0200] "GET /versus-casino-es-2025-review/ HTTP/1.1" 200 56794 elpayasocobrador.com "https://elpayasocobrador.com/versus-casino-es-2025-review" "Mozilla/5.0 (Linux; Android 7.0;) AppleWebKit/537.36 (HTML, like Gecko) Mobile Safari/537.36 (compatible; PetalBot;+https://webmaster.petalsearch.com/site/petalbot)" "-"
40.77.167.0 - - [02/May/2026:00:16:03 +0200] "GET /tragamonedas-gratis-sin-registro-ni-descarga/ HTTP/1.1" 200 67168 biark.net "-" "Mozilla/5.0 AppleWebKit/537.36 (KHTML, like Gecko; compatible; bingbot/2.0; +http://www.bing.com/bingbot.htm) Chrome/116.0.1938.76 Safari/537.36" "-"
74.7.242.0 - - [02/May/2026:00:16:04 +0200] "GET /?fileloc=//kunden/kunden/kunden/kunden/kunden/kunden/kunden/proc/thread-self/root/proc/self/root/kunden/kunden/usr/bin/pnmscalefixed&path=//kunden/kunden/kunden/kunden/kunden/kunden/kunden/proc/thread-self/root/proc/self/root/kunden/kunden/usr/bin HTTP/1.1" 200 36702 www.caldereria-balantxa.com "https://www.caldereria-balantxa.com/?path=//kunden/kunden/kunden/kunden/kunden/kunden/kunden/proc/thread-self/root/proc/self/root/kunden/kunden/usr/bin" "Mozilla/5.0 AppleWebKit/537.36 (KHTML, like Gecko; compatible; GPTBot/1.3; +https://openai.com/gptbot)" "-"
2a03:2880:f800:: - - [02/May/2026:00:16:06 +0200] "GET /items/B121635919/?path=/homepages/8/d833537347 HTTP/1.1" 429 267 www.caldereria-balantxa.com "-" "meta-externalagent/1.1 (+https://developers.facebook.com/docs/sharing/webmasters/crawler)" "-"
54.37.118.0 - - [02/May/2026:00:16:07 +0200] "GET /casinos-valencia-espa%C3%B1a/ HTTP/1.1" 200 36570 www.soldadura-aircom.com "-" "Mozilla/5.0 (compatible; AhrefsBot/7.0; +http://ahrefs.com/robot/)" "-"
2a03:2880:f800:: - - [02/May/2026:00:16:08 +0200] "GET /items/B121679348/?path=/homepages/2/d389734483 HTTP/1.1" 429 267 www.caldereria-balantxa.com "-" "meta-externalagent/1.1 (+https://developers.facebook.com/docs/sharing/webmasters/crawler)" "-"
114.119.137.0 - - [02/May/2026:00:16:08 +0200] "GET /bingo-en-linea/ HTTP/1.1" 200 55304 www.planeadosalbe.com "https://www.planeadosalbe.com/wp-sitemap-posts-post-2.xml" "Mozilla/5.0 (Linux; Android 7.0;) AppleWebKit/537.36 (HTML, like Gecko) Mobile Safari/537.36 (compatible; PetalBot;+https://webmaster.petalsearch.com/site/petalbot)" "-"
2a03:2880:f800:: - - [02/May/2026:00:16:10 +0200] "GET /items/B121078507/?path=/homepages/2/d834828290/htdocs/clickandbuilds/caldereria-balantxa.com HTTP/1.1" 429 267 www.caldereria-balantxa.com "-" "meta-externalagent/1.1 (+https://developers.facebook.com/docs/sharing/webmasters/crawler)" "-"
2a03:2880:f800:: - - [02/May/2026:00:16:11 +0200] "GET /items/B121227066/?path=//sbin HTTP/1.1" 429 267 www.caldereria-balantxa.com "-" "meta-externalagent/1.1 (+https://developers.facebook.com/docs/sharing/webmasters/crawler)" "-"
52.167.144.0 - - [02/May/2026:00:16:12 +0200] "GET /jugar-juegos-de-ruleta-de-casino-gratis/ HTTP/1.1" 200 55182 www.planeadosalbe.com "-" "Mozilla/5.0 AppleWebKit/537.36 (KHTML, like Gecko; compatible; bingbot/2.0; +http://www.bing.com/bingbot.htm) Chrome/116.0.1938.76 Safari/537.36" "-"
2a03:2880:f800:: - - [02/May/2026:00:16:15 +0200] "GET /app-pronosticos-deportivos/ HTTP/1.1" 200 67069 biark.net "-" "meta-externalagent/1.1 (+https://developers.facebook.com/docs/sharing/webmasters/crawler)" "-"
52.167.144.0 - - [02/May/2026:00:16:15 +0200] "GET /tragaperras-online-jetx/ HTTP/1.1" 200 55058 www.planeadosalbe.com "-" "Mozilla/5.0 AppleWebKit/537.36 (KHTML, like Gecko; compatible; bingbot/2.0; +http://www.bing.com/bingbot.htm) Chrome/116.0.1938.76 Safari/537.36" "-"
74.7.227.0 - - [02/May/2026:00:16:20 +0200] "GET /?fileloc=/homepages/2/d834828290/htdocs/clickandbuilds/caldereria-balantxa.com/wp-content/et-cache/8827/et-divi-dynamic-8827.css&path=/homepages/2/d834828290/htdocs/clickandbuilds/caldereria-balantxa.com/wp-content/et-cache/8827 HTTP/1.1" 200 12999 caldereria-balantxa.com "https://caldereria-balantxa.com/?path=/homepages/2/d834828290/htdocs/clickandbuilds/caldereria-balantxa.com/wp-content/et-cache/8827" "Mozilla/5.0 AppleWebKit/537.36 (KHTML, like Gecko; compatible; GPTBot/1.3; +https://openai.com/gptbot)" "-"
114.119.137.0 - - [02/May/2026:00:16:20 +0200] "GET /vivelasuerte-apuestas-deportivas-online/?path=/homepages/2/d390557641 HTTP/1.1" 200 25467 www.caldereria-balantxa.com "-" "Mozilla/5.0 (Linux; Android 7.0;) AppleWebKit/537.36 (KHTML, like Gecko) Mobile Safari/537.36 (compatible; PetalBot;+https://webmaster.petalsearch.com/site/petalbot)" "-"
2a0e:6a80:: - - [02/May/2026:00:16:21 +0200] "POST /xmlrpc.php HTTP/1.1" 429 267 www.caldereria-balantxa.com "-" "Mozilla/5.0 (Windows NT 10.0; Win64; x64) AppleWebKit/537.36 (KHTML, like Gecko) Chrome/142.0.0.0 Safari/537.36 Edg/142.0.0.0" "-"
52.167.144.0 - - [02/May/2026:00:16:23 +0200] "GET /ruleta-de-numeros-hasta-el-25/ HTTP/1.1" 200 54901 www.planeadosalbe.com "-" "Mozilla/5.0 AppleWebKit/537.36 (KHTML, like Gecko; compatible; bingbot/2.0; +http://www.bing.com/bingbot.htm) Chrome/116.0.1938.76 Safari/537.36" "-"
52.167.144.0 - - [02/May/2026:00:16:24 +0200] "GET /jugar-blackjack-en-vivo-espa%C3%B1a/ HTTP/1.1" 200 54737 www.planeadosalbe.com "-" "Mozilla/5.0 AppleWebKit/537.36 (KHTML, like Gecko; compatible; bingbot/2.0; +http://www.bing.com/bingbot.htm) Chrome/116.0.1938.76 Safari/537.36" "-"
2a03:2880:f800:: - - [02/May/2026:00:16:25 +0200] "GET /items/B121322736/?path=/homepages/13 HTTP/1.1" 200 129868 www.caldereria-balantxa.com "-" "meta-externalagent/1.1 (+https://developers.facebook.com/docs/sharing/webmasters/crawler)" "-"
114.119.138.0 - - [02/May/2026:00:16:27 +0200] "GET /vivelasuerte-apuestas-deportivas-online/?path=/homepages/2/d384916184 HTTP/1.1" 200 25467 www.caldereria-balantxa.com "-" "Mozilla/5.0 (Linux; Android 7.0;) AppleWebKit/537.36 (KHTML, like Gecko) Mobile Safari/537.36 (compatible; PetalBot;+https://webmaster.petalsearch.com/site/petalbot)" "-"
2a03:2880:f800:: - - [02/May/2026:00:16:28 +0200] "GET /items/B121066081/?path=/homepages/44/d834125823 HTTP/1.1" 200 25502 www.caldereria-balantxa.com "-" "meta-externalagent/1.1 (+https://developers.facebook.com/docs/sharing/webmasters/crawler)" "-"
52.167.144.0 - - [02/May/2026:00:16:35 +0200] "GET /betify-bono-primera-apuesta-apuestas-deportivas-online/?path=/homepages/2 HTTP/1.1" 200 128273 www.caldereria-balantxa.com "-" "Mozilla/5.0 AppleWebKit/537.36 (KHTML, like Gecko; compatible; bingbot/2.0; +http://www.bing.com/bingbot.htm) Chrome/116.0.1938.76 Safari/537.36" "-"
74.7.243.0 - - [02/May/2026:00:16:38 +0200] "GET /?p=26832 HTTP/1.1" 301 - elpayasocobrador.com "https://elpayasocobrador.com/?p=27173" "Mozilla/5.0 AppleWebKit/537.36 (KHTML, like Gecko; compatible; GPTBot/1.3; +https://openai.com/gptbot)" "-"
5.39.109.0 - - [02/May/2026:00:16:38 +0200] "GET /bacar%C3%A1-en-l%C3%ADnea-con-bitcoin/ HTTP/1.1" 200 66864 biark.net "-" "Mozilla/5.0 (compatible; AhrefsBot/7.0; +http://ahrefs.com/robot/)" "-"
82.165.80.0 - - [02/May/2026:00:16:39 +0200] "POST /wp-cron.php?doing_wp_cron=1777673799.7875709533691406250000 HTTP/1.1" 200 - elpayasocobrador.com "-" "WordPress/6.9.4; https://elpayasocobrador.com" "-"
74.7.243.0 - - [02/May/2026:00:16:40 +0200] "GET /cupones-888-casino/ HTTP/1.1" 200 52531 elpayasocobrador.com "https://elpayasocobrador.com/?p=26832" "Mozilla/5.0 AppleWebKit/537.36 (KHTML, like Gecko; compatible; GPTBot/1.3; +https://openai.com/gptbot)" "-"
2a03:2880:f800:: - - [02/May/2026:00:16:42 +0200] "GET /items/B121671877/?path=/homepages/2/d386298595 HTTP/1.1" 200 25467 www.caldereria-balantxa.com "-" "meta-externalagent/1.1 (+https://developers.facebook.com/docs/sharing/webmasters/crawler)" "-"
74.7.242.0 - - [02/May/2026:00:16:45 +0200] "GET /?fileloc=//kunden/kunden/kunden/kunden/kunden/kunden/kunden/proc/thread-self/root/proc/self/root/kunden/kunden/usr/bin/db_verify&path=//kunden/kunden/kunden/kunden/kunden/kunden/kunden/proc/thread-self/root/proc/self/root/kunden/kunden/usr/bin HTTP/1.1" 200 31053 www.caldereria-balantxa.com "https://www.caldereria-balantxa.com/?path=//kunden/kunden/kunden/kunden/kunden/kunden/kunden/proc/thread-self/root/proc/self/root/kunden/kunden/usr/bin" "Mozilla/5.0 AppleWebKit/537.36 (KHTML, like Gecko; compatible; GPTBot/1.3; +https://openai.com/gptbot)" "-"
2a03:2880:f800:: - - [02/May/2026:00:16:50 +0200] "GET /ruleta-virtual-online-gratis/ HTTP/1.1" 200 67378 biark.net "-" "meta-externalagent/1.1 (+https://developers.facebook.com/docs/sharing/webmasters/crawler)" "-"
202.46.62.0 - - [02/May/2026:00:16:51 +0200] "GET /wp-json/oembed/1.0/embed?url=https%3A%2F%2Felpayasocobrador.com%2Fcasinos-en-la-provincia-de-santa-fe%2F HTTP/1.1" 200 2273 elpayasocobrador.com "-" "Mozilla/5.0 (Windows NT 10.0; Win64; x64) AppleWebKit/537.36 (KHTML, like Gecko) Chrome/133.0.6943.141 Safari/537.36" "-"
17.241.75.0 - - [02/May/2026:00:16:53 +0200] "GET /wp-includes/js/jquery/jquery-migrate.min.js?ver=3.4.1 HTTP/1.1" 200 13577 elpayasocobrador.com "https://elpayasocobrador.com/trucos-apuestas-carreras-de-caballos/" "Mozilla/5.0 (Macintosh; Intel Mac OS X 10_15_7) AppleWebKit/605.1.15 (KHTML, like Gecko) Version/17.4 Safari/605.1.15 (Applebot/0.1; +http://www.apple.com/go/applebot)" "-"
17.241.227.0 - - [02/May/2026:00:16:54 +0200] "GET /wp-includes/js/dist/vendor/wp-polyfill.min.js?ver=3.15.0 HTTP/1.1" 200 33548 elpayasocobrador.com "https://elpayasocobrador.com/trucos-apuestas-carreras-de-caballos/" "Mozilla/5.0 (Macintosh; Intel Mac OS X 10_15_7) AppleWebKit/605.1.15 (KHTML, like Gecko) Version/17.4 Safari/605.1.15 (Applebot/0.1; +http://www.apple.com/go/applebot)" "-"
2a03:2880:f800:: - - [02/May/2026:00:16:55 +0200] "GET /sitemap_index.xml?fileloc=//etc/ld.so.conf&path=//etc HTTP/1.1" 200 12225 caldereria-balantxa.com "-" "meta-externalagent/1.1 (+https://developers.facebook.com/docs/sharing/webmasters/crawler)" "-"
17.241.219.0 - - [02/May/2026:00:16:56 +0200] "GET /wp-content/themes/Divi/js/scripts.min.js?ver=4.27.6 HTTP/1.1" 200 274461 elpayasocobrador.com "https://elpayasocobrador.com/trucos-apuestas-carreras-de-caballos/" "Mozilla/5.0 (Macintosh; Intel Mac OS X 10_15_7) AppleWebKit/605.1.15 (KHTML, like Gecko) Version/17.4 Safari/605.1.15 (Applebot/0.1; +http://www.apple.com/go/applebot)" "-"
17.241.219.0 - - [02/May/2026:00:16:57 +0200] "GET /wp-content/themes/Divi/includes/builder/feature/dynamic-assets/assets/js/jquery.fitvids.js?ver=4.27.6 HTTP/1.1" 200 3349 elpayasocobrador.com "https://elpayasocobrador.com/trucos-apuestas-carreras-de-caballos/" "Mozilla/5.0 (Macintosh; Intel Mac OS X 10_15_7) AppleWebKit/605.1.15 (KHTML, like Gecko) Version/17.4 Safari/605.1.15 (Applebot/0.1; +http://www.apple.com/go/applebot)" "-"
74.7.227.0 - - [02/May/2026:00:16:58 +0200] "GET /?fileloc=/homepages/2/d834828290/htdocs/clickandbuilds/caldereria-balantxa.com/wp-content/et-cache/1020/et-divi-dynamic-1020.css&path=/homepages/2/d834828290/htdocs/clickandbuilds/caldereria-balantxa.com/wp-content/et-cache/1020 HTTP/1.1" 200 12999 caldereria-balantxa.com "https://caldereria-balantxa.com/?path=/homepages/2/d834828290/htdocs/clickandbuilds/caldereria-balantxa.com/wp-content/et-cache/1020" "Mozilla/5.0 AppleWebKit/537.36 (KHTML, like Gecko; compatible; GPTBot/1.3; +https://openai.com/gptbot)" "-"
17.241.219.0 - - [02/May/2026:00:16:59 +0200] "GET /wp-content/plugins/contact-form-7/modules/recaptcha/index.js?ver=6.1.5 HTTP/1.1" 200 934 elpayasocobrador.com "https://elpayasocobrador.com/trucos-apuestas-carreras-de-caballos/" "Mozilla/5.0 (Macintosh; Intel Mac OS X 10_15_7) AppleWebKit/605.1.15 (KHTML, like Gecko) Version/17.4 Safari/605.1.15 (Applebot/0.1; +http://www.apple.com/go/applebot)" "-"
74.7.228.0 - - [02/May/2026:00:16:59 +0200] "GET /robots.txt HTTP/1.1" 200 52512 caldereria-balantxa.com "-" "Mozilla/5.0 (Macintosh; Intel Mac OS X 10_15_7) AppleWebKit/537.36 (KHTML, like Gecko) Chrome/131.0.0.0 Safari/537.36; compatible; OAI-SearchBot/1.3; robots.txt; +https://openai.com/searchbot" "-"
17.241.219.0 - - [02/May/2026:00:17:00 +0200] "GET /wp-content/plugins/wp-smushit/app/assets/js/smush-lazy-load.min.js?ver=3.24.0 HTTP/1.1" 200 13836 elpayasocobrador.com "https://elpayasocobrador.com/trucos-apuestas-carreras-de-caballos/" "Mozilla/5.0 (Macintosh; Intel Mac OS X 10_15_7) AppleWebKit/605.1.15 (KHTML, like Gecko) Version/17.4 Safari/605.1.15 (Applebot/0.1; +http://www.apple.com/go/applebot)" "-"
51.195.244.0 - - [02/May/2026:00:17:01 +0200] "GET /dados-con-btc-vs-probabilidad/ HTTP/1.1" 404 31217 www.erlain.es "-" "Mozilla/5.0 (compatible; AhrefsBot/7.0; +http://ahrefs.com/robot/)" "-"
66.249.93.0 - - [02/May/2026:00:17:06 +0200] "GET /.well-known/assetlinks.json HTTP/1.1" 404 47844 elpayasocobrador.com "-" "GoogleAssociationService" "-"
17.241.75.0 - - [02/May/2026:00:17:06 +0200] "GET /?wordfence_lh=1&hid=FEB9C8EA1C6B3F83E6B15CB263B49513&r=0.34590608785339805 HTTP/1.1" 200 - elpayasocobrador.com "https://elpayasocobrador.com/trucos-apuestas-carreras-de-caballos/" "Mozilla/5.0 (Macintosh; Intel Mac OS X 10_15_7) AppleWebKit/605.1.15 (KHTML, like Gecko) Version/17.4 Safari/605.1.15 (Applebot/0.1; +http://www.apple.com/go/applebot)" "-"
82.165.80.0 - - [02/May/2026:00:17:06 +0200] "POST /wp-cron.php?doing_wp_cron=1777673826.8570709228515625000000 HTTP/1.1" 200 - elpayasocobrador.com "-" "WordPress/6.9.4; https://elpayasocobrador.com" "-"
66.249.93.0 - - [02/May/2026:00:17:06 +0200] "GET /.well-known/assetlinks.json HTTP/1.1" 404 47844 elpayasocobrador.com "-" "GoogleAssociationService" "-"
216.73.217.0 - - [02/May/2026:00:17:06 +0200] "GET /pron%C3%B3stico-getafe-girona/ HTTP/1.1" 200 52903 elpayasocobrador.com "-" "Mozilla/5.0 AppleWebKit/537.36 (KHTML, like Gecko; compatible; ClaudeBot/1.0; +claudebot@anthropic.com)" "-"
2a03:2880:f800:: - - [02/May/2026:00:17:07 +0200] "GET /partycasino-cup%C3%B3n-de-50-euros-apuestas-deportivas/ HTTP/1.1" 200 67119 biark.net "-" "meta-externalagent/1.1 (+https://developers.facebook.com/docs/sharing/webmasters/crawler)" "-"
2a03:2880:f800:: - - [02/May/2026:00:17:07 +0200] "GET /items/B122175889/?path=/homepages/2/d834828290/htdocs/clickandbuilds/elpayasocobrador.com HTTP/1.1" 200 52227 www.caldereria-balantxa.com "-" "meta-externalagent/1.1 (+https://developers.facebook.com/docs/sharing/webmasters/crawler)" "-"
54.37.118.0 - - [02/May/2026:00:17:15 +0200] "GET /apuestas-chile-online/ HTTP/1.1" 200 67574 biark.net "-" "Mozilla/5.0 (compatible; AhrefsBot/7.0; +http://ahrefs.com/robot/)" "-"
142.44.225.0 - - [02/May/2026:00:17:15 +0200] "GET /pron%C3%B3stico-para-esta-semana-en-monterrey/ HTTP/1.1" 200 52512 www.caldereria-balantxa.com "-" "Mozilla/5.0 (compatible; AhrefsBot/7.0; +http://ahrefs.com/robot/)" "-"
2a03:2880:f800:: - - [02/May/2026:00:17:17 +0200] "GET /items/B121050400/?path=/homepages/2/d388675244 HTTP/1.1" 200 25467 www.caldereria-balantxa.com "-" "meta-externalagent/1.1 (+https://developers.facebook.com/docs/sharing/webmasters/crawler)" "-"
136.243.228.0 - - [02/May/2026:00:17:21 +0200] "GET /dados-con-eth?fileloc=/homepages/2/d834828290/htdocs/clickandbuilds/caldereria-balantxa.com/wp-activate.php&path=/homepages/2/d834828290/htdocs/clickandbuilds/caldereria-balantxa.com HTTP/1.1" 200 21597 www.caldereria-balantxa.com "-" "Mozilla/5.0 (compatible; DataForSeoBot/1.0; +https://dataforseo.com/dataforseo-bot)" "-"
74.7.242.0 - - [02/May/2026:00:17:21 +0200] "GET /?fileloc=//kunden/kunden/kunden/kunden/kunden/kunden/kunden/proc/thread-self/root/proc/self/root/kunden/kunden/usr/bin/db_archive&path=//kunden/kunden/kunden/kunden/kunden/kunden/kunden/proc/thread-self/root/proc/self/root/kunden/kunden/usr/bin HTTP/1.1" 200 30243 www.caldereria-balantxa.com "https://www.caldereria-balantxa.com/?path=//kunden/kunden/kunden/kunden/kunden/kunden/kunden/proc/thread-self/root/proc/self/root/kunden/kunden/usr/bin" "Mozilla/5.0 AppleWebKit/537.36 (KHTML, like Gecko; compatible; GPTBot/1.3; +https://openai.com/gptbot)" "-"
2a03:2880:f800:: - - [02/May/2026:00:17:24 +0200] "GET /juegos-online-de-casino/ HTTP/1.1" 200 67261 biark.net "-" "meta-externalagent/1.1 (+https://developers.facebook.com/docs/sharing/webmasters/crawler)" "-"
2a03:2880:f800:: - - [02/May/2026:00:17:26 +0200] "GET /items/B121746148/?path=/homepages/33/d392118166 HTTP/1.1" 200 25502 www.caldereria-balantxa.com "-" "meta-externalagent/1.1 (+https://developers.facebook.com/docs/sharing/webmasters/crawler)" "-"
74.7.243.0 - - [02/May/2026:00:17:27 +0200] "GET /?p=26674 HTTP/1.1" 301 - elpayasocobrador.com "https://elpayasocobrador.com/?p=27173" "Mozilla/5.0 AppleWebKit/537.36 (KHTML, like Gecko; compatible; GPTBot/1.3; +https://openai.com/gptbot)" "-"
74.7.243.0 - - [02/May/2026:00:17:29 +0200] "GET /como-jugar-al-21-con-cartas-espa%C3%B1olas/ HTTP/1.1" 200 53119 elpayasocobrador.com "https://elpayasocobrador.com/?p=26674" "Mozilla/5.0 AppleWebKit/537.36 (KHTML, like Gecko; compatible; GPTBot/1.3; +https://openai.com/gptbot)" "-"
2a03:2880:f800:: - - [02/May/2026:00:17:30 +0200] "GET /los-casinos-bitcoin-m%C3%A1s-nuevos/ HTTP/1.1" 200 67655 biark.net "-" "meta-externalagent/1.1 (+https://developers.facebook.com/docs/sharing/webmasters/crawler)" "-"
136.243.228.0 - - [02/May/2026:00:17:31 +0200] "GET /dados-con-eth?fileloc=/homepages/2/d834828290/htdocs/clickandbuilds/caldereria-balantxa.com/wp-blog-header.php&path=/homepages/2/d834828290/htdocs/clickandbuilds/caldereria-balantxa.com HTTP/1.1" 200 12991 www.caldereria-balantxa.com "-" "Mozilla/5.0 (compatible; DataForSeoBot/1.0; +https://dataforseo.com/dataforseo-bot)" "-"
74.7.227.0 - - [02/May/2026:00:17:32 +0200] "GET /?fileloc=/homepages/2/d834828290/htdocs/clickandbuilds/caldereria-balantxa.com/wp-content/et-cache/8633/et-divi-dynamic-8633.css&path=/homepages/2/d834828290/htdocs/clickandbuilds/caldereria-balantxa.com/wp-content/et-cache/8633 HTTP/1.1" 200 12999 caldereria-balantxa.com "https://caldereria-balantxa.com/?path=/homepages/2/d834828290/htdocs/clickandbuilds/caldereria-balantxa.com/wp-content/et-cache/8633" "Mozilla/5.0 AppleWebKit/537.36 (KHTML, like Gecko; compatible; GPTBot/1.3; +https://openai.com/gptbot)" "-"
2a03:2880:f800:: - - [02/May/2026:00:17:35 +0200] "GET /sitemap_index.xml?path=//etc/rcS.d HTTP/1.1" 200 15478 caldereria-balantxa.com "-" "meta-externalagent/1.1 (+https://developers.facebook.com/docs/sharing/webmasters/crawler)" "-"
136.243.228.0 - - [02/May/2026:00:17:39 +0200] "GET /dados-con-eth?fileloc=/homepages/2/d834828290/htdocs/clickandbuilds/caldereria-balantxa.com/wp-admin.zip&path=/homepages/2/d834828290/htdocs/clickandbuilds/caldereria-balantxa.com HTTP/1.1" 200 4766741 www.caldereria-balantxa.com "-" "Mozilla/5.0 (compatible; DataForSeoBot/1.0; +https://dataforseo.com/dataforseo-bot)" "-"
52.167.144.0 - - [02/May/2026:00:17:40 +0200] "GET /casinos-en-ciudad-acu%C3%B1a-coahuila/?path=//etc/ghostscript HTTP/1.1" 200 15334 www.caldereria-balantxa.com "-" "Mozilla/5.0 AppleWebKit/537.36 (KHTML, like Gecko; compatible; bingbot/2.0; +http://www.bing.com/bingbot.htm) Chrome/116.0.1938.76 Safari/537.36" "-"
114.119.152.0 - - [02/May/2026:00:17:43 +0200] "GET /trucos-para-las-maquinitas-tragamonedas/ HTTP/1.1" 200 52734 elpayasocobrador.com "https://elpayasocobrador.com/post-sitemap3.xml" "Mozilla/5.0 (Linux; Android 7.0;) AppleWebKit/537.36 (HTML, like Gecko) Mobile Safari/537.36 (compatible; PetalBot;+https://webmaster.petalsearch.com/site/petalbot)" "-"
2a03:2880:f800:: - - [02/May/2026:00:17:43 +0200] "GET /post-sitemap15.xml?path=/homepages/43/d386602303 HTTP/1.1" 200 28466 www.caldereria-balantxa.com "-" "meta-externalagent/1.1 (+https://developers.facebook.com/docs/sharing/webmasters/crawler)" "-"
136.243.228.0 - - [02/May/2026:00:17:49 +0200] "GET /dados-con-eth?fileloc=/homepages/2/d834828290/htdocs/clickandbuilds/caldereria-balantxa.com/xmlrpc.php&path=/homepages/2/d834828290/htdocs/clickandbuilds/caldereria-balantxa.com HTTP/1.1" 200 16482 www.caldereria-balantxa.com "-" "Mozilla/5.0 (compatible; DataForSeoBot/1.0; +https://dataforseo.com/dataforseo-bot)" "-"
2a03:2880:f800:: - - [02/May/2026:00:17:50 +0200] "GET /items/B121993120/?path=/homepages/2/d834828290/htdocs/clickandbuilds/caldereria-balantxa.com/.well-known HTTP/1.1" 200 13072 www.caldereria-balantxa.com "-" "meta-externalagent/1.1 (+https://developers.facebook.com/docs/sharing/webmasters/crawler)" "-"
2a03:2880:f800:: - - [02/May/2026:00:17:52 +0200] "GET /herramientas-apuestas-deportivas-tips/ HTTP/1.1" 200 66913 biark.net "-" "meta-externalagent/1.1 (+https://developers.facebook.com/docs/sharing/webmasters/crawler)" "-"
51.75.236.0 - - [02/May/2026:00:17:53 +0200] "GET /apuesta-gratis-sin-deposito-2025/ HTTP/1.1" 200 67542 biark.net "-" "Mozilla/5.0 (compatible; AhrefsBot/7.0; +http://ahrefs.com/robot/)" "-"
74.7.242.0 - - [02/May/2026:00:17:55 +0200] "GET /?fileloc=//kunden/kunden/kunden/kunden/kunden/kunden/kunden/proc/thread-self/root/proc/self/root/kunden/kunden/usr/bin/nsupdate&path=//kunden/kunden/kunden/kunden/kunden/kunden/kunden/proc/thread-self/root/proc/self/root/kunden/kunden/usr/bin HTTP/1.1" 200 112941 www.caldereria-balantxa.com "https://www.caldereria-balantxa.com/?path=//kunden/kunden/kunden/kunden/kunden/kunden/kunden/proc/thread-self/root/proc/self/root/kunden/kunden/usr/bin" "Mozilla/5.0 AppleWebKit/537.36 (KHTML, like Gecko; compatible; GPTBot/1.3; +https://openai.com/gptbot)" "-"
2a03:2880:f800:: - - [02/May/2026:00:17:57 +0200] "GET /items/B122066123/?path=/homepages HTTP/1.1" 200 81138 www.caldereria-balantxa.com "-" "meta-externalagent/1.1 (+https://developers.facebook.com/docs/sharing/webmasters/crawler)" "-"
136.243.228.0 - - [02/May/2026:00:17:57 +0200] "GET /dados-con-eth?path=/homepages/2/d834828290 HTTP/1.1" 200 31371 www.caldereria-balantxa.com "-" "Mozilla/5.0 (compatible; DataForSeoBot/1.0; +https://dataforseo.com/dataforseo-bot)" "-"
37.59.204.0 - - [02/May/2026:00:18:01 +0200] "GET /casinos-sin-licencia-espa%C3%B1ola/ HTTP/1.1" 200 36911 www.soldadura-aircom.com "-" "Mozilla/5.0 (compatible; AhrefsBot/7.0; +http://ahrefs.com/robot/)" "-"
82.165.80.0 - - [02/May/2026:00:18:03 +0200] "POST /wp-cron.php?doing_wp_cron=1777673883.1115250587463378906250 HTTP/1.1" 200 - www.soldadura-aircom.com "-" "WordPress/6.9.4; https://www.soldadura-aircom.com" "-"
114.119.159.0 - - [02/May/2026:00:18:03 +0200] "GET /2024/03/11/nuevos-casinos-tether-sin-dep%C3%B3sito/ HTTP/1.1" 404 31318 www.soldadura-aircom.com "https://www.soldadura-aircom.com/wp-sitemap-posts-post-3.xml" "Mozilla/5.0 (Linux; Android 7.0;) AppleWebKit/537.36 (HTML, like Gecko) Mobile Safari/537.36 (compatible; PetalBot;+https://webmaster.petalsearch.com/site/petalbot)" "-"
74.7.227.0 - - [02/May/2026:00:18:03 +0200] "GET /?fileloc=/homepages/2/d834828290/htdocs/clickandbuilds/caldereria-balantxa.com/wp-content/et-cache/7188/et-divi-dynamic-7188.css&path=/homepages/2/d834828290/htdocs/clickandbuilds/caldereria-balantxa.com/wp-content/et-cache/7188 HTTP/1.1" 200 12999 caldereria-balantxa.com "https://caldereria-balantxa.com/?path=/homepages/2/d834828290/htdocs/clickandbuilds/caldereria-balantxa.com/wp-content/et-cache/7188" "Mozilla/5.0 AppleWebKit/537.36 (KHTML, like Gecko; compatible; GPTBot/1.3; +https://openai.com/gptbot)" "-"
82.165.80.0 - - [02/May/2026:00:18:04 +0200] "POST /wp-cron.php?doing_wp_cron=1777673884.4678928852081298828125 HTTP/1.1" 200 - www.soldadura-aircom.com "-" "WordPress/6.9.4; https://www.soldadura-aircom.com" "-"
2a03:2880:f800:: - - [02/May/2026:00:18:04 +0200] "GET /items/B121153841/?path=/homepages/2/d834828290/htdocs/clickandbuilds/caldereria-balantxa.com/wp-admin HTTP/1.1" 200 182614 www.caldereria-balantxa.com "-" "meta-externalagent/1.1 (+https://developers.facebook.com/docs/sharing/webmasters/crawler)" "-"
136.243.228.0 - - [02/May/2026:00:18:06 +0200] "GET /dados-con-eth?path=/homepages/2/d834828290/htdocs/clickandbuilds HTTP/1.1" 200 21572 www.caldereria-balantxa.com "-" "Mozilla/5.0 (compatible; DataForSeoBot/1.0; +https://dataforseo.com/dataforseo-bot)" "-"
114.119.157.0 - - [02/May/2026:00:18:07 +0200] "GET /bingo-en-linea-apuestas/ HTTP/1.1" 200 54719 www.planeadosalbe.com "https://www.planeadosalbe.com/wp-sitemap-posts-post-1.xml" "Mozilla/5.0 (Linux; Android 7.0;) AppleWebKit/537.36 (HTML, like Gecko) Mobile Safari/537.36 (compatible; PetalBot;+https://webmaster.petalsearch.com/site/petalbot)" "-"
2a03:2880:f800:: - - [02/May/2026:00:18:09 +0200] "GET /items/B121472566/?path=/homepages/42 HTTP/1.1" 200 123208 www.caldereria-balantxa.com "-" "meta-externalagent/1.1 (+https://developers.facebook.com/docs/sharing/webmasters/crawler)" "-"
82.165.80.0 - - [02/May/2026:00:18:09 +0200] "POST /wp-cron.php?doing_wp_cron=1777673889.1277039051055908203125 HTTP/1.1" 200 - www.planeadosalbe.com "-" "WordPress/6.9.4; https://www.planeadosalbe.com" "-"
74.7.243.0 - - [02/May/2026:00:18:11 +0200] "GET /?p=26380 HTTP/1.1" 301 - elpayasocobrador.com "https://elpayasocobrador.com/?p=26453" "Mozilla/5.0 AppleWebKit/537.36 (KHTML, like Gecko; compatible; GPTBot/1.3; +https://openai.com/gptbot)" "-"
82.165.80.0 - - [02/May/2026:00:18:13 +0200] "POST /wp-cron.php?doing_wp_cron=1777673893.3265120983123779296875 HTTP/1.1" 200 - elpayasocobrador.com "-" "WordPress/6.9.4; https://elpayasocobrador.com" "-"
52.167.144.0 - - [02/May/2026:00:18:13 +0200] "GET /juegos-de-azar-con-m%C3%A1s-probabilidades-de-ganar/ HTTP/1.1" 200 36914 www.soldadura-aircom.com "-" "Mozilla/5.0 AppleWebKit/537.36 (KHTML, like Gecko; compatible; bingbot/2.0; +http://www.bing.com/bingbot.htm) Chrome/116.0.1938.76 Safari/537.36" "-"
74.7.243.0 - - [02/May/2026:00:18:14 +0200] "GET /cual-estrategia-blackjack-es/ HTTP/1.1" 200 52688 elpayasocobrador.com "https://elpayasocobrador.com/?p=26380" "Mozilla/5.0 AppleWebKit/537.36 (KHTML, like Gecko; compatible; GPTBot/1.3; +https://openai.com/gptbot)" "-"
136.243.228.0 - - [02/May/2026:00:18:15 +0200] "GET /dados-con-eth?fileloc=/homepages/2/d834828290/htdocs/clickandbuilds/caldereria-balantxa.com/wp-cron.php&path=/homepages/2/d834828290/htdocs/clickandbuilds/caldereria-balantxa.com HTTP/1.1" 200 18572 www.caldereria-balantxa.com "-" "Mozilla/5.0 (compatible; DataForSeoBot/1.0; +https://dataforseo.com/dataforseo-bot)" "-"
5.255.231.0 - - [02/May/2026:00:18:18 +0200] "GET /robots.txt HTTP/1.1" 429 267 elpayasocobrador.com "-" "Mozilla/5.0 (compatible; YandexBot/3.0; +http://yandex.com/bots)" "-"
2a03:2880:f800:: - - [02/May/2026:00:18:20 +0200] "GET /items/B122174116/?fileloc=//bin/who&path=//bin HTTP/1.1" 200 65189 www.caldereria-balantxa.com "-" "meta-externalagent/1.1 (+https://developers.facebook.com/docs/sharing/webmasters/crawler)" "-"
136.243.228.0 - - [02/May/2026:00:18:23 +0200] "GET /dados-con-eth?fileloc=/homepages/2/d834828290/htdocs/clickandbuilds/caldereria-balantxa.com/readme.html&path=/homepages/2/d834828290/htdocs/clickandbuilds/caldereria-balantxa.com HTTP/1.1" 200 21945 www.caldereria-balantxa.com "-" "Mozilla/5.0 (compatible; DataForSeoBot/1.0; +https://dataforseo.com/dataforseo-bot)" "-"
74.7.242.0 - - [02/May/2026:00:18:24 +0200] "GET /?fileloc=//kunden/kunden/kunden/kunden/kunden/kunden/kunden/proc/thread-self/root/proc/self/root/kunden/kunden/usr/bin/logger&path=//kunden/kunden/kunden/kunden/kunden/kunden/kunden/proc/thread-self/root/proc/self/root/kunden/kunden/usr/bin HTTP/1.1" 200 66783 www.caldereria-balantxa.com "https://www.caldereria-balantxa.com/?path=//kunden/kunden/kunden/kunden/kunden/kunden/kunden/proc/thread-self/root/proc/self/root/kunden/kunden/usr/bin" "Mozilla/5.0 AppleWebKit/537.36 (KHTML, like Gecko; compatible; GPTBot/1.3; +https://openai.com/gptbot)" "-"
2a03:2880:f800:: - - [02/May/2026:00:18:25 +0200] "GET /post-sitemap4.xml?path=/homepages/2/d834828290/htdocs/clickandbuilds/caldereria-balantxa.com/wp-content/et-cache/8551 HTTP/1.1" 200 13309 www.caldereria-balantxa.com "-" "meta-externalagent/1.1 (+https://developers.facebook.com/docs/sharing/webmasters/crawler)" "-"
52.167.144.0 - - [02/May/2026:00:18:26 +0200] "GET /juega-gratis-a-treasures-of-troy-en-modo-demo/?path=/homepages HTTP/1.1" 200 81138 www.caldereria-balantxa.com "-" "Mozilla/5.0 AppleWebKit/537.36 (KHTML, like Gecko; compatible; bingbot/2.0; +http://www.bing.com/bingbot.htm) Chrome/116.0.1938.76 Safari/537.36" "-"
5.39.1.0 - - [02/May/2026:00:18:31 +0200] "GET /analisis-de-casas-de-apuestas/ HTTP/1.1" 200 66775 biark.net "-" "Mozilla/5.0 (compatible; AhrefsBot/7.0; +http://ahrefs.com/robot/)" "-"
2a03:2880:f800:: - - [02/May/2026:00:18:31 +0200] "GET /items/B122091288/?path=/homepages/2/d835448267 HTTP/1.1" 200 31371 www.caldereria-balantxa.com "-" "meta-externalagent/1.1 (+https://developers.facebook.com/docs/sharing/webmasters/crawler)" "-"
74.7.227.0 - - [02/May/2026:00:18:31 +0200] "GET /?fileloc=/homepages/2/d834828290/htdocs/clickandbuilds/caldereria-balantxa.com/wp-content/et-cache/8787/et-divi-dynamic-8787.css&path=/homepages/2/d834828290/htdocs/clickandbuilds/caldereria-balantxa.com/wp-content/et-cache/8787 HTTP/1.1" 200 12999 caldereria-balantxa.com "https://caldereria-balantxa.com/?path=/homepages/2/d834828290/htdocs/clickandbuilds/caldereria-balantxa.com/wp-content/et-cache/8787" "Mozilla/5.0 AppleWebKit/537.36 (KHTML, like Gecko; compatible; GPTBot/1.3; +https://openai.com/gptbot)" "-"
136.243.228.0 - - [02/May/2026:00:18:31 +0200] "GET /dados-con-eth?path=/homepages/2/d834828290/htdocs/clickandbuilds/caldereria-balantxa.com HTTP/1.1" 200 52512 www.caldereria-balantxa.com "-" "Mozilla/5.0 (compatible; DataForSeoBot/1.0; +https://dataforseo.com/dataforseo-bot)" "-"
2a03:2880:f800:: - - [02/May/2026:00:18:35 +0200] "GET /items/B122192900/?path=//tmp HTTP/1.1" 200 16694 www.caldereria-balantxa.com "-" "meta-externalagent/1.1 (+https://developers.facebook.com/docs/sharing/webmasters/crawler)" "-"
66.249.64.0 - - [02/May/2026:00:18:39 +0200] "GET /2024/03/11/como-paga-el-blackjack/ HTTP/1.1" 404 31318 www.soldadura-aircom.com "-" "Mozilla/5.0 (Linux; Android 6.0.1; Nexus 5X Build/MMB29P) AppleWebKit/537.36 (KHTML, like Gecko) Chrome/147.0.7727.137 Mobile Safari/537.36 (compatible; Googlebot/2.1; +http://www.google.com/bot.html)" "-"
