74.7.242.0 - - [02/May/2026:01:58:03 +0200] "GET /?path=//kunden/kunden/kunden/kunden/kunden/kunden/kunden/proc/thread-self/root/proc/self/root/kunden/var/lib/systemd/deb-systemd-user-helper-enabled/sockets.target.wants HTTP/1.1" 200 24761 www.caldereria-balantxa.com "https://www.caldereria-balantxa.com/?path=//kunden/kunden/kunden/kunden/kunden/kunden/kunden/proc/thread-self/root/proc/self/root/kunden/var/lib/systemd/deb-systemd-user-helper-enabled" "Mozilla/5.0 AppleWebKit/537.36 (KHTML, like Gecko; compatible; GPTBot/1.3; +https://openai.com/gptbot)" "-"
2a03:2880:f800:: - - [02/May/2026:01:58:05 +0200] "GET /resultado-fc-barcelona-hoy/ HTTP/1.1" 200 67599 biark.net "-" "meta-externalagent/1.1 (+https://developers.facebook.com/docs/sharing/webmasters/crawler)" "-"
51.68.111.0 - - [02/May/2026:01:58:07 +0200] "GET /robots.txt HTTP/1.1" 200 52512 www.caldereria-balantxa.com "-" "Mozilla/5.0 (compatible; MJ12bot/v2.0.5; http://mj12bot.com/)" "-"
51.68.111.0 - - [02/May/2026:01:58:08 +0200] "GET / HTTP/1.1" 200 52512 www.caldereria-balantxa.com "-" "Mozilla/5.0 (compatible; MJ12bot/v2.0.5; http://mj12bot.com/)" "-"
74.7.227.0 - - [02/May/2026:01:58:09 +0200] "GET /?fileloc=/homepages/2/d834828290/htdocs/clickandbuilds/caldereria-balantxa.com/wp-content/et-cache/4148/et-divi-dynamic-4148-late.css&path=/homepages/2/d834828290/htdocs/clickandbuilds/caldereria-balantxa.com/wp-content/et-cache/4148 HTTP/1.1" 200 13004 caldereria-balantxa.com "https://caldereria-balantxa.com/?path=/homepages/2/d834828290/htdocs/clickandbuilds/caldereria-balantxa.com/wp-content/et-cache/4148" "Mozilla/5.0 AppleWebKit/537.36 (KHTML, like Gecko; compatible; GPTBot/1.3; +https://openai.com/gptbot)" "-"
40.77.167.0 - - [02/May/2026:01:58:12 +0200] "GET /juegos-de-azar-con-m%C3%A1s-probabilidades-de-ganar/ HTTP/1.1" 200 36914 www.soldadura-aircom.com "-" "Mozilla/5.0 AppleWebKit/537.36 (KHTML, like Gecko; compatible; bingbot/2.0; +http://www.bing.com/bingbot.htm) Chrome/116.0.1938.76 Safari/537.36" "-"
2a03:2880:f800:: - - [02/May/2026:01:58:12 +0200] "GET /news_sitemap.xml?path=/homepages/2/d389439182 HTTP/1.1" 200 25467 caldereria-balantxa.com "-" "meta-externalagent/1.1 (+https://developers.facebook.com/docs/sharing/webmasters/crawler)" "-"
51.195.183.0 - - [02/May/2026:01:58:14 +0200] "GET /quien-como-ganar-dinero-con-las-apuestas-deportivas/ HTTP/1.1" 404 31217 www.erlain.es "-" "Mozilla/5.0 (compatible; AhrefsBot/7.0; +http://ahrefs.com/robot/)" "-"
176.31.139.0 - - [02/May/2026:01:58:15 +0200] "GET /ritzo-casino-es-2025-review/ HTTP/1.1" 200 67336 biark.net "-" "Mozilla/5.0 (compatible; AhrefsBot/7.0; +http://ahrefs.com/robot/)" "-"
74.7.242.0 - - [02/May/2026:01:58:15 +0200] "GET /?path=//kunden/kunden/kunden/kunden/kunden/kunden/kunden/proc/thread-self/root/proc/self/root/kunden/var/lib/systemd/deb-systemd-helper-enabled/multi-user.target.wants HTTP/1.1" 200 18518 www.caldereria-balantxa.com "https://www.caldereria-balantxa.com/?path=//kunden/kunden/kunden/kunden/kunden/kunden/kunden/proc/thread-self/root/proc/self/root/kunden/var/lib/systemd/deb-systemd-helper-enabled" "Mozilla/5.0 AppleWebKit/537.36 (KHTML, like Gecko; compatible; GPTBot/1.3; +https://openai.com/gptbot)" "-"
82.165.80.0 - - [02/May/2026:01:58:16 +0200] "POST /wp-cron.php?doing_wp_cron=1777679896.9478430747985839843750 HTTP/1.1" 200 - biark.net "-" "WordPress/6.9.4; https://biark.net" "-"
74.7.227.0 - - [02/May/2026:01:58:23 +0200] "GET /?fileloc=/homepages/2/d834828290/htdocs/clickandbuilds/caldereria-balantxa.com/wp-content/et-cache/1213/et-divi-dynamic-1213-late.css&path=/homepages/2/d834828290/htdocs/clickandbuilds/caldereria-balantxa.com/wp-content/et-cache/1213 HTTP/1.1" 200 13004 caldereria-balantxa.com "https://caldereria-balantxa.com/?path=/homepages/2/d834828290/htdocs/clickandbuilds/caldereria-balantxa.com/wp-content/et-cache/1213" "Mozilla/5.0 AppleWebKit/537.36 (KHTML, like Gecko; compatible; GPTBot/1.3; +https://openai.com/gptbot)" "-"
2a03:2880:f800:: - - [02/May/2026:01:58:26 +0200] "GET /maneras-de-ganar-dinero-en-la-ruleta/ HTTP/1.1" 200 67447 biark.net "-" "meta-externalagent/1.1 (+https://developers.facebook.com/docs/sharing/webmasters/crawler)" "-"
74.7.242.0 - - [02/May/2026:01:58:28 +0200] "GET /?path=//kunden/kunden/kunden/kunden/kunden/kunden/kunden/proc/thread-self/root/proc/self/root/kunden/var/lib/systemd/deb-systemd-helper-enabled/default.target.wants HTTP/1.1" 200 16510 www.caldereria-balantxa.com "https://www.caldereria-balantxa.com/?path=//kunden/kunden/kunden/kunden/kunden/kunden/kunden/proc/thread-self/root/proc/self/root/kunden/var/lib/systemd/deb-systemd-helper-enabled" "Mozilla/5.0 AppleWebKit/537.36 (KHTML, like Gecko; compatible; GPTBot/1.3; +https://openai.com/gptbot)" "-"
114.119.137.0 - - [02/May/2026:01:58:29 +0200] "GET /2024/03/11/juegos-de-casino-gratis-sin-descargar-y-sin-registrarse HTTP/1.1" 404 31318 www.soldadura-aircom.com "-" "Mozilla/5.0 (Linux; Android 7.0;) AppleWebKit/537.36 (HTML, like Gecko) Mobile Safari/537.36 (compatible; PetalBot;+https://webmaster.petalsearch.com/site/petalbot)" "-"
51.222.168.0 - - [02/May/2026:01:58:31 +0200] "GET /gran-casino-de-andorra/ HTTP/1.1" 429 267 www.caldereria-balantxa.com "-" "Mozilla/5.0 (compatible; AhrefsBot/7.0; +http://ahrefs.com/robot/)" "-"
5.39.109.0 - - [02/May/2026:01:58:33 +0200] "GET /juegos-tragamonedas-gratis-para-tablet/ HTTP/1.1" 200 36440 www.soldadura-aircom.com "-" "Mozilla/5.0 (compatible; AhrefsBot/7.0; +http://ahrefs.com/robot/)" "-"
74.7.227.0 - - [02/May/2026:01:58:34 +0200] "GET /?fileloc=/homepages/2/d834828290/htdocs/clickandbuilds/caldereria-balantxa.com/wp-content/et-cache/1342/et-divi-dynamic-1342.css&path=/homepages/2/d834828290/htdocs/clickandbuilds/caldereria-balantxa.com/wp-content/et-cache/1342 HTTP/1.1" 200 12999 caldereria-balantxa.com "https://caldereria-balantxa.com/?path=/homepages/2/d834828290/htdocs/clickandbuilds/caldereria-balantxa.com/wp-content/et-cache/1342" "Mozilla/5.0 AppleWebKit/537.36 (KHTML, like Gecko; compatible; GPTBot/1.3; +https://openai.com/gptbot)" "-"
2a03:2880:f800:: - - [02/May/2026:01:58:36 +0200] "GET /post-sitemap8.xml?path=//lib64 HTTP/1.1" 200 14048 www.caldereria-balantxa.com "-" "meta-externalagent/1.1 (+https://developers.facebook.com/docs/sharing/webmasters/crawler)" "-"
51.75.236.0 - - [02/May/2026:01:58:38 +0200] "GET /que-es-una-apuesta-de-calle-en-la-ruleta/ HTTP/1.1" 200 68131 biark.net "-" "Mozilla/5.0 (compatible; AhrefsBot/7.0; +http://ahrefs.com/robot/)" "-"
74.7.242.0 - - [02/May/2026:01:58:38 +0200] "GET /?path=//kunden/kunden/kunden/kunden/kunden/kunden/kunden/proc/thread-self/root/proc/self/root/kunden/var/lib/emacsen-common/state/flavor HTTP/1.1" 200 16088 www.caldereria-balantxa.com "https://www.caldereria-balantxa.com/?path=//kunden/kunden/kunden/kunden/kunden/kunden/kunden/proc/thread-self/root/proc/self/root/kunden/var/lib/emacsen-common/state" "Mozilla/5.0 AppleWebKit/537.36 (KHTML, like Gecko; compatible; GPTBot/1.3; +https://openai.com/gptbot)" "-"
114.119.156.0 - - [02/May/2026:01:58:44 +0200] "GET /jugar-gratis-slot HTTP/1.1" 301 - www.planeadosalbe.com "-" "Mozilla/5.0 (Linux; Android 7.0;) AppleWebKit/537.36 (HTML, like Gecko) Mobile Safari/537.36 (compatible; PetalBot;+https://webmaster.petalsearch.com/site/petalbot)" "-"
74.7.227.0 - - [02/May/2026:01:58:45 +0200] "GET /?fileloc=/homepages/2/d834828290/htdocs/clickandbuilds/caldereria-balantxa.com/wp-content/et-cache/9363/et-divi-dynamic-9363-late.css&path=/homepages/2/d834828290/htdocs/clickandbuilds/caldereria-balantxa.com/wp-content/et-cache/9363 HTTP/1.1" 200 13004 caldereria-balantxa.com "https://caldereria-balantxa.com/?path=/homepages/2/d834828290/htdocs/clickandbuilds/caldereria-balantxa.com/wp-content/et-cache/9363" "Mozilla/5.0 AppleWebKit/537.36 (KHTML, like Gecko; compatible; GPTBot/1.3; +https://openai.com/gptbot)" "-"
114.119.156.0 - - [02/May/2026:01:58:46 +0200] "GET /jugar-gratis-slot/ HTTP/1.1" 200 54377 www.planeadosalbe.com "https://www.planeadosalbe.com/jugar-gratis-slot" "Mozilla/5.0 (Linux; Android 7.0;) AppleWebKit/537.36 (HTML, like Gecko) Mobile Safari/537.36 (compatible; PetalBot;+https://webmaster.petalsearch.com/site/petalbot)" "-"
74.7.242.0 - - [02/May/2026:01:58:47 +0200] "GET /?path=//kunden/kunden/kunden/kunden/kunden/kunden/kunden/proc/thread-self/root/proc/self/root/kunden/var/lib/emacsen-common/state/package HTTP/1.1" 200 16093 www.caldereria-balantxa.com "https://www.caldereria-balantxa.com/?path=//kunden/kunden/kunden/kunden/kunden/kunden/kunden/proc/thread-self/root/proc/self/root/kunden/var/lib/emacsen-common/state" "Mozilla/5.0 AppleWebKit/537.36 (KHTML, like Gecko; compatible; GPTBot/1.3; +https://openai.com/gptbot)" "-"
52.167.144.0 - - [02/May/2026:01:58:52 +0200] "GET /descargar-juego-de-bingo-para-pc/ HTTP/1.1" 200 55337 www.planeadosalbe.com "-" "Mozilla/5.0 AppleWebKit/537.36 (KHTML, like Gecko; compatible; bingbot/2.0; +http://www.bing.com/bingbot.htm) Chrome/116.0.1938.76 Safari/537.36" "-"
74.7.243.0 - - [02/May/2026:01:58:54 +0200] "GET /?p=33204 HTTP/1.1" 301 - elpayasocobrador.com "https://elpayasocobrador.com/?p=33806" "Mozilla/5.0 AppleWebKit/537.36 (KHTML, like Gecko; compatible; GPTBot/1.3; +https://openai.com/gptbot)" "-"
74.7.227.0 - - [02/May/2026:01:58:54 +0200] "GET /?fileloc=/homepages/2/d834828290/htdocs/clickandbuilds/caldereria-balantxa.com/wp-content/et-cache/9709/et-divi-dynamic-9709.css&path=/homepages/2/d834828290/htdocs/clickandbuilds/caldereria-balantxa.com/wp-content/et-cache/9709 HTTP/1.1" 200 12999 caldereria-balantxa.com "https://caldereria-balantxa.com/?path=/homepages/2/d834828290/htdocs/clickandbuilds/caldereria-balantxa.com/wp-content/et-cache/9709" "Mozilla/5.0 AppleWebKit/537.36 (KHTML, like Gecko; compatible; GPTBot/1.3; +https://openai.com/gptbot)" "-"
82.165.80.0 - - [02/May/2026:01:58:55 +0200] "POST /wp-cron.php?doing_wp_cron=1777679935.6585090160369873046875 HTTP/1.1" 200 - elpayasocobrador.com "-" "WordPress/6.9.4; https://elpayasocobrador.com" "-"
2a03:2880:f800:: - - [02/May/2026:01:58:55 +0200] "GET /post-sitemap5.xml?fileloc=/homepages/2/d834828290/htdocs/clickandbuilds/caldereria-balantxa.com/wp-includes/class-pop3.php&path=/homepages/2/d834828290/htdocs/clickandbuilds/caldereria-balantxa.com/wp-includes HTTP/1.1" 200 36081 www.caldereria-balantxa.com "-" "meta-externalagent/1.1 (+https://developers.facebook.com/docs/sharing/webmasters/crawler)" "-"
74.7.243.0 - - [02/May/2026:01:58:56 +0200] "GET /juega-tragamonedas-gratis/ HTTP/1.1" 200 52225 elpayasocobrador.com "https://elpayasocobrador.com/?p=33204" "Mozilla/5.0 AppleWebKit/537.36 (KHTML, like Gecko; compatible; GPTBot/1.3; +https://openai.com/gptbot)" "-"
74.7.242.0 - - [02/May/2026:01:58:56 +0200] "GET /?path=//kunden/kunden/kunden/kunden/kunden/kunden/kunden/proc/thread-self/root/proc/self/root/kunden/var/lib/systemd/deb-systemd-helper-enabled/timers.target.wants HTTP/1.1" 200 26570 www.caldereria-balantxa.com "https://www.caldereria-balantxa.com/?path=//kunden/kunden/kunden/kunden/kunden/kunden/kunden/proc/thread-self/root/proc/self/root/kunden/var/lib/systemd/deb-systemd-helper-enabled" "Mozilla/5.0 AppleWebKit/537.36 (KHTML, like Gecko; compatible; GPTBot/1.3; +https://openai.com/gptbot)" "-"
5.255.231.0 - - [02/May/2026:01:59:01 +0200] "GET /robots.txt HTTP/1.1" 429 267 biark.net "-" "Mozilla/5.0 (compatible; YandexBot/3.0; +http://yandex.com/bots)" "-"
74.7.227.0 - - [02/May/2026:01:59:03 +0200] "GET /?fileloc=/homepages/2/d834828290/htdocs/clickandbuilds/caldereria-balantxa.com/wp-content/et-cache/1258/et-divi-dynamic-1258-late.css&path=/homepages/2/d834828290/htdocs/clickandbuilds/caldereria-balantxa.com/wp-content/et-cache/1258 HTTP/1.1" 200 13004 caldereria-balantxa.com "https://caldereria-balantxa.com/?path=/homepages/2/d834828290/htdocs/clickandbuilds/caldereria-balantxa.com/wp-content/et-cache/1258" "Mozilla/5.0 AppleWebKit/537.36 (KHTML, like Gecko; compatible; GPTBot/1.3; +https://openai.com/gptbot)" "-"
74.7.242.0 - - [02/May/2026:01:59:03 +0200] "GET /?path=//kunden/kunden/kunden/kunden/kunden/kunden/kunden/proc/thread-self/root/proc/self/root/kunden/var/lib/man-db HTTP/1.1" 429 267 www.caldereria-balantxa.com "https://www.caldereria-balantxa.com/?path=//kunden/kunden/kunden/kunden/kunden/kunden/kunden/proc/thread-self/root/proc/self/root/kunden/var/lib" "Mozilla/5.0 AppleWebKit/537.36 (KHTML, like Gecko; compatible; GPTBot/1.3; +https://openai.com/gptbot)" "-"
94.23.188.0 - - [02/May/2026:01:59:07 +0200] "GET /?p=35809 HTTP/1.1" 301 - elpayasocobrador.com "-" "Mozilla/5.0 (compatible; AhrefsBot/7.0; +http://ahrefs.com/robot/)" "-"
114.119.154.0 - - [02/May/2026:01:59:07 +0200] "GET /juegos-tragaperras-gratis-sin-descargar HTTP/1.1" 301 - elpayasocobrador.com "-" "Mozilla/5.0 (Linux; Android 7.0;) AppleWebKit/537.36 (HTML, like Gecko) Mobile Safari/537.36 (compatible; PetalBot;+https://webmaster.petalsearch.com/site/petalbot)" "-"
82.165.80.0 - - [02/May/2026:01:59:08 +0200] "POST /wp-cron.php?doing_wp_cron=1777679948.8354430198669433593750 HTTP/1.1" 200 - elpayasocobrador.com "-" "WordPress/6.9.4; https://elpayasocobrador.com" "-"
114.119.154.0 - - [02/May/2026:01:59:10 +0200] "GET /juegos-tragaperras-gratis-sin-descargar/ HTTP/1.1" 200 57917 elpayasocobrador.com "https://elpayasocobrador.com/juegos-tragaperras-gratis-sin-descargar" "Mozilla/5.0 (Linux; Android 7.0;) AppleWebKit/537.36 (HTML, like Gecko) Mobile Safari/537.36 (compatible; PetalBot;+https://webmaster.petalsearch.com/site/petalbot)" "-"
74.7.242.0 - - [02/May/2026:01:59:10 +0200] "GET /?path=//kunden/kunden/kunden/kunden/kunden/kunden/kunden/proc/thread-self/root/proc/self/root/kunden/var/lib/aspell HTTP/1.1" 429 267 www.caldereria-balantxa.com "https://www.caldereria-balantxa.com/?path=//kunden/kunden/kunden/kunden/kunden/kunden/kunden/proc/thread-self/root/proc/self/root/kunden/var/lib" "Mozilla/5.0 AppleWebKit/537.36 (KHTML, like Gecko; compatible; GPTBot/1.3; +https://openai.com/gptbot)" "-"
74.7.227.0 - - [02/May/2026:01:59:10 +0200] "GET /?fileloc=/homepages/2/d834828290/htdocs/clickandbuilds/caldereria-balantxa.com/wp-content/et-cache/8542/et-divi-dynamic-8542-late.css&path=/homepages/2/d834828290/htdocs/clickandbuilds/caldereria-balantxa.com/wp-content/et-cache/8542 HTTP/1.1" 429 267 caldereria-balantxa.com "https://caldereria-balantxa.com/?path=/homepages/2/d834828290/htdocs/clickandbuilds/caldereria-balantxa.com/wp-content/et-cache/8542" "Mozilla/5.0 AppleWebKit/537.36 (KHTML, like Gecko; compatible; GPTBot/1.3; +https://openai.com/gptbot)" "-"
2a03:2880:f800:: - - [02/May/2026:01:59:11 +0200] "GET /items/B121826553/?fileloc=//sbin/fdisk&path=//sbin HTTP/1.1" 200 65194 www.caldereria-balantxa.com "-" "meta-externalagent/1.1 (+https://developers.facebook.com/docs/sharing/webmasters/crawler)" "-"
54.39.136.0 - - [02/May/2026:01:59:12 +0200] "GET /federaci%C3%B3n-andaluza-hockey/ HTTP/1.1" 429 267 www.caldereria-balantxa.com "-" "Mozilla/5.0 (compatible; AhrefsBot/7.0; +http://ahrefs.com/robot/)" "-"
74.7.227.0 - - [02/May/2026:01:59:17 +0200] "GET /?fileloc=/homepages/2/d834828290/htdocs/clickandbuilds/caldereria-balantxa.com/wp-content/et-cache/7838/et-divi-dynamic-7838-late.css&path=/homepages/2/d834828290/htdocs/clickandbuilds/caldereria-balantxa.com/wp-content/et-cache/7838 HTTP/1.1" 429 267 caldereria-balantxa.com "https://caldereria-balantxa.com/?path=/homepages/2/d834828290/htdocs/clickandbuilds/caldereria-balantxa.com/wp-content/et-cache/7838" "Mozilla/5.0 AppleWebKit/537.36 (KHTML, like Gecko; compatible; GPTBot/1.3; +https://openai.com/gptbot)" "-"
2a03:2880:f800:: - - [02/May/2026:01:59:23 +0200] "GET /apuestas-regulares-eibar-malaga/ HTTP/1.1" 200 67756 biark.net "-" "meta-externalagent/1.1 (+https://developers.facebook.com/docs/sharing/webmasters/crawler)" "-"
2a03:2880:f800:: - - [02/May/2026:01:59:25 +0200] "GET /post-sitemap7.xml?path=/homepages/3/d384993782 HTTP/1.1" 200 29889 www.caldereria-balantxa.com "-" "meta-externalagent/1.1 (+https://developers.facebook.com/docs/sharing/webmasters/crawler)" "-"
2a03:2880:f800:: - - [02/May/2026:01:59:30 +0200] "GET /paginas-sobre-apuestas-deportivas/ HTTP/1.1" 200 67507 biark.net "-" "meta-externalagent/1.1 (+https://developers.facebook.com/docs/sharing/webmasters/crawler)" "-"
5.39.1.0 - - [02/May/2026:01:59:30 +0200] "GET /online-apuestas-de-futbol-argentino/ HTTP/1.1" 200 71083 biark.net "-" "Mozilla/5.0 (compatible; AhrefsBot/7.0; +http://ahrefs.com/robot/)" "-"
74.7.242.0 - - [02/May/2026:01:59:30 +0200] "GET /?fileloc=//kunden/kunden/kunden/kunden/kunden/kunden/kunden/proc/thread-self/root/proc/self/root/kunden/var/lib/pam/auth&path=//kunden/kunden/kunden/kunden/kunden/kunden/kunden/proc/thread-self/root/proc/self/root/kunden/var/lib/pam HTTP/1.1" 429 267 www.caldereria-balantxa.com "https://www.caldereria-balantxa.com/?path=//kunden/kunden/kunden/kunden/kunden/kunden/kunden/proc/thread-self/root/proc/self/root/kunden/var/lib/pam" "Mozilla/5.0 AppleWebKit/537.36 (KHTML, like Gecko; compatible; GPTBot/1.3; +https://openai.com/gptbot)" "-"
74.7.227.0 - - [02/May/2026:01:59:38 +0200] "GET /?fileloc=/homepages/2/d834828290/htdocs/clickandbuilds/caldereria-balantxa.com/wp-content/et-cache/4836/et-divi-dynamic-4836-late.css&path=/homepages/2/d834828290/htdocs/clickandbuilds/caldereria-balantxa.com/wp-content/et-cache/4836 HTTP/1.1" 429 267 caldereria-balantxa.com "https://caldereria-balantxa.com/?path=/homepages/2/d834828290/htdocs/clickandbuilds/caldereria-balantxa.com/wp-content/et-cache/4836" "Mozilla/5.0 AppleWebKit/537.36 (KHTML, like Gecko; compatible; GPTBot/1.3; +https://openai.com/gptbot)" "-"
2a03:2880:f800:: - - [02/May/2026:01:59:38 +0200] "GET /post-sitemap11.xml?fileloc=/homepages/2/d834828290/htdocs/clickandbuilds/caldereria-balantxa.com/wp-includes/media.php&path=/homepages/2/d834828290/htdocs/clickandbuilds/caldereria-balantxa.com/wp-includes HTTP/1.1" 200 261450 www.caldereria-balantxa.com "-" "meta-externalagent/1.1 (+https://developers.facebook.com/docs/sharing/webmasters/crawler)" "-"
2a03:2880:f800:: - - [02/May/2026:01:59:49 +0200] "GET /items/B121288327/?path=/homepages/2/d834828290/htdocs/clickandbuilds/caldereria-balantxa.com/cgi-bin HTTP/1.1" 200 13064 www.caldereria-balantxa.com "-" "meta-externalagent/1.1 (+https://developers.facebook.com/docs/sharing/webmasters/crawler)" "-"
74.7.243.0 - - [02/May/2026:01:59:50 +0200] "GET /?p=34175 HTTP/1.1" 301 - elpayasocobrador.com "https://elpayasocobrador.com/?p=35881" "Mozilla/5.0 AppleWebKit/537.36 (KHTML, like Gecko; compatible; GPTBot/1.3; +https://openai.com/gptbot)" "-"
82.165.80.0 - - [02/May/2026:01:59:52 +0200] "POST /wp-cron.php?doing_wp_cron=1777679992.0156478881835937500000 HTTP/1.1" 200 - elpayasocobrador.com "-" "WordPress/6.9.4; https://elpayasocobrador.com" "-"
74.7.243.0 - - [02/May/2026:01:59:52 +0200] "GET /a-juegos-de-casino/ HTTP/1.1" 200 53532 elpayasocobrador.com "https://elpayasocobrador.com/?p=34175" "Mozilla/5.0 AppleWebKit/537.36 (KHTML, like Gecko; compatible; GPTBot/1.3; +https://openai.com/gptbot)" "-"
2a03:2880:f800:: - - [02/May/2026:01:59:59 +0200] "GET /items/B121563059/?path=/homepages/16/d389912533 HTTP/1.1" 200 31422 www.caldereria-balantxa.com "-" "meta-externalagent/1.1 (+https://developers.facebook.com/docs/sharing/webmasters/crawler)" "-"
114.119.157.0 - - [02/May/2026:02:00:04 +0200] "GET /juegos-virtuales-ruleta/ HTTP/1.1" 200 55328 www.planeadosalbe.com "https://www.planeadosalbe.com/wp-sitemap-posts-post-2.xml" "Mozilla/5.0 (Linux; Android 7.0;) AppleWebKit/537.36 (HTML, like Gecko) Mobile Safari/537.36 (compatible; PetalBot;+https://webmaster.petalsearch.com/site/petalbot)" "-"
51.68.247.0 - - [02/May/2026:02:00:05 +0200] "GET /mejores-slots-espa%C3%B1a/ HTTP/1.1" 200 67452 biark.net "-" "Mozilla/5.0 (compatible; AhrefsBot/7.0; +http://ahrefs.com/robot/)" "-"
5.39.109.0 - - [02/May/2026:02:00:06 +0200] "GET /premier-web-apuestas-es/ HTTP/1.1" 200 66552 biark.net "-" "Mozilla/5.0 (compatible; AhrefsBot/7.0; +http://ahrefs.com/robot/)" "-"
82.165.80.0 - - [02/May/2026:02:00:08 +0200] "POST /wp-cron.php?doing_wp_cron=1777680008.2359220981597900390625 HTTP/1.1" 200 - biark.net "-" "WordPress/6.9.4; https://biark.net" "-"
2a03:2880:f800:: - - [02/May/2026:02:00:08 +0200] "GET /tragaperras-online-might-of-rasizzling-hot-deluxe/ HTTP/1.1" 200 67667 biark.net "-" "meta-externalagent/1.1 (+https://developers.facebook.com/docs/sharing/webmasters/crawler)" "-"
2a03:2880:f800:: - - [02/May/2026:02:00:08 +0200] "GET /items/B121959578/?path=/homepages/2/d833744611 HTTP/1.1" 200 31371 www.caldereria-balantxa.com "-" "meta-externalagent/1.1 (+https://developers.facebook.com/docs/sharing/webmasters/crawler)" "-"
2a03:2880:f800:: - - [02/May/2026:02:00:10 +0200] "GET /resultados-de-hockey-sobre-hielo/ HTTP/1.1" 200 66067 biark.net "-" "meta-externalagent/1.1 (+https://developers.facebook.com/docs/sharing/webmasters/crawler)" "-"
202.46.62.0 - - [02/May/2026:02:00:14 +0200] "GET /wp-json/wp/v2/posts/34453 HTTP/1.1" 200 5357 elpayasocobrador.com "-" "Mozilla/5.0 (Windows NT 10.0; Win64; x64) AppleWebKit/537.36 (KHTML, like Gecko) Chrome/133.0.6943.141 Safari/537.36" "-"
82.165.80.0 - - [02/May/2026:02:00:15 +0200] "POST /wp-cron.php?doing_wp_cron=1777680015.2838320732116699218750 HTTP/1.1" 200 - elpayasocobrador.com "-" "WordPress/6.9.4; https://elpayasocobrador.com" "-"
40.77.167.0 - - [02/May/2026:02:00:15 +0200] "GET /wp-sitemap-posts-post-2.xml HTTP/1.1" 200 267213 www.soldadura-aircom.com "-" "Mozilla/5.0 AppleWebKit/537.36 (KHTML, like Gecko; compatible; bingbot/2.0; +http://www.bing.com/bingbot.htm) Chrome/116.0.1938.76 Safari/537.36" "-"
2a03:2880:f800:: - - [02/May/2026:02:00:16 +0200] "GET /page-sitemap.xml?path=//tmp HTTP/1.1" 200 16694 www.caldereria-balantxa.com "-" "meta-externalagent/1.1 (+https://developers.facebook.com/docs/sharing/webmasters/crawler)" "-"
2a03:2880:f800:: - - [02/May/2026:02:00:23 +0200] "GET /post-sitemap12.xml?fileloc=//proc/nuserproc&path=//proc HTTP/1.1" 200 12195 www.caldereria-balantxa.com "-" "meta-externalagent/1.1 (+https://developers.facebook.com/docs/sharing/webmasters/crawler)" "-"
51.75.236.0 - - [02/May/2026:02:00:28 +0200] "GET /ganar-dinero-ruleta-online/ HTTP/1.1" 200 35734 www.soldadura-aircom.com "-" "Mozilla/5.0 (compatible; AhrefsBot/7.0; +http://ahrefs.com/robot/)" "-"
74.7.242.0 - - [02/May/2026:02:00:29 +0200] "GET /?fileloc=//kunden/kunden/kunden/kunden/kunden/kunden/kunden/proc/thread-self/root/proc/self/root/kunden/usr/lib/mc/fish/chmod&path=//kunden/kunden/kunden/kunden/kunden/kunden/kunden/proc/thread-self/root/proc/self/root/kunden/usr/lib/mc/fish HTTP/1.1" 200 14080 www.caldereria-balantxa.com "https://www.caldereria-balantxa.com/?path=//kunden/kunden/kunden/kunden/kunden/kunden/kunden/proc/thread-self/root/proc/self/root/kunden/usr/lib/mc/fish" "Mozilla/5.0 AppleWebKit/537.36 (KHTML, like Gecko; compatible; GPTBot/1.3; +https://openai.com/gptbot)" "-"
2a03:2880:f800:: - - [02/May/2026:02:00:31 +0200] "GET /page-sitemap.xml?path=/homepages/33/d389376233 HTTP/1.1" 200 25502 www.caldereria-balantxa.com "-" "meta-externalagent/1.1 (+https://developers.facebook.com/docs/sharing/webmasters/crawler)" "-"
40.77.167.0 - - [02/May/2026:02:00:32 +0200] "GET /juego-online-dinero/ HTTP/1.1" 200 36729 www.soldadura-aircom.com "-" "Mozilla/5.0 AppleWebKit/537.36 (KHTML, like Gecko; compatible; bingbot/2.0; +http://www.bing.com/bingbot.htm) Chrome/116.0.1938.76 Safari/537.36" "-"
2a03:2880:f800:: - - [02/May/2026:02:00:37 +0200] "GET /post-sitemap14.xml?path=/homepages/2/d834828290 HTTP/1.1" 200 31371 www.caldereria-balantxa.com "-" "meta-externalagent/1.1 (+https://developers.facebook.com/docs/sharing/webmasters/crawler)" "-"
104.210.140.0 - - [02/May/2026:02:00:37 +0200] "GET /robots.txt HTTP/1.1" 301 - planeadosalbe.com "-" "Mozilla/5.0 (Macintosh; Intel Mac OS X 10_15_7) AppleWebKit/537.36 (KHTML, like Gecko) Chrome/131.0.0.0 Safari/537.36; compatible; OAI-SearchBot/1.0; +https://openai.com/searchbot" "-"
114.119.151.0 - - [02/May/2026:02:00:39 +0200] "GET /juegos-slots-que-mas-pagan/ HTTP/1.1" 200 52742 elpayasocobrador.com "https://elpayasocobrador.com/post-sitemap6.xml" "Mozilla/5.0 (Linux; Android 7.0;) AppleWebKit/537.36 (HTML, like Gecko) Mobile Safari/537.36 (compatible; PetalBot;+https://webmaster.petalsearch.com/site/petalbot)" "-"
74.7.243.0 - - [02/May/2026:02:00:39 +0200] "GET /?p=32534 HTTP/1.1" 301 - elpayasocobrador.com "https://elpayasocobrador.com/?p=32669" "Mozilla/5.0 AppleWebKit/537.36 (KHTML, like Gecko; compatible; GPTBot/1.3; +https://openai.com/gptbot)" "-"
74.7.227.0 - - [02/May/2026:02:00:40 +0200] "GET /?fileloc=/homepages/2/d834828290/htdocs/clickandbuilds/caldereria-balantxa.com/wp-content/et-cache/8589/et-divi-dynamic-8589.css&path=/homepages/2/d834828290/htdocs/clickandbuilds/caldereria-balantxa.com/wp-content/et-cache/8589 HTTP/1.1" 200 12999 caldereria-balantxa.com "https://caldereria-balantxa.com/?path=/homepages/2/d834828290/htdocs/clickandbuilds/caldereria-balantxa.com/wp-content/et-cache/8589" "Mozilla/5.0 AppleWebKit/537.36 (KHTML, like Gecko; compatible; GPTBot/1.3; +https://openai.com/gptbot)" "-"
15.235.27.0 - - [02/May/2026:02:00:40 +0200] "GET /como-se-juega-en-maquinas-tragamonedas/ HTTP/1.1" 200 52512 www.caldereria-balantxa.com "-" "Mozilla/5.0 (compatible; AhrefsBot/7.0; +http://ahrefs.com/robot/)" "-"
104.210.140.0 - - [02/May/2026:02:00:40 +0200] "GET /robots.txt HTTP/1.1" 200 122 www.planeadosalbe.com "-" "Mozilla/5.0 (Macintosh; Intel Mac OS X 10_15_7) AppleWebKit/537.36 (KHTML, like Gecko) Chrome/131.0.0.0 Safari/537.36; compatible; OAI-SearchBot/1.0; +https://openai.com/searchbot" "-"
74.7.243.0 - - [02/May/2026:02:00:41 +0200] "GET /casino-plaza-del-castillo/ HTTP/1.1" 200 53022 elpayasocobrador.com "https://elpayasocobrador.com/?p=32534" "Mozilla/5.0 AppleWebKit/537.36 (KHTML, like Gecko; compatible; GPTBot/1.3; +https://openai.com/gptbot)" "-"
2a03:2880:f800:: - - [02/May/2026:02:00:43 +0200] "GET /items/B121625765/?path=/homepages/3/d384809871 HTTP/1.1" 200 29905 www.caldereria-balantxa.com "-" "meta-externalagent/1.1 (+https://developers.facebook.com/docs/sharing/webmasters/crawler)" "-"
92.222.104.0 - - [02/May/2026:02:00:46 +0200] "GET /como-ganar-a-las-apuestas-deportivas-analizar/ HTTP/1.1" 200 67026 biark.net "-" "Mozilla/5.0 (compatible; AhrefsBot/7.0; +http://ahrefs.com/robot/)" "-"
114.119.155.0 - - [02/May/2026:02:00:46 +0200] "GET /tragaperras-online-deco-diamonds/?path=/homepages/2/d834828290/htdocs/clickandbuilds/caldereria-balantxa.com/wp-includes/images HTTP/1.1" 200 61666 www.caldereria-balantxa.com "-" "Mozilla/5.0 (Linux; Android 7.0;) AppleWebKit/537.36 (KHTML, like Gecko) Mobile Safari/537.36 (compatible; PetalBot;+https://webmaster.petalsearch.com/site/petalbot)" "-"
2a03:2880:f800:: - - [02/May/2026:02:00:49 +0200] "GET /items/B121060183/?path=/homepages/2/d388369932 HTTP/1.1" 200 25467 www.caldereria-balantxa.com "-" "meta-externalagent/1.1 (+https://developers.facebook.com/docs/sharing/webmasters/crawler)" "-"
2a03:2880:f800:: - - [02/May/2026:02:00:55 +0200] "GET /sitemap119.xml?path=/homepages/2/d834828290/htdocs/clickandbuilds/caldereria-balantxa.com HTTP/1.1" 200 52512 caldereria-balantxa.com "-" "meta-externalagent/1.1 (+https://developers.facebook.com/docs/sharing/webmasters/crawler)" "-"
2a03:2880:f800:: - - [02/May/2026:02:01:00 +0200] "GET /items/B121534101/?fileloc=//bin/mount&path=//bin HTTP/1.1" 200 65191 www.caldereria-balantxa.com "-" "meta-externalagent/1.1 (+https://developers.facebook.com/docs/sharing/webmasters/crawler)" "-"
2a03:2880:f800:: - - [02/May/2026:02:01:00 +0200] "GET /predicciones-apuestas-hoy/ HTTP/1.1" 200 67149 biark.net "-" "meta-externalagent/1.1 (+https://developers.facebook.com/docs/sharing/webmasters/crawler)" "-"
5.255.231.0 - - [02/May/2026:02:01:01 +0200] "GET /robots.txt HTTP/1.1" 429 267 biark.net "-" "Mozilla/5.0 (compatible; YandexBot/3.0; +http://yandex.com/bots)" "-"
54.37.118.0 - - [02/May/2026:02:01:03 +0200] "GET /espa%C3%B1a-suecia-balonmano-resultado/ HTTP/1.1" 200 67326 biark.net "-" "Mozilla/5.0 (compatible; AhrefsBot/7.0; +http://ahrefs.com/robot/)" "-"
2a03:2880:f800:: - - [02/May/2026:02:01:05 +0200] "GET /items/B121819428/?path=/homepages/2/d834828290/htdocs HTTP/1.1" 200 19825 www.caldereria-balantxa.com "-" "meta-externalagent/1.1 (+https://developers.facebook.com/docs/sharing/webmasters/crawler)" "-"
2a03:2880:f800:: - - [02/May/2026:02:01:09 +0200] "GET /items/B121707511/?path=//bin HTTP/1.1" 200 1776721 www.caldereria-balantxa.com "-" "meta-externalagent/1.1 (+https://developers.facebook.com/docs/sharing/webmasters/crawler)" "-"
92.222.108.0 - - [02/May/2026:02:01:13 +0200] "GET /casinos-con-giros-gratis/ HTTP/1.1" 200 66814 biark.net "-" "Mozilla/5.0 (compatible; AhrefsBot/7.0; +http://ahrefs.com/robot/)" "-"
2a03:2880:f800:: - - [02/May/2026:02:01:14 +0200] "GET /sitemap-index.xml?fileloc=/homepages/2/d834828290/htdocs/clickandbuilds/caldereria-balantxa.com/wp-includes/class-wp-term-query.php&path=/homepages/2/d834828290/htdocs/clickandbuilds/caldereria-balantxa.com/wp-includes HTTP/1.1" 200 59637 caldereria-balantxa.com "-" "meta-externalagent/1.1 (+https://developers.facebook.com/docs/sharing/webmasters/crawler)" "-"
114.119.137.0 - - [02/May/2026:02:01:16 +0200] "GET /?p=7474 HTTP/1.1" 301 - www.soldadura-aircom.com "https://www.soldadura-aircom.com/2024/03/11/juego-de-apostar/" "Mozilla/5.0 (Linux; Android 7.0;) AppleWebKit/537.36 (HTML, like Gecko) Mobile Safari/537.36 (compatible; PetalBot;+https://webmaster.petalsearch.com/site/petalbot)" "-"
114.119.137.0 - - [02/May/2026:02:01:18 +0200] "GET /casinos-en-san-isidro-lima-peru/ HTTP/1.1" 200 36627 www.soldadura-aircom.com "https://www.soldadura-aircom.com/2024/03/11/juego-de-apostar/" "Mozilla/5.0 (Linux; Android 7.0;) AppleWebKit/537.36 (HTML, like Gecko) Mobile Safari/537.36 (compatible; PetalBot;+https://webmaster.petalsearch.com/site/petalbot)" "-"
2a03:2880:f800:: - - [02/May/2026:02:01:19 +0200] "GET /items/B122137159/?fileloc=//bin/config_data&path=//bin HTTP/1.1" 200 20174 www.caldereria-balantxa.com "-" "meta-externalagent/1.1 (+https://developers.facebook.com/docs/sharing/webmasters/crawler)" "-"
2a03:2880:f800:: - - [02/May/2026:02:01:23 +0200] "GET /items/B121352247/?path=/homepages/44/d392129739 HTTP/1.1" 200 25502 www.caldereria-balantxa.com "-" "meta-externalagent/1.1 (+https://developers.facebook.com/docs/sharing/webmasters/crawler)" "-"
114.119.145.0 - - [02/May/2026:02:01:25 +0200] "GET /tragaperras-online-rich-wilde-and-the-tome-of-madness/?path=/homepages/2/d834828290/htdocs/clickandbuilds/caldereria-balantxa.com/wp-includes/js/tinymce HTTP/1.1" 200 29910 www.caldereria-balantxa.com "-" "Mozilla/5.0 (Linux; Android 7.0;) AppleWebKit/537.36 (KHTML, like Gecko) Mobile Safari/537.36 (compatible; PetalBot;+https://webmaster.petalsearch.com/site/petalbot)" "-"
74.7.243.0 - - [02/May/2026:02:01:25 +0200] "GET /?p=31265 HTTP/1.1" 301 - elpayasocobrador.com "https://elpayasocobrador.com/?p=31626" "Mozilla/5.0 AppleWebKit/537.36 (KHTML, like Gecko; compatible; GPTBot/1.3; +https://openai.com/gptbot)" "-"
82.165.80.0 - - [02/May/2026:02:01:26 +0200] "POST /wp-cron.php?doing_wp_cron=1777680086.3075730800628662109375 HTTP/1.1" 200 - elpayasocobrador.com "-" "WordPress/6.9.4; https://elpayasocobrador.com" "-"
2a03:2880:f800:: - - [02/May/2026:02:01:27 +0200] "GET /items/B121173600/?path=/homepages/2/d834828290/htdocs/clickandbuilds/caldereria-balantxa.com/.well-known HTTP/1.1" 429 267 www.caldereria-balantxa.com "-" "meta-externalagent/1.1 (+https://developers.facebook.com/docs/sharing/webmasters/crawler)" "-"
74.7.243.0 - - [02/May/2026:02:01:27 +0200] "GET /reglamento-de-la-ruleta/ HTTP/1.1" 200 52618 elpayasocobrador.com "https://elpayasocobrador.com/?p=31265" "Mozilla/5.0 AppleWebKit/537.36 (KHTML, like Gecko; compatible; GPTBot/1.3; +https://openai.com/gptbot)" "-"
74.7.242.0 - - [02/May/2026:02:01:30 +0200] "GET /?fileloc=//kunden/kunden/kunden/kunden/kunden/kunden/kunden/proc/thread-self/root/proc/self/root/kunden/usr/lib/mc/ext.d/web.sh&path=//kunden/kunden/kunden/kunden/kunden/kunden/kunden/proc/thread-self/root/proc/self/root/kunden/usr/lib/mc/ext.d HTTP/1.1" 200 15302 www.caldereria-balantxa.com "https://www.caldereria-balantxa.com/?path=//kunden/kunden/kunden/kunden/kunden/kunden/kunden/proc/thread-self/root/proc/self/root/kunden/usr/lib/mc/ext.d" "Mozilla/5.0 AppleWebKit/537.36 (KHTML, like Gecko; compatible; GPTBot/1.3; +https://openai.com/gptbot)" "-"
2a03:2880:f800:: - - [02/May/2026:02:01:30 +0200] "GET /items/B121315346/?path=/homepages HTTP/1.1" 429 267 www.caldereria-balantxa.com "-" "meta-externalagent/1.1 (+https://developers.facebook.com/docs/sharing/webmasters/crawler)" "-"
2a03:2880:f800:: - - [02/May/2026:02:01:32 +0200] "GET /items/B121751022/?path=/homepages/2/d388782733/htdocs HTTP/1.1" 429 267 www.caldereria-balantxa.com "-" "meta-externalagent/1.1 (+https://developers.facebook.com/docs/sharing/webmasters/crawler)" "-"
114.119.157.0 - - [02/May/2026:02:01:33 +0200] "GET /juegos-de-casino-gratis-online-en-espa%C3%B1ol/ HTTP/1.1" 200 55623 www.planeadosalbe.com "https://www.planeadosalbe.com/wp-sitemap-posts-post-1.xml" "Mozilla/5.0 (Linux; Android 7.0;) AppleWebKit/537.36 (HTML, like Gecko) Mobile Safari/537.36 (compatible; PetalBot;+https://webmaster.petalsearch.com/site/petalbot)" "-"
2a03:2880:f800:: - - [02/May/2026:02:01:35 +0200] "GET /items/B122194591/?path=/homepages/2/d388782733 HTTP/1.1" 429 267 www.caldereria-balantxa.com "-" "meta-externalagent/1.1 (+https://developers.facebook.com/docs/sharing/webmasters/crawler)" "-"
2a03:2880:f800:: - - [02/May/2026:02:01:36 +0200] "GET /items/B121644450/?path=/homepages/2/d387551944 HTTP/1.1" 429 267 www.caldereria-balantxa.com "-" "meta-externalagent/1.1 (+https://developers.facebook.com/docs/sharing/webmasters/crawler)" "-"
74.7.227.0 - - [02/May/2026:02:01:42 +0200] "GET /?fileloc=/homepages/2/d834828290/htdocs/clickandbuilds/caldereria-balantxa.com/wp-content/et-cache/4148/et-divi-dynamic-4148.css&path=/homepages/2/d834828290/htdocs/clickandbuilds/caldereria-balantxa.com/wp-content/et-cache/4148 HTTP/1.1" 200 12999 caldereria-balantxa.com "https://caldereria-balantxa.com/?path=/homepages/2/d834828290/htdocs/clickandbuilds/caldereria-balantxa.com/wp-content/et-cache/4148" "Mozilla/5.0 AppleWebKit/537.36 (KHTML, like Gecko; compatible; GPTBot/1.3; +https://openai.com/gptbot)" "-"
2a03:2880:f800:: - - [02/May/2026:02:01:42 +0200] "GET /items/B121042224/?path=//etc HTTP/1.1" 429 267 www.caldereria-balantxa.com "-" "meta-externalagent/1.1 (+https://developers.facebook.com/docs/sharing/webmasters/crawler)" "-"
2a03:2880:f800:: - - [02/May/2026:02:01:44 +0200] "GET /cuota-en-apuestas/ HTTP/1.1" 200 67054 biark.net "-" "meta-externalagent/1.1 (+https://developers.facebook.com/docs/sharing/webmasters/crawler)" "-"
198.244.183.0 - - [02/May/2026:02:01:47 +0200] "GET /que-son-las-apuestas-deportivas-online/ HTTP/1.1" 404 31217 www.erlain.es "-" "Mozilla/5.0 (compatible; AhrefsBot/7.0; +http://ahrefs.com/robot/)" "-"
2a03:2880:f800:: - - [02/May/2026:02:01:47 +0200] "GET /resultados-boca-river-hoy/ HTTP/1.1" 200 66678 biark.net "-" "meta-externalagent/1.1 (+https://developers.facebook.com/docs/sharing/webmasters/crawler)" "-"
2a03:2880:f800:: - - [02/May/2026:02:01:49 +0200] "GET /items/B121795109/?fileloc=//bin/write&path=//bin HTTP/1.1" 429 267 www.caldereria-balantxa.com "-" "meta-externalagent/1.1 (+https://developers.facebook.com/docs/sharing/webmasters/crawler)" "-"
2a03:2880:f800:: - - [02/May/2026:02:01:50 +0200] "GET /items/B121185697/?fileloc=/homepages/2/d387860405/phpinilist&path=/homepages/2/d387860405 HTTP/1.1" 429 267 www.caldereria-balantxa.com "-" "meta-externalagent/1.1 (+https://developers.facebook.com/docs/sharing/webmasters/crawler)" "-"
2a03:2880:f800:: - - [02/May/2026:02:01:57 +0200] "GET /?fileloc=/homepages/2/d834828290/htdocs/clickandbuilds/caldereria-balantxa.com/wp-blog-header.php&path=/homepages/2/d834828290/htdocs/clickandbuilds/caldereria-balantxa.com HTTP/1.1" 429 267 www.caldereria-balantxa.com "-" "meta-externalagent/1.1 (+https://developers.facebook.com/docs/sharing/webmasters/crawler)" "-"
2a03:2880:f800:: - - [02/May/2026:02:01:57 +0200] "GET /calcular-cuota-apuesta/ HTTP/1.1" 200 66910 biark.net "-" "meta-externalagent/1.1 (+https://developers.facebook.com/docs/sharing/webmasters/crawler)" "-"
2a03:2880:f800:: - - [02/May/2026:02:01:58 +0200] "GET /items/B121452971/?path=/homepages/9/d385612449 HTTP/1.1" 429 267 www.caldereria-balantxa.com "-" "meta-externalagent/1.1 (+https://developers.facebook.com/docs/sharing/webmasters/crawler)" "-"
2a03:2880:f800:: - - [02/May/2026:02:01:59 +0200] "GET /items/B122141015/?path=/homepages/3 HTTP/1.1" 429 267 www.caldereria-balantxa.com "-" "meta-externalagent/1.1 (+https://developers.facebook.com/docs/sharing/webmasters/crawler)" "-"
94.23.188.0 - - [02/May/2026:02:02:04 +0200] "GET /apuestas-android-autom%C3%A1tica-o-manual/ HTTP/1.1" 200 66898 biark.net "-" "Mozilla/5.0 (compatible; AhrefsBot/7.0; +http://ahrefs.com/robot/)" "-"
74.7.243.0 - - [02/May/2026:02:02:05 +0200] "GET /?p=32546 HTTP/1.1" 301 - elpayasocobrador.com "https://elpayasocobrador.com/?p=32552" "Mozilla/5.0 AppleWebKit/537.36 (KHTML, like Gecko; compatible; GPTBot/1.3; +https://openai.com/gptbot)" "-"
82.165.80.0 - - [02/May/2026:02:02:07 +0200] "POST /wp-cron.php?doing_wp_cron=1777680127.1792740821838378906250 HTTP/1.1" 200 - elpayasocobrador.com "-" "WordPress/6.9.4; https://elpayasocobrador.com" "-"
2a03:2880:f800:: - - [02/May/2026:02:02:08 +0200] "GET /betway-apuestas-deportivas-online/ HTTP/1.1" 200 66952 biark.net "-" "meta-externalagent/1.1 (+https://developers.facebook.com/docs/sharing/webmasters/crawler)" "-"
74.7.243.0 - - [02/May/2026:02:02:08 +0200] "GET /casino-online-dep%C3%B3sito-5-euros/ HTTP/1.1" 200 52816 elpayasocobrador.com "https://elpayasocobrador.com/?p=32546" "Mozilla/5.0 AppleWebKit/537.36 (KHTML, like Gecko; compatible; GPTBot/1.3; +https://openai.com/gptbot)" "-"
2a03:2880:f800:: - - [02/May/2026:02:02:10 +0200] "GET /-qu%C3%A9-casino-te-da-bono-sin-dep%C3%B3sito/ HTTP/1.1" 404 50120 www.planeadosalbe.com "-" "meta-externalagent/1.1 (+https://developers.facebook.com/docs/sharing/webmasters/crawler)" "-"
2a03:2880:f800:: - - [02/May/2026:02:02:10 +0200] "GET /items/B122153639/?path=//lib32 HTTP/1.1" 429 267 www.caldereria-balantxa.com "-" "meta-externalagent/1.1 (+https://developers.facebook.com/docs/sharing/webmasters/crawler)" "-"
216.131.83.0 - - [02/May/2026:02:02:10 +0200] "GET /feed/ HTTP/1.1" 200 52512 www.caldereria-balantxa.com "-" "Mozilla/5.0 (Windows; U; Windows NT 6.0) AppleWebKit/533.23.4 (KHTML, like Gecko) Version/4.0.5 Safari/533.23.4" "-"
114.119.151.0 - - [02/May/2026:02:02:10 +0200] "GET /juego-casino-tragamonedas-gratis-5-tambores HTTP/1.1" 301 - elpayasocobrador.com "-" "Mozilla/5.0 (Linux; Android 7.0;) AppleWebKit/537.36 (HTML, like Gecko) Mobile Safari/537.36 (compatible; PetalBot;+https://webmaster.petalsearch.com/site/petalbot)" "-"
176.31.139.0 - - [02/May/2026:02:02:12 +0200] "GET /apuestas-gane-resultados-chance/ HTTP/1.1" 200 66915 biark.net "-" "Mozilla/5.0 (compatible; AhrefsBot/7.0; +http://ahrefs.com/robot/)" "-"
2a03:2880:f800:: - - [02/May/2026:02:02:13 +0200] "GET /items/B121667180/?fileloc=//bin/soelim&path=//bin HTTP/1.1" 429 267 www.caldereria-balantxa.com "-" "meta-externalagent/1.1 (+https://developers.facebook.com/docs/sharing/webmasters/crawler)" "-"
2a03:2880:f800:: - - [02/May/2026:02:02:19 +0200] "GET /club-de-hockey-benalmadena/ HTTP/1.1" 200 66816 biark.net "-" "meta-externalagent/1.1 (+https://developers.facebook.com/docs/sharing/webmasters/crawler)" "-"
114.119.151.0 - - [02/May/2026:02:02:19 +0200] "GET /juego-casino-tragamonedas-gratis-5-tambores/ HTTP/1.1" 200 58318 elpayasocobrador.com "https://elpayasocobrador.com/juego-casino-tragamonedas-gratis-5-tambores" "Mozilla/5.0 (Linux; Android 7.0;) AppleWebKit/537.36 (HTML, like Gecko) Mobile Safari/537.36 (compatible; PetalBot;+https://webmaster.petalsearch.com/site/petalbot)" "-"
74.7.242.0 - - [02/May/2026:02:02:24 +0200] "GET /?path=//kunden/kunden/kunden/kunden/kunden/kunden/kunden/proc/thread-self/root/proc/self/root/kunden/var/lib/ispell HTTP/1.1" 200 15875 www.caldereria-balantxa.com "https://www.caldereria-balantxa.com/?path=//kunden/kunden/kunden/kunden/kunden/kunden/kunden/proc/thread-self/root/proc/self/root/kunden/var/lib" "Mozilla/5.0 AppleWebKit/537.36 (KHTML, like Gecko; compatible; GPTBot/1.3; +https://openai.com/gptbot)" "-"
2a03:2880:f800:: - - [02/May/2026:02:02:24 +0200] "GET /d%C3%B3nde-casas-asi%C3%A1ticas-apuestas-deportivas/ HTTP/1.1" 200 67252 biark.net "-" "meta-externalagent/1.1 (+https://developers.facebook.com/docs/sharing/webmasters/crawler)" "-"
2a03:2880:f800:: - - [02/May/2026:02:02:27 +0200] "GET /items/B121719748/?path=/homepages/2/d834716853 HTTP/1.1" 200 26957 www.caldereria-balantxa.com "-" "meta-externalagent/1.1 (+https://developers.facebook.com/docs/sharing/webmasters/crawler)" "-"
2a03:2880:f800:: - - [02/May/2026:02:02:28 +0200] "GET /items/B121865513/?path=/homepages/2/d384623844/.oneclick HTTP/1.1" 200 12769 www.caldereria-balantxa.com "-" "meta-externalagent/1.1 (+https://developers.facebook.com/docs/sharing/webmasters/crawler)" "-"
2a03:2880:f800:: - - [02/May/2026:02:02:33 +0200] "GET /platincasino-c%C3%B3digo-de-bono-apuestas-deportivas-sin-dep%C3%B3sito/ HTTP/1.1" 200 72675 biark.net "-" "meta-externalagent/1.1 (+https://developers.facebook.com/docs/sharing/webmasters/crawler)" "-"
54.37.118.0 - - [02/May/2026:02:02:35 +0200] "GET /el-casino-de-albarracin/ HTTP/1.1" 200 36343 www.soldadura-aircom.com "-" "Mozilla/5.0 (compatible; AhrefsBot/7.0; +http://ahrefs.com/robot/)" "-"
52.167.144.0 - - [02/May/2026:02:02:36 +0200] "GET /resultado-del-partido-colombia-vs-espa%C3%B1a-femenino-hoy/?path=//lib64 HTTP/1.1" 200 14048 www.caldereria-balantxa.com "-" "Mozilla/5.0 AppleWebKit/537.36 (KHTML, like Gecko; compatible; bingbot/2.0; +http://www.bing.com/bingbot.htm) Chrome/116.0.1938.76 Safari/537.36" "-"
114.119.145.0 - - [02/May/2026:02:02:39 +0200] "GET /?p=7445 HTTP/1.1" 301 - www.soldadura-aircom.com "https://www.soldadura-aircom.com/2024/03/11/tragamonedas-multijuegos" "Mozilla/5.0 (Linux; Android 7.0;) AppleWebKit/537.36 (HTML, like Gecko) Mobile Safari/537.36 (compatible; PetalBot;+https://webmaster.petalsearch.com/site/petalbot)" "-"
74.7.227.0 - - [02/May/2026:02:02:39 +0200] "GET /?fileloc=/homepages/2/d834828290/htdocs/clickandbuilds/caldereria-balantxa.com/wp-content/et-cache/2081/et-divi-dynamic-2081.css&path=/homepages/2/d834828290/htdocs/clickandbuilds/caldereria-balantxa.com/wp-content/et-cache/2081 HTTP/1.1" 200 12999 caldereria-balantxa.com "https://caldereria-balantxa.com/?path=/homepages/2/d834828290/htdocs/clickandbuilds/caldereria-balantxa.com/wp-content/et-cache/2081" "Mozilla/5.0 AppleWebKit/537.36 (KHTML, like Gecko; compatible; GPTBot/1.3; +https://openai.com/gptbot)" "-"
114.119.145.0 - - [02/May/2026:02:02:42 +0200] "GET /m%C3%A1quinas-tragamonedas-gratis-en-internet/ HTTP/1.1" 200 37479 www.soldadura-aircom.com "https://www.soldadura-aircom.com/2024/03/11/tragamonedas-multijuegos" "Mozilla/5.0 (Linux; Android 7.0;) AppleWebKit/537.36 (HTML, like Gecko) Mobile Safari/537.36 (compatible; PetalBot;+https://webmaster.petalsearch.com/site/petalbot)" "-"
74.7.243.0 - - [02/May/2026:02:02:42 +0200] "GET /?p=29055 HTTP/1.1" 301 - elpayasocobrador.com "https://elpayasocobrador.com/?p=31626" "Mozilla/5.0 AppleWebKit/537.36 (KHTML, like Gecko; compatible; GPTBot/1.3; +https://openai.com/gptbot)" "-"
2a03:2880:f800:: - - [02/May/2026:02:02:43 +0200] "GET /items/B122110977/?path=/homepages/2/d834226408 HTTP/1.1" 200 26957 www.caldereria-balantxa.com "-" "meta-externalagent/1.1 (+https://developers.facebook.com/docs/sharing/webmasters/crawler)" "-"
74.7.243.0 - - [02/May/2026:02:02:43 +0200] "GET /como-jugar-al-mr-bet-casino/ HTTP/1.1" 200 53695 elpayasocobrador.com "https://elpayasocobrador.com/?p=29055" "Mozilla/5.0 AppleWebKit/537.36 (KHTML, like Gecko; compatible; GPTBot/1.3; +https://openai.com/gptbot)" "-"
95.108.213.0 - - [02/May/2026:02:02:51 +0200] "GET /robots.txt HTTP/1.1" 429 267 www.erlain.es "-" "Mozilla/5.0 (compatible; YandexBot/3.0; +http://yandex.com/bots)" "-"
114.119.139.0 - - [02/May/2026:02:02:52 +0200] "GET /juegos-de-casino-en-linea-sin-descargar HTTP/1.1" 301 - www.planeadosalbe.com "-" "Mozilla/5.0 (Linux; Android 7.0;) AppleWebKit/537.36 (HTML, like Gecko) Mobile Safari/537.36 (compatible; PetalBot;+https://webmaster.petalsearch.com/site/petalbot)" "-"
2a03:2880:f800:: - - [02/May/2026:02:02:53 +0200] "GET /como-funcionan-las-apuestas/ HTTP/1.1" 200 67048 biark.net "-" "meta-externalagent/1.1 (+https://developers.facebook.com/docs/sharing/webmasters/crawler)" "-"
2a03:2880:f800:: - - [02/May/2026:02:02:54 +0200] "GET /jugar-spinomenal-gratis/ HTTP/1.1" 200 66975 biark.net "-" "meta-externalagent/1.1 (+https://developers.facebook.com/docs/sharing/webmasters/crawler)" "-"
2a03:2880:f800:: - - [02/May/2026:02:02:55 +0200] "GET /items/B121612163/?fileloc=//bin/pnmnorm&path=//bin HTTP/1.1" 200 29521 www.caldereria-balantxa.com "-" "meta-externalagent/1.1 (+https://developers.facebook.com/docs/sharing/webmasters/crawler)" "-"
114.119.139.0 - - [02/May/2026:02:02:57 +0200] "GET /juegos-de-casino-en-linea-sin-descargar/ HTTP/1.1" 200 54929 www.planeadosalbe.com "https://www.planeadosalbe.com/juegos-de-casino-en-linea-sin-descargar" "Mozilla/5.0 (Linux; Android 7.0;) AppleWebKit/537.36 (HTML, like Gecko) Mobile Safari/537.36 (compatible; PetalBot;+https://webmaster.petalsearch.com/site/petalbot)" "-"
54.37.118.0 - - [02/May/2026:02:02:58 +0200] "GET /quien-foro-apuestas-deportivas-tenis/ HTTP/1.1" 200 67509 biark.net "-" "Mozilla/5.0 (compatible; AhrefsBot/7.0; +http://ahrefs.com/robot/)" "-"
95.108.213.0 - - [02/May/2026:02:03:01 +0200] "GET /robots.txt HTTP/1.1" 429 267 biark.net "-" "Mozilla/5.0 (compatible; YandexBot/3.0; +http://yandex.com/bots)" "-"
2a03:2880:f800:: - - [02/May/2026:02:03:03 +0200] "GET /boxeo-apuestas/ HTTP/1.1" 200 66962 biark.net "-" "meta-externalagent/1.1 (+https://developers.facebook.com/docs/sharing/webmasters/crawler)" "-"
2a03:2880:f800:: - - [02/May/2026:02:03:05 +0200] "GET /sitemap-index.xml?path=//etc/rc6.d HTTP/1.1" 200 14068 caldereria-balantxa.com "-" "meta-externalagent/1.1 (+https://developers.facebook.com/docs/sharing/webmasters/crawler)" "-"
2a03:2880:f800:: - - [02/May/2026:02:03:05 +0200] "GET /apuesta-champions-hoy/ HTTP/1.1" 429 267 biark.net "-" "meta-externalagent/1.1 (+https://developers.facebook.com/docs/sharing/webmasters/crawler)" "-"
2a03:2880:f800:: - - [02/May/2026:02:03:14 +0200] "GET /post-sitemap13.xml?path=/homepages/2/d834828290/htdocs/clickandbuilds/caldereria-balantxa.com/wp-content/mu-plugins HTTP/1.1" 200 15003 www.caldereria-balantxa.com "-" "meta-externalagent/1.1 (+https://developers.facebook.com/docs/sharing/webmasters/crawler)" "-"
74.7.242.0 - - [02/May/2026:02:03:14 +0200] "GET /?path=//kunden/kunden/kunden/kunden/kunden/kunden/kunden/proc/thread-self/root/proc/self/root/kunden/var/lib/quota HTTP/1.1" 200 15853 www.caldereria-balantxa.com "https://www.caldereria-balantxa.com/?path=//kunden/kunden/kunden/kunden/kunden/kunden/kunden/proc/thread-self/root/proc/self/root/kunden/var/lib" "Mozilla/5.0 AppleWebKit/537.36 (KHTML, like Gecko; compatible; GPTBot/1.3; +https://openai.com/gptbot)" "-"
74.7.243.0 - - [02/May/2026:02:03:14 +0200] "GET /?p=26920 HTTP/1.1" 301 - elpayasocobrador.com "https://elpayasocobrador.com/?p=28121" "Mozilla/5.0 AppleWebKit/537.36 (KHTML, like Gecko; compatible; GPTBot/1.3; +https://openai.com/gptbot)" "-"
52.167.144.0 - - [02/May/2026:02:03:16 +0200] "GET /estadisticas-apuestas-deportivas-quien-paga-mas/?path=/homepages HTTP/1.1" 200 81138 www.caldereria-balantxa.com "-" "Mozilla/5.0 AppleWebKit/537.36 (KHTML, like Gecko; compatible; bingbot/2.0; +http://www.bing.com/bingbot.htm) Chrome/116.0.1938.76 Safari/537.36" "-"
82.165.80.0 - - [02/May/2026:02:03:16 +0200] "POST /wp-cron.php?doing_wp_cron=1777680195.9832589626312255859375 HTTP/1.1" 200 - elpayasocobrador.com "-" "WordPress/6.9.4; https://elpayasocobrador.com" "-"
74.7.243.0 - - [02/May/2026:02:03:16 +0200] "GET /consejos-para-jugar-casino-online/ HTTP/1.1" 200 52528 elpayasocobrador.com "https://elpayasocobrador.com/?p=26920" "Mozilla/5.0 AppleWebKit/537.36 (KHTML, like Gecko; compatible; GPTBot/1.3; +https://openai.com/gptbot)" "-"
2a03:2880:f800:: - - [02/May/2026:02:03:17 +0200] "GET /casino-en-l%C3%ADnea-de-canelo-%C3%A1lvarez/ HTTP/1.1" 429 267 biark.net "-" "meta-externalagent/1.1 (+https://developers.facebook.com/docs/sharing/webmasters/crawler)" "-"
202.46.62.0 - - [02/May/2026:02:03:18 +0200] "GET /wintrillions-casino-bono-sin-dep%C3%B3sito-50-giros-gratis-2025/ HTTP/1.1" 200 53724 elpayasocobrador.com "-" "Mozilla/5.0 (Windows NT 10.0; Win64; x64) AppleWebKit/537.36 (KHTML, like Gecko) Chrome/133.0.6943.141 Safari/537.36" "-"
2a03:2880:f800:: - - [02/May/2026:02:03:22 +0200] "GET /puerto-madero-casino-bono-sin-dep%C3%B3sito-50-giros-gratis-2025/ HTTP/1.1" 429 267 biark.net "-" "meta-externalagent/1.1 (+https://developers.facebook.com/docs/sharing/webmasters/crawler)" "-"
2a03:2880:f800:: - - [02/May/2026:02:03:23 +0200] "GET /post-sitemap5.xml?path=/homepages/2/d834828290/htdocs/.opcache HTTP/1.1" 200 12832 www.caldereria-balantxa.com "-" "meta-externalagent/1.1 (+https://developers.facebook.com/docs/sharing/webmasters/crawler)" "-"
2a03:2880:f800:: - - [02/May/2026:02:03:24 +0200] "GET /horreo-en-aramaiona-alava-2/ HTTP/1.1" 429 267 biark.net "-" "meta-externalagent/1.1 (+https://developers.facebook.com/docs/sharing/webmasters/crawler)" "-"
