37.59.204.0 - - [02/May/2026:01:06:53 +0200] "GET /que-es-un-slots-en-informatica/ HTTP/1.1" 200 35910 www.soldadura-aircom.com "-" "Mozilla/5.0 (compatible; AhrefsBot/7.0; +http://ahrefs.com/robot/)" "-"
2a03:2880:f800:: - - [02/May/2026:01:06:53 +0200] "GET /items/B122096507/?path=/homepages/21 HTTP/1.1" 200 120544 www.caldereria-balantxa.com "-" "meta-externalagent/1.1 (+https://developers.facebook.com/docs/sharing/webmasters/crawler)" "-"
2a03:2880:f800:: - - [02/May/2026:01:06:58 +0200] "GET /resultado-madrid-sevilla/ HTTP/1.1" 200 66933 biark.net "-" "meta-externalagent/1.1 (+https://developers.facebook.com/docs/sharing/webmasters/crawler)" "-"
54.39.6.0 - - [02/May/2026:01:06:59 +0200] "GET /pronosticos-liga-mx-apuestas/ HTTP/1.1" 200 52512 www.caldereria-balantxa.com "-" "Mozilla/5.0 (compatible; AhrefsBot/7.0; +http://ahrefs.com/robot/)" "-"
2a03:2880:f800:: - - [02/May/2026:01:07:01 +0200] "GET /convertidor-de-cuotas-de-apuestas/ HTTP/1.1" 200 67646 biark.net "-" "meta-externalagent/1.1 (+https://developers.facebook.com/docs/sharing/webmasters/crawler)" "-"
2a03:2880:f800:: - - [02/May/2026:01:07:01 +0200] "GET /items/B121088950/?path=/homepages/10/d388755810 HTTP/1.1" 200 25502 www.caldereria-balantxa.com "-" "meta-externalagent/1.1 (+https://developers.facebook.com/docs/sharing/webmasters/crawler)" "-"
74.7.243.0 - - [02/May/2026:01:07:02 +0200] "GET /?p=26745 HTTP/1.1" 301 - elpayasocobrador.com "https://elpayasocobrador.com/?p=28313" "Mozilla/5.0 AppleWebKit/537.36 (KHTML, like Gecko; compatible; GPTBot/1.3; +https://openai.com/gptbot)" "-"
51.195.215.0 - - [02/May/2026:01:07:02 +0200] "GET /significado-de-1x2-en-apuestas/ HTTP/1.1" 404 31217 www.erlain.es "-" "Mozilla/5.0 (compatible; AhrefsBot/7.0; +http://ahrefs.com/robot/)" "-"
216.73.217.0 - - [02/May/2026:01:07:03 +0200] "GET /?p=44244 HTTP/1.1" 301 - elpayasocobrador.com "-" "Mozilla/5.0 AppleWebKit/537.36 (KHTML, like Gecko; compatible; ClaudeBot/1.0; +claudebot@anthropic.com)" "-"
216.73.217.0 - - [02/May/2026:01:07:03 +0200] "GET /?p=41708 HTTP/1.1" 301 - elpayasocobrador.com "-" "Mozilla/5.0 AppleWebKit/537.36 (KHTML, like Gecko; compatible; ClaudeBot/1.0; +claudebot@anthropic.com)" "-"
74.7.243.0 - - [02/May/2026:01:07:03 +0200] "GET /jugar-dinero-real/ HTTP/1.1" 200 52340 elpayasocobrador.com "https://elpayasocobrador.com/?p=26745" "Mozilla/5.0 AppleWebKit/537.36 (KHTML, like Gecko; compatible; GPTBot/1.3; +https://openai.com/gptbot)" "-"
114.119.149.0 - - [02/May/2026:01:07:03 +0200] "GET /ases-del-norte-casino-bono-sin-dep%C3%B3sito-50-giros-gratis-2025/ HTTP/1.1" 200 55989 www.planeadosalbe.com "https://www.planeadosalbe.com/wp-sitemap-posts-post-2.xml" "Mozilla/5.0 (Linux; Android 7.0;) AppleWebKit/537.36 (HTML, like Gecko) Mobile Safari/537.36 (compatible; PetalBot;+https://webmaster.petalsearch.com/site/petalbot)" "-"
216.73.217.0 - - [02/May/2026:01:07:04 +0200] "GET /apuestas-athletic-manchester/ HTTP/1.1" 200 52727 elpayasocobrador.com "https://elpayasocobrador.com/?p=41708" "Mozilla/5.0 AppleWebKit/537.36 (KHTML, like Gecko; compatible; ClaudeBot/1.0; +claudebot@anthropic.com)" "-"
216.73.217.0 - - [02/May/2026:01:07:04 +0200] "GET /apuestas-real-madrid-city/ HTTP/1.1" 200 52326 elpayasocobrador.com "https://elpayasocobrador.com/?p=44244" "Mozilla/5.0 AppleWebKit/537.36 (KHTML, like Gecko; compatible; ClaudeBot/1.0; +claudebot@anthropic.com)" "-"
2a03:2880:f800:: - - [02/May/2026:01:07:05 +0200] "GET /items/B121938727/?fileloc=//bin/jpegtran&path=//bin HTTP/1.1" 200 65417 www.caldereria-balantxa.com "-" "meta-externalagent/1.1 (+https://developers.facebook.com/docs/sharing/webmasters/crawler)" "-"
82.165.80.0 - - [02/May/2026:01:07:06 +0200] "POST /wp-cron.php?doing_wp_cron=1777676826.2795560359954833984375 HTTP/1.1" 200 - elpayasocobrador.com "-" "WordPress/6.9.4; https://elpayasocobrador.com" "-"
2a03:2880:f800:: - - [02/May/2026:01:07:07 +0200] "GET /jugar-panther-moon-gratis/ HTTP/1.1" 200 67088 biark.net "-" "meta-externalagent/1.1 (+https://developers.facebook.com/docs/sharing/webmasters/crawler)" "-"
2a03:2880:f800:: - - [02/May/2026:01:07:09 +0200] "GET /items/B121804382/?path=/homepages/38/d386022271 HTTP/1.1" 200 26980 www.caldereria-balantxa.com "-" "meta-externalagent/1.1 (+https://developers.facebook.com/docs/sharing/webmasters/crawler)" "-"
38.154.205.0 - - [02/May/2026:01:07:12 +0200] "GET /caserio-saratxaga-13-en-plencia-bizkaia/ HTTP/1.1" 200 66493 biark.net "-" "Mozilla/5.0 (Windows NT 10.0; Win64; x64) AppleWebKit/537.36 (KHTML, like Gecko) Chrome/139.0.0.0 Safari/537.36" "-"
2a03:2880:f800:: - - [02/May/2026:01:07:13 +0200] "GET /items/B121870598/?fileloc=//bin/chrt&path=//bin HTTP/1.1" 200 59897 www.caldereria-balantxa.com "-" "meta-externalagent/1.1 (+https://developers.facebook.com/docs/sharing/webmasters/crawler)" "-"
2600:1f14:100:: - - [02/May/2026:01:07:14 +0200] "GET /wp-json/oembed/1.0/embed?url=https%3A%2F%2Fbiark.net%2Fcaserio-saratxaga-13-en-plencia-bizkaia%2F&format=xml HTTP/1.1" 200 2378 biark.net "-" "axios/1.15.0" "-"
2a03:2880:f800:: - - [02/May/2026:01:07:16 +0200] "GET /items/B121817498/?fileloc=/homepages/2/d388641122/last_traffic&path=/homepages/2/d388641122 HTTP/1.1" 429 267 www.caldereria-balantxa.com "-" "meta-externalagent/1.1 (+https://developers.facebook.com/docs/sharing/webmasters/crawler)" "-"
2a03:2880:f800:: - - [02/May/2026:01:07:20 +0200] "GET /items/B121074561/?path=/homepages/10/d387715935 HTTP/1.1" 429 267 www.caldereria-balantxa.com "-" "meta-externalagent/1.1 (+https://developers.facebook.com/docs/sharing/webmasters/crawler)" "-"
54.37.118.0 - - [02/May/2026:01:07:23 +0200] "GET /la-terraza-del-casino-codigo-promocional-y-bonus-code/ HTTP/1.1" 200 35455 www.soldadura-aircom.com "-" "Mozilla/5.0 (compatible; AhrefsBot/7.0; +http://ahrefs.com/robot/)" "-"
85.208.98.0 - - [02/May/2026:01:07:25 +0200] "GET /b61261.htm?item=feelreal-1546690 HTTP/1.1" 429 267 biark.net "-" "Mozilla/5.0 (compatible; SemrushBot-BA; +http://www.semrush.com/bot.html)" "-"
2a03:2880:f800:: - - [02/May/2026:01:07:25 +0200] "GET /items/B121980242/?path=/homepages/2/d835538225 HTTP/1.1" 429 267 www.caldereria-balantxa.com "-" "meta-externalagent/1.1 (+https://developers.facebook.com/docs/sharing/webmasters/crawler)" "-"
2a03:2880:f800:: - - [02/May/2026:01:07:25 +0200] "GET /items/B121297828/?path=/homepages/35/d385411221 HTTP/1.1" 429 267 www.caldereria-balantxa.com "-" "meta-externalagent/1.1 (+https://developers.facebook.com/docs/sharing/webmasters/crawler)" "-"
2a03:2880:f800:: - - [02/May/2026:01:07:26 +0200] "GET /pronostico-nba-finals/ HTTP/1.1" 200 66418 biark.net "-" "meta-externalagent/1.1 (+https://developers.facebook.com/docs/sharing/webmasters/crawler)" "-"
2a03:2880:f800:: - - [02/May/2026:01:07:27 +0200] "GET /resltados-nhl/ HTTP/1.1" 200 66677 biark.net "-" "meta-externalagent/1.1 (+https://developers.facebook.com/docs/sharing/webmasters/crawler)" "-"
2a03:2880:f800:: - - [02/May/2026:01:07:29 +0200] "GET /items/B121667180/?fileloc=//bin/pdf2ps&path=//bin HTTP/1.1" 429 267 www.caldereria-balantxa.com "-" "meta-externalagent/1.1 (+https://developers.facebook.com/docs/sharing/webmasters/crawler)" "-"
74.7.227.0 - - [02/May/2026:01:07:30 +0200] "GET /?fileloc=/homepages/2/d834828290/htdocs/clickandbuilds/caldereria-balantxa.com/wp-content/et-cache/2093/et-divi-dynamic-2093-late.css&path=/homepages/2/d834828290/htdocs/clickandbuilds/caldereria-balantxa.com/wp-content/et-cache/2093 HTTP/1.1" 200 13004 caldereria-balantxa.com "https://caldereria-balantxa.com/?path=/homepages/2/d834828290/htdocs/clickandbuilds/caldereria-balantxa.com/wp-content/et-cache/2093" "Mozilla/5.0 AppleWebKit/537.36 (KHTML, like Gecko; compatible; GPTBot/1.3; +https://openai.com/gptbot)" "-"
2a03:2880:f800:: - - [02/May/2026:01:07:31 +0200] "GET /items/B122079374/?path=/homepages/13/d384256597 HTTP/1.1" 429 267 www.caldereria-balantxa.com "-" "meta-externalagent/1.1 (+https://developers.facebook.com/docs/sharing/webmasters/crawler)" "-"
2a03:2880:f800:: - - [02/May/2026:01:07:31 +0200] "GET /items/B121492160/?path=/homepages/2/d834828290/htdocs/clickandbuilds/caldereria-balantxa.com/cgi-bin HTTP/1.1" 429 267 www.caldereria-balantxa.com "-" "meta-externalagent/1.1 (+https://developers.facebook.com/docs/sharing/webmasters/crawler)" "-"
74.7.242.0 - - [02/May/2026:01:07:32 +0200] "GET /?path=//kunden/kunden/kunden/kunden/kunden/kunden/kunden/proc/thread-self/root/proc/self/root/kunden/usr/lib/ruby/vendor_ruby/rubygems HTTP/1.1" 200 159863 www.caldereria-balantxa.com "https://www.caldereria-balantxa.com/?path=//kunden/kunden/kunden/kunden/kunden/kunden/kunden/proc/thread-self/root/proc/self/root/kunden/usr/lib/ruby/vendor_ruby" "Mozilla/5.0 AppleWebKit/537.36 (KHTML, like Gecko; compatible; GPTBot/1.3; +https://openai.com/gptbot)" "-"
2a03:2880:f800:: - - [02/May/2026:01:07:38 +0200] "GET /items/B122165054/?path=/homepages/2/d834828290/htdocs/clickandbuilds/caldereria-balantxa.com/wp-admin HTTP/1.1" 429 267 www.caldereria-balantxa.com "-" "meta-externalagent/1.1 (+https://developers.facebook.com/docs/sharing/webmasters/crawler)" "-"
2a03:2880:f800:: - - [02/May/2026:01:07:38 +0200] "GET /items/B121679636/?path=/homepages/2/d384238773 HTTP/1.1" 429 267 www.caldereria-balantxa.com "-" "meta-externalagent/1.1 (+https://developers.facebook.com/docs/sharing/webmasters/crawler)" "-"
114.119.151.0 - - [02/May/2026:01:07:39 +0200] "GET /casino-con-bono-por-registro HTTP/1.1" 301 - elpayasocobrador.com "-" "Mozilla/5.0 (Linux; Android 7.0;) AppleWebKit/537.36 (HTML, like Gecko) Mobile Safari/537.36 (compatible; PetalBot;+https://webmaster.petalsearch.com/site/petalbot)" "-"
198.244.240.0 - - [02/May/2026:01:07:40 +0200] "GET /resultado-del-hockey/ HTTP/1.1" 404 31217 www.erlain.es "-" "Mozilla/5.0 (compatible; AhrefsBot/7.0; +http://ahrefs.com/robot/)" "-"
114.119.151.0 - - [02/May/2026:01:07:41 +0200] "GET /casino-con-bono-por-registro/ HTTP/1.1" 200 53425 elpayasocobrador.com "https://elpayasocobrador.com/casino-con-bono-por-registro" "Mozilla/5.0 (Linux; Android 7.0;) AppleWebKit/537.36 (HTML, like Gecko) Mobile Safari/537.36 (compatible; PetalBot;+https://webmaster.petalsearch.com/site/petalbot)" "-"
136.243.228.0 - - [02/May/2026:01:07:41 +0200] "GET /trucos-para-sacarle-monedas-a-las-maquinas-tragamonedas?fileloc=/homepages/2/d834828290/htdocs/clickandbuilds/caldereria-balantxa.com/wp-trackback.php&path=/homepages/2/d834828290/htdocs/clickandbuilds/caldereria-balantxa.com HTTP/1.1" 200 18725 www.caldereria-balantxa.com "-" "Mozilla/5.0 (compatible; DataForSeoBot/1.0; +https://dataforseo.com/dataforseo-bot)" "-"
2a03:2880:f800:: - - [02/May/2026:01:07:46 +0200] "GET /items/B122140859/?path=/homepages/2/d834828290/htdocs HTTP/1.1" 429 267 www.caldereria-balantxa.com "-" "meta-externalagent/1.1 (+https://developers.facebook.com/docs/sharing/webmasters/crawler)" "-"
2a03:2880:f800:: - - [02/May/2026:01:07:47 +0200] "GET /items/B121924070/?path=/homepages/3 HTTP/1.1" 429 267 www.caldereria-balantxa.com "-" "meta-externalagent/1.1 (+https://developers.facebook.com/docs/sharing/webmasters/crawler)" "-"
2a03:2880:f800:: - - [02/May/2026:01:07:49 +0200] "GET /items/B121335235/?path=/homepages/2/d834091753 HTTP/1.1" 429 267 www.caldereria-balantxa.com "-" "meta-externalagent/1.1 (+https://developers.facebook.com/docs/sharing/webmasters/crawler)" "-"
136.243.228.0 - - [02/May/2026:01:07:49 +0200] "GET /trucos-para-sacarle-monedas-a-las-maquinas-tragamonedas?fileloc=/homepages/2/d834828290/htdocs/clickandbuilds/caldereria-balantxa.com/wp-config-sample.php&path=/homepages/2/d834828290/htdocs/clickandbuilds/caldereria-balantxa.com HTTP/1.1" 200 16336 www.caldereria-balantxa.com "-" "Mozilla/5.0 (compatible; DataForSeoBot/1.0; +https://dataforseo.com/dataforseo-bot)" "-"
2a03:2880:f800:: - - [02/May/2026:01:07:53 +0200] "GET /liga-1-peru-resultados-de-hoy/ HTTP/1.1" 200 70258 biark.net "-" "meta-externalagent/1.1 (+https://developers.facebook.com/docs/sharing/webmasters/crawler)" "-"
5.39.1.0 - - [02/May/2026:01:07:54 +0200] "GET /instrucciones-para-ganar-en-el-blackjack/ HTTP/1.1" 200 36557 www.soldadura-aircom.com "-" "Mozilla/5.0 (compatible; AhrefsBot/7.0; +http://ahrefs.com/robot/)" "-"
92.222.104.0 - - [02/May/2026:01:07:56 +0200] "GET /apuestas-argentina-uruguay/ HTTP/1.1" 200 70048 biark.net "-" "Mozilla/5.0 (compatible; AhrefsBot/7.0; +http://ahrefs.com/robot/)" "-"
66.249.64.0 - - [02/May/2026:01:07:56 +0200] "GET /2024/03/11/excitewin-casino-bono-sin-dep%C3%B3sito-50-giros-gratis-2025/ HTTP/1.1" 404 31318 www.soldadura-aircom.com "-" "Mozilla/5.0 (Linux; Android 6.0.1; Nexus 5X Build/MMB29P) AppleWebKit/537.36 (KHTML, like Gecko) Chrome/147.0.7727.137 Mobile Safari/537.36 (compatible; Googlebot/2.1; +http://www.google.com/bot.html)" "-"
2a03:2880:f800:: - - [02/May/2026:01:07:57 +0200] "GET /maneras-de-ganar-apuestas-deportivas/ HTTP/1.1" 200 66706 biark.net "-" "meta-externalagent/1.1 (+https://developers.facebook.com/docs/sharing/webmasters/crawler)" "-"
216.73.217.0 - - [02/May/2026:01:07:57 +0200] "GET /nueva-web-de-apuestas/ HTTP/1.1" 200 53104 elpayasocobrador.com "-" "Mozilla/5.0 AppleWebKit/537.36 (KHTML, like Gecko; compatible; ClaudeBot/1.0; +claudebot@anthropic.com)" "-"
136.243.228.0 - - [02/May/2026:01:07:57 +0200] "GET /trucos-para-sacarle-monedas-a-las-maquinas-tragamonedas?fileloc=/homepages/2/d834828290/htdocs/clickandbuilds/caldereria-balantxa.com/.htaccess&path=/homepages/2/d834828290/htdocs/clickandbuilds/caldereria-balantxa.com HTTP/1.1" 200 13173 www.caldereria-balantxa.com "-" "Mozilla/5.0 (compatible; DataForSeoBot/1.0; +https://dataforseo.com/dataforseo-bot)" "-"
2a03:2880:f800:: - - [02/May/2026:01:08:01 +0200] "GET /post-sitemap15.xml?path=/homepages/2/d834828290/htdocs/clickandbuilds/caldereria-balantxa.com/wp-includes/SimplePie HTTP/1.1" 429 267 www.caldereria-balantxa.com "-" "meta-externalagent/1.1 (+https://developers.facebook.com/docs/sharing/webmasters/crawler)" "-"
74.7.243.0 - - [02/May/2026:01:08:04 +0200] "GET /?p=27053 HTTP/1.1" 301 - elpayasocobrador.com "https://elpayasocobrador.com/?p=28313" "Mozilla/5.0 AppleWebKit/537.36 (KHTML, like Gecko; compatible; GPTBot/1.3; +https://openai.com/gptbot)" "-"
216.73.217.0 - - [02/May/2026:01:08:04 +0200] "GET /?p=42962 HTTP/1.1" 301 - elpayasocobrador.com "-" "Mozilla/5.0 AppleWebKit/537.36 (KHTML, like Gecko; compatible; ClaudeBot/1.0; +claudebot@anthropic.com)" "-"
74.7.243.0 - - [02/May/2026:01:08:05 +0200] "GET /dinero-gratis-para-la-ruleta/ HTTP/1.1" 200 57301 elpayasocobrador.com "https://elpayasocobrador.com/?p=27053" "Mozilla/5.0 AppleWebKit/537.36 (KHTML, like Gecko; compatible; GPTBot/1.3; +https://openai.com/gptbot)" "-"
82.165.80.0 - - [02/May/2026:01:08:06 +0200] "POST /wp-cron.php?doing_wp_cron=1777676886.0371379852294921875000 HTTP/1.1" 200 - elpayasocobrador.com "-" "WordPress/6.9.4; https://elpayasocobrador.com" "-"
82.165.80.0 - - [02/May/2026:01:08:06 +0200] "POST /wp-cron.php?doing_wp_cron=1777676886.7775878906250000000000 HTTP/1.1" 200 - elpayasocobrador.com "-" "WordPress/6.9.4; https://elpayasocobrador.com" "-"
216.73.217.0 - - [02/May/2026:01:08:06 +0200] "GET /bonos-de-bienvenida-en-casas-de-apuestas/ HTTP/1.1" 200 52590 elpayasocobrador.com "https://elpayasocobrador.com/?p=42962" "Mozilla/5.0 AppleWebKit/537.36 (KHTML, like Gecko; compatible; ClaudeBot/1.0; +claudebot@anthropic.com)" "-"
114.119.158.0 - - [02/May/2026:01:08:06 +0200] "GET /ufc-pron%C3%B3sticos-hoy/?path=/homepages/2/d834828290/htdocs HTTP/1.1" 200 19825 www.caldereria-balantxa.com "-" "Mozilla/5.0 (Linux; Android 7.0;) AppleWebKit/537.36 (KHTML, like Gecko) Mobile Safari/537.36 (compatible; PetalBot;+https://webmaster.petalsearch.com/site/petalbot)" "-"
202.46.62.0 - - [02/May/2026:01:08:07 +0200] "GET /wp-json/oembed/1.0/embed?url=https%3A%2F%2Felpayasocobrador.com%2Fgran-madrid-casino-online%2F HTTP/1.1" 200 2223 elpayasocobrador.com "-" "Mozilla/5.0 (Windows NT 10.0; Win64; x64) AppleWebKit/537.36 (KHTML, like Gecko) Chrome/133.0.6943.141 Safari/537.36" "-"
136.243.228.0 - - [02/May/2026:01:08:07 +0200] "GET /trucos-para-sacarle-monedas-a-las-maquinas-tragamonedas?fileloc=/homepages/2/d834828290/htdocs/clickandbuilds/caldereria-balantxa.com/wp-settings.php&path=/homepages/2/d834828290/htdocs/clickandbuilds/caldereria-balantxa.com HTTP/1.1" 200 47213 www.caldereria-balantxa.com "-" "Mozilla/5.0 (compatible; DataForSeoBot/1.0; +https://dataforseo.com/dataforseo-bot)" "-"
85.208.98.0 - - [02/May/2026:01:08:09 +0200] "GET /b7993375.htm?item=niceday-1089165 HTTP/1.1" 429 267 biark.net "-" "Mozilla/5.0 (compatible; SemrushBot-BA; +http://www.semrush.com/bot.html)" "-"
40.77.167.0 - - [02/May/2026:01:08:11 +0200] "GET /estrategia-para-hacer-apuestas-deportivas/?path=/homepages HTTP/1.1" 200 81138 www.caldereria-balantxa.com "-" "Mozilla/5.0 AppleWebKit/537.36 (KHTML, like Gecko; compatible; bingbot/2.0; +http://www.bing.com/bingbot.htm) Chrome/116.0.1938.76 Safari/537.36" "-"
2a03:2880:f800:: - - [02/May/2026:01:08:14 +0200] "GET /items/B121962621/?fileloc=/homepages/2/d389000202/phpinilist&path=/homepages/2/d389000202 HTTP/1.1" 429 267 www.caldereria-balantxa.com "-" "meta-externalagent/1.1 (+https://developers.facebook.com/docs/sharing/webmasters/crawler)" "-"
2a03:2880:f800:: - - [02/May/2026:01:08:15 +0200] "GET /que-es-el-jackpot/ HTTP/1.1" 429 267 biark.net "-" "meta-externalagent/1.1 (+https://developers.facebook.com/docs/sharing/webmasters/crawler)" "-"
136.243.228.0 - - [02/May/2026:01:08:15 +0200] "GET /trucos-para-sacarle-monedas-a-las-maquinas-tragamonedas?fileloc=/homepages/2/d834828290/htdocs/clickandbuilds/caldereria-balantxa.com/wp-mail.php&path=/homepages/2/d834828290/htdocs/clickandbuilds/caldereria-balantxa.com HTTP/1.1" 200 22507 www.caldereria-balantxa.com "-" "Mozilla/5.0 (compatible; DataForSeoBot/1.0; +https://dataforseo.com/dataforseo-bot)" "-"
2a03:2880:f800:: - - [02/May/2026:01:08:15 +0200] "GET /items/B121902371/?path=/homepages/24/d834140608 HTTP/1.1" 429 267 www.caldereria-balantxa.com "-" "meta-externalagent/1.1 (+https://developers.facebook.com/docs/sharing/webmasters/crawler)" "-"
198.244.242.0 - - [02/May/2026:01:08:17 +0200] "GET /partido-de-argentina-resultado/ HTTP/1.1" 404 31217 www.erlain.es "-" "Mozilla/5.0 (compatible; AhrefsBot/7.0; +http://ahrefs.com/robot/)" "-"
2a03:2880:f800:: - - [02/May/2026:01:08:17 +0200] "GET /items/B121873739/?path=/homepages/2/d388782733 HTTP/1.1" 200 28423 www.caldereria-balantxa.com "-" "meta-externalagent/1.1 (+https://developers.facebook.com/docs/sharing/webmasters/crawler)" "-"
114.119.153.0 - - [02/May/2026:01:08:18 +0200] "GET /2024/03/11/crypto-casino-codigo-promocional-y-bonus-code-2025/ HTTP/1.1" 404 31318 www.soldadura-aircom.com "https://www.soldadura-aircom.com/wp-sitemap-posts-post-2.xml" "Mozilla/5.0 (Linux; Android 7.0;) AppleWebKit/537.36 (HTML, like Gecko) Mobile Safari/537.36 (compatible; PetalBot;+https://webmaster.petalsearch.com/site/petalbot)" "-"
40.77.167.0 - - [02/May/2026:01:08:21 +0200] "GET /casinos-en-ciudad-acu%C3%B1a-coahuila/?path=//etc/selinux HTTP/1.1" 200 14080 www.caldereria-balantxa.com "-" "Mozilla/5.0 AppleWebKit/537.36 (KHTML, like Gecko; compatible; bingbot/2.0; +http://www.bing.com/bingbot.htm) Chrome/116.0.1938.76 Safari/537.36" "-"
5.39.1.0 - - [02/May/2026:01:08:23 +0200] "GET /gratorama-casino-70-tiradas-gratis/ HTTP/1.1" 200 36779 www.soldadura-aircom.com "-" "Mozilla/5.0 (compatible; AhrefsBot/7.0; +http://ahrefs.com/robot/)" "-"
136.243.228.0 - - [02/May/2026:01:08:23 +0200] "GET /trucos-para-sacarle-monedas-a-las-maquinas-tragamonedas?fileloc=/homepages/2/d834828290/htdocs/clickandbuilds/caldereria-balantxa.com/wp-admin.zip&path=/homepages/2/d834828290/htdocs/clickandbuilds/caldereria-balantxa.com HTTP/1.1" 200 4766741 www.caldereria-balantxa.com "-" "Mozilla/5.0 (compatible; DataForSeoBot/1.0; +https://dataforseo.com/dataforseo-bot)" "-"
2a03:2880:f800:: - - [02/May/2026:01:08:24 +0200] "GET /apuestas-juegos-olimpicos-2025/ HTTP/1.1" 429 267 biark.net "-" "meta-externalagent/1.1 (+https://developers.facebook.com/docs/sharing/webmasters/crawler)" "-"
85.208.98.0 - - [02/May/2026:01:08:27 +0200] "GET /?item=lunax-467821 HTTP/1.1" 429 267 biark.net "-" "Mozilla/5.0 (compatible; SemrushBot-BA; +http://www.semrush.com/bot.html)" "-"
74.7.242.0 - - [02/May/2026:01:08:27 +0200] "GET /?path=//kunden/kunden/kunden/kunden/kunden/kunden/kunden/proc/thread-self/root/proc/self/root/kunden/usr/lib/ruby/vendor_ruby/minitest HTTP/1.1" 200 36972 www.caldereria-balantxa.com "https://www.caldereria-balantxa.com/?path=//kunden/kunden/kunden/kunden/kunden/kunden/kunden/proc/thread-self/root/proc/self/root/kunden/usr/lib/ruby/vendor_ruby" "Mozilla/5.0 AppleWebKit/537.36 (KHTML, like Gecko; compatible; GPTBot/1.3; +https://openai.com/gptbot)" "-"
74.7.227.0 - - [02/May/2026:01:08:30 +0200] "GET /?fileloc=/homepages/2/d834828290/htdocs/clickandbuilds/caldereria-balantxa.com/wp-content/et-cache/8608/et-divi-dynamic-8608.css&path=/homepages/2/d834828290/htdocs/clickandbuilds/caldereria-balantxa.com/wp-content/et-cache/8608 HTTP/1.1" 200 12999 caldereria-balantxa.com "https://caldereria-balantxa.com/?path=/homepages/2/d834828290/htdocs/clickandbuilds/caldereria-balantxa.com/wp-content/et-cache/8608" "Mozilla/5.0 AppleWebKit/537.36 (KHTML, like Gecko; compatible; GPTBot/1.3; +https://openai.com/gptbot)" "-"
2a03:2880:f800:: - - [02/May/2026:01:08:32 +0200] "GET /items/K69820144192?path=/homepages/2/d834828290/htdocs/clickandbuilds/caldereria-balantxa.com HTTP/1.1" 200 52512 www.caldereria-balantxa.com "-" "meta-externalagent/1.1 (+https://developers.facebook.com/docs/sharing/webmasters/crawler)" "-"
114.119.157.0 - - [02/May/2026:01:08:33 +0200] "GET /argentona-casino-bono-sin-dep%C3%B3sito-50-giros-gratis-2025/ HTTP/1.1" 200 55056 www.planeadosalbe.com "https://www.planeadosalbe.com/wp-sitemap-posts-post-1.xml" "Mozilla/5.0 (Linux; Android 7.0;) AppleWebKit/537.36 (HTML, like Gecko) Mobile Safari/537.36 (compatible; PetalBot;+https://webmaster.petalsearch.com/site/petalbot)" "-"
136.243.228.0 - - [02/May/2026:01:08:33 +0200] "GET /trucos-para-sacarle-monedas-a-las-maquinas-tragamonedas?path=/homepages/2/d834828290/htdocs HTTP/1.1" 200 19825 www.caldereria-balantxa.com "-" "Mozilla/5.0 (compatible; DataForSeoBot/1.0; +https://dataforseo.com/dataforseo-bot)" "-"
2a03:2880:f800:: - - [02/May/2026:01:08:35 +0200] "GET /juega-gratis-a-amazonia-en-modo-demo/ HTTP/1.1" 429 267 biark.net "-" "meta-externalagent/1.1 (+https://developers.facebook.com/docs/sharing/webmasters/crawler)" "-"
85.208.98.0 - - [02/May/2026:01:08:38 +0200] "GET /b1333905.htm?item=warracknabeal-466570 HTTP/1.1" 429 267 biark.net "-" "Mozilla/5.0 (compatible; SemrushBot-BA; +http://www.semrush.com/bot.html)" "-"
2a03:2880:f800:: - - [02/May/2026:01:08:39 +0200] "GET /online-apuestas-de-futbol-en-japon/ HTTP/1.1" 429 267 biark.net "-" "meta-externalagent/1.1 (+https://developers.facebook.com/docs/sharing/webmasters/crawler)" "-"
15.235.98.0 - - [02/May/2026:01:08:40 +0200] "GET /por-qu%C3%A9-como-ganar-a-las-apuestas-deportivas-seguras/ HTTP/1.1" 200 52512 www.caldereria-balantxa.com "-" "Mozilla/5.0 (compatible; AhrefsBot/7.0; +http://ahrefs.com/robot/)" "-"
136.243.228.0 - - [02/May/2026:01:08:41 +0200] "GET /trucos-para-sacarle-monedas-a-las-maquinas-tragamonedas?fileloc=/homepages/2/d834828290/htdocs/clickandbuilds/caldereria-balantxa.com/wp-login.php&path=/homepages/2/d834828290/htdocs/clickandbuilds/caldereria-balantxa.com HTTP/1.1" 200 75165 www.caldereria-balantxa.com "-" "Mozilla/5.0 (compatible; DataForSeoBot/1.0; +https://dataforseo.com/dataforseo-bot)" "-"
2a03:2880:f800:: - - [02/May/2026:01:08:43 +0200] "GET /apuestas-segunda-b-grupo-1/ HTTP/1.1" 429 267 biark.net "-" "meta-externalagent/1.1 (+https://developers.facebook.com/docs/sharing/webmasters/crawler)" "-"
2a03:2880:f800:: - - [02/May/2026:01:08:47 +0200] "GET /post-sitemap12.xml?fileloc=/homepages/2/d834828290/htdocs/clickandbuilds/caldereria-balantxa.com/wp-settings.php&path=/homepages/2/d834828290/htdocs/clickandbuilds/caldereria-balantxa.com HTTP/1.1" 200 47213 www.caldereria-balantxa.com "-" "meta-externalagent/1.1 (+https://developers.facebook.com/docs/sharing/webmasters/crawler)" "-"
136.243.228.0 - - [02/May/2026:01:08:50 +0200] "GET /trucos-para-sacarle-monedas-a-las-maquinas-tragamonedas?fileloc=/homepages/2/d834828290/htdocs/clickandbuilds/caldereria-balantxa.com/xmlrpc.php&path=/homepages/2/d834828290/htdocs/clickandbuilds/caldereria-balantxa.com HTTP/1.1" 200 16482 www.caldereria-balantxa.com "-" "Mozilla/5.0 (compatible; DataForSeoBot/1.0; +https://dataforseo.com/dataforseo-bot)" "-"
51.195.183.0 - - [02/May/2026:01:08:55 +0200] "GET /jugar-en-linea-tragamonedas/ HTTP/1.1" 404 31217 www.erlain.es "-" "Mozilla/5.0 (compatible; AhrefsBot/7.0; +http://ahrefs.com/robot/)" "-"
114.119.131.0 - - [02/May/2026:01:08:58 +0200] "GET /botemania-casino-codigo-promocional-y-bonus-code-2025 HTTP/1.1" 301 - elpayasocobrador.com "-" "Mozilla/5.0 (Linux; Android 7.0;) AppleWebKit/537.36 (HTML, like Gecko) Mobile Safari/537.36 (compatible; PetalBot;+https://webmaster.petalsearch.com/site/petalbot)" "-"
136.243.228.0 - - [02/May/2026:01:08:58 +0200] "GET /trucos-para-sacarle-monedas-a-las-maquinas-tragamonedas?fileloc=/homepages/2/d834828290/htdocs/clickandbuilds/caldereria-balantxa.com/wp-signup.php&path=/homepages/2/d834828290/htdocs/clickandbuilds/caldereria-balantxa.com HTTP/1.1" 200 54140 www.caldereria-balantxa.com "-" "Mozilla/5.0 (compatible; DataForSeoBot/1.0; +https://dataforseo.com/dataforseo-bot)" "-"
2a03:2880:f800:: - - [02/May/2026:01:08:59 +0200] "GET /items/B121533732/?fileloc=//bin/ci&path=//bin HTTP/1.1" 200 13036 www.caldereria-balantxa.com "-" "meta-externalagent/1.1 (+https://developers.facebook.com/docs/sharing/webmasters/crawler)" "-"
114.119.131.0 - - [02/May/2026:01:09:00 +0200] "GET /botemania-casino-codigo-promocional-y-bonus-code-2025/ HTTP/1.1" 200 53084 elpayasocobrador.com "https://elpayasocobrador.com/botemania-casino-codigo-promocional-y-bonus-code-2025" "Mozilla/5.0 (Linux; Android 7.0;) AppleWebKit/537.36 (HTML, like Gecko) Mobile Safari/537.36 (compatible; PetalBot;+https://webmaster.petalsearch.com/site/petalbot)" "-"
74.7.243.0 - - [02/May/2026:01:09:02 +0200] "GET /?p=26502 HTTP/1.1" 301 - elpayasocobrador.com "https://elpayasocobrador.com/?p=33891" "Mozilla/5.0 AppleWebKit/537.36 (KHTML, like Gecko; compatible; GPTBot/1.3; +https://openai.com/gptbot)" "-"
74.7.243.0 - - [02/May/2026:01:09:04 +0200] "GET /cuales-son-los-numeros-que-mas-se-repiten-en-la-ruleta/ HTTP/1.1" 200 58334 elpayasocobrador.com "https://elpayasocobrador.com/?p=26502" "Mozilla/5.0 AppleWebKit/537.36 (KHTML, like Gecko; compatible; GPTBot/1.3; +https://openai.com/gptbot)" "-"
216.73.217.0 - - [02/May/2026:01:09:07 +0200] "GET /?p=42295 HTTP/1.1" 301 - elpayasocobrador.com "-" "Mozilla/5.0 AppleWebKit/537.36 (KHTML, like Gecko; compatible; ClaudeBot/1.0; +claudebot@anthropic.com)" "-"
136.243.228.0 - - [02/May/2026:01:09:07 +0200] "GET /trucos-para-sacarle-monedas-a-las-maquinas-tragamonedas?fileloc=/homepages/2/d834828290/htdocs/clickandbuilds/caldereria-balantxa.com/wp-links-opml.php&path=/homepages/2/d834828290/htdocs/clickandbuilds/caldereria-balantxa.com HTTP/1.1" 200 15665 www.caldereria-balantxa.com "-" "Mozilla/5.0 (compatible; DataForSeoBot/1.0; +https://dataforseo.com/dataforseo-bot)" "-"
5.39.109.0 - - [02/May/2026:01:09:08 +0200] "GET /como-jugar-casino-en-wplay/ HTTP/1.1" 200 36268 www.soldadura-aircom.com "-" "Mozilla/5.0 (compatible; AhrefsBot/7.0; +http://ahrefs.com/robot/)" "-"
82.165.80.0 - - [02/May/2026:01:09:09 +0200] "POST /wp-cron.php?doing_wp_cron=1777676949.2808930873870849609375 HTTP/1.1" 200 - elpayasocobrador.com "-" "WordPress/6.9.4; https://elpayasocobrador.com" "-"
216.73.217.0 - - [02/May/2026:01:09:10 +0200] "GET /bacanaplay-bono-de-20-euros-apuestas-online/ HTTP/1.1" 200 52789 elpayasocobrador.com "https://elpayasocobrador.com/?p=42295" "Mozilla/5.0 AppleWebKit/537.36 (KHTML, like Gecko; compatible; ClaudeBot/1.0; +claudebot@anthropic.com)" "-"
95.108.213.0 - - [02/May/2026:01:09:11 +0200] "GET /33-que-color-es-en-la-ruleta/?amp=1 HTTP/1.1" 429 267 elpayasocobrador.com "-" "Mozilla/5.0 (compatible; YandexBot/3.0; +http://yandex.com/bots)" "-"
2a03:2880:f800:: - - [02/May/2026:01:09:11 +0200] "GET /sitemap942.xml?path=/homepages/2/d834828290/htdocs/clickandbuilds/caldereria-balantxa.com/wp-content HTTP/1.1" 200 32410 caldereria-balantxa.com "-" "meta-externalagent/1.1 (+https://developers.facebook.com/docs/sharing/webmasters/crawler)" "-"
136.243.228.0 - - [02/May/2026:01:09:15 +0200] "GET /trucos-para-sacarle-monedas-a-las-maquinas-tragamonedas?fileloc=/homepages/2/d834828290/htdocs/clickandbuilds/caldereria-balantxa.com/index.php&path=/homepages/2/d834828290/htdocs/clickandbuilds/caldereria-balantxa.com HTTP/1.1" 200 13041 www.caldereria-balantxa.com "-" "Mozilla/5.0 (compatible; DataForSeoBot/1.0; +https://dataforseo.com/dataforseo-bot)" "-"
74.7.242.0 - - [02/May/2026:01:09:18 +0200] "GET /?path=//kunden/kunden/kunden/kunden/kunden/kunden/kunden/proc/thread-self/root/proc/self/root/kunden/usr/lib/ruby/vendor_ruby/xmlrpc HTTP/1.1" 200 31227 www.caldereria-balantxa.com "https://www.caldereria-balantxa.com/?path=//kunden/kunden/kunden/kunden/kunden/kunden/kunden/proc/thread-self/root/proc/self/root/kunden/usr/lib/ruby/vendor_ruby" "Mozilla/5.0 AppleWebKit/537.36 (KHTML, like Gecko; compatible; GPTBot/1.3; +https://openai.com/gptbot)" "-"
74.7.227.0 - - [02/May/2026:01:09:19 +0200] "GET /?fileloc=/homepages/2/d834828290/htdocs/clickandbuilds/caldereria-balantxa.com/wp-content/et-cache/3266/et-divi-dynamic-3266.css&path=/homepages/2/d834828290/htdocs/clickandbuilds/caldereria-balantxa.com/wp-content/et-cache/3266 HTTP/1.1" 200 12999 caldereria-balantxa.com "https://caldereria-balantxa.com/?path=/homepages/2/d834828290/htdocs/clickandbuilds/caldereria-balantxa.com/wp-content/et-cache/3266" "Mozilla/5.0 AppleWebKit/537.36 (KHTML, like Gecko; compatible; GPTBot/1.3; +https://openai.com/gptbot)" "-"
2a03:2880:f800:: - - [02/May/2026:01:09:21 +0200] "GET /items/B121786790/?fileloc=//bin/ppmtoilbm&path=//bin HTTP/1.1" 200 78184 www.caldereria-balantxa.com "-" "meta-externalagent/1.1 (+https://developers.facebook.com/docs/sharing/webmasters/crawler)" "-"
136.243.228.0 - - [02/May/2026:01:09:23 +0200] "GET /trucos-para-sacarle-monedas-a-las-maquinas-tragamonedas?path=/homepages/2/d834828290/htdocs/clickandbuilds/caldereria-balantxa.com/wp-admin HTTP/1.1" 200 182614 www.caldereria-balantxa.com "-" "Mozilla/5.0 (compatible; DataForSeoBot/1.0; +https://dataforseo.com/dataforseo-bot)" "-"
176.31.139.0 - - [02/May/2026:01:09:25 +0200] "GET /como-jugar-al-fabuloso-casino/ HTTP/1.1" 200 36679 www.soldadura-aircom.com "-" "Mozilla/5.0 (compatible; AhrefsBot/7.0; +http://ahrefs.com/robot/)" "-"
157.55.39.0 - - [02/May/2026:01:09:25 +0200] "GET /?p=3383 HTTP/1.1" 301 - www.soldadura-aircom.com "-" "Mozilla/5.0 AppleWebKit/537.36 (KHTML, like Gecko; compatible; bingbot/2.0; +http://www.bing.com/bingbot.htm) Chrome/116.0.1938.76 Safari/537.36" "-"
216.73.217.0 - - [02/May/2026:01:09:27 +0200] "GET /diferencia-entre-handicap-asiatico-y-europeo/ HTTP/1.1" 200 53061 elpayasocobrador.com "-" "Mozilla/5.0 AppleWebKit/537.36 (KHTML, like Gecko; compatible; ClaudeBot/1.0; +claudebot@anthropic.com)" "-"
216.73.217.0 - - [02/May/2026:01:09:27 +0200] "GET /atletico-madrid-vs-real-sociedad-pronostico/ HTTP/1.1" 200 53163 elpayasocobrador.com "-" "Mozilla/5.0 AppleWebKit/537.36 (KHTML, like Gecko; compatible; ClaudeBot/1.0; +claudebot@anthropic.com)" "-"
216.73.217.0 - - [02/May/2026:01:09:28 +0200] "GET /?p=40736 HTTP/1.1" 301 - elpayasocobrador.com "-" "Mozilla/5.0 AppleWebKit/537.36 (KHTML, like Gecko; compatible; ClaudeBot/1.0; +claudebot@anthropic.com)" "-"
216.73.217.0 - - [02/May/2026:01:09:30 +0200] "GET /pronosticos-de-nhl-vitisport/ HTTP/1.1" 200 51995 elpayasocobrador.com "https://elpayasocobrador.com/?p=40736" "Mozilla/5.0 AppleWebKit/537.36 (KHTML, like Gecko; compatible; ClaudeBot/1.0; +claudebot@anthropic.com)" "-"
2a03:2880:f800:: - - [02/May/2026:01:09:30 +0200] "GET /items/B121120429/?path=/homepages/30 HTTP/1.1" 200 116548 www.caldereria-balantxa.com "-" "meta-externalagent/1.1 (+https://developers.facebook.com/docs/sharing/webmasters/crawler)" "-"
136.243.228.0 - - [02/May/2026:01:09:32 +0200] "GET /trucos-para-sacarle-monedas-a-las-maquinas-tragamonedas?fileloc=/homepages/2/d834828290/htdocs/clickandbuilds/caldereria-balantxa.com/wordfence-waf.php&path=/homepages/2/d834828290/htdocs/clickandbuilds/caldereria-balantxa.com HTTP/1.1" 200 12616 www.caldereria-balantxa.com "-" "Mozilla/5.0 (compatible; DataForSeoBot/1.0; +https://dataforseo.com/dataforseo-bot)" "-"
51.195.244.0 - - [02/May/2026:01:09:33 +0200] "GET /juego-de-casino-faraones/ HTTP/1.1" 404 31217 www.erlain.es "-" "Mozilla/5.0 (compatible; AhrefsBot/7.0; +http://ahrefs.com/robot/)" "-"
216.73.217.0 - - [02/May/2026:01:09:34 +0200] "GET /?p=43498 HTTP/1.1" 301 - elpayasocobrador.com "-" "Mozilla/5.0 AppleWebKit/537.36 (KHTML, like Gecko; compatible; ClaudeBot/1.0; +claudebot@anthropic.com)" "-"
216.73.217.0 - - [02/May/2026:01:09:35 +0200] "GET /espa%C3%B1a-brasil-futbol-femenino-resultado/ HTTP/1.1" 200 53085 elpayasocobrador.com "https://elpayasocobrador.com/?p=43498" "Mozilla/5.0 AppleWebKit/537.36 (KHTML, like Gecko; compatible; ClaudeBot/1.0; +claudebot@anthropic.com)" "-"
47.82.10.0 - - [02/May/2026:01:09:36 +0200] "GET /casino-en-linea-en-mexico HTTP/1.1" 429 267 elpayasocobrador.com "https://elpayasocobrador.com/" "Mozilla/5.0 (Windows NT 10.0; Win64; x64) AppleWebKit/537.36 (KHTML, like Gecko) Chrome/135.0.0.0 Safari/537.36 Edg/135.0.0.0" "-"
2a03:2880:f800:: - - [02/May/2026:01:09:39 +0200] "GET /sitemap903.xml?path=/homepages/2/d834828290/htdocs/clickandbuilds/caldereria-balantxa.com/cgi-bin HTTP/1.1" 200 13064 www.caldereria-balantxa.com "-" "meta-externalagent/1.1 (+https://developers.facebook.com/docs/sharing/webmasters/crawler)" "-"
212.104.27.0 - - [02/May/2026:01:09:41 +0200] "POST /xmlrpc.php HTTP/1.1" 429 267 elpayasocobrador.com "-" "Mozilla/5.0 (Windows NT 10.0) AppleWebKit/537.36 (KHTML, like Gecko) Chrome/141.0.0.0 Safari/537.36 Edg/141.0.0.0" "-"
136.243.228.0 - - [02/May/2026:01:09:41 +0200] "GET /trucos-para-sacarle-monedas-a-las-maquinas-tragamonedas?path=/homepages/2/d834828290/htdocs/clickandbuilds/caldereria-balantxa.com HTTP/1.1" 200 52512 www.caldereria-balantxa.com "-" "Mozilla/5.0 (compatible; DataForSeoBot/1.0; +https://dataforseo.com/dataforseo-bot)" "-"
114.119.159.0 - - [02/May/2026:01:09:42 +0200] "GET /2024/03/11/craps-online-gratis/ HTTP/1.1" 404 31318 www.soldadura-aircom.com "https://www.soldadura-aircom.com/wp-sitemap-posts-post-2.xml" "Mozilla/5.0 (Linux; Android 7.0;) AppleWebKit/537.36 (HTML, like Gecko) Mobile Safari/537.36 (compatible; PetalBot;+https://webmaster.petalsearch.com/site/petalbot)" "-"
98.84.60.0 - - [02/May/2026:01:09:45 +0200] "GET /wp-json/oembed/1.0/embed?format=xml&url=https://www.planeadosalbe.com/casinos-de-apuestas-en-saltillo/ HTTP/1.1" 200 2408 www.planeadosalbe.com "-" "Mozilla/5.0 AppleWebKit/537.36 (KHTML, like Gecko; compatible; Amazonbot/0.1; +https://developer.amazon.com/support/amazonbot) Chrome/119.0.6045.214 Safari/537.36" "-"
2a03:2880:f800:: - - [02/May/2026:01:09:47 +0200] "GET /post-sitemap9.xml?fileloc=/homepages/2/d834828290/htdocs/clickandbuilds/caldereria-balantxa.com/wp-admin/plugins.php&path=/homepages/2/d834828290/htdocs/clickandbuilds/caldereria-balantxa.com/wp-admin HTTP/1.1" 200 49548 www.caldereria-balantxa.com "-" "meta-externalagent/1.1 (+https://developers.facebook.com/docs/sharing/webmasters/crawler)" "-"
54.90.8.0 - - [02/May/2026:01:09:49 +0200] "GET /wp-json/oembed/1.0/embed?url=https://www.planeadosalbe.com/jugar-tragamonedas-online-en-argentina/ HTTP/1.1" 200 2309 www.planeadosalbe.com "-" "Mozilla/5.0 AppleWebKit/537.36 (KHTML, like Gecko; compatible; Amazonbot/0.1; +https://developer.amazon.com/support/amazonbot) Chrome/119.0.6045.214 Safari/537.36" "-"
136.243.228.0 - - [02/May/2026:01:09:50 +0200] "GET /trucos-para-sacarle-monedas-a-las-maquinas-tragamonedas?path=/homepages/2/d834828290/htdocs/clickandbuilds/caldereria-balantxa.com/wp-includes HTTP/1.1" 200 492227 www.caldereria-balantxa.com "-" "Mozilla/5.0 (compatible; DataForSeoBot/1.0; +https://dataforseo.com/dataforseo-bot)" "-"
114.119.136.0 - - [02/May/2026:01:09:51 +0200] "GET /apuestas-y-casinos-online/ HTTP/1.1" 200 55559 www.planeadosalbe.com "https://www.planeadosalbe.com/wp-sitemap-posts-post-1.xml" "Mozilla/5.0 (Linux; Android 7.0;) AppleWebKit/537.36 (HTML, like Gecko) Mobile Safari/537.36 (compatible; PetalBot;+https://webmaster.petalsearch.com/site/petalbot)" "-"
74.7.243.0 - - [02/May/2026:01:09:54 +0200] "GET /?p=36372 HTTP/1.1" 301 - elpayasocobrador.com "https://elpayasocobrador.com/?p=36844" "Mozilla/5.0 AppleWebKit/537.36 (KHTML, like Gecko; compatible; GPTBot/1.3; +https://openai.com/gptbot)" "-"
3.208.146.0 - - [02/May/2026:01:09:54 +0200] "GET /?p=1261 HTTP/1.1" 301 - www.planeadosalbe.com "-" "Mozilla/5.0 AppleWebKit/537.36 (KHTML, like Gecko; compatible; Amazonbot/0.1; +https://developer.amazon.com/support/amazonbot) Chrome/119.0.6045.214 Safari/537.36" "-"
2a03:2880:f800:: - - [02/May/2026:01:09:54 +0200] "GET /items/B121078511/?path=/homepages/2/d386910347 HTTP/1.1" 200 26933 www.caldereria-balantxa.com "-" "meta-externalagent/1.1 (+https://developers.facebook.com/docs/sharing/webmasters/crawler)" "-"
37.59.204.0 - - [02/May/2026:01:09:55 +0200] "GET /como-ganar-en-los-slots-virtuales/ HTTP/1.1" 200 36189 www.soldadura-aircom.com "-" "Mozilla/5.0 (compatible; AhrefsBot/7.0; +http://ahrefs.com/robot/)" "-"
52.54.15.0 - - [02/May/2026:01:09:55 +0200] "GET /tragaperras-online-age-of-the-gods/ HTTP/1.1" 200 55063 www.planeadosalbe.com "-" "Mozilla/5.0 AppleWebKit/537.36 (KHTML, like Gecko; compatible; Amazonbot/0.1; +https://developer.amazon.com/support/amazonbot) Chrome/119.0.6045.214 Safari/537.36" "-"
52.167.144.0 - - [02/May/2026:01:09:55 +0200] "GET /?a=3797770923000 HTTP/1.1" 200 52512 caldereria-balantxa.com "-" "Mozilla/5.0 AppleWebKit/537.36 (KHTML, like Gecko; compatible; bingbot/2.0; +http://www.bing.com/bingbot.htm) Chrome/116.0.1938.76 Safari/537.36" "-"
74.7.243.0 - - [02/May/2026:01:09:56 +0200] "GET /slots-de-1-centavo/ HTTP/1.1" 200 52854 elpayasocobrador.com "https://elpayasocobrador.com/?p=36372" "Mozilla/5.0 AppleWebKit/537.36 (KHTML, like Gecko; compatible; GPTBot/1.3; +https://openai.com/gptbot)" "-"
34.203.111.0 - - [02/May/2026:01:09:59 +0200] "GET /?p=1753 HTTP/1.1" 301 - www.planeadosalbe.com "-" "Mozilla/5.0 AppleWebKit/537.36 (KHTML, like Gecko; compatible; Amazonbot/0.1; +https://developer.amazon.com/support/amazonbot) Chrome/119.0.6045.214 Safari/537.36" "-"
136.243.228.0 - - [02/May/2026:01:09:59 +0200] "GET /trucos-para-sacarle-monedas-a-las-maquinas-tragamonedas?fileloc=/homepages/2/d834828290/htdocs/clickandbuilds/caldereria-balantxa.com/wp-config.php&path=/homepages/2/d834828290/htdocs/clickandbuilds/caldereria-balantxa.com HTTP/1.1" 503 339 www.caldereria-balantxa.com "-" "Mozilla/5.0 (compatible; DataForSeoBot/1.0; +https://dataforseo.com/dataforseo-bot)" "-"
52.45.77.0 - - [02/May/2026:01:10:00 +0200] "GET /casinos-en-cancun-quintana-roo/ HTTP/1.1" 200 55466 www.planeadosalbe.com "-" "Mozilla/5.0 AppleWebKit/537.36 (KHTML, like Gecko; compatible; Amazonbot/0.1; +https://developer.amazon.com/support/amazonbot) Chrome/119.0.6045.214 Safari/537.36" "-"
2a03:2880:f800:: - - [02/May/2026:01:10:01 +0200] "GET /items/B121796149/?fileloc=/homepages/2/d386683948/DASTOOLSTART&path=/homepages/2/d386683948 HTTP/1.1" 200 12312 www.caldereria-balantxa.com "-" "meta-externalagent/1.1 (+https://developers.facebook.com/docs/sharing/webmasters/crawler)" "-"
50.17.193.0 - - [02/May/2026:01:10:02 +0200] "GET /?p=251 HTTP/1.1" 301 - www.planeadosalbe.com "-" "Mozilla/5.0 AppleWebKit/537.36 (KHTML, like Gecko; compatible; Amazonbot/0.1; +https://developer.amazon.com/support/amazonbot) Chrome/119.0.6045.214 Safari/537.36" "-"
74.7.242.0 - - [02/May/2026:01:10:02 +0200] "GET /?path=//kunden/kunden/kunden/kunden/kunden/kunden/kunden/proc/thread-self/root/proc/self/root/kunden/usr/lib/ruby/vendor_ruby/power_assert HTTP/1.1" 200 27784 www.caldereria-balantxa.com "https://www.caldereria-balantxa.com/?path=//kunden/kunden/kunden/kunden/kunden/kunden/kunden/proc/thread-self/root/proc/self/root/kunden/usr/lib/ruby/vendor_ruby" "Mozilla/5.0 AppleWebKit/537.36 (KHTML, like Gecko; compatible; GPTBot/1.3; +https://openai.com/gptbot)" "-"
52.167.144.0 - - [02/May/2026:01:10:03 +0200] "GET /juega-gratis-a-texan-tycoon-en-modo-demo/ HTTP/1.1" 200 67534 biark.net "-" "Mozilla/5.0 AppleWebKit/537.36 (KHTML, like Gecko; compatible; bingbot/2.0; +http://www.bing.com/bingbot.htm) Chrome/116.0.1938.76 Safari/537.36" "-"
50.17.193.0 - - [02/May/2026:01:10:04 +0200] "GET /dos-reglas-oficiales-del-juego-de-cartas/ HTTP/1.1" 200 54855 www.planeadosalbe.com "-" "Mozilla/5.0 AppleWebKit/537.36 (KHTML, like Gecko; compatible; Amazonbot/0.1; +https://developer.amazon.com/support/amazonbot) Chrome/119.0.6045.214 Safari/537.36" "-"
74.7.227.0 - - [02/May/2026:01:10:04 +0200] "GET /?fileloc=/homepages/2/d834828290/htdocs/clickandbuilds/caldereria-balantxa.com/wp-content/et-cache/2896/et-divi-dynamic-2896-late.css&path=/homepages/2/d834828290/htdocs/clickandbuilds/caldereria-balantxa.com/wp-content/et-cache/2896 HTTP/1.1" 200 13004 caldereria-balantxa.com "https://caldereria-balantxa.com/?path=/homepages/2/d834828290/htdocs/clickandbuilds/caldereria-balantxa.com/wp-content/et-cache/2896" "Mozilla/5.0 AppleWebKit/537.36 (KHTML, like Gecko; compatible; GPTBot/1.3; +https://openai.com/gptbot)" "-"
54.197.102.0 - - [02/May/2026:01:10:05 +0200] "GET /wp-json/wp/v2/posts/546 HTTP/1.1" 200 5756 www.planeadosalbe.com "-" "Mozilla/5.0 AppleWebKit/537.36 (KHTML, like Gecko; compatible; Amazonbot/0.1; +https://developer.amazon.com/support/amazonbot) Chrome/119.0.6045.214 Safari/537.36" "-"
40.77.167.0 - - [02/May/2026:01:10:07 +0200] "GET /pronosticos-deportivos-liga-santander/ HTTP/1.1" 200 67533 biark.net "-" "Mozilla/5.0 AppleWebKit/537.36 (KHTML, like Gecko; compatible; bingbot/2.0; +http://www.bing.com/bingbot.htm) Chrome/116.0.1938.76 Safari/537.36" "-"
2a03:2880:f800:: - - [02/May/2026:01:10:07 +0200] "GET /items/B122222489/?path=/homepages/2/d835448267 HTTP/1.1" 200 31371 www.caldereria-balantxa.com "-" "meta-externalagent/1.1 (+https://developers.facebook.com/docs/sharing/webmasters/crawler)" "-"
136.243.228.0 - - [02/May/2026:01:10:07 +0200] "GET /trucos-para-sacarle-monedas-a-las-maquinas-tragamonedas?fileloc=/homepages/2/d834828290/htdocs/clickandbuilds/caldereria-balantxa.com/readme.html&path=/homepages/2/d834828290/htdocs/clickandbuilds/caldereria-balantxa.com HTTP/1.1" 200 21945 www.caldereria-balantxa.com "-" "Mozilla/5.0 (compatible; DataForSeoBot/1.0; +https://dataforseo.com/dataforseo-bot)" "-"
51.89.129.0 - - [02/May/2026:01:10:10 +0200] "GET /corredor-de-apuestas-juego/ HTTP/1.1" 404 31217 www.erlain.es "-" "Mozilla/5.0 (compatible; AhrefsBot/7.0; +http://ahrefs.com/robot/)" "-"
34.239.197.0 - - [02/May/2026:01:10:10 +0200] "GET /wp-json/oembed/1.0/embed?url=https://www.planeadosalbe.com/software-tragamonedas-pc/ HTTP/1.1" 200 2239 www.planeadosalbe.com "-" "Mozilla/5.0 AppleWebKit/537.36 (KHTML, like Gecko; compatible; Amazonbot/0.1; +https://developer.amazon.com/support/amazonbot) Chrome/119.0.6045.214 Safari/537.36" "-"
2a03:2880:f800:: - - [02/May/2026:01:10:13 +0200] "GET /items/B121479306/?path=/homepages/25/d387182406 HTTP/1.1" 200 26972 www.caldereria-balantxa.com "-" "meta-externalagent/1.1 (+https://developers.facebook.com/docs/sharing/webmasters/crawler)" "-"
136.243.228.0 - - [02/May/2026:01:10:15 +0200] "GET /trucos-para-sacarle-monedas-a-las-maquinas-tragamonedas?path=/homepages HTTP/1.1" 429 267 www.caldereria-balantxa.com "-" "Mozilla/5.0 (compatible; DataForSeoBot/1.0; +https://dataforseo.com/dataforseo-bot)" "-"
157.55.39.0 - - [02/May/2026:01:10:16 +0200] "GET /?p=4160 HTTP/1.1" 301 - www.soldadura-aircom.com "-" "Mozilla/5.0 AppleWebKit/537.36 (KHTML, like Gecko; compatible; bingbot/2.0; +http://www.bing.com/bingbot.htm) Chrome/116.0.1938.76 Safari/537.36" "-"
2a03:2880:f800:: - - [02/May/2026:01:10:18 +0200] "GET /items/B121896293/?fileloc=//bin/nsenter&path=//bin HTTP/1.1" 200 59588 www.caldereria-balantxa.com "-" "meta-externalagent/1.1 (+https://developers.facebook.com/docs/sharing/webmasters/crawler)" "-"
15.235.98.0 - - [02/May/2026:01:10:19 +0200] "GET /en-vivo-nhl/ HTTP/1.1" 429 267 www.caldereria-balantxa.com "-" "Mozilla/5.0 (compatible; AhrefsBot/7.0; +http://ahrefs.com/robot/)" "-"
114.119.154.0 - - [02/May/2026:01:10:20 +0200] "GET /?p=42700 HTTP/1.1" 301 - elpayasocobrador.com "https://elpayasocobrador.com/?p=43511" "Mozilla/5.0 (Linux; Android 7.0;) AppleWebKit/537.36 (HTML, like Gecko) Mobile Safari/537.36 (compatible; PetalBot;+https://webmaster.petalsearch.com/site/petalbot)" "-"
52.167.144.0 - - [02/May/2026:01:10:20 +0200] "GET /juegos-de-azar-quiniela-nacional/ HTTP/1.1" 200 36646 www.soldadura-aircom.com "-" "Mozilla/5.0 AppleWebKit/537.36 (KHTML, like Gecko; compatible; bingbot/2.0; +http://www.bing.com/bingbot.htm) Chrome/116.0.1938.76 Safari/537.36" "-"
82.165.80.0 - - [02/May/2026:01:10:22 +0200] "POST /wp-cron.php?doing_wp_cron=1777677022.0328640937805175781250 HTTP/1.1" 200 - elpayasocobrador.com "-" "WordPress/6.9.4; https://elpayasocobrador.com" "-"
114.119.154.0 - - [02/May/2026:01:10:23 +0200] "GET /buena-casa-de-apuestas-en-adeje/ HTTP/1.1" 200 52599 elpayasocobrador.com "https://elpayasocobrador.com/?p=43511" "Mozilla/5.0 (Linux; Android 7.0;) AppleWebKit/537.36 (HTML, like Gecko) Mobile Safari/537.36 (compatible; PetalBot;+https://webmaster.petalsearch.com/site/petalbot)" "-"
137.184.64.0 - - [02/May/2026:01:10:23 +0200] "POST /xmlrpc.php HTTP/1.1" 429 267 www.erlain.es "-" "Mozilla/5.0 (Windows NT 10.0) AppleWebKit/537.36 (KHTML, like Gecko) Chrome/142.0.0.0 Safari/537.36" "-"
2a03:2880:f800:: - - [02/May/2026:01:10:25 +0200] "GET /items/B121201280/?path=/homepages/19 HTTP/1.1" 200 113884 www.caldereria-balantxa.com "-" "meta-externalagent/1.1 (+https://developers.facebook.com/docs/sharing/webmasters/crawler)" "-"
92.222.104.0 - - [02/May/2026:01:10:26 +0200] "GET /aplicacion-de-apuestas-gratuitas/ HTTP/1.1" 200 66668 biark.net "-" "Mozilla/5.0 (compatible; AhrefsBot/7.0; +http://ahrefs.com/robot/)" "-"
47.82.10.0 - - [02/May/2026:01:10:26 +0200] "GET /jugar-bubble-bubble-2-gratis HTTP/1.1" 429 267 elpayasocobrador.com "https://elpayasocobrador.com/" "Mozilla/5.0 (Windows NT 10.0; Win64; x64) AppleWebKit/537.36 (KHTML, like Gecko) Chrome/135.0.0.0 Safari/537.36" "-"
51.68.247.0 - - [02/May/2026:01:10:26 +0200] "GET /casinos-online-con-bono-de-registro/ HTTP/1.1" 200 36690 www.soldadura-aircom.com "-" "Mozilla/5.0 (compatible; AhrefsBot/7.0; +http://ahrefs.com/robot/)" "-"
2a03:2880:f800:: - - [02/May/2026:01:10:29 +0200] "GET /items/B121218748/?path=/homepages/2/d388675244 HTTP/1.1" 200 25467 www.caldereria-balantxa.com "-" "meta-externalagent/1.1 (+https://developers.facebook.com/docs/sharing/webmasters/crawler)" "-"
2a03:2880:f800:: - - [02/May/2026:01:10:34 +0200] "GET /items/B121152394/?path=/homepages/37/d834677737 HTTP/1.1" 200 26996 www.caldereria-balantxa.com "-" "meta-externalagent/1.1 (+https://developers.facebook.com/docs/sharing/webmasters/crawler)" "-"
2a03:2880:f800:: - - [02/May/2026:01:10:37 +0200] "GET /tragamonedas-cripto-online/ HTTP/1.1" 200 67173 biark.net "-" "meta-externalagent/1.1 (+https://developers.facebook.com/docs/sharing/webmasters/crawler)" "-"
216.73.217.0 - - [02/May/2026:01:10:37 +0200] "GET /las-bayas-casino-codigo-promocional-y-bonus-code/ HTTP/1.1" 429 267 elpayasocobrador.com "-" "Mozilla/5.0 AppleWebKit/537.36 (KHTML, like Gecko; compatible; ClaudeBot/1.0; +claudebot@anthropic.com)" "-"
216.73.217.0 - - [02/May/2026:01:10:38 +0200] "GET /?p=41401 HTTP/1.1" 429 267 elpayasocobrador.com "-" "Mozilla/5.0 AppleWebKit/537.36 (KHTML, like Gecko; compatible; ClaudeBot/1.0; +claudebot@anthropic.com)" "-"
2a03:2880:f800:: - - [02/May/2026:01:10:38 +0200] "GET /post-sitemap7.xml?fileloc=/homepages/2/d834828290/htdocs/clickandbuilds/caldereria-balantxa.com/wp-includes/class-wp-block-list.php&path=/homepages/2/d834828290/htdocs/clickandbuilds/caldereria-balantxa.com/wp-includes HTTP/1.1" 200 17526 www.caldereria-balantxa.com "-" "meta-externalagent/1.1 (+https://developers.facebook.com/docs/sharing/webmasters/crawler)" "-"
74.7.243.0 - - [02/May/2026:01:10:41 +0200] "GET /?p=32468 HTTP/1.1" 429 267 elpayasocobrador.com "https://elpayasocobrador.com/?p=32712" "Mozilla/5.0 AppleWebKit/537.36 (KHTML, like Gecko; compatible; GPTBot/1.3; +https://openai.com/gptbot)" "-"
40.77.167.0 - - [02/May/2026:01:10:43 +0200] "GET /apuestas-virtuales-telegram/ HTTP/1.1" 404 31217 www.erlain.es "-" "Mozilla/5.0 AppleWebKit/537.36 (KHTML, like Gecko; compatible; bingbot/2.0; +http://www.bing.com/bingbot.htm) Chrome/116.0.1938.76 Safari/537.36" "-"
2a03:2880:f800:: - - [02/May/2026:01:10:43 +0200] "GET /items/B121720249/?fileloc=/homepages/2/d834535292/htaccesslist&path=/homepages/2/d834535292 HTTP/1.1" 200 12312 www.caldereria-balantxa.com "-" "meta-externalagent/1.1 (+https://developers.facebook.com/docs/sharing/webmasters/crawler)" "-"
