2a03:2880:f800:: - - [02/May/2026:02:07:58 +0200] "GET /post-sitemap5.xml?path=/homepages/2/d834828290/htdocs/clickandbuilds/caldereria-balantxa.com/wp-content/et-cache/615 HTTP/1.1" 429 267 www.caldereria-balantxa.com "-" "meta-externalagent/1.1 (+https://developers.facebook.com/docs/sharing/webmasters/crawler)" "-"
2a03:2880:f800:: - - [02/May/2026:02:08:02 +0200] "GET /online-casa-de-apuestas-ganador-eurocopa/ HTTP/1.1" 200 67185 biark.net "-" "meta-externalagent/1.1 (+https://developers.facebook.com/docs/sharing/webmasters/crawler)" "-"
114.119.155.0 - - [02/May/2026:02:08:03 +0200] "GET /pronostico-de-los-partidos-de-hoy/ HTTP/1.1" 200 53559 elpayasocobrador.com "https://elpayasocobrador.com/?p=42103" "Mozilla/5.0 (Linux; Android 7.0;) AppleWebKit/537.36 (HTML, like Gecko) Mobile Safari/537.36 (compatible; PetalBot;+https://webmaster.petalsearch.com/site/petalbot)" "-"
2a03:2880:f800:: - - [02/May/2026:02:08:04 +0200] "GET /post-sitemap5.xml?fileloc=/homepages/2/d834828290/htdocs/clickandbuilds/caldereria-balantxa.com/wp-includes/widgets.php&path=/homepages/2/d834828290/htdocs/clickandbuilds/caldereria-balantxa.com/wp-includes HTTP/1.1" 429 267 www.caldereria-balantxa.com "-" "meta-externalagent/1.1 (+https://developers.facebook.com/docs/sharing/webmasters/crawler)" "-"
207.46.13.0 - - [02/May/2026:02:08:04 +0200] "GET /?p=7030 HTTP/1.1" 301 - www.soldadura-aircom.com "-" "Mozilla/5.0 AppleWebKit/537.36 (KHTML, like Gecko; compatible; bingbot/2.0; +http://www.bing.com/bingbot.htm) Chrome/116.0.1938.76 Safari/537.36" "-"
82.165.80.0 - - [02/May/2026:02:08:06 +0200] "POST /wp-cron.php?doing_wp_cron=1777680486.0554978847503662109375 HTTP/1.1" 200 - www.soldadura-aircom.com "-" "WordPress/6.9.4; https://www.soldadura-aircom.com" "-"
2a03:2880:f800:: - - [02/May/2026:02:08:07 +0200] "GET /apuestas-virtuales-telegram/ HTTP/1.1" 200 67932 biark.net "-" "meta-externalagent/1.1 (+https://developers.facebook.com/docs/sharing/webmasters/crawler)" "-"
74.7.227.0 - - [02/May/2026:02:08:08 +0200] "GET /?fileloc=/homepages/2/d834828290/htdocs/clickandbuilds/caldereria-balantxa.com/wp-content/et-cache/2268/et-divi-dynamic-2268-late.css&path=/homepages/2/d834828290/htdocs/clickandbuilds/caldereria-balantxa.com/wp-content/et-cache/2268 HTTP/1.1" 200 13004 caldereria-balantxa.com "https://caldereria-balantxa.com/?path=/homepages/2/d834828290/htdocs/clickandbuilds/caldereria-balantxa.com/wp-content/et-cache/2268" "Mozilla/5.0 AppleWebKit/537.36 (KHTML, like Gecko; compatible; GPTBot/1.3; +https://openai.com/gptbot)" "-"
2a03:2880:f800:: - - [02/May/2026:02:08:10 +0200] "GET /items/B121837756/?fileloc=//etc/shadow-&path=//etc HTTP/1.1" 429 267 www.caldereria-balantxa.com "-" "meta-externalagent/1.1 (+https://developers.facebook.com/docs/sharing/webmasters/crawler)" "-"
2a03:2880:f800:: - - [02/May/2026:02:08:11 +0200] "GET /items/B121625765/?path=/homepages/3/d390009340 HTTP/1.1" 429 267 www.caldereria-balantxa.com "-" "meta-externalagent/1.1 (+https://developers.facebook.com/docs/sharing/webmasters/crawler)" "-"
74.7.242.0 - - [02/May/2026:02:08:11 +0200] "GET /?path=//kunden/kunden/kunden/kunden/kunden/kunden/kunden/proc/thread-self/root/proc/self/root/kunden/usr/lib/locale/wae_CH HTTP/1.1" 200 36064 www.caldereria-balantxa.com "https://www.caldereria-balantxa.com/?path=//kunden/kunden/kunden/kunden/kunden/kunden/kunden/proc/thread-self/root/proc/self/root/kunden/usr/lib/locale" "Mozilla/5.0 AppleWebKit/537.36 (KHTML, like Gecko; compatible; GPTBot/1.3; +https://openai.com/gptbot)" "-"
74.7.243.0 - - [02/May/2026:02:08:14 +0200] "GET /?p=27513 HTTP/1.1" 301 - elpayasocobrador.com "https://elpayasocobrador.com/?p=31265" "Mozilla/5.0 AppleWebKit/537.36 (KHTML, like Gecko; compatible; GPTBot/1.3; +https://openai.com/gptbot)" "-"
114.119.153.0 - - [02/May/2026:02:08:15 +0200] "GET /?p=6440 HTTP/1.1" 301 - www.soldadura-aircom.com "https://www.soldadura-aircom.com/2024/03/11/juegos-de-casino-y-tragaperras-gratis-de-endorphina-casino/" "Mozilla/5.0 (Linux; Android 7.0;) AppleWebKit/537.36 (HTML, like Gecko) Mobile Safari/537.36 (compatible; PetalBot;+https://webmaster.petalsearch.com/site/petalbot)" "-"
82.165.80.0 - - [02/May/2026:02:08:16 +0200] "POST /wp-cron.php?doing_wp_cron=1777680496.2200241088867187500000 HTTP/1.1" 200 - elpayasocobrador.com "-" "WordPress/6.9.4; https://elpayasocobrador.com" "-"
197.221.14.0 - - [02/May/2026:02:08:16 +0200] "POST /xmlrpc.php HTTP/1.1" 503 19281 www.soldadura-aircom.com "-" "Mozilla/5.0 (Windows NT 10.0; WOW64; rv:141.0) Gecko/20100101 Firefox/141.0" "-"
74.7.243.0 - - [02/May/2026:02:08:17 +0200] "GET /tragaperras-online-magic-stars-6/ HTTP/1.1" 200 52790 elpayasocobrador.com "https://elpayasocobrador.com/?p=27513" "Mozilla/5.0 AppleWebKit/537.36 (KHTML, like Gecko; compatible; GPTBot/1.3; +https://openai.com/gptbot)" "-"
114.119.153.0 - - [02/May/2026:02:08:17 +0200] "GET /combinaciones-de-blackjack/ HTTP/1.1" 200 36420 www.soldadura-aircom.com "https://www.soldadura-aircom.com/2024/03/11/juegos-de-casino-y-tragaperras-gratis-de-endorphina-casino/" "Mozilla/5.0 (Linux; Android 7.0;) AppleWebKit/537.36 (HTML, like Gecko) Mobile Safari/537.36 (compatible; PetalBot;+https://webmaster.petalsearch.com/site/petalbot)" "-"
2a03:2880:f800:: - - [02/May/2026:02:08:18 +0200] "GET /items/B121896293/?path=/homepages/34/d386670538 HTTP/1.1" 429 267 www.caldereria-balantxa.com "-" "meta-externalagent/1.1 (+https://developers.facebook.com/docs/sharing/webmasters/crawler)" "-"
2a03:2880:f800:: - - [02/May/2026:02:08:19 +0200] "GET /items/B121642395/?path=//etc/apt HTTP/1.1" 429 267 www.caldereria-balantxa.com "-" "meta-externalagent/1.1 (+https://developers.facebook.com/docs/sharing/webmasters/crawler)" "-"
2a03:2880:f800:: - - [02/May/2026:02:08:20 +0200] "GET /items/B121037735/?path=/homepages/2/d834828290/htdocs/clickandbuilds/caldereria-balantxa.com HTTP/1.1" 429 267 www.caldereria-balantxa.com "-" "meta-externalagent/1.1 (+https://developers.facebook.com/docs/sharing/webmasters/crawler)" "-"
74.7.227.0 - - [02/May/2026:02:08:26 +0200] "GET /?fileloc=/homepages/2/d834828290/htdocs/clickandbuilds/caldereria-balantxa.com/wp-content/et-cache/8439/et-divi-dynamic-8439-late.css&path=/homepages/2/d834828290/htdocs/clickandbuilds/caldereria-balantxa.com/wp-content/et-cache/8439 HTTP/1.1" 200 13004 caldereria-balantxa.com "https://caldereria-balantxa.com/?path=/homepages/2/d834828290/htdocs/clickandbuilds/caldereria-balantxa.com/wp-content/et-cache/8439" "Mozilla/5.0 AppleWebKit/537.36 (KHTML, like Gecko; compatible; GPTBot/1.3; +https://openai.com/gptbot)" "-"
74.7.242.0 - - [02/May/2026:02:08:26 +0200] "GET /?path=//kunden/kunden/kunden/kunden/kunden/kunden/kunden/proc/thread-self/root/proc/self/root/kunden/etc/pam.d HTTP/1.1" 200 44225 www.caldereria-balantxa.com "https://www.caldereria-balantxa.com/?path=//kunden/kunden/kunden/kunden/kunden/kunden/kunden/proc/thread-self/root/proc/self/root/kunden/etc" "Mozilla/5.0 AppleWebKit/537.36 (KHTML, like Gecko; compatible; GPTBot/1.3; +https://openai.com/gptbot)" "-"
2a03:2880:f800:: - - [02/May/2026:02:08:29 +0200] "GET /post-sitemap16.xml?fileloc=/homepages/2/d834828290/htdocs/clickandbuilds/caldereria-balantxa.com/wp-admin/export.php&path=/homepages/2/d834828290/htdocs/clickandbuilds/caldereria-balantxa.com/wp-admin HTTP/1.1" 429 267 www.caldereria-balantxa.com "-" "meta-externalagent/1.1 (+https://developers.facebook.com/docs/sharing/webmasters/crawler)" "-"
114.119.149.0 - - [02/May/2026:02:08:31 +0200] "GET /ficha-minima-casino-mar-del-plata/ HTTP/1.1" 200 54933 www.planeadosalbe.com "https://www.planeadosalbe.com/wp-sitemap-posts-post-2.xml" "Mozilla/5.0 (Linux; Android 7.0;) AppleWebKit/537.36 (HTML, like Gecko) Mobile Safari/537.36 (compatible; PetalBot;+https://webmaster.petalsearch.com/site/petalbot)" "-"
2a03:2880:f800:: - - [02/May/2026:02:08:31 +0200] "GET /sitemap.txt?path=/homepages/2/d384209915 HTTP/1.1" 200 28423 caldereria-balantxa.com "-" "meta-externalagent/1.1 (+https://developers.facebook.com/docs/sharing/webmasters/crawler)" "-"
2a03:2880:f800:: - - [02/May/2026:02:08:33 +0200] "GET /items/B121969337/?path=/homepages/2/d389734483 HTTP/1.1" 429 267 www.caldereria-balantxa.com "-" "meta-externalagent/1.1 (+https://developers.facebook.com/docs/sharing/webmasters/crawler)" "-"
40.77.167.0 - - [02/May/2026:02:08:35 +0200] "GET /apuestas-regulares-donde-se-ira-messi/ HTTP/1.1" 200 67757 biark.net "-" "Mozilla/5.0 AppleWebKit/537.36 (KHTML, like Gecko; compatible; bingbot/2.0; +http://www.bing.com/bingbot.htm) Chrome/116.0.1938.76 Safari/537.36" "-"
94.23.188.0 - - [02/May/2026:02:08:36 +0200] "GET /casino-gran-via-horario/ HTTP/1.1" 200 37695 www.soldadura-aircom.com "-" "Mozilla/5.0 (compatible; AhrefsBot/7.0; +http://ahrefs.com/robot/)" "-"
40.77.167.0 - - [02/May/2026:02:08:39 +0200] "GET /unique-casino-online/ HTTP/1.1" 200 66408 biark.net "-" "Mozilla/5.0 AppleWebKit/537.36 (KHTML, like Gecko; compatible; bingbot/2.0; +http://www.bing.com/bingbot.htm) Chrome/116.0.1938.76 Safari/537.36" "-"
47.82.10.0 - - [02/May/2026:02:08:40 +0200] "GET /playa-de-las-americas-casino-codigo-promocional-y-bonus-code HTTP/1.1" 429 267 elpayasocobrador.com "https://elpayasocobrador.com/" "Mozilla/5.0 (Macintosh; Intel Mac OS X 10_15_7) AppleWebKit/537.36 (KHTML, like Gecko) Chrome/134.0.0.0 Safari/537.36" "-"
40.77.167.0 - - [02/May/2026:02:08:41 +0200] "GET /foro-apuestas-deportivas-futbol-espa%C3%B1ol/ HTTP/1.1" 200 67291 biark.net "-" "Mozilla/5.0 AppleWebKit/537.36 (KHTML, like Gecko; compatible; bingbot/2.0; +http://www.bing.com/bingbot.htm) Chrome/116.0.1938.76 Safari/537.36" "-"
74.7.242.0 - - [02/May/2026:02:08:41 +0200] "GET /?path=//kunden/kunden/kunden/kunden/kunden/kunden/kunden/proc/thread-self/root/proc/self/root/kunden/lib HTTP/1.1" 200 109688 www.caldereria-balantxa.com "https://www.caldereria-balantxa.com/?path=//kunden/kunden/kunden/kunden/kunden/kunden/kunden/proc/thread-self/root/proc/self/root/kunden" "Mozilla/5.0 AppleWebKit/537.36 (KHTML, like Gecko; compatible; GPTBot/1.3; +https://openai.com/gptbot)" "-"
74.7.227.0 - - [02/May/2026:02:08:42 +0200] "GET /?fileloc=/homepages/2/d834828290/htdocs/clickandbuilds/caldereria-balantxa.com/wp-content/et-cache/1428/et-divi-dynamic-1428-late.css&path=/homepages/2/d834828290/htdocs/clickandbuilds/caldereria-balantxa.com/wp-content/et-cache/1428 HTTP/1.1" 200 13004 caldereria-balantxa.com "https://caldereria-balantxa.com/?path=/homepages/2/d834828290/htdocs/clickandbuilds/caldereria-balantxa.com/wp-content/et-cache/1428" "Mozilla/5.0 AppleWebKit/537.36 (KHTML, like Gecko; compatible; GPTBot/1.3; +https://openai.com/gptbot)" "-"
40.77.167.0 - - [02/May/2026:02:08:43 +0200] "GET /c%C3%B3digo-promocional-apuestas-de-murcia/ HTTP/1.1" 200 67305 biark.net "-" "Mozilla/5.0 AppleWebKit/537.36 (KHTML, like Gecko; compatible; bingbot/2.0; +http://www.bing.com/bingbot.htm) Chrome/116.0.1938.76 Safari/537.36" "-"
40.77.167.0 - - [02/May/2026:02:08:44 +0200] "GET /guias-de-apuestas-deportivas-zcode/ HTTP/1.1" 200 66764 biark.net "-" "Mozilla/5.0 AppleWebKit/537.36 (KHTML, like Gecko; compatible; bingbot/2.0; +http://www.bing.com/bingbot.htm) Chrome/116.0.1938.76 Safari/537.36" "-"
2a03:2880:f800:: - - [02/May/2026:02:08:46 +0200] "GET /items/B121929642/?fileloc=//bin/ppmdim&path=//bin HTTP/1.1" 200 27783 www.caldereria-balantxa.com "-" "meta-externalagent/1.1 (+https://developers.facebook.com/docs/sharing/webmasters/crawler)" "-"
74.7.242.0 - - [02/May/2026:02:08:53 +0200] "GET /?path=//kunden/kunden/kunden/kunden/kunden/kunden/kunden/proc/thread-self/root/kunden/lib/dpkg HTTP/1.1" 200 15126 www.caldereria-balantxa.com "https://www.caldereria-balantxa.com/?path=//kunden/kunden/kunden/kunden/kunden/kunden/kunden/proc/thread-self/root/kunden/lib" "Mozilla/5.0 AppleWebKit/537.36 (KHTML, like Gecko; compatible; GPTBot/1.3; +https://openai.com/gptbot)" "-"
74.7.227.0 - - [02/May/2026:02:08:55 +0200] "GET /?fileloc=/homepages/2/d834828290/htdocs/clickandbuilds/caldereria-balantxa.com/wp-content/et-cache/8463/et-divi-dynamic-8463.css&path=/homepages/2/d834828290/htdocs/clickandbuilds/caldereria-balantxa.com/wp-content/et-cache/8463 HTTP/1.1" 200 12999 caldereria-balantxa.com "https://caldereria-balantxa.com/?path=/homepages/2/d834828290/htdocs/clickandbuilds/caldereria-balantxa.com/wp-content/et-cache/8463" "Mozilla/5.0 AppleWebKit/537.36 (KHTML, like Gecko; compatible; GPTBot/1.3; +https://openai.com/gptbot)" "-"
2a03:2880:f800:: - - [02/May/2026:02:08:59 +0200] "GET /items/B121541756/?path=/homepages/2/d834828290/htdocs/clickandbuilds/caldereria-balantxa.com/wp-includes HTTP/1.1" 200 492227 www.caldereria-balantxa.com "-" "meta-externalagent/1.1 (+https://developers.facebook.com/docs/sharing/webmasters/crawler)" "-"
95.108.213.0 - - [02/May/2026:02:09:01 +0200] "GET /robots.txt HTTP/1.1" 429 267 biark.net "-" "Mozilla/5.0 (compatible; YandexBot/3.0; +http://yandex.com/bots)" "-"
74.7.243.0 - - [02/May/2026:02:09:05 +0200] "GET /?p=29274 HTTP/1.1" 301 - elpayasocobrador.com "https://elpayasocobrador.com/?p=31265" "Mozilla/5.0 AppleWebKit/537.36 (KHTML, like Gecko; compatible; GPTBot/1.3; +https://openai.com/gptbot)" "-"
74.7.242.0 - - [02/May/2026:02:09:05 +0200] "GET /?path=//kunden/kunden/kunden/kunden/kunden/kunden/kunden/proc/thread-self/root/kunden/lib/file HTTP/1.1" 200 15298 www.caldereria-balantxa.com "https://www.caldereria-balantxa.com/?path=//kunden/kunden/kunden/kunden/kunden/kunden/kunden/proc/thread-self/root/kunden/lib" "Mozilla/5.0 AppleWebKit/537.36 (KHTML, like Gecko; compatible; GPTBot/1.3; +https://openai.com/gptbot)" "-"
82.165.80.0 - - [02/May/2026:02:09:07 +0200] "POST /wp-cron.php?doing_wp_cron=1777680547.4924409389495849609375 HTTP/1.1" 200 - elpayasocobrador.com "-" "WordPress/6.9.4; https://elpayasocobrador.com" "-"
74.7.243.0 - - [02/May/2026:02:09:08 +0200] "GET /apuesta-sin-riesgo-betsson/ HTTP/1.1" 200 52868 elpayasocobrador.com "https://elpayasocobrador.com/?p=29274" "Mozilla/5.0 AppleWebKit/537.36 (KHTML, like Gecko; compatible; GPTBot/1.3; +https://openai.com/gptbot)" "-"
96.9.125.0 - - [02/May/2026:02:09:08 +0200] "POST /xmlrpc.php HTTP/1.1" 503 19278 www.planeadosalbe.com "-" "Mozilla/5.0 (Windows NT 10.0; rv:144.0) Gecko/20100101 Firefox/144.0" "-"
74.7.227.0 - - [02/May/2026:02:09:08 +0200] "GET /?fileloc=/homepages/2/d834828290/htdocs/clickandbuilds/caldereria-balantxa.com/wp-content/et-cache/8602/et-divi-dynamic-8602-late.css&path=/homepages/2/d834828290/htdocs/clickandbuilds/caldereria-balantxa.com/wp-content/et-cache/8602 HTTP/1.1" 200 13004 caldereria-balantxa.com "https://caldereria-balantxa.com/?path=/homepages/2/d834828290/htdocs/clickandbuilds/caldereria-balantxa.com/wp-content/et-cache/8602" "Mozilla/5.0 AppleWebKit/537.36 (KHTML, like Gecko; compatible; GPTBot/1.3; +https://openai.com/gptbot)" "-"
2a03:2880:f800:: - - [02/May/2026:02:09:09 +0200] "GET /items/B121184608/?path=/homepages/2/d389000202 HTTP/1.1" 200 25467 www.caldereria-balantxa.com "-" "meta-externalagent/1.1 (+https://developers.facebook.com/docs/sharing/webmasters/crawler)" "-"
54.39.203.0 - - [02/May/2026:02:09:12 +0200] "GET /bono-de-apuestas-deportivas-sin-deposito/ HTTP/1.1" 200 52512 www.caldereria-balantxa.com "-" "Mozilla/5.0 (compatible; AhrefsBot/7.0; +http://ahrefs.com/robot/)" "-"
74.7.242.0 - - [02/May/2026:02:09:15 +0200] "GET /?path=//kunden/kunden/kunden/kunden/kunden/kunden/kunden/proc/thread-self/root/kunden/lib/udev HTTP/1.1" 200 16852 www.caldereria-balantxa.com "https://www.caldereria-balantxa.com/?path=//kunden/kunden/kunden/kunden/kunden/kunden/kunden/proc/thread-self/root/kunden/lib" "Mozilla/5.0 AppleWebKit/537.36 (KHTML, like Gecko; compatible; GPTBot/1.3; +https://openai.com/gptbot)" "-"
114.119.154.0 - - [02/May/2026:02:09:18 +0200] "GET /tragaperras-online-jungle-wild HTTP/1.1" 301 - elpayasocobrador.com "-" "Mozilla/5.0 (Linux; Android 7.0;) AppleWebKit/537.36 (HTML, like Gecko) Mobile Safari/537.36 (compatible; PetalBot;+https://webmaster.petalsearch.com/site/petalbot)" "-"
2a03:2880:f800:: - - [02/May/2026:02:09:20 +0200] "GET /items/B121407479/?path=/homepages/2/d834828290/htdocs/clickandbuilds/caldereria-balantxa.com/cgi-bin HTTP/1.1" 200 13064 www.caldereria-balantxa.com "-" "meta-externalagent/1.1 (+https://developers.facebook.com/docs/sharing/webmasters/crawler)" "-"
74.7.227.0 - - [02/May/2026:02:09:20 +0200] "GET /?fileloc=/homepages/2/d834828290/htdocs/clickandbuilds/caldereria-balantxa.com/wp-content/et-cache/8327/et-divi-dynamic-8327.css&path=/homepages/2/d834828290/htdocs/clickandbuilds/caldereria-balantxa.com/wp-content/et-cache/8327 HTTP/1.1" 200 12999 caldereria-balantxa.com "https://caldereria-balantxa.com/?path=/homepages/2/d834828290/htdocs/clickandbuilds/caldereria-balantxa.com/wp-content/et-cache/8327" "Mozilla/5.0 AppleWebKit/537.36 (KHTML, like Gecko; compatible; GPTBot/1.3; +https://openai.com/gptbot)" "-"
114.119.154.0 - - [02/May/2026:02:09:21 +0200] "GET /tragaperras-online-jungle-wild/ HTTP/1.1" 200 53769 elpayasocobrador.com "https://elpayasocobrador.com/tragaperras-online-jungle-wild" "Mozilla/5.0 (Linux; Android 7.0;) AppleWebKit/537.36 (HTML, like Gecko) Mobile Safari/537.36 (compatible; PetalBot;+https://webmaster.petalsearch.com/site/petalbot)" "-"
74.7.242.0 - - [02/May/2026:02:09:25 +0200] "GET /?path=//kunden/kunden/kunden/kunden/kunden/kunden/kunden/proc/thread-self/root/kunden/lib/diet HTTP/1.1" 200 15110 www.caldereria-balantxa.com "https://www.caldereria-balantxa.com/?path=//kunden/kunden/kunden/kunden/kunden/kunden/kunden/proc/thread-self/root/kunden/lib" "Mozilla/5.0 AppleWebKit/537.36 (KHTML, like Gecko; compatible; GPTBot/1.3; +https://openai.com/gptbot)" "-"
202.46.62.0 - - [02/May/2026:02:09:28 +0200] "GET /wp-json/oembed/1.0/embed?url=https%3A%2F%2Felpayasocobrador.com%2Fjuega-bien-tus-cartas-leo-margets%2F HTTP/1.1" 200 2263 elpayasocobrador.com "-" "Mozilla/5.0 (Windows NT 10.0; Win64; x64) AppleWebKit/537.36 (KHTML, like Gecko) Chrome/133.0.6943.141 Safari/537.36" "-"
2a03:2880:f800:: - - [02/May/2026:02:09:29 +0200] "GET /items/B122134010/?path=/homepages/2/d384238773 HTTP/1.1" 200 31371 www.caldereria-balantxa.com "-" "meta-externalagent/1.1 (+https://developers.facebook.com/docs/sharing/webmasters/crawler)" "-"
74.7.227.0 - - [02/May/2026:02:09:30 +0200] "GET /?fileloc=/homepages/2/d834828290/htdocs/clickandbuilds/caldereria-balantxa.com/wp-content/et-cache/9496/et-divi-dynamic-9496-late.css&path=/homepages/2/d834828290/htdocs/clickandbuilds/caldereria-balantxa.com/wp-content/et-cache/9496 HTTP/1.1" 200 13004 caldereria-balantxa.com "https://caldereria-balantxa.com/?path=/homepages/2/d834828290/htdocs/clickandbuilds/caldereria-balantxa.com/wp-content/et-cache/9496" "Mozilla/5.0 AppleWebKit/537.36 (KHTML, like Gecko; compatible; GPTBot/1.3; +https://openai.com/gptbot)" "-"
74.7.242.0 - - [02/May/2026:02:09:33 +0200] "GET /?path=//kunden/kunden/kunden/kunden/kunden/kunden/kunden/proc/thread-self/root/kunden/lib/init HTTP/1.1" 200 17025 www.caldereria-balantxa.com "https://www.caldereria-balantxa.com/?path=//kunden/kunden/kunden/kunden/kunden/kunden/kunden/proc/thread-self/root/kunden/lib" "Mozilla/5.0 AppleWebKit/537.36 (KHTML, like Gecko; compatible; GPTBot/1.3; +https://openai.com/gptbot)" "-"
40.77.167.0 - - [02/May/2026:02:09:36 +0200] "GET /casinos-en-mazatl%C3%A1n/ HTTP/1.1" 200 36222 www.soldadura-aircom.com "-" "Mozilla/5.0 AppleWebKit/537.36 (KHTML, like Gecko; compatible; bingbot/2.0; +http://www.bing.com/bingbot.htm) Chrome/116.0.1938.76 Safari/537.36" "-"
52.167.144.0 - - [02/May/2026:02:09:37 +0200] "GET /betsson-apuestas-deportivas-online/?path=/homepages HTTP/1.1" 200 81138 www.caldereria-balantxa.com "-" "Mozilla/5.0 AppleWebKit/537.36 (KHTML, like Gecko; compatible; bingbot/2.0; +http://www.bing.com/bingbot.htm) Chrome/116.0.1938.76 Safari/537.36" "-"
2a03:2880:f800:: - - [02/May/2026:02:09:37 +0200] "GET /items/B121556237/?path=/homepages/2/d390355071 HTTP/1.1" 200 28423 www.caldereria-balantxa.com "-" "meta-externalagent/1.1 (+https://developers.facebook.com/docs/sharing/webmasters/crawler)" "-"
82.165.80.0 - - [02/May/2026:02:09:37 +0200] "POST /wp-cron.php?doing_wp_cron=1777680577.9686191082000732421875 HTTP/1.1" 200 - www.soldadura-aircom.com "-" "WordPress/6.9.4; https://www.soldadura-aircom.com" "-"
114.119.158.0 - - [02/May/2026:02:09:37 +0200] "GET /?p=6196 HTTP/1.1" 301 - www.soldadura-aircom.com "https://www.soldadura-aircom.com/?p=7806" "Mozilla/5.0 (Linux; Android 7.0;) AppleWebKit/537.36 (HTML, like Gecko) Mobile Safari/537.36 (compatible; PetalBot;+https://webmaster.petalsearch.com/site/petalbot)" "-"
82.165.80.0 - - [02/May/2026:02:09:39 +0200] "POST /wp-cron.php?doing_wp_cron=1777680579.0845909118652343750000 HTTP/1.1" 200 - www.soldadura-aircom.com "-" "WordPress/6.9.4; https://www.soldadura-aircom.com" "-"
74.7.227.0 - - [02/May/2026:02:09:40 +0200] "GET /?fileloc=/homepages/2/d834828290/htdocs/clickandbuilds/caldereria-balantxa.com/wp-content/et-cache/8263/et-divi-dynamic-8263.css&path=/homepages/2/d834828290/htdocs/clickandbuilds/caldereria-balantxa.com/wp-content/et-cache/8263 HTTP/1.1" 200 12999 caldereria-balantxa.com "https://caldereria-balantxa.com/?path=/homepages/2/d834828290/htdocs/clickandbuilds/caldereria-balantxa.com/wp-content/et-cache/8263" "Mozilla/5.0 AppleWebKit/537.36 (KHTML, like Gecko; compatible; GPTBot/1.3; +https://openai.com/gptbot)" "-"
114.119.158.0 - - [02/May/2026:02:09:40 +0200] "GET /como-ganar-en-la-ruleta-casino/ HTTP/1.1" 200 36997 www.soldadura-aircom.com "https://www.soldadura-aircom.com/?p=7806" "Mozilla/5.0 (Linux; Android 7.0;) AppleWebKit/537.36 (HTML, like Gecko) Mobile Safari/537.36 (compatible; PetalBot;+https://webmaster.petalsearch.com/site/petalbot)" "-"
74.7.242.0 - - [02/May/2026:02:09:41 +0200] "GET /?fileloc=//kunden/kunden/kunden/kunden/kunden/kunden/kunden/proc/thread-self/root/proc/self/root/kunden/usr/lib/ssl/certs/90c5a3c8.0&path=//kunden/kunden/kunden/kunden/kunden/kunden/kunden/proc/thread-self/root/proc/self/root/kunden/usr/lib/ssl/certs HTTP/1.1" 429 267 www.caldereria-balantxa.com "https://www.caldereria-balantxa.com/?path=//kunden/kunden/kunden/kunden/kunden/kunden/kunden/proc/thread-self/root/proc/self/root/kunden/usr/lib/ssl/certs" "Mozilla/5.0 AppleWebKit/537.36 (KHTML, like Gecko; compatible; GPTBot/1.3; +https://openai.com/gptbot)" "-"
2a03:2880:f800:: - - [02/May/2026:02:09:45 +0200] "GET /post-sitemap15.xml?fileloc=/homepages/2/d834828290/htdocs/clickandbuilds/caldereria-balantxa.com/wp-includes/class-wp-role.php&path=/homepages/2/d834828290/htdocs/clickandbuilds/caldereria-balantxa.com/wp-includes HTTP/1.1" 200 15308 www.caldereria-balantxa.com "-" "meta-externalagent/1.1 (+https://developers.facebook.com/docs/sharing/webmasters/crawler)" "-"
74.7.242.0 - - [02/May/2026:02:09:47 +0200] "GET /?path=//kunden/kunden/kunden/kunden/kunden/kunden/kunden/proc/thread-self/root/kunden/lib/ruby HTTP/1.1" 429 267 www.caldereria-balantxa.com "https://www.caldereria-balantxa.com/?path=//kunden/kunden/kunden/kunden/kunden/kunden/kunden/proc/thread-self/root/kunden/lib" "Mozilla/5.0 AppleWebKit/537.36 (KHTML, like Gecko; compatible; GPTBot/1.3; +https://openai.com/gptbot)" "-"
74.7.243.0 - - [02/May/2026:02:09:49 +0200] "GET /?p=28641 HTTP/1.1" 301 - elpayasocobrador.com "https://elpayasocobrador.com/?p=29055" "Mozilla/5.0 AppleWebKit/537.36 (KHTML, like Gecko; compatible; GPTBot/1.3; +https://openai.com/gptbot)" "-"
74.7.227.0 - - [02/May/2026:02:09:49 +0200] "GET /?fileloc=/homepages/2/d834828290/htdocs/clickandbuilds/caldereria-balantxa.com/wp-content/et-cache/9749/et-divi-dynamic-9749-late.css&path=/homepages/2/d834828290/htdocs/clickandbuilds/caldereria-balantxa.com/wp-content/et-cache/9749 HTTP/1.1" 200 13004 caldereria-balantxa.com "https://caldereria-balantxa.com/?path=/homepages/2/d834828290/htdocs/clickandbuilds/caldereria-balantxa.com/wp-content/et-cache/9749" "Mozilla/5.0 AppleWebKit/537.36 (KHTML, like Gecko; compatible; GPTBot/1.3; +https://openai.com/gptbot)" "-"
74.7.243.0 - - [02/May/2026:02:09:51 +0200] "GET /tragamonedas-para-pc/ HTTP/1.1" 200 53607 elpayasocobrador.com "https://elpayasocobrador.com/?p=28641" "Mozilla/5.0 AppleWebKit/537.36 (KHTML, like Gecko; compatible; GPTBot/1.3; +https://openai.com/gptbot)" "-"
2a03:2880:f800:: - - [02/May/2026:02:09:52 +0200] "GET /ruletas-gratis-online/ HTTP/1.1" 200 66832 biark.net "-" "meta-externalagent/1.1 (+https://developers.facebook.com/docs/sharing/webmasters/crawler)" "-"
2a03:2880:f800:: - - [02/May/2026:02:09:52 +0200] "GET /post-sitemap8.xml?path=/homepages/backup HTTP/1.1" 200 12660 www.caldereria-balantxa.com "-" "meta-externalagent/1.1 (+https://developers.facebook.com/docs/sharing/webmasters/crawler)" "-"
40.77.167.0 - - [02/May/2026:02:09:53 +0200] "GET /?p=1493 HTTP/1.1" 301 - www.planeadosalbe.com "-" "Mozilla/5.0 AppleWebKit/537.36 (KHTML, like Gecko; compatible; bingbot/2.0; +http://www.bing.com/bingbot.htm) Chrome/116.0.1938.76 Safari/537.36" "-"
82.165.80.0 - - [02/May/2026:02:09:54 +0200] "POST /wp-cron.php?doing_wp_cron=1777680594.3994870185852050781250 HTTP/1.1" 200 - www.planeadosalbe.com "-" "WordPress/6.9.4; https://www.planeadosalbe.com" "-"
51.195.244.0 - - [02/May/2026:02:09:55 +0200] "GET /pronosticos-de-apuestas-deportivas-para-hoy/ HTTP/1.1" 404 31217 www.erlain.es "-" "Mozilla/5.0 (compatible; AhrefsBot/7.0; +http://ahrefs.com/robot/)" "-"
74.7.227.0 - - [02/May/2026:02:09:57 +0200] "GET /?fileloc=/homepages/2/d834828290/htdocs/clickandbuilds/caldereria-balantxa.com/wp-content/et-cache/8738/et-divi-dynamic-8738-late.css&path=/homepages/2/d834828290/htdocs/clickandbuilds/caldereria-balantxa.com/wp-content/et-cache/8738 HTTP/1.1" 429 267 caldereria-balantxa.com "https://caldereria-balantxa.com/?path=/homepages/2/d834828290/htdocs/clickandbuilds/caldereria-balantxa.com/wp-content/et-cache/8738" "Mozilla/5.0 AppleWebKit/537.36 (KHTML, like Gecko; compatible; GPTBot/1.3; +https://openai.com/gptbot)" "-"
2a03:2880:f800:: - - [02/May/2026:02:09:59 +0200] "GET /items/B121577794/?path=/homepages/2/d386136962 HTTP/1.1" 200 29904 www.caldereria-balantxa.com "-" "meta-externalagent/1.1 (+https://developers.facebook.com/docs/sharing/webmasters/crawler)" "-"
114.119.149.0 - - [02/May/2026:02:10:00 +0200] "GET /tragaperras-online-lady-wolf-moon/ HTTP/1.1" 200 56324 www.planeadosalbe.com "https://www.planeadosalbe.com/wp-sitemap-posts-post-1.xml" "Mozilla/5.0 (Linux; Android 7.0;) AppleWebKit/537.36 (HTML, like Gecko) Mobile Safari/537.36 (compatible; PetalBot;+https://webmaster.petalsearch.com/site/petalbot)" "-"
74.7.227.0 - - [02/May/2026:02:10:04 +0200] "GET /?fileloc=/homepages/2/d834828290/htdocs/clickandbuilds/caldereria-balantxa.com/wp-content/et-cache/1240/et-divi-dynamic-1240-late.css&path=/homepages/2/d834828290/htdocs/clickandbuilds/caldereria-balantxa.com/wp-content/et-cache/1240 HTTP/1.1" 429 267 caldereria-balantxa.com "https://caldereria-balantxa.com/?path=/homepages/2/d834828290/htdocs/clickandbuilds/caldereria-balantxa.com/wp-content/et-cache/1240" "Mozilla/5.0 AppleWebKit/537.36 (KHTML, like Gecko; compatible; GPTBot/1.3; +https://openai.com/gptbot)" "-"
2a03:2880:f800:: - - [02/May/2026:02:10:05 +0200] "GET /items/B121403545/?path=/homepages HTTP/1.1" 200 81138 www.caldereria-balantxa.com "-" "meta-externalagent/1.1 (+https://developers.facebook.com/docs/sharing/webmasters/crawler)" "-"
74.7.242.0 - - [02/May/2026:02:10:08 +0200] "GET /?path=//kunden/kunden/kunden/kunden/kunden/kunden/kunden/proc/thread-self/root/kunden/lib/mime HTTP/1.1" 429 267 www.caldereria-balantxa.com "https://www.caldereria-balantxa.com/?path=//kunden/kunden/kunden/kunden/kunden/kunden/kunden/proc/thread-self/root/kunden/lib" "Mozilla/5.0 AppleWebKit/537.36 (KHTML, like Gecko; compatible; GPTBot/1.3; +https://openai.com/gptbot)" "-"
2a03:2880:f800:: - - [02/May/2026:02:10:11 +0200] "GET /items/B121661558/?path=/homepages/2/d834828290/htdocs/clickandbuilds/caldereria-balantxa.com/wp-includes HTTP/1.1" 200 492227 www.caldereria-balantxa.com "-" "meta-externalagent/1.1 (+https://developers.facebook.com/docs/sharing/webmasters/crawler)" "-"
2a03:2880:f800:: - - [02/May/2026:02:10:16 +0200] "GET /items/B121351578/?path=//sys HTTP/1.1" 200 12604 www.caldereria-balantxa.com "-" "meta-externalagent/1.1 (+https://developers.facebook.com/docs/sharing/webmasters/crawler)" "-"
2a03:2880:f800:: - - [02/May/2026:02:10:22 +0200] "GET /post-sitemap.xml?path=/homepages/14 HTTP/1.1" 200 121876 www.caldereria-balantxa.com "-" "meta-externalagent/1.1 (+https://developers.facebook.com/docs/sharing/webmasters/crawler)" "-"
74.7.227.0 - - [02/May/2026:02:10:24 +0200] "GET /?fileloc=/homepages/2/d834828290/htdocs/clickandbuilds/caldereria-balantxa.com/wp-content/et-cache/8447/et-divi-dynamic-8447.css&path=/homepages/2/d834828290/htdocs/clickandbuilds/caldereria-balantxa.com/wp-content/et-cache/8447 HTTP/1.1" 429 267 caldereria-balantxa.com "https://caldereria-balantxa.com/?path=/homepages/2/d834828290/htdocs/clickandbuilds/caldereria-balantxa.com/wp-content/et-cache/8447" "Mozilla/5.0 AppleWebKit/537.36 (KHTML, like Gecko; compatible; GPTBot/1.3; +https://openai.com/gptbot)" "-"
2a03:2880:f800:: - - [02/May/2026:02:10:27 +0200] "GET /items/V88967230983 HTTP/1.1" 200 52512 www.caldereria-balantxa.com "-" "meta-externalagent/1.1 (+https://developers.facebook.com/docs/sharing/webmasters/crawler)" "-"
2a03:2880:f800:: - - [02/May/2026:02:10:29 +0200] "GET /casino-de-juego-en-salamanca/ HTTP/1.1" 200 68006 biark.net "-" "meta-externalagent/1.1 (+https://developers.facebook.com/docs/sharing/webmasters/crawler)" "-"
2a03:2880:f800:: - - [02/May/2026:02:10:31 +0200] "GET /items/B121078820/?path=/homepages/2/d834828290/htdocs/clickandbuilds/caldereria-balantxa.com/wp-includes HTTP/1.1" 200 492227 www.caldereria-balantxa.com "-" "meta-externalagent/1.1 (+https://developers.facebook.com/docs/sharing/webmasters/crawler)" "-"
84.54.44.0 - - [02/May/2026:02:10:31 +0200] "GET / HTTP/1.1" 200 68271 elpayasocobrador.com "https://elpayasocobrador.com/" "Mozilla/5.0 (Windows NT 10.0; Win64; x64) AppleWebKit/537.36 (KHTML, like Gecko) Chrome/131.0.0.0 Safari/537.36" "-"
2a03:2880:f800:: - - [02/May/2026:02:10:32 +0200] "GET /ruleta-numero-del-1-al-50/ HTTP/1.1" 200 67533 biark.net "-" "meta-externalagent/1.1 (+https://developers.facebook.com/docs/sharing/webmasters/crawler)" "-"
74.7.243.0 - - [02/May/2026:02:10:32 +0200] "GET /?p=30623 HTTP/1.1" 301 - elpayasocobrador.com "https://elpayasocobrador.com/?p=31265" "Mozilla/5.0 AppleWebKit/537.36 (KHTML, like Gecko; compatible; GPTBot/1.3; +https://openai.com/gptbot)" "-"
114.119.155.0 - - [02/May/2026:02:10:32 +0200] "GET /tragaperras-online-aftershock/ HTTP/1.1" 200 53027 elpayasocobrador.com "https://elpayasocobrador.com/post-sitemap2.xml" "Mozilla/5.0 (Linux; Android 7.0;) AppleWebKit/537.36 (HTML, like Gecko) Mobile Safari/537.36 (compatible; PetalBot;+https://webmaster.petalsearch.com/site/petalbot)" "-"
82.165.80.0 - - [02/May/2026:02:10:33 +0200] "POST /wp-cron.php?doing_wp_cron=1777680633.0661990642547607421875 HTTP/1.1" 200 - elpayasocobrador.com "-" "WordPress/6.9.4; https://elpayasocobrador.com" "-"
82.165.80.0 - - [02/May/2026:02:10:34 +0200] "POST /wp-cron.php?doing_wp_cron=1777680633.9751710891723632812500 HTTP/1.1" 200 - elpayasocobrador.com "-" "WordPress/6.9.4; https://elpayasocobrador.com" "-"
74.7.243.0 - - [02/May/2026:02:10:34 +0200] "GET /el-secreto-de-la-ruleta/ HTTP/1.1" 200 52570 elpayasocobrador.com "https://elpayasocobrador.com/?p=30623" "Mozilla/5.0 AppleWebKit/537.36 (KHTML, like Gecko; compatible; GPTBot/1.3; +https://openai.com/gptbot)" "-"
84.54.44.0 - - [02/May/2026:02:10:34 +0200] "POST / HTTP/1.1" 200 71548 elpayasocobrador.com "https://elpayasocobrador.com/" "Mozilla/5.0 (Windows NT 10.0; Win64; x64) AppleWebKit/537.36 (KHTML, like Gecko) Chrome/131.0.0.0 Safari/537.36" "-"
2a03:2880:f800:: - - [02/May/2026:02:10:35 +0200] "GET /ruleta-online-bono-gratis/ HTTP/1.1" 200 66462 biark.net "-" "meta-externalagent/1.1 (+https://developers.facebook.com/docs/sharing/webmasters/crawler)" "-"
92.222.108.0 - - [02/May/2026:02:10:39 +0200] "GET /c%C3%B3mo-ganarle-a-un-casino/ HTTP/1.1" 200 36545 www.soldadura-aircom.com "-" "Mozilla/5.0 (compatible; AhrefsBot/7.0; +http://ahrefs.com/robot/)" "-"
2a03:2880:f800:: - - [02/May/2026:02:10:40 +0200] "GET /items/B121894564/?path=/homepages/2/d834828290/htdocs/clickandbuilds/caldereria-balantxa.com/cgi-bin HTTP/1.1" 200 13064 www.caldereria-balantxa.com "-" "meta-externalagent/1.1 (+https://developers.facebook.com/docs/sharing/webmasters/crawler)" "-"
2a03:2880:f800:: - - [02/May/2026:02:10:49 +0200] "GET /items/B121687908/?path=/homepages/2/d834828290/htdocs/clickandbuilds/caldereria-balantxa.com HTTP/1.1" 200 52512 www.caldereria-balantxa.com "-" "meta-externalagent/1.1 (+https://developers.facebook.com/docs/sharing/webmasters/crawler)" "-"
2a03:2880:f800:: - - [02/May/2026:02:10:49 +0200] "GET /wp-json/oembed/1.0/embed?url=https%3A%2F%2Fbiark.net%2Fruleta-numero-del-1-al-50%2F HTTP/1.1" 200 2168 biark.net "-" "meta-externalagent/1.1 (+https://developers.facebook.com/docs/sharing/webmasters/crawler)" "-"
2a03:2880:f800:: - - [02/May/2026:02:10:51 +0200] "GET /wp-json/wp/v2/posts/3706 HTTP/1.1" 200 6463 biark.net "-" "meta-externalagent/1.1 (+https://developers.facebook.com/docs/sharing/webmasters/crawler)" "-"
2a03:2880:f800:: - - [02/May/2026:02:10:54 +0200] "GET /items/B121829771/?path=/homepages/2/d834828290 HTTP/1.1" 200 31371 www.caldereria-balantxa.com "-" "meta-externalagent/1.1 (+https://developers.facebook.com/docs/sharing/webmasters/crawler)" "-"
2a03:2880:f800:: - - [02/May/2026:02:10:58 +0200] "GET /sitemap.xml?fileloc=/homepages/2/d834828290/htdocs/clickandbuilds/caldereria-balantxa.com/wp-load.php&path=/homepages/2/d834828290/htdocs/clickandbuilds/caldereria-balantxa.com HTTP/1.1" 200 17125 caldereria-balantxa.com "-" "meta-externalagent/1.1 (+https://developers.facebook.com/docs/sharing/webmasters/crawler)" "-"
2a03:2880:f800:: - - [02/May/2026:02:11:01 +0200] "GET /items/B121114693/?path=/homepages HTTP/1.1" 200 81138 www.caldereria-balantxa.com "-" "meta-externalagent/1.1 (+https://developers.facebook.com/docs/sharing/webmasters/crawler)" "-"
2a03:2880:f800:: - - [02/May/2026:02:11:05 +0200] "GET /items/B121295272/?path=/homepages/13 HTTP/1.1" 200 129868 www.caldereria-balantxa.com "-" "meta-externalagent/1.1 (+https://developers.facebook.com/docs/sharing/webmasters/crawler)" "-"
114.119.137.0 - - [02/May/2026:02:11:07 +0200] "GET /?p=6160 HTTP/1.1" 301 - www.soldadura-aircom.com "https://www.soldadura-aircom.com/2024/03/11/tragamonedas-de-bitcoin-con-multiplicadores/" "Mozilla/5.0 (Linux; Android 7.0;) AppleWebKit/537.36 (HTML, like Gecko) Mobile Safari/537.36 (compatible; PetalBot;+https://webmaster.petalsearch.com/site/petalbot)" "-"
74.7.242.0 - - [02/May/2026:02:11:07 +0200] "GET /?fileloc=//kunden/kunden/kunden/kunden/kunden/kunden/kunden/proc/thread-self/root/proc/self/root/usr/bin/update-perl-sax-parsers&path=//kunden/kunden/kunden/kunden/kunden/kunden/kunden/proc/thread-self/root/proc/self/root/usr/bin HTTP/1.1" 200 20260 www.caldereria-balantxa.com "https://www.caldereria-balantxa.com/?path=//kunden/kunden/kunden/kunden/kunden/kunden/kunden/proc/thread-self/root/proc/self/root/usr/bin" "Mozilla/5.0 AppleWebKit/537.36 (KHTML, like Gecko; compatible; GPTBot/1.3; +https://openai.com/gptbot)" "-"
2a03:2880:f800:: - - [02/May/2026:02:11:07 +0200] "GET /que-es-stake-1-en-apuestas/ HTTP/1.1" 200 68097 biark.net "-" "meta-externalagent/1.1 (+https://developers.facebook.com/docs/sharing/webmasters/crawler)" "-"
74.7.243.0 - - [02/May/2026:02:11:08 +0200] "GET /?p=34672 HTTP/1.1" 301 - elpayasocobrador.com "https://elpayasocobrador.com/?p=27138" "Mozilla/5.0 AppleWebKit/537.36 (KHTML, like Gecko; compatible; GPTBot/1.3; +https://openai.com/gptbot)" "-"
74.7.243.0 - - [02/May/2026:02:11:09 +0200] "GET /como-vaciar-maquinas-tragaperras/ HTTP/1.1" 200 53278 elpayasocobrador.com "https://elpayasocobrador.com/?p=34672" "Mozilla/5.0 AppleWebKit/537.36 (KHTML, like Gecko; compatible; GPTBot/1.3; +https://openai.com/gptbot)" "-"
114.119.137.0 - - [02/May/2026:02:11:10 +0200] "GET /juega-gratis-a-great-88-en-modo-demo/ HTTP/1.1" 200 35654 www.soldadura-aircom.com "https://www.soldadura-aircom.com/2024/03/11/tragamonedas-de-bitcoin-con-multiplicadores/" "Mozilla/5.0 (Linux; Android 7.0;) AppleWebKit/537.36 (HTML, like Gecko) Mobile Safari/537.36 (compatible; PetalBot;+https://webmaster.petalsearch.com/site/petalbot)" "-"
2a03:2880:f800:: - - [02/May/2026:02:11:12 +0200] "GET /items/B121536506/?path=/homepages/2 HTTP/1.1" 429 267 www.caldereria-balantxa.com "-" "meta-externalagent/1.1 (+https://developers.facebook.com/docs/sharing/webmasters/crawler)" "-"
2a03:2880:f800:: - - [02/May/2026:02:11:15 +0200] "GET /post-sitemap.xml?path=/homepages/config HTTP/1.1" 429 267 www.caldereria-balantxa.com "-" "meta-externalagent/1.1 (+https://developers.facebook.com/docs/sharing/webmasters/crawler)" "-"
40.77.167.0 - - [02/May/2026:02:11:15 +0200] "GET /comparar-cuotas-casas-de-apuestas/ HTTP/1.1" 200 66865 biark.net "-" "Mozilla/5.0 AppleWebKit/537.36 (KHTML, like Gecko; compatible; bingbot/2.0; +http://www.bing.com/bingbot.htm) Chrome/116.0.1938.76 Safari/537.36" "-"
2a03:2880:f800:: - - [02/May/2026:02:11:16 +0200] "GET /items/B122040800/?path=/homepages/2/d834828290/htdocs/clickandbuilds/caldereria-balantxa.com/wp-includes HTTP/1.1" 429 267 www.caldereria-balantxa.com "-" "meta-externalagent/1.1 (+https://developers.facebook.com/docs/sharing/webmasters/crawler)" "-"
2a03:2880:f800:: - - [02/May/2026:02:11:18 +0200] "GET /apuestas-deportivas-futbol-internacionales/ HTTP/1.1" 200 66603 biark.net "-" "meta-externalagent/1.1 (+https://developers.facebook.com/docs/sharing/webmasters/crawler)" "-"
2a03:2880:f800:: - - [02/May/2026:02:11:20 +0200] "GET /items/B121774387/?path=/homepages/2/d835604730 HTTP/1.1" 429 267 www.caldereria-balantxa.com "-" "meta-externalagent/1.1 (+https://developers.facebook.com/docs/sharing/webmasters/crawler)" "-"
2a03:2880:f800:: - - [02/May/2026:02:11:20 +0200] "GET /items/B121949927/?path=/homepages/2 HTTP/1.1" 429 267 www.caldereria-balantxa.com "-" "meta-externalagent/1.1 (+https://developers.facebook.com/docs/sharing/webmasters/crawler)" "-"
114.119.137.0 - - [02/May/2026:02:11:22 +0200] "GET /tragamonedas-9-en-1/ HTTP/1.1" 200 55702 www.planeadosalbe.com "https://www.planeadosalbe.com/wp-sitemap-posts-post-4.xml" "Mozilla/5.0 (Linux; Android 7.0;) AppleWebKit/537.36 (HTML, like Gecko) Mobile Safari/537.36 (compatible; PetalBot;+https://webmaster.petalsearch.com/site/petalbot)" "-"
74.7.227.0 - - [02/May/2026:02:11:25 +0200] "GET /?fileloc=/homepages/2/d834828290/htdocs/clickandbuilds/caldereria-balantxa.com/wp-content/et-cache/9811/et-divi-dynamic-9811-late.css&path=/homepages/2/d834828290/htdocs/clickandbuilds/caldereria-balantxa.com/wp-content/et-cache/9811 HTTP/1.1" 200 13004 caldereria-balantxa.com "https://caldereria-balantxa.com/?path=/homepages/2/d834828290/htdocs/clickandbuilds/caldereria-balantxa.com/wp-content/et-cache/9811" "Mozilla/5.0 AppleWebKit/537.36 (KHTML, like Gecko; compatible; GPTBot/1.3; +https://openai.com/gptbot)" "-"
2a03:2880:f800:: - - [02/May/2026:02:11:25 +0200] "GET /items/B121051246/?path=/ HTTP/1.1" 429 267 www.caldereria-balantxa.com "-" "meta-externalagent/1.1 (+https://developers.facebook.com/docs/sharing/webmasters/crawler)" "-"
2a03:2880:f800:: - - [02/May/2026:02:11:26 +0200] "GET /items/B121848584/?path=/homepages/2/d834828290/htdocs/clickandbuilds/caldereria-balantxa.com/wp-includes HTTP/1.1" 429 267 www.caldereria-balantxa.com "-" "meta-externalagent/1.1 (+https://developers.facebook.com/docs/sharing/webmasters/crawler)" "-"
2a03:2880:f800:: - - [02/May/2026:02:11:26 +0200] "GET /como-ganar-dinero-con-juego-de-casino/ HTTP/1.1" 200 66264 biark.net "-" "meta-externalagent/1.1 (+https://developers.facebook.com/docs/sharing/webmasters/crawler)" "-"
2a03:2880:f800:: - - [02/May/2026:02:11:32 +0200] "GET /items/B122156171/?path=/homepages/2/d834828290/htdocs/clickandbuilds/caldereria-balantxa.com HTTP/1.1" 429 267 www.caldereria-balantxa.com "-" "meta-externalagent/1.1 (+https://developers.facebook.com/docs/sharing/webmasters/crawler)" "-"
2a03:2880:f800:: - - [02/May/2026:02:11:34 +0200] "GET /items/B121918887/?path=//media HTTP/1.1" 429 267 www.caldereria-balantxa.com "-" "meta-externalagent/1.1 (+https://developers.facebook.com/docs/sharing/webmasters/crawler)" "-"
2a03:2880:f800:: - - [02/May/2026:02:11:34 +0200] "GET /items/B121339947/?path=/homepages/2/d834828290/htdocs/clickandbuilds/caldereria-balantxa.com/wp-includes HTTP/1.1" 429 267 www.caldereria-balantxa.com "-" "meta-externalagent/1.1 (+https://developers.facebook.com/docs/sharing/webmasters/crawler)" "-"
66.249.64.0 - - [02/May/2026:02:11:36 +0200] "GET /2024/03/11/mejores-casinos-espa%C3%B1a-online/ HTTP/1.1" 404 31318 www.soldadura-aircom.com "-" "Mozilla/5.0 (Linux; Android 6.0.1; Nexus 5X Build/MMB29P) AppleWebKit/537.36 (KHTML, like Gecko) Chrome/147.0.7727.137 Mobile Safari/537.36 (compatible; Googlebot/2.1; +http://www.google.com/bot.html)" "-"
52.167.144.0 - - [02/May/2026:02:11:37 +0200] "GET /apuesta-nba-hoy/?path=//boot HTTP/1.1" 200 12606 www.caldereria-balantxa.com "-" "Mozilla/5.0 AppleWebKit/537.36 (KHTML, like Gecko; compatible; bingbot/2.0; +http://www.bing.com/bingbot.htm) Chrome/116.0.1938.76 Safari/537.36" "-"
2a03:2880:f800:: - - [02/May/2026:02:11:42 +0200] "GET /news-sitemap.xml?fileloc=/homepages/2/d834828290/htdocs/clickandbuilds/caldereria-balantxa.com/wp-includes/class-walker-nav-menu.php&path=/homepages/2/d834828290/htdocs/clickandbuilds/caldereria-balantxa.com/wp-includes HTTP/1.1" 200 26001 caldereria-balantxa.com "-" "meta-externalagent/1.1 (+https://developers.facebook.com/docs/sharing/webmasters/crawler)" "-"
74.7.243.0 - - [02/May/2026:02:11:42 +0200] "GET /?p=34920 HTTP/1.1" 301 - elpayasocobrador.com "https://elpayasocobrador.com/?p=27138" "Mozilla/5.0 AppleWebKit/537.36 (KHTML, like Gecko; compatible; GPTBot/1.3; +https://openai.com/gptbot)" "-"
2a03:2880:f800:: - - [02/May/2026:02:11:44 +0200] "GET /items/B122031081/?path=/homepages/41 HTTP/1.1" 429 267 www.caldereria-balantxa.com "-" "meta-externalagent/1.1 (+https://developers.facebook.com/docs/sharing/webmasters/crawler)" "-"
82.165.80.0 - - [02/May/2026:02:11:44 +0200] "POST /wp-cron.php?doing_wp_cron=1777680703.9979090690612792968750 HTTP/1.1" 200 - elpayasocobrador.com "-" "WordPress/6.9.4; https://elpayasocobrador.com" "-"
74.7.243.0 - - [02/May/2026:02:11:44 +0200] "GET /cuanto-salen-las-fichas-del-casino/ HTTP/1.1" 200 56600 elpayasocobrador.com "https://elpayasocobrador.com/?p=34920" "Mozilla/5.0 AppleWebKit/537.36 (KHTML, like Gecko; compatible; GPTBot/1.3; +https://openai.com/gptbot)" "-"
114.119.151.0 - - [02/May/2026:02:11:46 +0200] "GET /tragamonedas-de-bitcoin-2025/ HTTP/1.1" 200 52878 elpayasocobrador.com "https://elpayasocobrador.com/post-sitemap3.xml" "Mozilla/5.0 (Linux; Android 7.0;) AppleWebKit/537.36 (HTML, like Gecko) Mobile Safari/537.36 (compatible; PetalBot;+https://webmaster.petalsearch.com/site/petalbot)" "-"
40.77.167.0 - - [02/May/2026:02:11:49 +0200] "GET /?a=4086813374502 HTTP/1.1" 200 52512 caldereria-balantxa.com "-" "Mozilla/5.0 AppleWebKit/537.36 (KHTML, like Gecko; compatible; bingbot/2.0; +http://www.bing.com/bingbot.htm) Chrome/116.0.1938.76 Safari/537.36" "-"
2a03:2880:f800:: - - [02/May/2026:02:11:54 +0200] "GET /items/B121383425/?path=/homepages/2/d834091753 HTTP/1.1" 429 267 www.caldereria-balantxa.com "-" "meta-externalagent/1.1 (+https://developers.facebook.com/docs/sharing/webmasters/crawler)" "-"
17.241.227.0 - - [02/May/2026:02:11:54 +0200] "GET /handicap-asiatico-goles/ HTTP/1.1" 200 52512 www.caldereria-balantxa.com "-" "Mozilla/5.0 (Macintosh; Intel Mac OS X 10_15_7) AppleWebKit/605.1.15 (KHTML, like Gecko) Version/17.4 Safari/605.1.15 (Applebot/0.1; +http://www.apple.com/go/applebot)" "-"
200.75.125.0 - - [02/May/2026:02:11:55 +0200] "GET / HTTP/1.1" 301 - soldadura-aircom.com "http://aio.online" "Mozilla/5.0 (Windows NT 6.1; Win64; x64) AppleWebKit/537.36 (KHTML, like Gecko) Chrome/97.0.4692.71 Safari/537.36" "-"
54.39.136.0 - - [02/May/2026:02:11:55 +0200] "GET /bodog-app-apuestas-deportivas/ HTTP/1.1" 200 52512 www.caldereria-balantxa.com "-" "Mozilla/5.0 (compatible; AhrefsBot/7.0; +http://ahrefs.com/robot/)" "-"
2a03:2880:f800:: - - [02/May/2026:02:11:56 +0200] "GET /pronosticador-de-apuestas-de-tenis/ HTTP/1.1" 200 70751 biark.net "-" "meta-externalagent/1.1 (+https://developers.facebook.com/docs/sharing/webmasters/crawler)" "-"
200.75.125.0 - - [02/May/2026:02:11:57 +0200] "GET / HTTP/1.1" 200 45950 www.soldadura-aircom.com "http://aio.online" "Mozilla/5.0 (Windows NT 6.1; Win64; x64) AppleWebKit/537.36 (KHTML, like Gecko) Chrome/97.0.4692.71 Safari/537.36" "-"
200.75.125.0 - - [02/May/2026:02:11:58 +0200] "GET /wp-content/plugins/contact-form-7/includes/css/styles.css?ver=6.1.5 HTTP/1.1" 200 2947 www.soldadura-aircom.com "https://www.soldadura-aircom.com/" "Mozilla/5.0 (Windows NT 6.1; Win64; x64) AppleWebKit/537.36 (KHTML, like Gecko) Chrome/97.0.4692.71 Safari/537.36" "-"
200.75.125.0 - - [02/May/2026:02:11:58 +0200] "GET /wp-content/themes/Divi/style-static.min.css?ver=4.27.6 HTTP/1.1" 200 824698 www.soldadura-aircom.com "https://www.soldadura-aircom.com/" "Mozilla/5.0 (Windows NT 6.1; Win64; x64) AppleWebKit/537.36 (KHTML, like Gecko) Chrome/97.0.4692.71 Safari/537.36" "-"
200.75.125.0 - - [02/May/2026:02:11:59 +0200] "GET /wp-includes/js/dist/i18n.min.js?ver=c26c3dc7bed366793375 HTTP/1.1" 200 5314 www.soldadura-aircom.com "https://www.soldadura-aircom.com/" "Mozilla/5.0 (Windows NT 6.1; Win64; x64) AppleWebKit/537.36 (KHTML, like Gecko) Chrome/97.0.4692.71 Safari/537.36" "-"
200.75.125.0 - - [02/May/2026:02:11:59 +0200] "GET /wp-content/plugins/contact-form-7/includes/swv/js/index.js?ver=6.1.5 HTTP/1.1" 200 12512 www.soldadura-aircom.com "https://www.soldadura-aircom.com/" "Mozilla/5.0 (Windows NT 6.1; Win64; x64) AppleWebKit/537.36 (KHTML, like Gecko) Chrome/97.0.4692.71 Safari/537.36" "-"
200.75.125.0 - - [02/May/2026:02:11:59 +0200] "GET /wp-includes/js/dist/hooks.min.js?ver=dd5603f07f9220ed27f1 HTTP/1.1" 200 5661 www.soldadura-aircom.com "https://www.soldadura-aircom.com/" "Mozilla/5.0 (Windows NT 6.1; Win64; x64) AppleWebKit/537.36 (KHTML, like Gecko) Chrome/97.0.4692.71 Safari/537.36" "-"
200.75.125.0 - - [02/May/2026:02:11:59 +0200] "GET /wp-includes/js/jquery/jquery.min.js?ver=3.7.1 HTTP/1.1" 200 87553 www.soldadura-aircom.com "https://www.soldadura-aircom.com/" "Mozilla/5.0 (Windows NT 6.1; Win64; x64) AppleWebKit/537.36 (KHTML, like Gecko) Chrome/97.0.4692.71 Safari/537.36" "-"
200.75.125.0 - - [02/May/2026:02:11:59 +0200] "GET /wp-content/plugins/contact-form-7/includes/js/index.js?ver=6.1.5 HTTP/1.1" 200 13452 www.soldadura-aircom.com "https://www.soldadura-aircom.com/" "Mozilla/5.0 (Windows NT 6.1; Win64; x64) AppleWebKit/537.36 (KHTML, like Gecko) Chrome/97.0.4692.71 Safari/537.36" "-"
200.75.125.0 - - [02/May/2026:02:11:59 +0200] "GET /wp-includes/js/jquery/jquery-migrate.min.js?ver=3.4.1 HTTP/1.1" 200 13577 www.soldadura-aircom.com "https://www.soldadura-aircom.com/" "Mozilla/5.0 (Windows NT 6.1; Win64; x64) AppleWebKit/537.36 (KHTML, like Gecko) Chrome/97.0.4692.71 Safari/537.36" "-"
200.75.125.0 - - [02/May/2026:02:11:59 +0200] "GET /wp-content/themes/Divi/js/scripts.min.js?ver=4.27.6 HTTP/1.1" 200 274461 www.soldadura-aircom.com "https://www.soldadura-aircom.com/" "Mozilla/5.0 (Windows NT 6.1; Win64; x64) AppleWebKit/537.36 (KHTML, like Gecko) Chrome/97.0.4692.71 Safari/537.36" "-"
200.75.125.0 - - [02/May/2026:02:11:59 +0200] "GET /wp-content/themes/Divi/core/admin/js/common.js?ver=4.27.6 HTTP/1.1" 200 1343 www.soldadura-aircom.com "https://www.soldadura-aircom.com/" "Mozilla/5.0 (Windows NT 6.1; Win64; x64) AppleWebKit/537.36 (KHTML, like Gecko) Chrome/97.0.4692.71 Safari/537.36" "-"
200.75.125.0 - - [02/May/2026:02:11:59 +0200] "GET /wp-content/themes/Divi/includes/builder/feature/dynamic-assets/assets/js/jquery.mobile.js?ver=4.27.6 HTTP/1.1" 200 10776 www.soldadura-aircom.com "https://www.soldadura-aircom.com/" "Mozilla/5.0 (Windows NT 6.1; Win64; x64) AppleWebKit/537.36 (KHTML, like Gecko) Chrome/97.0.4692.71 Safari/537.36" "-"
200.75.125.0 - - [02/May/2026:02:11:59 +0200] "GET /wp-content/themes/Divi/includes/builder/feature/dynamic-assets/assets/js/magnific-popup.js?ver=4.27.6 HTTP/1.1" 200 22272 www.soldadura-aircom.com "https://www.soldadura-aircom.com/" "Mozilla/5.0 (Windows NT 6.1; Win64; x64) AppleWebKit/537.36 (KHTML, like Gecko) Chrome/97.0.4692.71 Safari/537.36" "-"
200.75.125.0 - - [02/May/2026:02:11:59 +0200] "GET /wp-content/themes/Divi/includes/builder/feature/dynamic-assets/assets/js/salvattore.js?ver=4.27.6 HTTP/1.1" 200 8574 www.soldadura-aircom.com "https://www.soldadura-aircom.com/" "Mozilla/5.0 (Windows NT 6.1; Win64; x64) AppleWebKit/537.36 (KHTML, like Gecko) Chrome/97.0.4692.71 Safari/537.36" "-"
200.75.125.0 - - [02/May/2026:02:11:59 +0200] "GET /wp-content/uploads/2026/04/aircom-1.jpg HTTP/1.1" 200 9501 www.soldadura-aircom.com "https://www.soldadura-aircom.com/" "Mozilla/5.0 (Windows NT 6.1; Win64; x64) AppleWebKit/537.36 (KHTML, like Gecko) Chrome/97.0.4692.71 Safari/537.36" "-"
200.75.125.0 - - [02/May/2026:02:11:59 +0200] "GET /wp-content/uploads/2026/04/1.gif HTTP/1.1" 200 294509 www.soldadura-aircom.com "https://www.soldadura-aircom.com/" "Mozilla/5.0 (Windows NT 6.1; Win64; x64) AppleWebKit/537.36 (KHTML, like Gecko) Chrome/97.0.4692.71 Safari/537.36" "-"
200.75.125.0 - - [02/May/2026:02:11:59 +0200] "GET /wp-content/uploads/2026/04/vittalox.gif HTTP/1.1" 200 3795 www.soldadura-aircom.com "https://www.soldadura-aircom.com/" "Mozilla/5.0 (Windows NT 6.1; Win64; x64) AppleWebKit/537.36 (KHTML, like Gecko) Chrome/97.0.4692.71 Safari/537.36" "-"
