114.119.154.0 - - [02/May/2026:00:06:23 +0200] "GET /que-se-juega-en-los-casinos/ HTTP/1.1" 200 52450 elpayasocobrador.com "https://elpayasocobrador.com/casino-cerca-de-mi/" "Mozilla/5.0 (Linux; Android 7.0;) AppleWebKit/537.36 (HTML, like Gecko) Mobile Safari/537.36 (compatible; PetalBot;+https://webmaster.petalsearch.com/site/petalbot)" "-"
40.77.167.0 - - [02/May/2026:00:06:24 +0200] "GET /casino-online-sin-deposito-mexico/ HTTP/1.1" 200 36421 www.soldadura-aircom.com "-" "Mozilla/5.0 AppleWebKit/537.36 (KHTML, like Gecko; compatible; bingbot/2.0; +http://www.bing.com/bingbot.htm) Chrome/116.0.1938.76 Safari/537.36" "-"
136.243.228.0 - - [02/May/2026:00:06:25 +0200] "GET /cripto-casino-sin-verificaci%C3%B3n-de-id?fileloc=/homepages/2/d834828290/htdocs/clickandbuilds/caldereria-balantxa.com/wp-cron.php&path=/homepages/2/d834828290/htdocs/clickandbuilds/caldereria-balantxa.com HTTP/1.1" 200 18572 www.caldereria-balantxa.com "-" "Mozilla/5.0 (compatible; DataForSeoBot/1.0; +https://dataforseo.com/dataforseo-bot)" "-"
54.39.6.0 - - [02/May/2026:00:06:25 +0200] "GET /estadisticas-en-blackjack/ HTTP/1.1" 200 52512 www.caldereria-balantxa.com "-" "Mozilla/5.0 (compatible; AhrefsBot/7.0; +http://ahrefs.com/robot/)" "-"
40.77.167.0 - - [02/May/2026:00:06:25 +0200] "GET /bono-de-bienvenida-888-casino/ HTTP/1.1" 200 36651 www.soldadura-aircom.com "-" "Mozilla/5.0 AppleWebKit/537.36 (KHTML, like Gecko; compatible; bingbot/2.0; +http://www.bing.com/bingbot.htm) Chrome/116.0.1938.76 Safari/537.36" "-"
2a03:2880:f800:: - - [02/May/2026:00:06:26 +0200] "GET /post-sitemap14.xml?fileloc=/homepages/2/d834828290/htdocs/clickandbuilds/caldereria-balantxa.com/.user.ini&path=/homepages/2/d834828290/htdocs/clickandbuilds/caldereria-balantxa.com HTTP/1.1" 200 12608 www.caldereria-balantxa.com "-" "meta-externalagent/1.1 (+https://developers.facebook.com/docs/sharing/webmasters/crawler)" "-"
40.77.167.0 - - [02/May/2026:00:06:26 +0200] "GET /desert-nights-casino-es-2025-review/ HTTP/1.1" 200 36645 www.soldadura-aircom.com "-" "Mozilla/5.0 AppleWebKit/537.36 (KHTML, like Gecko; compatible; bingbot/2.0; +http://www.bing.com/bingbot.htm) Chrome/116.0.1938.76 Safari/537.36" "-"
40.77.167.0 - - [02/May/2026:00:06:28 +0200] "GET /tragaperras-online-lion-dance-festival/ HTTP/1.1" 200 36429 www.soldadura-aircom.com "-" "Mozilla/5.0 AppleWebKit/537.36 (KHTML, like Gecko; compatible; bingbot/2.0; +http://www.bing.com/bingbot.htm) Chrome/116.0.1938.76 Safari/537.36" "-"
74.7.242.0 - - [02/May/2026:00:06:29 +0200] "GET /?path=//kunden/kunden/kunden/kunden/kunden/kunden/kunden/proc/thread-self/root/proc/self/root/kunden/kunden/var/run HTTP/1.1" 200 22692 www.caldereria-balantxa.com "https://www.caldereria-balantxa.com/?path=//kunden/kunden/kunden/kunden/kunden/kunden/kunden/proc/thread-self/root/proc/self/root/kunden/kunden/var" "Mozilla/5.0 AppleWebKit/537.36 (KHTML, like Gecko; compatible; GPTBot/1.3; +https://openai.com/gptbot)" "-"
40.77.167.0 - - [02/May/2026:00:06:29 +0200] "GET /como-saber-donde-cae-la-bola-en-la-ruleta/ HTTP/1.1" 200 35434 www.soldadura-aircom.com "-" "Mozilla/5.0 AppleWebKit/537.36 (KHTML, like Gecko; compatible; bingbot/2.0; +http://www.bing.com/bingbot.htm) Chrome/116.0.1938.76 Safari/537.36" "-"
85.208.98.0 - - [02/May/2026:00:06:30 +0200] "GET /robots.txt HTTP/1.1" 429 267 biark.net "-" "Mozilla/5.0 (compatible; SemrushBot-BA; +http://www.semrush.com/bot.html)" "-"
40.77.167.0 - - [02/May/2026:00:06:31 +0200] "GET /valores-de-las-cartas-en-21-blackjack/ HTTP/1.1" 200 36713 www.soldadura-aircom.com "-" "Mozilla/5.0 AppleWebKit/537.36 (KHTML, like Gecko; compatible; bingbot/2.0; +http://www.bing.com/bingbot.htm) Chrome/116.0.1938.76 Safari/537.36" "-"
40.77.167.0 - - [02/May/2026:00:06:32 +0200] "GET /c%C3%B3digo-promocional-casino-barcelona-2025/ HTTP/1.1" 200 36123 www.soldadura-aircom.com "-" "Mozilla/5.0 AppleWebKit/537.36 (KHTML, like Gecko; compatible; bingbot/2.0; +http://www.bing.com/bingbot.htm) Chrome/116.0.1938.76 Safari/537.36" "-"
136.243.228.0 - - [02/May/2026:00:06:34 +0200] "GET /cripto-casino-sin-verificaci%C3%B3n-de-id?fileloc=/homepages/2/d834828290/htdocs/clickandbuilds/caldereria-balantxa.com/wp-trackback.php&path=/homepages/2/d834828290/htdocs/clickandbuilds/caldereria-balantxa.com HTTP/1.1" 200 18725 www.caldereria-balantxa.com "-" "Mozilla/5.0 (compatible; DataForSeoBot/1.0; +https://dataforseo.com/dataforseo-bot)" "-"
92.222.108.0 - - [02/May/2026:00:06:34 +0200] "GET /burgos-casino-bono-sin-dep%C3%B3sito-50-giros-gratis-2025/ HTTP/1.1" 429 267 www.soldadura-aircom.com "-" "Mozilla/5.0 (compatible; AhrefsBot/7.0; +http://ahrefs.com/robot/)" "-"
40.77.167.0 - - [02/May/2026:00:06:34 +0200] "GET /maquinas-tragamonedas-gratis-88-fortune/ HTTP/1.1" 200 36776 www.soldadura-aircom.com "-" "Mozilla/5.0 AppleWebKit/537.36 (KHTML, like Gecko; compatible; bingbot/2.0; +http://www.bing.com/bingbot.htm) Chrome/116.0.1938.76 Safari/537.36" "-"
40.77.167.0 - - [02/May/2026:00:06:34 +0200] "GET /casino-gran-madrid-online-opiniones/ HTTP/1.1" 200 36962 www.soldadura-aircom.com "-" "Mozilla/5.0 AppleWebKit/537.36 (KHTML, like Gecko; compatible; bingbot/2.0; +http://www.bing.com/bingbot.htm) Chrome/116.0.1938.76 Safari/537.36" "-"
74.7.227.0 - - [02/May/2026:00:06:35 +0200] "GET /?fileloc=/homepages/2/d834828290/htdocs/clickandbuilds/caldereria-balantxa.com/wp-content/et-cache/2423/et-divi-dynamic-2423.css&path=/homepages/2/d834828290/htdocs/clickandbuilds/caldereria-balantxa.com/wp-content/et-cache/2423 HTTP/1.1" 200 12999 caldereria-balantxa.com "https://caldereria-balantxa.com/?path=/homepages/2/d834828290/htdocs/clickandbuilds/caldereria-balantxa.com/wp-content/et-cache/2423" "Mozilla/5.0 AppleWebKit/537.36 (KHTML, like Gecko; compatible; GPTBot/1.3; +https://openai.com/gptbot)" "-"
40.77.167.0 - - [02/May/2026:00:06:35 +0200] "GET /casino-puerto-santa-fe/ HTTP/1.1" 200 37262 www.soldadura-aircom.com "-" "Mozilla/5.0 AppleWebKit/537.36 (KHTML, like Gecko; compatible; bingbot/2.0; +http://www.bing.com/bingbot.htm) Chrome/116.0.1938.76 Safari/537.36" "-"
74.7.243.0 - - [02/May/2026:00:06:36 +0200] "GET /?p=26338 HTTP/1.1" 429 267 elpayasocobrador.com "https://elpayasocobrador.com/?p=27872" "Mozilla/5.0 AppleWebKit/537.36 (KHTML, like Gecko; compatible; GPTBot/1.3; +https://openai.com/gptbot)" "-"
40.77.167.0 - - [02/May/2026:00:06:36 +0200] "GET /cual-es-la-ruleta-que-mas-paga/ HTTP/1.1" 200 36338 www.soldadura-aircom.com "-" "Mozilla/5.0 AppleWebKit/537.36 (KHTML, like Gecko; compatible; bingbot/2.0; +http://www.bing.com/bingbot.htm) Chrome/116.0.1938.76 Safari/537.36" "-"
40.77.167.0 - - [02/May/2026:00:06:37 +0200] "GET /edad-minima-para-entrar-a-un-casino-en-chile/ HTTP/1.1" 200 36377 www.soldadura-aircom.com "-" "Mozilla/5.0 AppleWebKit/537.36 (KHTML, like Gecko; compatible; bingbot/2.0; +http://www.bing.com/bingbot.htm) Chrome/116.0.1938.76 Safari/537.36" "-"
40.77.167.0 - - [02/May/2026:00:06:37 +0200] "GET /casino-de-juego-copiapo/ HTTP/1.1" 200 35126 www.soldadura-aircom.com "-" "Mozilla/5.0 AppleWebKit/537.36 (KHTML, like Gecko; compatible; bingbot/2.0; +http://www.bing.com/bingbot.htm) Chrome/116.0.1938.76 Safari/537.36" "-"
64.227.68.0 - - [02/May/2026:00:06:38 +0200] "GET /wp-login.php HTTP/1.1" 200 9974 soldadura-aircom.com "-" "Mozilla/5.0 (Windows NT 10.0; WOW64; Trident/7.0; Touch; MDDCJS; rv:11.0) like Gecko" "-"
40.77.167.0 - - [02/May/2026:00:06:38 +0200] "GET /ruleta-de-colores-para-jugar-gratis/ HTTP/1.1" 200 36621 www.soldadura-aircom.com "-" "Mozilla/5.0 AppleWebKit/537.36 (KHTML, like Gecko; compatible; bingbot/2.0; +http://www.bing.com/bingbot.htm) Chrome/116.0.1938.76 Safari/537.36" "-"
2a03:2880:f800:: - - [02/May/2026:00:06:39 +0200] "GET /items/B121556237/?path=/homepages/2/d387380582 HTTP/1.1" 200 25467 www.caldereria-balantxa.com "-" "meta-externalagent/1.1 (+https://developers.facebook.com/docs/sharing/webmasters/crawler)" "-"
40.77.167.0 - - [02/May/2026:00:06:39 +0200] "GET /casino-en-monegros/ HTTP/1.1" 200 37116 www.soldadura-aircom.com "-" "Mozilla/5.0 AppleWebKit/537.36 (KHTML, like Gecko; compatible; bingbot/2.0; +http://www.bing.com/bingbot.htm) Chrome/116.0.1938.76 Safari/537.36" "-"
40.77.167.0 - - [02/May/2026:00:06:40 +0200] "GET /mejores-sitios-de-casino-en-l%C3%ADnea-que-aceptan-dep%C3%B3sitos-en-cripto/ HTTP/1.1" 200 36589 www.soldadura-aircom.com "-" "Mozilla/5.0 AppleWebKit/537.36 (KHTML, like Gecko; compatible; bingbot/2.0; +http://www.bing.com/bingbot.htm) Chrome/116.0.1938.76 Safari/537.36" "-"
40.77.167.0 - - [02/May/2026:00:06:40 +0200] "GET /como-se-llaman-las-maquinas-de-los-casinos/ HTTP/1.1" 200 36050 www.soldadura-aircom.com "-" "Mozilla/5.0 AppleWebKit/537.36 (KHTML, like Gecko; compatible; bingbot/2.0; +http://www.bing.com/bingbot.htm) Chrome/116.0.1938.76 Safari/537.36" "-"
40.77.167.0 - - [02/May/2026:00:06:41 +0200] "GET /casinos-que-te-dan-bono-de-bienvenida/ HTTP/1.1" 200 36145 www.soldadura-aircom.com "-" "Mozilla/5.0 AppleWebKit/537.36 (KHTML, like Gecko; compatible; bingbot/2.0; +http://www.bing.com/bingbot.htm) Chrome/116.0.1938.76 Safari/537.36" "-"
40.77.167.0 - - [02/May/2026:00:06:42 +0200] "GET /nuevo-casino-en-san-juan/ HTTP/1.1" 200 36927 www.soldadura-aircom.com "-" "Mozilla/5.0 AppleWebKit/537.36 (KHTML, like Gecko; compatible; bingbot/2.0; +http://www.bing.com/bingbot.htm) Chrome/116.0.1938.76 Safari/537.36" "-"
136.243.228.0 - - [02/May/2026:00:06:43 +0200] "GET /cripto-casino-sin-verificaci%C3%B3n-de-id?fileloc=/homepages/2/d834828290/htdocs/clickandbuilds/caldereria-balantxa.com/wp-settings.php&path=/homepages/2/d834828290/htdocs/clickandbuilds/caldereria-balantxa.com HTTP/1.1" 200 47213 www.caldereria-balantxa.com "-" "Mozilla/5.0 (compatible; DataForSeoBot/1.0; +https://dataforseo.com/dataforseo-bot)" "-"
40.77.167.0 - - [02/May/2026:00:06:43 +0200] "GET /truco-para-jugar-ala-ruleta/ HTTP/1.1" 200 36838 www.soldadura-aircom.com "-" "Mozilla/5.0 AppleWebKit/537.36 (KHTML, like Gecko; compatible; bingbot/2.0; +http://www.bing.com/bingbot.htm) Chrome/116.0.1938.76 Safari/537.36" "-"
40.77.167.0 - - [02/May/2026:00:06:43 +0200] "GET /tragamoneda-con-bonus-gratis/ HTTP/1.1" 200 36865 www.soldadura-aircom.com "-" "Mozilla/5.0 AppleWebKit/537.36 (KHTML, like Gecko; compatible; bingbot/2.0; +http://www.bing.com/bingbot.htm) Chrome/116.0.1938.76 Safari/537.36" "-"
45.160.182.0 - - [02/May/2026:00:06:44 +0200] "GET / HTTP/1.1" 200 45950 www.soldadura-aircom.com "-" "Opera/8.91.(X11; Linux i686; kl-GL) Presto/2.9.170 Version/10.00" "-"
40.77.167.0 - - [02/May/2026:00:06:44 +0200] "GET /dep%C3%B3sitos-astropay-casino-espa%C3%B1a/ HTTP/1.1" 200 36894 www.soldadura-aircom.com "-" "Mozilla/5.0 AppleWebKit/537.36 (KHTML, like Gecko; compatible; bingbot/2.0; +http://www.bing.com/bingbot.htm) Chrome/116.0.1938.76 Safari/537.36" "-"
40.77.167.0 - - [02/May/2026:00:06:46 +0200] "GET /maquina-de-tragamoneda-para-jugar-gratis/ HTTP/1.1" 200 36246 www.soldadura-aircom.com "-" "Mozilla/5.0 AppleWebKit/537.36 (KHTML, like Gecko; compatible; bingbot/2.0; +http://www.bing.com/bingbot.htm) Chrome/116.0.1938.76 Safari/537.36" "-"
40.77.167.0 - - [02/May/2026:00:06:47 +0200] "GET /amuletos-para-atraer-la-buena-suerte-en-los-juegos-de-azar/ HTTP/1.1" 200 36733 www.soldadura-aircom.com "-" "Mozilla/5.0 AppleWebKit/537.36 (KHTML, like Gecko; compatible; bingbot/2.0; +http://www.bing.com/bingbot.htm) Chrome/116.0.1938.76 Safari/537.36" "-"
64.227.68.0 - - [02/May/2026:00:06:50 +0200] "POST /wp-login.php HTTP/1.1" 503 19283 soldadura-aircom.com "https://soldadura-aircom.com/wp-login.php" "Mozilla/5.0 (Windows NT 10.0; WOW64; Trident/7.0; Touch; MDDCJS; rv:11.0) like Gecko" "-"
2a03:2880:f800:: - - [02/May/2026:00:06:51 +0200] "GET /sitemap.txt?path=/homepages/2/d834828290/htdocs/clickandbuilds/caldereria-balantxa.com/wp-content/upgrade HTTP/1.1" 200 13187 caldereria-balantxa.com "-" "meta-externalagent/1.1 (+https://developers.facebook.com/docs/sharing/webmasters/crawler)" "-"
136.243.228.0 - - [02/May/2026:00:06:53 +0200] "GET /cripto-casino-sin-verificaci%C3%B3n-de-id?path=/homepages/2/d834828290/htdocs/clickandbuilds/caldereria-balantxa.com/wp-includes HTTP/1.1" 200 492227 www.caldereria-balantxa.com "-" "Mozilla/5.0 (compatible; DataForSeoBot/1.0; +https://dataforseo.com/dataforseo-bot)" "-"
114.119.159.0 - - [02/May/2026:00:06:55 +0200] "GET /2024/03/11/secuencia-maquina-tragamonedas-frutitas/ HTTP/1.1" 404 31318 www.soldadura-aircom.com "https://www.soldadura-aircom.com/wp-sitemap-posts-post-3.xml" "Mozilla/5.0 (Linux; Android 7.0;) AppleWebKit/537.36 (HTML, like Gecko) Mobile Safari/537.36 (compatible; PetalBot;+https://webmaster.petalsearch.com/site/petalbot)" "-"
51.195.215.0 - - [02/May/2026:00:06:58 +0200] "GET /bonos-de-apuestas-sin-dep%C3%B3sito-per%C3%BA/ HTTP/1.1" 404 31217 www.erlain.es "-" "Mozilla/5.0 (compatible; AhrefsBot/7.0; +http://ahrefs.com/robot/)" "-"
136.243.228.0 - - [02/May/2026:00:07:01 +0200] "GET /cripto-casino-sin-verificaci%C3%B3n-de-id?fileloc=/homepages/2/d834828290/htdocs/clickandbuilds/caldereria-balantxa.com/index.php&path=/homepages/2/d834828290/htdocs/clickandbuilds/caldereria-balantxa.com HTTP/1.1" 200 13041 www.caldereria-balantxa.com "-" "Mozilla/5.0 (compatible; DataForSeoBot/1.0; +https://dataforseo.com/dataforseo-bot)" "-"
2a03:2880:f800:: - - [02/May/2026:00:07:02 +0200] "GET /page-sitemap.xml?fileloc=/homepages/2/d834828290/htdocs/clickandbuilds/caldereria-balantxa.com/wp-admin/freedoms.php&path=/homepages/2/d834828290/htdocs/clickandbuilds/caldereria-balantxa.com/wp-admin HTTP/1.1" 200 19184 www.caldereria-balantxa.com "-" "meta-externalagent/1.1 (+https://developers.facebook.com/docs/sharing/webmasters/crawler)" "-"
74.7.242.0 - - [02/May/2026:00:07:03 +0200] "GET /?path=//kunden/kunden/kunden/kunden/kunden/kunden/kunden/proc/thread-self/root/proc/self/root/kunden/kunden/tmp/.priv HTTP/1.1" 200 14095 www.caldereria-balantxa.com "https://www.caldereria-balantxa.com/?path=//kunden/kunden/kunden/kunden/kunden/kunden/kunden/proc/thread-self/root/proc/self/root/kunden/kunden/tmp" "Mozilla/5.0 AppleWebKit/537.36 (KHTML, like Gecko; compatible; GPTBot/1.3; +https://openai.com/gptbot)" "-"
85.208.98.0 - - [02/May/2026:00:07:04 +0200] "GET /b6975841.htm?item=ogenmelon-784523 HTTP/1.1" 429 267 biark.net "-" "Mozilla/5.0 (compatible; SemrushBot-BA; +http://www.semrush.com/bot.html)" "-"
74.7.227.0 - - [02/May/2026:00:07:04 +0200] "GET /?fileloc=/homepages/2/d834828290/htdocs/clickandbuilds/caldereria-balantxa.com/wp-content/et-cache/8446/et-divi-dynamic-8446-late.css&path=/homepages/2/d834828290/htdocs/clickandbuilds/caldereria-balantxa.com/wp-content/et-cache/8446 HTTP/1.1" 200 13004 caldereria-balantxa.com "https://caldereria-balantxa.com/?path=/homepages/2/d834828290/htdocs/clickandbuilds/caldereria-balantxa.com/wp-content/et-cache/8446" "Mozilla/5.0 AppleWebKit/537.36 (KHTML, like Gecko; compatible; GPTBot/1.3; +https://openai.com/gptbot)" "-"
37.59.204.0 - - [02/May/2026:00:07:06 +0200] "GET /promociones-en-casino-con-ethereum/ HTTP/1.1" 429 267 www.soldadura-aircom.com "-" "Mozilla/5.0 (compatible; AhrefsBot/7.0; +http://ahrefs.com/robot/)" "-"
51.222.168.0 - - [02/May/2026:00:07:06 +0200] "GET /como-ser-due%C3%B1o-de-un-casino/ HTTP/1.1" 429 267 www.caldereria-balantxa.com "-" "Mozilla/5.0 (compatible; AhrefsBot/7.0; +http://ahrefs.com/robot/)" "-"
2a03:2880:f800:: - - [02/May/2026:00:07:07 +0200] "GET /probabilidad-blackjack-casino/ HTTP/1.1" 200 66946 biark.net "-" "meta-externalagent/1.1 (+https://developers.facebook.com/docs/sharing/webmasters/crawler)" "-"
114.119.139.0 - - [02/May/2026:00:07:09 +0200] "GET /blackjack-online-gratis-argentina/ HTTP/1.1" 200 54730 www.planeadosalbe.com "https://www.planeadosalbe.com/wp-sitemap-posts-post-1.xml" "Mozilla/5.0 (Linux; Android 7.0;) AppleWebKit/537.36 (HTML, like Gecko) Mobile Safari/537.36 (compatible; PetalBot;+https://webmaster.petalsearch.com/site/petalbot)" "-"
2a03:2880:f800:: - - [02/May/2026:00:07:11 +0200] "GET /sitemap_index.xml?fileloc=/homepages/2/d834828290/htdocs/clickandbuilds/caldereria-balantxa.com/wp-includes/taxonomy.php&path=/homepages/2/d834828290/htdocs/clickandbuilds/caldereria-balantxa.com/wp-includes HTTP/1.1" 200 203423 caldereria-balantxa.com "-" "meta-externalagent/1.1 (+https://developers.facebook.com/docs/sharing/webmasters/crawler)" "-"
66.249.70.0 - - [02/May/2026:00:07:11 +0200] "GET /?a=72991241943207 HTTP/1.1" 200 52512 www.caldereria-balantxa.com "-" "Mozilla/5.0 (Linux; Android 6.0.1; Nexus 5X Build/MMB29P) AppleWebKit/537.36 (KHTML, like Gecko) Chrome/147.0.7727.137 Mobile Safari/537.36 (compatible; Googlebot/2.1; +http://www.google.com/bot.html)" "-"
74.7.243.0 - - [02/May/2026:00:07:12 +0200] "GET /?p=28467 HTTP/1.1" 429 267 elpayasocobrador.com "https://elpayasocobrador.com/?p=28971" "Mozilla/5.0 AppleWebKit/537.36 (KHTML, like Gecko; compatible; GPTBot/1.3; +https://openai.com/gptbot)" "-"
136.243.228.0 - - [02/May/2026:00:07:12 +0200] "GET /cripto-casino-sin-verificaci%C3%B3n-de-id?fileloc=/homepages/2/d834828290/htdocs/clickandbuilds/caldereria-balantxa.com/wp-load.php&path=/homepages/2/d834828290/htdocs/clickandbuilds/caldereria-balantxa.com HTTP/1.1" 429 267 www.caldereria-balantxa.com "-" "Mozilla/5.0 (compatible; DataForSeoBot/1.0; +https://dataforseo.com/dataforseo-bot)" "-"
207.46.13.0 - - [02/May/2026:00:07:13 +0200] "GET /como-saber-jugar-casino/ HTTP/1.1" 200 36158 www.soldadura-aircom.com "-" "Mozilla/5.0 AppleWebKit/537.36 (KHTML, like Gecko; compatible; bingbot/2.0; +http://www.bing.com/bingbot.htm) Chrome/116.0.1938.76 Safari/537.36" "-"
216.73.217.0 - - [02/May/2026:00:07:17 +0200] "GET /casinos-que-tengan-bono-de-bienvenida-sin-dep%C3%B3sito-de-todos-los-pa%C3%ADses/ HTTP/1.1" 429 267 elpayasocobrador.com "-" "Mozilla/5.0 AppleWebKit/537.36 (KHTML, like Gecko; compatible; ClaudeBot/1.0; +claudebot@anthropic.com)" "-"
114.119.145.0 - - [02/May/2026:00:07:19 +0200] "GET /resultados-getafe-osasuna/?fileloc=/homepages/9/d833037456/metadata.json&path=/homepages/9/d833037456 HTTP/1.1" 200 12313 www.caldereria-balantxa.com "-" "Mozilla/5.0 (Linux; Android 7.0;) AppleWebKit/537.36 (KHTML, like Gecko) Mobile Safari/537.36 (compatible; PetalBot;+https://webmaster.petalsearch.com/site/petalbot)" "-"
2a03:2880:f800:: - - [02/May/2026:00:07:20 +0200] "GET /news-sitemap.xml?path=/homepages/2/d834828290/htdocs/clickandbuilds/caldereria-balantxa.com/wp-includes/SimplePie HTTP/1.1" 200 18060 caldereria-balantxa.com "-" "meta-externalagent/1.1 (+https://developers.facebook.com/docs/sharing/webmasters/crawler)" "-"
52.167.144.0 - - [02/May/2026:00:07:21 +0200] "GET /casinos-que-te-dan-bono-de-bienvenida-sin-dep%C3%B3sito/ HTTP/1.1" 200 56070 www.planeadosalbe.com "-" "Mozilla/5.0 AppleWebKit/537.36 (KHTML, like Gecko; compatible; bingbot/2.0; +http://www.bing.com/bingbot.htm) Chrome/116.0.1938.76 Safari/537.36" "-"
114.119.137.0 - - [02/May/2026:00:07:26 +0200] "GET /resultados-getafe-osasuna/?fileloc=/homepages/9/d833037456/htpasswd&path=/homepages/9/d833037456 HTTP/1.1" 200 12308 www.caldereria-balantxa.com "-" "Mozilla/5.0 (Linux; Android 7.0;) AppleWebKit/537.36 (KHTML, like Gecko) Mobile Safari/537.36 (compatible; PetalBot;+https://webmaster.petalsearch.com/site/petalbot)" "-"
2a03:2880:f800:: - - [02/May/2026:00:07:28 +0200] "GET /juega-gratis-a-rainbrew-en-modo-demo/ HTTP/1.1" 200 67206 biark.net "-" "meta-externalagent/1.1 (+https://developers.facebook.com/docs/sharing/webmasters/crawler)" "-"
2a03:2880:f800:: - - [02/May/2026:00:07:29 +0200] "GET /items/B121433591/?path=/homepages HTTP/1.1" 200 81138 www.caldereria-balantxa.com "-" "meta-externalagent/1.1 (+https://developers.facebook.com/docs/sharing/webmasters/crawler)" "-"
74.7.227.0 - - [02/May/2026:00:07:32 +0200] "GET /?fileloc=/homepages/2/d834828290/htdocs/clickandbuilds/caldereria-balantxa.com/wp-content/et-cache/3548/et-divi-dynamic-3548.css&path=/homepages/2/d834828290/htdocs/clickandbuilds/caldereria-balantxa.com/wp-content/et-cache/3548 HTTP/1.1" 200 12999 caldereria-balantxa.com "https://caldereria-balantxa.com/?path=/homepages/2/d834828290/htdocs/clickandbuilds/caldereria-balantxa.com/wp-content/et-cache/3548" "Mozilla/5.0 AppleWebKit/537.36 (KHTML, like Gecko; compatible; GPTBot/1.3; +https://openai.com/gptbot)" "-"
74.7.242.0 - - [02/May/2026:00:07:34 +0200] "GET /?path=//kunden/kunden/kunden/kunden/kunden/kunden/kunden/proc/thread-self/root/proc/self/root/kunden/kunden/var/log HTTP/1.1" 200 15711 www.caldereria-balantxa.com "https://www.caldereria-balantxa.com/?path=//kunden/kunden/kunden/kunden/kunden/kunden/kunden/proc/thread-self/root/proc/self/root/kunden/kunden/var" "Mozilla/5.0 AppleWebKit/537.36 (KHTML, like Gecko; compatible; GPTBot/1.3; +https://openai.com/gptbot)" "-"
2a03:2880:f800:: - - [02/May/2026:00:07:35 +0200] "GET /items/B121333361/?path=/homepages/2/d834828290/htdocs/clickandbuilds/caldereria-balantxa.com/cgi-bin HTTP/1.1" 200 13064 www.caldereria-balantxa.com "-" "meta-externalagent/1.1 (+https://developers.facebook.com/docs/sharing/webmasters/crawler)" "-"
2a03:2880:f800:: - - [02/May/2026:00:07:38 +0200] "GET /tragamoneda-gratis-2025/ HTTP/1.1" 200 67901 biark.net "-" "meta-externalagent/1.1 (+https://developers.facebook.com/docs/sharing/webmasters/crawler)" "-"
51.89.129.0 - - [02/May/2026:00:07:40 +0200] "GET /apuestas-en-juegos/ HTTP/1.1" 404 31217 www.erlain.es "-" "Mozilla/5.0 (compatible; AhrefsBot/7.0; +http://ahrefs.com/robot/)" "-"
2a03:2880:f800:: - - [02/May/2026:00:07:43 +0200] "GET /post-sitemap2.xml?path=/homepages/2/d388732396 HTTP/1.1" 200 25467 www.caldereria-balantxa.com "-" "meta-externalagent/1.1 (+https://developers.facebook.com/docs/sharing/webmasters/crawler)" "-"
15.235.98.0 - - [02/May/2026:00:07:47 +0200] "GET /blackjack-estrategia-basica-tabla/ HTTP/1.1" 429 267 www.caldereria-balantxa.com "-" "Mozilla/5.0 (compatible; AhrefsBot/7.0; +http://ahrefs.com/robot/)" "-"
2a03:2880:f800:: - - [02/May/2026:00:07:49 +0200] "GET /items/B121874249/?path=//home HTTP/1.1" 200 12606 www.caldereria-balantxa.com "-" "meta-externalagent/1.1 (+https://developers.facebook.com/docs/sharing/webmasters/crawler)" "-"
92.222.104.0 - - [02/May/2026:00:07:52 +0200] "GET /mejores-paginas-de-apuestas-deportivas/ HTTP/1.1" 200 67323 biark.net "-" "Mozilla/5.0 (compatible; AhrefsBot/7.0; +http://ahrefs.com/robot/)" "-"
202.46.62.0 - - [02/May/2026:00:07:56 +0200] "GET /wp-json/oembed/1.0/embed?url=https%3A%2F%2Felpayasocobrador.com%2Fmejor-tragamonedas-jugabet%2F HTTP/1.1" 200 2228 elpayasocobrador.com "-" "Mozilla/5.0 (Windows NT 10.0; Win64; x64) AppleWebKit/537.36 (KHTML, like Gecko) Chrome/133.0.6943.141 Safari/537.36" "-"
2a03:2880:f800:: - - [02/May/2026:00:07:56 +0200] "GET /items/B121293052/?path=/homepages/26 HTTP/1.1" 200 125872 www.caldereria-balantxa.com "-" "meta-externalagent/1.1 (+https://developers.facebook.com/docs/sharing/webmasters/crawler)" "-"
74.7.227.0 - - [02/May/2026:00:07:56 +0200] "GET /?fileloc=/homepages/2/d834828290/htdocs/clickandbuilds/caldereria-balantxa.com/wp-content/et-cache/1392/et-divi-dynamic-1392.css&path=/homepages/2/d834828290/htdocs/clickandbuilds/caldereria-balantxa.com/wp-content/et-cache/1392 HTTP/1.1" 200 12999 caldereria-balantxa.com "https://caldereria-balantxa.com/?path=/homepages/2/d834828290/htdocs/clickandbuilds/caldereria-balantxa.com/wp-content/et-cache/1392" "Mozilla/5.0 AppleWebKit/537.36 (KHTML, like Gecko; compatible; GPTBot/1.3; +https://openai.com/gptbot)" "-"
82.165.80.0 - - [02/May/2026:00:07:57 +0200] "POST /wp-cron.php?doing_wp_cron=1777673277.1360909938812255859375 HTTP/1.1" 200 - elpayasocobrador.com "-" "WordPress/6.9.4; https://elpayasocobrador.com" "-"
74.7.242.0 - - [02/May/2026:00:08:01 +0200] "GET /?path=//kunden/kunden/kunden/kunden/kunden/kunden/kunden/proc/thread-self/root/proc/self/root/kunden/kunden/var/lock HTTP/1.1" 200 14093 www.caldereria-balantxa.com "https://www.caldereria-balantxa.com/?path=//kunden/kunden/kunden/kunden/kunden/kunden/kunden/proc/thread-self/root/proc/self/root/kunden/kunden/var" "Mozilla/5.0 AppleWebKit/537.36 (KHTML, like Gecko; compatible; GPTBot/1.3; +https://openai.com/gptbot)" "-"
2a03:2880:f800:: - - [02/May/2026:00:08:01 +0200] "GET /items/B122020677/?path=/homepages/2/d834828290/htdocs HTTP/1.1" 200 19825 www.caldereria-balantxa.com "-" "meta-externalagent/1.1 (+https://developers.facebook.com/docs/sharing/webmasters/crawler)" "-"
5.39.1.0 - - [02/May/2026:00:08:06 +0200] "GET /m%C3%A1quina-de-casino-tragamonedas/ HTTP/1.1" 200 36337 www.soldadura-aircom.com "-" "Mozilla/5.0 (compatible; AhrefsBot/7.0; +http://ahrefs.com/robot/)" "-"
2a03:2880:f800:: - - [02/May/2026:00:08:06 +0200] "GET /items/B122092635/?path=/homepages/2/d833260746 HTTP/1.1" 200 25467 www.caldereria-balantxa.com "-" "meta-externalagent/1.1 (+https://developers.facebook.com/docs/sharing/webmasters/crawler)" "-"
82.165.80.0 - - [02/May/2026:00:08:07 +0200] "POST /wp-cron.php?doing_wp_cron=1777673287.9585878849029541015625 HTTP/1.1" 200 - www.soldadura-aircom.com "-" "WordPress/6.9.4; https://www.soldadura-aircom.com" "-"
17.241.227.0 - - [02/May/2026:00:08:09 +0200] "GET /trucos-apuestas-carreras-de-caballos/ HTTP/1.1" 200 52339 elpayasocobrador.com "-" "Mozilla/5.0 (Macintosh; Intel Mac OS X 10_15_7) AppleWebKit/605.1.15 (KHTML, like Gecko) Version/17.4 Safari/605.1.15 (Applebot/0.1; +http://www.apple.com/go/applebot)" "-"
82.165.80.0 - - [02/May/2026:00:08:10 +0200] "POST /wp-cron.php?doing_wp_cron=1777673290.9521059989929199218750 HTTP/1.1" 200 - elpayasocobrador.com "-" "WordPress/6.9.4; https://elpayasocobrador.com" "-"
2a03:2880:f800:: - - [02/May/2026:00:08:12 +0200] "GET /items/B121780244/?path=/homepages/22 HTTP/1.1" 200 111220 www.caldereria-balantxa.com "-" "meta-externalagent/1.1 (+https://developers.facebook.com/docs/sharing/webmasters/crawler)" "-"
74.7.243.0 - - [02/May/2026:00:08:13 +0200] "GET /?p=28683 HTTP/1.1" 301 - elpayasocobrador.com "https://elpayasocobrador.com/?p=28971" "Mozilla/5.0 AppleWebKit/537.36 (KHTML, like Gecko; compatible; GPTBot/1.3; +https://openai.com/gptbot)" "-"
74.7.243.0 - - [02/May/2026:00:08:15 +0200] "GET /reglas-del-crupier-en-blackjack/ HTTP/1.1" 200 53124 elpayasocobrador.com "https://elpayasocobrador.com/?p=28683" "Mozilla/5.0 AppleWebKit/537.36 (KHTML, like Gecko; compatible; GPTBot/1.3; +https://openai.com/gptbot)" "-"
114.119.158.0 - - [02/May/2026:00:08:15 +0200] "GET /resultados-getafe-osasuna/?fileloc=/homepages/9/d833037456/DASTOOLSTART&path=/homepages/9/d833037456 HTTP/1.1" 200 12312 www.caldereria-balantxa.com "-" "Mozilla/5.0 (Linux; Android 7.0;) AppleWebKit/537.36 (KHTML, like Gecko) Mobile Safari/537.36 (compatible; PetalBot;+https://webmaster.petalsearch.com/site/petalbot)" "-"
2a03:2880:f800:: - - [02/May/2026:00:08:17 +0200] "GET /liga-futbol-hoy-resultados/ HTTP/1.1" 200 71602 biark.net "-" "meta-externalagent/1.1 (+https://developers.facebook.com/docs/sharing/webmasters/crawler)" "-"
2a03:2880:f800:: - - [02/May/2026:00:08:17 +0200] "GET /items/B121308436/?path=/homepages/2 HTTP/1.1" 200 128273 www.caldereria-balantxa.com "-" "meta-externalagent/1.1 (+https://developers.facebook.com/docs/sharing/webmasters/crawler)" "-"
74.7.227.0 - - [02/May/2026:00:08:18 +0200] "GET /?fileloc=/homepages/2/d834828290/htdocs/clickandbuilds/caldereria-balantxa.com/wp-content/et-cache/1181/et-divi-dynamic-1181-late.css&path=/homepages/2/d834828290/htdocs/clickandbuilds/caldereria-balantxa.com/wp-content/et-cache/1181 HTTP/1.1" 200 13004 caldereria-balantxa.com "https://caldereria-balantxa.com/?path=/homepages/2/d834828290/htdocs/clickandbuilds/caldereria-balantxa.com/wp-content/et-cache/1181" "Mozilla/5.0 AppleWebKit/537.36 (KHTML, like Gecko; compatible; GPTBot/1.3; +https://openai.com/gptbot)" "-"
2a03:2880:f800:: - - [02/May/2026:00:08:20 +0200] "GET /apuestas-regulares-fichajes/ HTTP/1.1" 200 70542 biark.net "-" "meta-externalagent/1.1 (+https://developers.facebook.com/docs/sharing/webmasters/crawler)" "-"
198.244.183.0 - - [02/May/2026:00:08:21 +0200] "GET /apuestas-barcelona-eibar/ HTTP/1.1" 404 31217 www.erlain.es "-" "Mozilla/5.0 (compatible; AhrefsBot/7.0; +http://ahrefs.com/robot/)" "-"
2a03:2880:f800:: - - [02/May/2026:00:08:22 +0200] "GET /post-sitemap2.xml?path=/homepages/2/d834716853 HTTP/1.1" 200 26957 www.caldereria-balantxa.com "-" "meta-externalagent/1.1 (+https://developers.facebook.com/docs/sharing/webmasters/crawler)" "-"
2a03:2880:f800:: - - [02/May/2026:00:08:25 +0200] "GET /items/B121923969/?path=/homepages/2/d834091753 HTTP/1.1" 200 24001 www.caldereria-balantxa.com "-" "meta-externalagent/1.1 (+https://developers.facebook.com/docs/sharing/webmasters/crawler)" "-"
114.119.154.0 - - [02/May/2026:00:08:26 +0200] "GET /?p=31626 HTTP/1.1" 301 - elpayasocobrador.com "https://elpayasocobrador.com/los-mejores-slots-online/" "Mozilla/5.0 (Linux; Android 7.0;) AppleWebKit/537.36 (HTML, like Gecko) Mobile Safari/537.36 (compatible; PetalBot;+https://webmaster.petalsearch.com/site/petalbot)" "-"
74.7.242.0 - - [02/May/2026:00:08:27 +0200] "GET /?path=//kunden/kunden/kunden/kunden/kunden/kunden/kunden/proc/thread-self/root/proc/self/root/kunden/kunden/var/opt HTTP/1.1" 200 14091 www.caldereria-balantxa.com "https://www.caldereria-balantxa.com/?path=//kunden/kunden/kunden/kunden/kunden/kunden/kunden/proc/thread-self/root/proc/self/root/kunden/kunden/var" "Mozilla/5.0 AppleWebKit/537.36 (KHTML, like Gecko; compatible; GPTBot/1.3; +https://openai.com/gptbot)" "-"
114.119.154.0 - - [02/May/2026:00:08:28 +0200] "GET /jugar-bridesmaids-gratis/ HTTP/1.1" 200 54263 elpayasocobrador.com "https://elpayasocobrador.com/los-mejores-slots-online/" "Mozilla/5.0 (Linux; Android 7.0;) AppleWebKit/537.36 (HTML, like Gecko) Mobile Safari/537.36 (compatible; PetalBot;+https://webmaster.petalsearch.com/site/petalbot)" "-"
2a03:2880:f800:: - - [02/May/2026:00:08:30 +0200] "GET /items/B121956297/?path=/homepages/2/d834828290/htdocs/clickandbuilds/caldereria-balantxa.com/cgi-bin HTTP/1.1" 200 13064 www.caldereria-balantxa.com "-" "meta-externalagent/1.1 (+https://developers.facebook.com/docs/sharing/webmasters/crawler)" "-"
2a03:2880:f800:: - - [02/May/2026:00:08:35 +0200] "GET /items/B121383425/?path=/homepages/2/d386136962 HTTP/1.1" 200 29904 www.caldereria-balantxa.com "-" "meta-externalagent/1.1 (+https://developers.facebook.com/docs/sharing/webmasters/crawler)" "-"
2a03:2880:f800:: - - [02/May/2026:00:08:38 +0200] "GET /resultados-de-f%C3%BAtbol-de-primera-divisi%C3%B3n-hoy/ HTTP/1.1" 200 71668 biark.net "-" "meta-externalagent/1.1 (+https://developers.facebook.com/docs/sharing/webmasters/crawler)" "-"
2a03:2880:f800:: - - [02/May/2026:00:08:38 +0200] "GET /items/B121872746/?path=/homepages/38 HTTP/1.1" 200 119212 www.caldereria-balantxa.com "-" "meta-externalagent/1.1 (+https://developers.facebook.com/docs/sharing/webmasters/crawler)" "-"
114.119.137.0 - - [02/May/2026:00:08:38 +0200] "GET /blackjack-jugar-gratis-en-espa%C3%B1ol/ HTTP/1.1" 200 54891 www.planeadosalbe.com "https://www.planeadosalbe.com/wp-sitemap-posts-post-2.xml" "Mozilla/5.0 (Linux; Android 7.0;) AppleWebKit/537.36 (HTML, like Gecko) Mobile Safari/537.36 (compatible; PetalBot;+https://webmaster.petalsearch.com/site/petalbot)" "-"
74.7.227.0 - - [02/May/2026:00:08:39 +0200] "GET /?fileloc=/homepages/2/d834828290/htdocs/clickandbuilds/caldereria-balantxa.com/wp-content/et-cache/8980/et-divi-dynamic-8980-late.css&path=/homepages/2/d834828290/htdocs/clickandbuilds/caldereria-balantxa.com/wp-content/et-cache/8980 HTTP/1.1" 200 13004 caldereria-balantxa.com "https://caldereria-balantxa.com/?path=/homepages/2/d834828290/htdocs/clickandbuilds/caldereria-balantxa.com/wp-content/et-cache/8980" "Mozilla/5.0 AppleWebKit/537.36 (KHTML, like Gecko; compatible; GPTBot/1.3; +https://openai.com/gptbot)" "-"
2a03:2880:f800:: - - [02/May/2026:00:08:43 +0200] "GET /items/B121500006/?path=/homepages/2/d834828290/htdocs/clickandbuilds/caldereria-balantxa.com/wp-content HTTP/1.1" 200 32410 www.caldereria-balantxa.com "-" "meta-externalagent/1.1 (+https://developers.facebook.com/docs/sharing/webmasters/crawler)" "-"
2a03:2880:f800:: - - [02/May/2026:00:08:46 +0200] "GET /items/B121176908/?path=/homepages/2/d834828290/htdocs HTTP/1.1" 429 267 www.caldereria-balantxa.com "-" "meta-externalagent/1.1 (+https://developers.facebook.com/docs/sharing/webmasters/crawler)" "-"
74.7.242.0 - - [02/May/2026:00:08:49 +0200] "GET /?path=//kunden/kunden/kunden/kunden/kunden/kunden/kunden/proc/thread-self/root/proc/self/root/kunden/kunden/var/cron HTTP/1.1" 200 14093 www.caldereria-balantxa.com "https://www.caldereria-balantxa.com/?path=//kunden/kunden/kunden/kunden/kunden/kunden/kunden/proc/thread-self/root/proc/self/root/kunden/kunden/var" "Mozilla/5.0 AppleWebKit/537.36 (KHTML, like Gecko; compatible; GPTBot/1.3; +https://openai.com/gptbot)" "-"
2a03:2880:f800:: - - [02/May/2026:00:08:49 +0200] "GET /post-sitemap8.xml?path=/homepages/2/d835714757 HTTP/1.1" 429 267 www.caldereria-balantxa.com "-" "meta-externalagent/1.1 (+https://developers.facebook.com/docs/sharing/webmasters/crawler)" "-"
2a03:2880:f800:: - - [02/May/2026:00:08:50 +0200] "GET /items/B122164826/?path=/homepages/2/d834828290 HTTP/1.1" 429 267 www.caldereria-balantxa.com "-" "meta-externalagent/1.1 (+https://developers.facebook.com/docs/sharing/webmasters/crawler)" "-"
2a03:2880:f800:: - - [02/May/2026:00:08:53 +0200] "GET /items/B121174803/?path=/homepages/2/d834828290/htdocs/clickandbuilds/caldereria-balantxa.com/wp-content HTTP/1.1" 429 267 www.caldereria-balantxa.com "-" "meta-externalagent/1.1 (+https://developers.facebook.com/docs/sharing/webmasters/crawler)" "-"
2a03:2880:f800:: - - [02/May/2026:00:08:54 +0200] "GET /items/B121925705/?path=/homepages/2/d834828290/htdocs HTTP/1.1" 429 267 www.caldereria-balantxa.com "-" "meta-externalagent/1.1 (+https://developers.facebook.com/docs/sharing/webmasters/crawler)" "-"
74.7.227.0 - - [02/May/2026:00:08:56 +0200] "GET /?fileloc=/homepages/2/d834828290/htdocs/clickandbuilds/caldereria-balantxa.com/wp-content/et-cache/5353/et-divi-dynamic-5353.css&path=/homepages/2/d834828290/htdocs/clickandbuilds/caldereria-balantxa.com/wp-content/et-cache/5353 HTTP/1.1" 200 12999 caldereria-balantxa.com "https://caldereria-balantxa.com/?path=/homepages/2/d834828290/htdocs/clickandbuilds/caldereria-balantxa.com/wp-content/et-cache/5353" "Mozilla/5.0 AppleWebKit/537.36 (KHTML, like Gecko; compatible; GPTBot/1.3; +https://openai.com/gptbot)" "-"
54.38.147.0 - - [02/May/2026:00:09:00 +0200] "GET /apuesta-ganador-liga-2025/ HTTP/1.1" 404 31217 www.erlain.es "-" "Mozilla/5.0 (compatible; AhrefsBot/7.0; +http://ahrefs.com/robot/)" "-"
2a03:2880:f800:: - - [02/May/2026:00:09:01 +0200] "GET /items/B121169994/?path=/homepages HTTP/1.1" 429 267 www.caldereria-balantxa.com "-" "meta-externalagent/1.1 (+https://developers.facebook.com/docs/sharing/webmasters/crawler)" "-"
2a03:2880:f800:: - - [02/May/2026:00:09:01 +0200] "GET /items/B121356709/?path=/homepages/2/d834828290/htdocs/clickandbuilds/caldereria-balantxa.com/cgi-bin HTTP/1.1" 429 267 www.caldereria-balantxa.com "-" "meta-externalagent/1.1 (+https://developers.facebook.com/docs/sharing/webmasters/crawler)" "-"
2a03:2880:f800:: - - [02/May/2026:00:09:02 +0200] "GET /pronosticos-futbol-mexicano-femenil/ HTTP/1.1" 200 71267 biark.net "-" "meta-externalagent/1.1 (+https://developers.facebook.com/docs/sharing/webmasters/crawler)" "-"
2a03:2880:f800:: - - [02/May/2026:00:09:07 +0200] "GET /items/B121295914/?path=/homepages/2/d834828290/htdocs HTTP/1.1" 429 267 www.caldereria-balantxa.com "-" "meta-externalagent/1.1 (+https://developers.facebook.com/docs/sharing/webmasters/crawler)" "-"
74.7.242.0 - - [02/May/2026:00:09:08 +0200] "GET /?path=//kunden/kunden/kunden/kunden/kunden/kunden/kunden/proc/thread-self/root/proc/self/root/kunden/kunden/var/tmp HTTP/1.1" 200 19325 www.caldereria-balantxa.com "https://www.caldereria-balantxa.com/?path=//kunden/kunden/kunden/kunden/kunden/kunden/kunden/proc/thread-self/root/proc/self/root/kunden/kunden/var" "Mozilla/5.0 AppleWebKit/537.36 (KHTML, like Gecko; compatible; GPTBot/1.3; +https://openai.com/gptbot)" "-"
2a03:2880:f800:: - - [02/May/2026:00:09:09 +0200] "GET /items/B121169948/?path=/homepages HTTP/1.1" 429 267 www.caldereria-balantxa.com "-" "meta-externalagent/1.1 (+https://developers.facebook.com/docs/sharing/webmasters/crawler)" "-"
2a03:2880:f800:: - - [02/May/2026:00:09:09 +0200] "GET /items/B122087489/?path=/homepages/2/d834828290/htdocs/clickandbuilds/caldereria-balantxa.com/cgi-bin HTTP/1.1" 429 267 www.caldereria-balantxa.com "-" "meta-externalagent/1.1 (+https://developers.facebook.com/docs/sharing/webmasters/crawler)" "-"
142.44.233.0 - - [02/May/2026:00:09:09 +0200] "GET /tragaperras-online-boomanji/ HTTP/1.1" 200 52512 www.caldereria-balantxa.com "-" "Mozilla/5.0 (compatible; AhrefsBot/7.0; +http://ahrefs.com/robot/)" "-"
74.7.227.0 - - [02/May/2026:00:09:12 +0200] "GET /?fileloc=/homepages/2/d834828290/htdocs/clickandbuilds/caldereria-balantxa.com/wp-content/et-cache/3934/et-divi-dynamic-3934.css&path=/homepages/2/d834828290/htdocs/clickandbuilds/caldereria-balantxa.com/wp-content/et-cache/3934 HTTP/1.1" 200 12999 caldereria-balantxa.com "https://caldereria-balantxa.com/?path=/homepages/2/d834828290/htdocs/clickandbuilds/caldereria-balantxa.com/wp-content/et-cache/3934" "Mozilla/5.0 AppleWebKit/537.36 (KHTML, like Gecko; compatible; GPTBot/1.3; +https://openai.com/gptbot)" "-"
216.73.217.0 - - [02/May/2026:00:09:15 +0200] "GET /?p=29452 HTTP/1.1" 301 - elpayasocobrador.com "-" "Mozilla/5.0 AppleWebKit/537.36 (KHTML, like Gecko; compatible; ClaudeBot/1.0; +claudebot@anthropic.com)" "-"
74.7.243.0 - - [02/May/2026:00:09:15 +0200] "GET /?p=26453 HTTP/1.1" 301 - elpayasocobrador.com "https://elpayasocobrador.com/?p=26516" "Mozilla/5.0 AppleWebKit/537.36 (KHTML, like Gecko; compatible; GPTBot/1.3; +https://openai.com/gptbot)" "-"
82.165.80.0 - - [02/May/2026:00:09:16 +0200] "POST /wp-cron.php?doing_wp_cron=1777673356.5286378860473632812500 HTTP/1.1" 200 - elpayasocobrador.com "-" "WordPress/6.9.4; https://elpayasocobrador.com" "-"
216.73.217.0 - - [02/May/2026:00:09:16 +0200] "GET /?p=28151 HTTP/1.1" 301 - elpayasocobrador.com "-" "Mozilla/5.0 AppleWebKit/537.36 (KHTML, like Gecko; compatible; ClaudeBot/1.0; +claudebot@anthropic.com)" "-"
82.165.80.0 - - [02/May/2026:00:09:17 +0200] "POST /wp-cron.php?doing_wp_cron=1777673357.4075939655303955078125 HTTP/1.1" 200 - elpayasocobrador.com "-" "WordPress/6.9.4; https://elpayasocobrador.com" "-"
216.73.217.0 - - [02/May/2026:00:09:17 +0200] "GET /casinos-que-tengan-bono-de-bienvenida-sin-dep%C3%B3sito-de-todos-los-pa%C3%ADses/ HTTP/1.1" 200 53776 elpayasocobrador.com "https://elpayasocobrador.com/?p=29452" "Mozilla/5.0 AppleWebKit/537.36 (KHTML, like Gecko; compatible; ClaudeBot/1.0; +claudebot@anthropic.com)" "-"
74.7.243.0 - - [02/May/2026:00:09:17 +0200] "GET /mejor-app-casino-online/ HTTP/1.1" 200 57995 elpayasocobrador.com "https://elpayasocobrador.com/?p=26453" "Mozilla/5.0 AppleWebKit/537.36 (KHTML, like Gecko; compatible; GPTBot/1.3; +https://openai.com/gptbot)" "-"
216.73.217.0 - - [02/May/2026:00:09:18 +0200] "GET /bonos-sin-dep%C3%B3sito-en-casinos-bitcoin/ HTTP/1.1" 200 57092 elpayasocobrador.com "https://elpayasocobrador.com/?p=28151" "Mozilla/5.0 AppleWebKit/537.36 (KHTML, like Gecko; compatible; ClaudeBot/1.0; +claudebot@anthropic.com)" "-"
2a03:2880:f800:: - - [02/May/2026:00:09:18 +0200] "GET /items/B121597066/?path=/homepages/2/d834828290/htdocs/_ProviderRestore HTTP/1.1" 429 267 www.caldereria-balantxa.com "-" "meta-externalagent/1.1 (+https://developers.facebook.com/docs/sharing/webmasters/crawler)" "-"
2a03:2880:f800:: - - [02/May/2026:00:09:20 +0200] "GET /items/B121740200/?path=/homepages HTTP/1.1" 429 267 www.caldereria-balantxa.com "-" "meta-externalagent/1.1 (+https://developers.facebook.com/docs/sharing/webmasters/crawler)" "-"
216.73.217.0 - - [02/May/2026:00:09:22 +0200] "GET /cuanto-paga-peru-vs-paraguay-te-apuestas/ HTTP/1.1" 200 52465 elpayasocobrador.com "-" "Mozilla/5.0 AppleWebKit/537.36 (KHTML, like Gecko; compatible; ClaudeBot/1.0; +claudebot@anthropic.com)" "-"
74.7.227.0 - - [02/May/2026:00:09:26 +0200] "GET /?fileloc=/homepages/2/d834828290/htdocs/clickandbuilds/caldereria-balantxa.com/wp-content/et-cache/8450/et-divi-dynamic-8450-late.css&path=/homepages/2/d834828290/htdocs/clickandbuilds/caldereria-balantxa.com/wp-content/et-cache/8450 HTTP/1.1" 200 13004 caldereria-balantxa.com "https://caldereria-balantxa.com/?path=/homepages/2/d834828290/htdocs/clickandbuilds/caldereria-balantxa.com/wp-content/et-cache/8450" "Mozilla/5.0 AppleWebKit/537.36 (KHTML, like Gecko; compatible; GPTBot/1.3; +https://openai.com/gptbot)" "-"
74.7.242.0 - - [02/May/2026:00:09:26 +0200] "GET /?path=//kunden/kunden/kunden/kunden/kunden/kunden/kunden/proc/thread-self/root/proc/self/root/kunden/kunden/var/lib HTTP/1.1" 200 46271 www.caldereria-balantxa.com "https://www.caldereria-balantxa.com/?path=//kunden/kunden/kunden/kunden/kunden/kunden/kunden/proc/thread-self/root/proc/self/root/kunden/kunden/var" "Mozilla/5.0 AppleWebKit/537.36 (KHTML, like Gecko; compatible; GPTBot/1.3; +https://openai.com/gptbot)" "-"
2a03:2880:f800:: - - [02/May/2026:00:09:33 +0200] "GET /items/B121506358/?path=/homepages/2/d387165228 HTTP/1.1" 429 267 www.caldereria-balantxa.com "-" "meta-externalagent/1.1 (+https://developers.facebook.com/docs/sharing/webmasters/crawler)" "-"
51.195.183.0 - - [02/May/2026:00:09:37 +0200] "GET /trucos-web-apuestas-multiples/ HTTP/1.1" 404 31217 www.erlain.es "-" "Mozilla/5.0 (compatible; AhrefsBot/7.0; +http://ahrefs.com/robot/)" "-"
74.7.227.0 - - [02/May/2026:00:09:39 +0200] "GET /?fileloc=/homepages/2/d834828290/htdocs/clickandbuilds/caldereria-balantxa.com/wp-content/et-cache/1287/et-divi-dynamic-1287-late.css&path=/homepages/2/d834828290/htdocs/clickandbuilds/caldereria-balantxa.com/wp-content/et-cache/1287 HTTP/1.1" 200 13004 caldereria-balantxa.com "https://caldereria-balantxa.com/?path=/homepages/2/d834828290/htdocs/clickandbuilds/caldereria-balantxa.com/wp-content/et-cache/1287" "Mozilla/5.0 AppleWebKit/537.36 (KHTML, like Gecko; compatible; GPTBot/1.3; +https://openai.com/gptbot)" "-"
114.119.133.0 - - [02/May/2026:00:09:42 +0200] "GET /2024/03/11/ruleta-de-la-vida-juego-online-gratis/ HTTP/1.1" 404 31318 www.soldadura-aircom.com "https://www.soldadura-aircom.com/wp-sitemap-posts-post-4.xml" "Mozilla/5.0 (Linux; Android 7.0;) AppleWebKit/537.36 (HTML, like Gecko) Mobile Safari/537.36 (compatible; PetalBot;+https://webmaster.petalsearch.com/site/petalbot)" "-"
2a03:2880:f800:: - - [02/May/2026:00:09:42 +0200] "GET /como-ganar-en-la-m%C3%A1quina-tragamonedas/ HTTP/1.1" 200 67121 biark.net "-" "meta-externalagent/1.1 (+https://developers.facebook.com/docs/sharing/webmasters/crawler)" "-"
74.7.242.0 - - [02/May/2026:00:09:42 +0200] "GET /?path=//kunden/kunden/kunden/kunden/kunden/kunden/kunden/proc/thread-self/root/proc/self/root/kunden/kunden/var/mail HTTP/1.1" 200 14093 www.caldereria-balantxa.com "https://www.caldereria-balantxa.com/?path=//kunden/kunden/kunden/kunden/kunden/kunden/kunden/proc/thread-self/root/proc/self/root/kunden/kunden/var" "Mozilla/5.0 AppleWebKit/537.36 (KHTML, like Gecko; compatible; GPTBot/1.3; +https://openai.com/gptbot)" "-"
2a03:2880:f800:: - - [02/May/2026:00:09:45 +0200] "GET /sitemap_index.xml?fileloc=/homepages/2/d834828290/htdocs/clickandbuilds/caldereria-balantxa.com/wp-includes/cron.php&path=/homepages/2/d834828290/htdocs/clickandbuilds/caldereria-balantxa.com/wp-includes HTTP/1.1" 200 58130 caldereria-balantxa.com "-" "meta-externalagent/1.1 (+https://developers.facebook.com/docs/sharing/webmasters/crawler)" "-"
216.73.216.0 - - [02/May/2026:00:09:47 +0200] "GET /robots.txt HTTP/1.1" 200 125 www.soldadura-aircom.com "-" "Mozilla/5.0 AppleWebKit/537.36 (KHTML, like Gecko; compatible; ClaudeBot/1.0; +claudebot@anthropic.com)" "-"
2a03:2880:f800:: - - [02/May/2026:00:09:47 +0200] "GET /post-sitemap4.xml?fileloc=/homepages/2/d834828290/htdocs/clickandbuilds/caldereria-balantxa.com/wp-includes/class-wp-feed-cache.php&path=/homepages/2/d834828290/htdocs/clickandbuilds/caldereria-balantxa.com/wp-includes HTTP/1.1" 200 13770 www.caldereria-balantxa.com "-" "meta-externalagent/1.1 (+https://developers.facebook.com/docs/sharing/webmasters/crawler)" "-"
216.73.216.0 - - [02/May/2026:00:09:48 +0200] "GET /casino-ruleta-maquina/ HTTP/1.1" 200 36214 www.soldadura-aircom.com "-" "Mozilla/5.0 AppleWebKit/537.36 (KHTML, like Gecko; compatible; ClaudeBot/1.0; +claudebot@anthropic.com)" "-"
95.108.213.0 - - [02/May/2026:00:09:51 +0200] "GET /d%C3%B3nde-puedo-descargar-tragaperras-de-frutas-en-2023/?amp=1 HTTP/1.1" 429 267 elpayasocobrador.com "-" "Mozilla/5.0 (compatible; YandexBot/3.0; +http://yandex.com/bots)" "-"
74.7.227.0 - - [02/May/2026:00:09:51 +0200] "GET /?fileloc=/homepages/2/d834828290/htdocs/clickandbuilds/caldereria-balantxa.com/wp-content/et-cache/8373/et-divi-dynamic-8373-late.css&path=/homepages/2/d834828290/htdocs/clickandbuilds/caldereria-balantxa.com/wp-content/et-cache/8373 HTTP/1.1" 200 13004 caldereria-balantxa.com "https://caldereria-balantxa.com/?path=/homepages/2/d834828290/htdocs/clickandbuilds/caldereria-balantxa.com/wp-content/et-cache/8373" "Mozilla/5.0 AppleWebKit/537.36 (KHTML, like Gecko; compatible; GPTBot/1.3; +https://openai.com/gptbot)" "-"
114.119.156.0 - - [02/May/2026:00:09:54 +0200] "GET /blackjack-21-descargar/ HTTP/1.1" 200 55020 www.planeadosalbe.com "https://www.planeadosalbe.com/wp-sitemap-posts-post-4.xml" "Mozilla/5.0 (Linux; Android 7.0;) AppleWebKit/537.36 (HTML, like Gecko) Mobile Safari/537.36 (compatible; PetalBot;+https://webmaster.petalsearch.com/site/petalbot)" "-"
216.73.217.0 - - [02/May/2026:00:09:57 +0200] "GET /?p=40477 HTTP/1.1" 301 - elpayasocobrador.com "-" "Mozilla/5.0 AppleWebKit/537.36 (KHTML, like Gecko; compatible; ClaudeBot/1.0; +claudebot@anthropic.com)" "-"
74.7.242.0 - - [02/May/2026:00:09:57 +0200] "GET /?path=//kunden/kunden/kunden/kunden/kunden/kunden/kunden/proc/thread-self/root/proc/self/root/kunden/kunden/lib/lsb HTTP/1.1" 200 17558 www.caldereria-balantxa.com "https://www.caldereria-balantxa.com/?path=//kunden/kunden/kunden/kunden/kunden/kunden/kunden/proc/thread-self/root/proc/self/root/kunden/kunden/lib" "Mozilla/5.0 AppleWebKit/537.36 (KHTML, like Gecko; compatible; GPTBot/1.3; +https://openai.com/gptbot)" "-"
216.73.217.0 - - [02/May/2026:00:09:58 +0200] "GET /apuestas-online-liga-mx/ HTTP/1.1" 200 52816 elpayasocobrador.com "https://elpayasocobrador.com/?p=40477" "Mozilla/5.0 AppleWebKit/537.36 (KHTML, like Gecko; compatible; ClaudeBot/1.0; +claudebot@anthropic.com)" "-"
2a03:2880:f800:: - - [02/May/2026:00:10:00 +0200] "GET /sitemap158.xml HTTP/1.1" 200 52512 www.caldereria-balantxa.com "-" "meta-externalagent/1.1 (+https://developers.facebook.com/docs/sharing/webmasters/crawler)" "-"
74.7.227.0 - - [02/May/2026:00:10:01 +0200] "GET /?fileloc=/homepages/2/d834828290/htdocs/clickandbuilds/caldereria-balantxa.com/wp-content/et-cache/8439/et-divi-dynamic-8439.css&path=/homepages/2/d834828290/htdocs/clickandbuilds/caldereria-balantxa.com/wp-content/et-cache/8439 HTTP/1.1" 200 12999 caldereria-balantxa.com "https://caldereria-balantxa.com/?path=/homepages/2/d834828290/htdocs/clickandbuilds/caldereria-balantxa.com/wp-content/et-cache/8439" "Mozilla/5.0 AppleWebKit/537.36 (KHTML, like Gecko; compatible; GPTBot/1.3; +https://openai.com/gptbot)" "-"
202.46.62.0 - - [02/May/2026:00:10:10 +0200] "GET /donde-jugar-casinos-en-lima/ HTTP/1.1" 200 52769 elpayasocobrador.com "-" "Mozilla/5.0 (Windows NT 10.0; Win64; x64) AppleWebKit/537.36 (KHTML, like Gecko) Chrome/133.0.6943.141 Safari/537.36" "-"
74.7.242.0 - - [02/May/2026:00:10:10 +0200] "GET /?path=//kunden/kunden/kunden/kunden/kunden/kunden/kunden/proc/thread-self/root/proc/self/root/kunden/kunden/etc/ssh HTTP/1.1" 200 17525 www.caldereria-balantxa.com "https://www.caldereria-balantxa.com/?path=//kunden/kunden/kunden/kunden/kunden/kunden/kunden/proc/thread-self/root/proc/self/root/kunden/kunden/etc" "Mozilla/5.0 AppleWebKit/537.36 (KHTML, like Gecko; compatible; GPTBot/1.3; +https://openai.com/gptbot)" "-"
74.7.227.0 - - [02/May/2026:00:10:11 +0200] "GET /?fileloc=/homepages/2/d834828290/htdocs/clickandbuilds/caldereria-balantxa.com/wp-content/et-cache/8329/et-divi-dynamic-8329.css&path=/homepages/2/d834828290/htdocs/clickandbuilds/caldereria-balantxa.com/wp-content/et-cache/8329 HTTP/1.1" 200 12999 caldereria-balantxa.com "https://caldereria-balantxa.com/?path=/homepages/2/d834828290/htdocs/clickandbuilds/caldereria-balantxa.com/wp-content/et-cache/8329" "Mozilla/5.0 AppleWebKit/537.36 (KHTML, like Gecko; compatible; GPTBot/1.3; +https://openai.com/gptbot)" "-"
2a03:2880:f800:: - - [02/May/2026:00:10:12 +0200] "GET /sitemap_index.xml?fileloc=/homepages/2/d834828290/htdocs/clickandbuilds/caldereria-balantxa.com/wp-includes/IXR/class-IXR-error.php&path=/homepages/2/d834828290/htdocs/clickandbuilds/caldereria-balantxa.com/wp-includes/IXR HTTP/1.1" 200 13880 caldereria-balantxa.com "-" "meta-externalagent/1.1 (+https://developers.facebook.com/docs/sharing/webmasters/crawler)" "-"
2a03:2880:f800:: - - [02/May/2026:00:10:13 +0200] "GET /cosmopol-casino-bono-sin-dep%C3%B3sito-50-giros-gratis-2025/ HTTP/1.1" 200 68218 biark.net "-" "meta-externalagent/1.1 (+https://developers.facebook.com/docs/sharing/webmasters/crawler)" "-"
74.7.243.0 - - [02/May/2026:00:10:13 +0200] "GET /?p=26395 HTTP/1.1" 301 - elpayasocobrador.com "https://elpayasocobrador.com/?p=26516" "Mozilla/5.0 AppleWebKit/537.36 (KHTML, like Gecko; compatible; GPTBot/1.3; +https://openai.com/gptbot)" "-"
74.7.243.0 - - [02/May/2026:00:10:14 +0200] "GET /tragaperras-online-gonzos-quest/ HTTP/1.1" 200 52619 elpayasocobrador.com "https://elpayasocobrador.com/?p=26395" "Mozilla/5.0 AppleWebKit/537.36 (KHTML, like Gecko; compatible; GPTBot/1.3; +https://openai.com/gptbot)" "-"
