54.39.6.0 - - [02/May/2026:00:45:05 +0200] "GET /estoril-casino-bono-sin-dep%C3%B3sito-50-giros-gratis-2025/ HTTP/1.1" 429 267 www.caldereria-balantxa.com "-" "Mozilla/5.0 (compatible; AhrefsBot/7.0; +http://ahrefs.com/robot/)" "-"
2a03:2880:f800:: - - [02/May/2026:00:45:05 +0200] "GET /items/B121657399/?path=/homepages/14/d388689826 HTTP/1.1" 429 267 www.caldereria-balantxa.com "-" "meta-externalagent/1.1 (+https://developers.facebook.com/docs/sharing/webmasters/crawler)" "-"
2a03:2880:f800:: - - [02/May/2026:00:45:06 +0200] "GET /items/B122239020/?fileloc=//CBI_ID&path=/ HTTP/1.1" 429 267 www.caldereria-balantxa.com "-" "meta-externalagent/1.1 (+https://developers.facebook.com/docs/sharing/webmasters/crawler)" "-"
114.119.138.0 - - [02/May/2026:00:45:09 +0200] "GET /tragamonedas-gratis-nuevas-online/?path=/homepages/2/d835714757 HTTP/1.1" 200 26957 www.caldereria-balantxa.com "-" "Mozilla/5.0 (Linux; Android 7.0;) AppleWebKit/537.36 (KHTML, like Gecko) Mobile Safari/537.36 (compatible; PetalBot;+https://webmaster.petalsearch.com/site/petalbot)" "-"
51.75.236.0 - - [02/May/2026:00:45:12 +0200] "GET /casino-sant-pere-de-ribes/ HTTP/1.1" 200 35872 www.soldadura-aircom.com "-" "Mozilla/5.0 (compatible; AhrefsBot/7.0; +http://ahrefs.com/robot/)" "-"
2a03:2880:f800:: - - [02/May/2026:00:45:13 +0200] "GET /descargar-mundo-slot/ HTTP/1.1" 200 67560 biark.net "-" "meta-externalagent/1.1 (+https://developers.facebook.com/docs/sharing/webmasters/crawler)" "-"
114.119.152.0 - - [02/May/2026:00:45:16 +0200] "GET /criptojuegos/ HTTP/1.1" 200 52360 elpayasocobrador.com "https://elpayasocobrador.com/post-sitemap2.xml" "Mozilla/5.0 (Linux; Android 7.0;) AppleWebKit/537.36 (HTML, like Gecko) Mobile Safari/537.36 (compatible; PetalBot;+https://webmaster.petalsearch.com/site/petalbot)" "-"
82.165.80.0 - - [02/May/2026:00:45:18 +0200] "POST /wp-cron.php?doing_wp_cron=1777675518.3388319015502929687500 HTTP/1.1" 200 - elpayasocobrador.com "-" "WordPress/6.9.4; https://elpayasocobrador.com" "-"
198.244.183.0 - - [02/May/2026:00:45:19 +0200] "GET /las-apuestas-deportivas-de-contrapartida/ HTTP/1.1" 404 31217 www.erlain.es "-" "Mozilla/5.0 (compatible; AhrefsBot/7.0; +http://ahrefs.com/robot/)" "-"
2a03:2880:f800:: - - [02/May/2026:00:45:21 +0200] "GET /items/B121875621/?fileloc=/homepages/2/d386136962/htaccesslist&path=/homepages/2/d386136962 HTTP/1.1" 200 12312 www.caldereria-balantxa.com "-" "meta-externalagent/1.1 (+https://developers.facebook.com/docs/sharing/webmasters/crawler)" "-"
2a03:2880:f800:: - - [02/May/2026:00:45:25 +0200] "GET /post-sitemap.xml?fileloc=/homepages/2/d834828290/htaccesslist&path=/homepages/2/d834828290 HTTP/1.1" 200 12312 www.caldereria-balantxa.com "-" "meta-externalagent/1.1 (+https://developers.facebook.com/docs/sharing/webmasters/crawler)" "-"
74.7.243.0 - - [02/May/2026:00:45:40 +0200] "GET /?p=28498 HTTP/1.1" 301 - elpayasocobrador.com "https://elpayasocobrador.com/?p=31242" "Mozilla/5.0 AppleWebKit/537.36 (KHTML, like Gecko; compatible; GPTBot/1.3; +https://openai.com/gptbot)" "-"
74.7.243.0 - - [02/May/2026:00:45:41 +0200] "GET /juego-casinos-gratis-tragamonedas/ HTTP/1.1" 200 52956 elpayasocobrador.com "https://elpayasocobrador.com/?p=28498" "Mozilla/5.0 AppleWebKit/537.36 (KHTML, like Gecko; compatible; GPTBot/1.3; +https://openai.com/gptbot)" "-"
2a03:2880:f800:: - - [02/May/2026:00:45:41 +0200] "GET /post-sitemap13.xml?path=/homepages/2/d834828290/htdocs/clickandbuilds/caldereria-balantxa.com HTTP/1.1" 200 52512 www.caldereria-balantxa.com "-" "meta-externalagent/1.1 (+https://developers.facebook.com/docs/sharing/webmasters/crawler)" "-"
51.161.65.0 - - [02/May/2026:00:45:45 +0200] "GET /casinos-tipos-de-juegos/ HTTP/1.1" 200 52512 www.caldereria-balantxa.com "-" "Mozilla/5.0 (compatible; AhrefsBot/7.0; +http://ahrefs.com/robot/)" "-"
114.119.149.0 - - [02/May/2026:00:45:50 +0200] "GET /tragaperras-online-gems-bonanza/ HTTP/1.1" 200 52512 www.caldereria-balantxa.com "-" "Mozilla/5.0 (Linux; Android 7.0;) AppleWebKit/537.36 (KHTML, like Gecko) Mobile Safari/537.36 (compatible; PetalBot;+https://webmaster.petalsearch.com/site/petalbot)" "-"
198.244.168.0 - - [02/May/2026:00:45:51 +0200] "GET /juegos-de-casino-con-ethereum/ HTTP/1.1" 404 31217 www.erlain.es "-" "Mozilla/5.0 (compatible; AhrefsBot/7.0; +http://ahrefs.com/robot/)" "-"
74.7.242.0 - - [02/May/2026:00:45:51 +0200] "GET /?path=//kunden/kunden/kunden/kunden/kunden/kunden/kunden/proc/thread-self/root/proc/self/root/kunden/etc/sysctl.d HTTP/1.1" 200 15768 www.caldereria-balantxa.com "https://www.caldereria-balantxa.com/?path=//kunden/kunden/kunden/kunden/kunden/kunden/kunden/proc/thread-self/root/proc/self/root/kunden/etc" "Mozilla/5.0 AppleWebKit/537.36 (KHTML, like Gecko; compatible; GPTBot/1.3; +https://openai.com/gptbot)" "-"
2a03:2880:f800:: - - [02/May/2026:00:45:54 +0200] "GET /items/B121096695/?path=/homepages/17 HTTP/1.1" 200 100564 www.caldereria-balantxa.com "-" "meta-externalagent/1.1 (+https://developers.facebook.com/docs/sharing/webmasters/crawler)" "-"
74.7.227.0 - - [02/May/2026:00:45:54 +0200] "GET /?fileloc=/homepages/2/d834828290/htdocs/clickandbuilds/caldereria-balantxa.com/wp-content/et-cache/3779/et-divi-dynamic-3779-late.css&path=/homepages/2/d834828290/htdocs/clickandbuilds/caldereria-balantxa.com/wp-content/et-cache/3779 HTTP/1.1" 200 13004 caldereria-balantxa.com "https://caldereria-balantxa.com/?path=/homepages/2/d834828290/htdocs/clickandbuilds/caldereria-balantxa.com/wp-content/et-cache/3779" "Mozilla/5.0 AppleWebKit/537.36 (KHTML, like Gecko; compatible; GPTBot/1.3; +https://openai.com/gptbot)" "-"
2a03:2880:f800:: - - [02/May/2026:00:45:57 +0200] "GET /calle-urdaneta-16-en-zumarraga-gipuzkoa/ HTTP/1.1" 200 65876 biark.net "-" "meta-externalagent/1.1 (+https://developers.facebook.com/docs/sharing/webmasters/crawler)" "-"
114.119.133.0 - - [02/May/2026:00:45:59 +0200] "GET /2024/03/11/juego-de-bingo-90-bolas-gratis/ HTTP/1.1" 404 31318 www.soldadura-aircom.com "https://www.soldadura-aircom.com/wp-sitemap-posts-post-2.xml" "Mozilla/5.0 (Linux; Android 7.0;) AppleWebKit/537.36 (HTML, like Gecko) Mobile Safari/537.36 (compatible; PetalBot;+https://webmaster.petalsearch.com/site/petalbot)" "-"
2a03:2880:f800:: - - [02/May/2026:00:46:00 +0200] "GET /ruleta-online-numeros-del-1-al-25/ HTTP/1.1" 200 67915 biark.net "-" "meta-externalagent/1.1 (+https://developers.facebook.com/docs/sharing/webmasters/crawler)" "-"
52.167.144.0 - - [02/May/2026:00:46:01 +0200] "GET /?a=00687146673001 HTTP/1.1" 200 52512 caldereria-balantxa.com "-" "Mozilla/5.0 AppleWebKit/537.36 (KHTML, like Gecko; compatible; bingbot/2.0; +http://www.bing.com/bingbot.htm) Chrome/116.0.1938.76 Safari/537.36" "-"
52.167.144.0 - - [02/May/2026:00:46:01 +0200] "GET /?a=1769118553600 HTTP/1.1" 200 52512 caldereria-balantxa.com "-" "Mozilla/5.0 AppleWebKit/537.36 (KHTML, like Gecko; compatible; bingbot/2.0; +http://www.bing.com/bingbot.htm) Chrome/116.0.1938.76 Safari/537.36" "-"
199.244.88.0 - - [02/May/2026:00:46:05 +0200] "GET / HTTP/1.1" 200 52512 caldereria-balantxa.com "-" "Mozilla/5.0 (X11; Linux x86_64) AppleWebKit/537.36 (KHTML, like Gecko) Chrome/105.0.0.0 Safari/537.36" "-"
2a03:2880:f800:: - - [02/May/2026:00:46:06 +0200] "GET /items/B122174116/?fileloc=//bin/setarch&path=//bin HTTP/1.1" 200 43358 www.caldereria-balantxa.com "-" "meta-externalagent/1.1 (+https://developers.facebook.com/docs/sharing/webmasters/crawler)" "-"
114.119.156.0 - - [02/May/2026:00:46:09 +0200] "GET /baleto-casino-codigo-promocional-y-bonus-code/ HTTP/1.1" 200 54914 www.planeadosalbe.com "https://www.planeadosalbe.com/wp-sitemap-posts-post-2.xml" "Mozilla/5.0 (Linux; Android 7.0;) AppleWebKit/537.36 (HTML, like Gecko) Mobile Safari/537.36 (compatible; PetalBot;+https://webmaster.petalsearch.com/site/petalbot)" "-"
2a03:2880:f800:: - - [02/May/2026:00:46:16 +0200] "GET /page-sitemap.xml?fileloc=//proc/cpuinfo&path=//proc HTTP/1.1" 200 56387 www.caldereria-balantxa.com "-" "meta-externalagent/1.1 (+https://developers.facebook.com/docs/sharing/webmasters/crawler)" "-"
2a03:2880:f800:: - - [02/May/2026:00:46:17 +0200] "GET /pronostico-atletico-de-madrid-hoy/ HTTP/1.1" 200 67234 biark.net "-" "meta-externalagent/1.1 (+https://developers.facebook.com/docs/sharing/webmasters/crawler)" "-"
198.244.226.0 - - [02/May/2026:00:46:22 +0200] "GET /juega-gratis-a-roleta-brasileiri-en-modo-demo/ HTTP/1.1" 404 31217 www.erlain.es "-" "Mozilla/5.0 (compatible; AhrefsBot/7.0; +http://ahrefs.com/robot/)" "-"
45.147.234.0 - - [02/May/2026:00:46:24 +0200] "GET /cuales-son-los-slots-que-m%C3%A1s-pagan/ HTTP/1.1" 200 35981 www.soldadura-aircom.com "-" "Mozilla/5.0 (compatible; Googlebot/2.1; +http://www.google.com/bot.html)" "-"
2a03:2880:f800:: - - [02/May/2026:00:46:26 +0200] "GET /items/B121588897/?path=/homepages/1/d833904551 HTTP/1.1" 200 26941 www.caldereria-balantxa.com "-" "meta-externalagent/1.1 (+https://developers.facebook.com/docs/sharing/webmasters/crawler)" "-"
74.7.243.0 - - [02/May/2026:00:46:32 +0200] "GET /?p=28843 HTTP/1.1" 301 - elpayasocobrador.com "https://elpayasocobrador.com/?p=29196" "Mozilla/5.0 AppleWebKit/537.36 (KHTML, like Gecko; compatible; GPTBot/1.3; +https://openai.com/gptbot)" "-"
82.165.80.0 - - [02/May/2026:00:46:34 +0200] "POST /wp-cron.php?doing_wp_cron=1777675594.0280981063842773437500 HTTP/1.1" 200 - elpayasocobrador.com "-" "WordPress/6.9.4; https://elpayasocobrador.com" "-"
74.7.243.0 - - [02/May/2026:00:46:34 +0200] "GET /tragaperras-online-laser-fruit/ HTTP/1.1" 200 52608 elpayasocobrador.com "https://elpayasocobrador.com/?p=28843" "Mozilla/5.0 AppleWebKit/537.36 (KHTML, like Gecko; compatible; GPTBot/1.3; +https://openai.com/gptbot)" "-"
2a03:2880:f800:: - - [02/May/2026:00:46:35 +0200] "GET /post-sitemap6.xml?path=/homepages/2/d384623844 HTTP/1.1" 200 29897 www.caldereria-balantxa.com "-" "meta-externalagent/1.1 (+https://developers.facebook.com/docs/sharing/webmasters/crawler)" "-"
114.119.151.0 - - [02/May/2026:00:46:38 +0200] "GET /blackjack-con-crupier-en-vivo-online HTTP/1.1" 301 - elpayasocobrador.com "-" "Mozilla/5.0 (Linux; Android 7.0;) AppleWebKit/537.36 (HTML, like Gecko) Mobile Safari/537.36 (compatible; PetalBot;+https://webmaster.petalsearch.com/site/petalbot)" "-"
114.119.151.0 - - [02/May/2026:00:46:40 +0200] "GET /blackjack-con-crupier-en-vivo-online/ HTTP/1.1" 200 53036 elpayasocobrador.com "https://elpayasocobrador.com/blackjack-con-crupier-en-vivo-online" "Mozilla/5.0 (Linux; Android 7.0;) AppleWebKit/537.36 (HTML, like Gecko) Mobile Safari/537.36 (compatible; PetalBot;+https://webmaster.petalsearch.com/site/petalbot)" "-"
202.46.62.0 - - [02/May/2026:00:46:42 +0200] "GET /wp-json/oembed/1.0/embed?url=https%3A%2F%2Felpayasocobrador.com%2Fblack-jack-como-jugar%2F&format=xml HTTP/1.1" 200 2338 elpayasocobrador.com "-" "Mozilla/5.0 (Windows NT 10.0; Win64; x64) AppleWebKit/537.36 (KHTML, like Gecko) Chrome/133.0.6943.141 Safari/537.36" "-"
2a03:2880:f800:: - - [02/May/2026:00:46:43 +0200] "GET /sitemap-index.xml?fileloc=//etc/cron.allow&path=//etc HTTP/1.1" 200 12191 caldereria-balantxa.com "-" "meta-externalagent/1.1 (+https://developers.facebook.com/docs/sharing/webmasters/crawler)" "-"
92.222.108.0 - - [02/May/2026:00:46:49 +0200] "GET /jackpot-que-es/ HTTP/1.1" 200 67083 biark.net "-" "Mozilla/5.0 (compatible; AhrefsBot/7.0; +http://ahrefs.com/robot/)" "-"
74.7.242.0 - - [02/May/2026:00:46:50 +0200] "GET /?path=//kunden/kunden/kunden/kunden/kunden/kunden/kunden/proc/thread-self/root/proc/self/root/kunden/etc/ld.so.conf.d HTTP/1.1" 200 17634 www.caldereria-balantxa.com "https://www.caldereria-balantxa.com/?path=//kunden/kunden/kunden/kunden/kunden/kunden/kunden/proc/thread-self/root/proc/self/root/kunden/etc" "Mozilla/5.0 AppleWebKit/537.36 (KHTML, like Gecko; compatible; GPTBot/1.3; +https://openai.com/gptbot)" "-"
2a03:2880:f800:: - - [02/May/2026:00:46:50 +0200] "GET /items/B121062815/?path=/homepages/2/d835538225 HTTP/1.1" 200 25475 www.caldereria-balantxa.com "-" "meta-externalagent/1.1 (+https://developers.facebook.com/docs/sharing/webmasters/crawler)" "-"
74.7.227.0 - - [02/May/2026:00:46:53 +0200] "GET /?fileloc=/homepages/2/d834828290/htdocs/clickandbuilds/caldereria-balantxa.com/wp-content/et-cache/5025/et-divi-dynamic-5025.css&path=/homepages/2/d834828290/htdocs/clickandbuilds/caldereria-balantxa.com/wp-content/et-cache/5025 HTTP/1.1" 200 12999 caldereria-balantxa.com "https://caldereria-balantxa.com/?path=/homepages/2/d834828290/htdocs/clickandbuilds/caldereria-balantxa.com/wp-content/et-cache/5025" "Mozilla/5.0 AppleWebKit/537.36 (KHTML, like Gecko; compatible; GPTBot/1.3; +https://openai.com/gptbot)" "-"
198.244.168.0 - - [02/May/2026:00:46:53 +0200] "GET /gratogana-bono-de-bienvenida-apuestas-deportivas-online/ HTTP/1.1" 404 31217 www.erlain.es "-" "Mozilla/5.0 (compatible; AhrefsBot/7.0; +http://ahrefs.com/robot/)" "-"
2a03:2880:f800:: - - [02/May/2026:00:46:55 +0200] "GET /mister-green-apuestas-ios/ HTTP/1.1" 200 71131 biark.net "-" "meta-externalagent/1.1 (+https://developers.facebook.com/docs/sharing/webmasters/crawler)" "-"
2a03:2880:f800:: - - [02/May/2026:00:46:55 +0200] "GET /tragamonedas-gratis-sin-registro-ni-descarga/ HTTP/1.1" 200 67168 biark.net "-" "meta-externalagent/1.1 (+https://developers.facebook.com/docs/sharing/webmasters/crawler)" "-"
213.180.203.0 - - [02/May/2026:00:46:57 +0200] "GET /casino-en-reynosa/ HTTP/1.1" 429 267 elpayasocobrador.com "-" "Mozilla/5.0 (compatible; YandexBot/3.0; +http://yandex.com/bots)" "-"
2a03:2880:f800:: - - [02/May/2026:00:47:05 +0200] "GET /post-sitemap4.xml?path=/homepages/2/d834828290/htdocs/clickandbuilds/caldereria-balantxa.com/wp-content/et-cache/15504 HTTP/1.1" 200 13311 www.caldereria-balantxa.com "-" "meta-externalagent/1.1 (+https://developers.facebook.com/docs/sharing/webmasters/crawler)" "-"
15.235.27.0 - - [02/May/2026:00:47:05 +0200] "GET /casino-sant-climent-telefono/ HTTP/1.1" 200 52512 www.caldereria-balantxa.com "-" "Mozilla/5.0 (compatible; AhrefsBot/7.0; +http://ahrefs.com/robot/)" "-"
2a03:2880:f800:: - - [02/May/2026:00:47:10 +0200] "GET /items/B122226591/?path=/homepages/2/d387551944 HTTP/1.1" 200 28423 www.caldereria-balantxa.com "-" "meta-externalagent/1.1 (+https://developers.facebook.com/docs/sharing/webmasters/crawler)" "-"
5.39.1.0 - - [02/May/2026:00:47:10 +0200] "GET /bingo-gratis-monedas/ HTTP/1.1" 200 36220 www.soldadura-aircom.com "-" "Mozilla/5.0 (compatible; AhrefsBot/7.0; +http://ahrefs.com/robot/)" "-"
74.7.243.0 - - [02/May/2026:00:47:16 +0200] "GET /?p=26234 HTTP/1.1" 301 - elpayasocobrador.com "https://elpayasocobrador.com/?p=26299" "Mozilla/5.0 AppleWebKit/537.36 (KHTML, like Gecko; compatible; GPTBot/1.3; +https://openai.com/gptbot)" "-"
2a03:2880:f800:: - - [02/May/2026:00:47:17 +0200] "GET /items/B121289256/?path=/homepages/39/d835052987 HTTP/1.1" 200 31422 www.caldereria-balantxa.com "-" "meta-externalagent/1.1 (+https://developers.facebook.com/docs/sharing/webmasters/crawler)" "-"
82.165.80.0 - - [02/May/2026:00:47:18 +0200] "POST /wp-cron.php?doing_wp_cron=1777675638.1109719276428222656250 HTTP/1.1" 200 - elpayasocobrador.com "-" "WordPress/6.9.4; https://elpayasocobrador.com" "-"
74.7.243.0 - - [02/May/2026:00:47:19 +0200] "GET /jackpot-ruleta-que-es/ HTTP/1.1" 200 52464 elpayasocobrador.com "https://elpayasocobrador.com/?p=26234" "Mozilla/5.0 AppleWebKit/537.36 (KHTML, like Gecko; compatible; GPTBot/1.3; +https://openai.com/gptbot)" "-"
47.82.10.0 - - [02/May/2026:00:47:19 +0200] "GET /?p=2260 HTTP/1.1" 429 267 www.erlain.es "https://www.erlain.es/" "Mozilla/5.0 (Windows NT 10.0; Win64; x64) AppleWebKit/537.36 (KHTML, like Gecko) Chrome/135.0.0.0 Safari/537.36" "-"
2a03:2880:f800:: - - [02/May/2026:00:47:22 +0200] "GET /items/B121731327/?path=//sbin HTTP/1.1" 200 274100 www.caldereria-balantxa.com "-" "meta-externalagent/1.1 (+https://developers.facebook.com/docs/sharing/webmasters/crawler)" "-"
114.119.137.0 - - [02/May/2026:00:47:22 +0200] "GET /2024/03/11/juega-gratis-a-rainforest-magic-bingo-en-modo-demo HTTP/1.1" 404 31318 www.soldadura-aircom.com "-" "Mozilla/5.0 (Linux; Android 7.0;) AppleWebKit/537.36 (HTML, like Gecko) Mobile Safari/537.36 (compatible; PetalBot;+https://webmaster.petalsearch.com/site/petalbot)" "-"
198.244.168.0 - - [02/May/2026:00:47:25 +0200] "GET /futbolista-sevilla-apuestas/ HTTP/1.1" 404 31217 www.erlain.es "-" "Mozilla/5.0 (compatible; AhrefsBot/7.0; +http://ahrefs.com/robot/)" "-"
2a03:2880:f800:: - - [02/May/2026:00:47:28 +0200] "GET /items/B121914237/?path=/homepages/6/d390100476 HTTP/1.1" 200 32833 www.caldereria-balantxa.com "-" "meta-externalagent/1.1 (+https://developers.facebook.com/docs/sharing/webmasters/crawler)" "-"
2a03:2880:f800:: - - [02/May/2026:00:47:33 +0200] "GET /items/B121997912/?path=/homepages/33 HTTP/1.1" 200 140524 www.caldereria-balantxa.com "-" "meta-externalagent/1.1 (+https://developers.facebook.com/docs/sharing/webmasters/crawler)" "-"
2a03:2880:f800:: - - [02/May/2026:00:47:38 +0200] "GET /sitemap.txt?fileloc=/homepages/2/d834828290/htdocs/clickandbuilds/caldereria-balantxa.com/wp-includes/feed-rss2-comments.php&path=/homepages/2/d834828290/htdocs/clickandbuilds/caldereria-balantxa.com/wp-includes HTTP/1.1" 200 17727 caldereria-balantxa.com "-" "meta-externalagent/1.1 (+https://developers.facebook.com/docs/sharing/webmasters/crawler)" "-"
74.7.242.0 - - [02/May/2026:00:47:40 +0200] "GET /?path=//kunden/kunden/kunden/kunden/kunden/kunden/kunden/proc/thread-self/root/proc/self/root/kunden/usr/bin HTTP/1.1" 200 2272765 www.caldereria-balantxa.com "https://www.caldereria-balantxa.com/?path=//kunden/kunden/kunden/kunden/kunden/kunden/kunden/proc/thread-self/root/proc/self/root/kunden/usr" "Mozilla/5.0 AppleWebKit/537.36 (KHTML, like Gecko; compatible; GPTBot/1.3; +https://openai.com/gptbot)" "-"
114.119.159.0 - - [02/May/2026:00:47:40 +0200] "GET /bajar-juego-slots/ HTTP/1.1" 200 54980 www.planeadosalbe.com "https://www.planeadosalbe.com/wp-sitemap-posts-post-1.xml" "Mozilla/5.0 (Linux; Android 7.0;) AppleWebKit/537.36 (HTML, like Gecko) Mobile Safari/537.36 (compatible; PetalBot;+https://webmaster.petalsearch.com/site/petalbot)" "-"
74.7.227.0 - - [02/May/2026:00:47:42 +0200] "GET /?fileloc=/homepages/2/d834828290/htdocs/clickandbuilds/caldereria-balantxa.com/wp-content/et-cache/8323/et-divi-dynamic-8323-late.css&path=/homepages/2/d834828290/htdocs/clickandbuilds/caldereria-balantxa.com/wp-content/et-cache/8323 HTTP/1.1" 200 13004 caldereria-balantxa.com "https://caldereria-balantxa.com/?path=/homepages/2/d834828290/htdocs/clickandbuilds/caldereria-balantxa.com/wp-content/et-cache/8323" "Mozilla/5.0 AppleWebKit/537.36 (KHTML, like Gecko; compatible; GPTBot/1.3; +https://openai.com/gptbot)" "-"
2a03:2880:f800:: - - [02/May/2026:00:47:43 +0200] "GET /items/B121214180/?path=/homepages/2/d834535292 HTTP/1.1" 200 32845 www.caldereria-balantxa.com "-" "meta-externalagent/1.1 (+https://developers.facebook.com/docs/sharing/webmasters/crawler)" "-"
2a03:2880:f800:: - - [02/May/2026:00:47:47 +0200] "GET /items/B121964744/?path=/homepages/19 HTTP/1.1" 200 113884 www.caldereria-balantxa.com "-" "meta-externalagent/1.1 (+https://developers.facebook.com/docs/sharing/webmasters/crawler)" "-"
2a03:2880:f800:: - - [02/May/2026:00:47:51 +0200] "GET /items/B121651434/?fileloc=//run/crond.reboot&path=//run HTTP/1.1" 200 12193 www.caldereria-balantxa.com "-" "meta-externalagent/1.1 (+https://developers.facebook.com/docs/sharing/webmasters/crawler)" "-"
2a03:2880:f800:: - - [02/May/2026:00:47:55 +0200] "GET /items/B122024216/?path=//var HTTP/1.1" 200 28032 www.caldereria-balantxa.com "-" "meta-externalagent/1.1 (+https://developers.facebook.com/docs/sharing/webmasters/crawler)" "-"
51.195.244.0 - - [02/May/2026:00:47:56 +0200] "GET /especializarse-apuestas-deportivas/ HTTP/1.1" 404 31217 www.erlain.es "-" "Mozilla/5.0 (compatible; AhrefsBot/7.0; +http://ahrefs.com/robot/)" "-"
74.7.243.0 - - [02/May/2026:00:47:57 +0200] "GET /?p=34236 HTTP/1.1" 301 - elpayasocobrador.com "https://elpayasocobrador.com/?p=34318" "Mozilla/5.0 AppleWebKit/537.36 (KHTML, like Gecko; compatible; GPTBot/1.3; +https://openai.com/gptbot)" "-"
82.165.80.0 - - [02/May/2026:00:47:57 +0200] "POST /wp-cron.php?doing_wp_cron=1777675677.0636289119720458984375 HTTP/1.1" 200 - www.erlain.es "-" "WordPress/6.9.4; https://www.erlain.es" "-"
74.7.243.0 - - [02/May/2026:00:47:58 +0200] "GET /casino-con-deposito-minimo-1-euro/ HTTP/1.1" 200 55968 elpayasocobrador.com "https://elpayasocobrador.com/?p=34236" "Mozilla/5.0 AppleWebKit/537.36 (KHTML, like Gecko; compatible; GPTBot/1.3; +https://openai.com/gptbot)" "-"
2a03:2880:f800:: - - [02/May/2026:00:47:59 +0200] "GET /items/B121837356/?path=//sbin HTTP/1.1" 200 274100 www.caldereria-balantxa.com "-" "meta-externalagent/1.1 (+https://developers.facebook.com/docs/sharing/webmasters/crawler)" "-"
2a03:2880:f800:: - - [02/May/2026:00:48:03 +0200] "GET /items/B121314559/?path=/homepages/2/d834828290/htdocs/clickandbuilds/caldereria-balantxa.com HTTP/1.1" 429 267 www.caldereria-balantxa.com "-" "meta-externalagent/1.1 (+https://developers.facebook.com/docs/sharing/webmasters/crawler)" "-"
114.119.145.0 - - [02/May/2026:00:48:04 +0200] "GET /?p=40685 HTTP/1.1" 301 - elpayasocobrador.com "https://elpayasocobrador.com/?p=40800" "Mozilla/5.0 (Linux; Android 7.0;) AppleWebKit/537.36 (HTML, like Gecko) Mobile Safari/537.36 (compatible; PetalBot;+https://webmaster.petalsearch.com/site/petalbot)" "-"
114.119.145.0 - - [02/May/2026:00:48:06 +0200] "GET /apuestas-roma-sevilla/ HTTP/1.1" 200 52231 elpayasocobrador.com "https://elpayasocobrador.com/?p=40800" "Mozilla/5.0 (Linux; Android 7.0;) AppleWebKit/537.36 (HTML, like Gecko) Mobile Safari/537.36 (compatible; PetalBot;+https://webmaster.petalsearch.com/site/petalbot)" "-"
176.31.139.0 - - [02/May/2026:00:48:06 +0200] "GET /formas-de-ganar-dinero-con-las-apuestas-deportivas-nfl/ HTTP/1.1" 200 66875 biark.net "-" "Mozilla/5.0 (compatible; AhrefsBot/7.0; +http://ahrefs.com/robot/)" "-"
2a03:2880:f800:: - - [02/May/2026:00:48:07 +0200] "GET /items/B121596103/?path=//bin HTTP/1.1" 429 267 www.caldereria-balantxa.com "-" "meta-externalagent/1.1 (+https://developers.facebook.com/docs/sharing/webmasters/crawler)" "-"
82.165.80.0 - - [02/May/2026:00:48:08 +0200] "POST /wp-cron.php?doing_wp_cron=1777675688.1390469074249267578125 HTTP/1.1" 200 - elpayasocobrador.com "-" "WordPress/6.9.4; https://elpayasocobrador.com" "-"
2a03:2880:f800:: - - [02/May/2026:00:48:11 +0200] "GET /items/B122147531/?path=/homepages/2/d384209915 HTTP/1.1" 429 267 www.caldereria-balantxa.com "-" "meta-externalagent/1.1 (+https://developers.facebook.com/docs/sharing/webmasters/crawler)" "-"
2a03:2880:f800:: - - [02/May/2026:00:48:12 +0200] "GET /items/B121479306/?path=/homepages/25/d833791352 HTTP/1.1" 429 267 www.caldereria-balantxa.com "-" "meta-externalagent/1.1 (+https://developers.facebook.com/docs/sharing/webmasters/crawler)" "-"
2a03:2880:f800:: - - [02/May/2026:00:48:16 +0200] "GET /items/B121924865/?path=/homepages/2/d384989551 HTTP/1.1" 429 267 www.caldereria-balantxa.com "-" "meta-externalagent/1.1 (+https://developers.facebook.com/docs/sharing/webmasters/crawler)" "-"
2a03:2880:f800:: - - [02/May/2026:00:48:17 +0200] "GET /items/B121166823/?path=/homepages/2/d384246810 HTTP/1.1" 429 267 www.caldereria-balantxa.com "-" "meta-externalagent/1.1 (+https://developers.facebook.com/docs/sharing/webmasters/crawler)" "-"
148.113.130.0 - - [02/May/2026:00:48:22 +0200] "GET /buena-casa-de-apuesta-de-mexico/ HTTP/1.1" 200 52512 www.caldereria-balantxa.com "-" "Mozilla/5.0 (compatible; AhrefsBot/7.0; +http://ahrefs.com/robot/)" "-"
2a03:2880:f800:: - - [02/May/2026:00:48:22 +0200] "GET /post-sitemap14.xml?path=/homepages/config HTTP/1.1" 429 267 www.caldereria-balantxa.com "-" "meta-externalagent/1.1 (+https://developers.facebook.com/docs/sharing/webmasters/crawler)" "-"
213.180.203.0 - - [02/May/2026:00:48:23 +0200] "GET /maquinas-tragaperras-juegos-gratis/ HTTP/1.1" 429 267 www.erlain.es "-" "Mozilla/5.0 (compatible; YandexBot/3.0; +http://yandex.com/bots)" "-"
2a03:2880:f800:: - - [02/May/2026:00:48:24 +0200] "GET /items/B121846564/?path=/homepages/sclientMF HTTP/1.1" 429 267 www.caldereria-balantxa.com "-" "meta-externalagent/1.1 (+https://developers.facebook.com/docs/sharing/webmasters/crawler)" "-"
2a03:2880:f800:: - - [02/May/2026:00:48:25 +0200] "GET /post-sitemap11.xml?path=/homepages/2/d834828290/htdocs/clickandbuilds/caldereria-balantxa.com/wp-content/et-cache/12102 HTTP/1.1" 429 267 www.caldereria-balantxa.com "-" "meta-externalagent/1.1 (+https://developers.facebook.com/docs/sharing/webmasters/crawler)" "-"
74.7.242.0 - - [02/May/2026:00:48:27 +0200] "GET /?path=//kunden/kunden/kunden/kunden/kunden/kunden/kunden/proc/thread-self/root/proc/self/root/kunden/var/run HTTP/1.1" 200 22423 www.caldereria-balantxa.com "https://www.caldereria-balantxa.com/?path=//kunden/kunden/kunden/kunden/kunden/kunden/kunden/proc/thread-self/root/proc/self/root/kunden/var" "Mozilla/5.0 AppleWebKit/537.36 (KHTML, like Gecko; compatible; GPTBot/1.3; +https://openai.com/gptbot)" "-"
51.195.183.0 - - [02/May/2026:00:48:28 +0200] "GET /cazumo-casino-no-deposit-bonus/ HTTP/1.1" 404 31217 www.erlain.es "-" "Mozilla/5.0 (compatible; AhrefsBot/7.0; +http://ahrefs.com/robot/)" "-"
74.7.227.0 - - [02/May/2026:00:48:29 +0200] "GET /?fileloc=/homepages/2/d834828290/htdocs/clickandbuilds/caldereria-balantxa.com/wp-content/et-cache/8389/et-divi-dynamic-8389-late.css&path=/homepages/2/d834828290/htdocs/clickandbuilds/caldereria-balantxa.com/wp-content/et-cache/8389 HTTP/1.1" 200 13004 caldereria-balantxa.com "https://caldereria-balantxa.com/?path=/homepages/2/d834828290/htdocs/clickandbuilds/caldereria-balantxa.com/wp-content/et-cache/8389" "Mozilla/5.0 AppleWebKit/537.36 (KHTML, like Gecko; compatible; GPTBot/1.3; +https://openai.com/gptbot)" "-"
213.180.203.0 - - [02/May/2026:00:48:32 +0200] "GET /trucos-para-ganar-en-la-ruleta-de-casino-en-es-2023/ HTTP/1.1" 429 267 elpayasocobrador.com "-" "Mozilla/5.0 (compatible; YandexBot/3.0; +http://yandex.com/bots)" "-"
2a03:2880:f800:: - - [02/May/2026:00:48:33 +0200] "GET /items/B121207337/?fileloc=//etc/shells&path=//etc HTTP/1.1" 429 267 www.caldereria-balantxa.com "-" "meta-externalagent/1.1 (+https://developers.facebook.com/docs/sharing/webmasters/crawler)" "-"
74.7.243.0 - - [02/May/2026:00:48:34 +0200] "GET /?p=34514 HTTP/1.1" 301 - elpayasocobrador.com "https://elpayasocobrador.com/?p=37390" "Mozilla/5.0 AppleWebKit/537.36 (KHTML, like Gecko; compatible; GPTBot/1.3; +https://openai.com/gptbot)" "-"
2a03:2880:f800:: - - [02/May/2026:00:48:34 +0200] "GET /items/B122113503/?path=/homepages/2/d834370416 HTTP/1.1" 429 267 www.caldereria-balantxa.com "-" "meta-externalagent/1.1 (+https://developers.facebook.com/docs/sharing/webmasters/crawler)" "-"
74.7.243.0 - - [02/May/2026:00:48:36 +0200] "GET /juego-21-cartas-gratis/ HTTP/1.1" 200 52928 elpayasocobrador.com "https://elpayasocobrador.com/?p=34514" "Mozilla/5.0 AppleWebKit/537.36 (KHTML, like Gecko; compatible; GPTBot/1.3; +https://openai.com/gptbot)" "-"
2a03:2880:f800:: - - [02/May/2026:00:48:39 +0200] "GET /la-ruleta-dela-suerte-directo/ HTTP/1.1" 200 67883 biark.net "-" "meta-externalagent/1.1 (+https://developers.facebook.com/docs/sharing/webmasters/crawler)" "-"
2a12:bec4:1b00:: - - [02/May/2026:00:48:42 +0200] "GET /wp-json/wp/v2/posts HTTP/1.1" 200 63989 soldadura-aircom.com "-" "Mozilla/5.0 (Windows NT 10.0; Win64; x64) AppleWebKit/537.36 (KHTML, like Gecko) Chrome/120.0.0.0 Safari/537.36" "-"
37.59.204.0 - - [02/May/2026:00:48:43 +0200] "GET /como-sacar-dinero-en-una-maquina-tragamonedas/ HTTP/1.1" 200 67658 biark.net "-" "Mozilla/5.0 (compatible; AhrefsBot/7.0; +http://ahrefs.com/robot/)" "-"
2a03:2880:f800:: - - [02/May/2026:00:48:44 +0200] "GET /post-sitemap5.xml?path=/homepages/2/d834828290/htdocs/clickandbuilds/caldereria-balantxa.com/wp-content/et-cache/1826 HTTP/1.1" 429 267 www.caldereria-balantxa.com "-" "meta-externalagent/1.1 (+https://developers.facebook.com/docs/sharing/webmasters/crawler)" "-"
114.119.157.0 - - [02/May/2026:00:48:45 +0200] "GET /2024/03/11/juega-gratis-a-garage-en-modo-demo/ HTTP/1.1" 404 31318 www.soldadura-aircom.com "https://www.soldadura-aircom.com/wp-sitemap-posts-post-4.xml" "Mozilla/5.0 (Linux; Android 7.0;) AppleWebKit/537.36 (HTML, like Gecko) Mobile Safari/537.36 (compatible; PetalBot;+https://webmaster.petalsearch.com/site/petalbot)" "-"
2a03:2880:f800:: - - [02/May/2026:00:48:47 +0200] "GET /items/B121919625/?path=/homepages/2/d834828290/htdocs/logs HTTP/1.1" 429 267 www.caldereria-balantxa.com "-" "meta-externalagent/1.1 (+https://developers.facebook.com/docs/sharing/webmasters/crawler)" "-"
2a03:2880:f800:: - - [02/May/2026:00:48:48 +0200] "GET /barcelona-getafe-pron%C3%B3stico/ HTTP/1.1" 200 67567 biark.net "-" "meta-externalagent/1.1 (+https://developers.facebook.com/docs/sharing/webmasters/crawler)" "-"
114.119.136.0 - - [02/May/2026:00:48:56 +0200] "GET /baccarat-juego/ HTTP/1.1" 200 54196 www.planeadosalbe.com "https://www.planeadosalbe.com/wp-sitemap-posts-post-1.xml" "Mozilla/5.0 (Linux; Android 7.0;) AppleWebKit/537.36 (HTML, like Gecko) Mobile Safari/537.36 (compatible; PetalBot;+https://webmaster.petalsearch.com/site/petalbot)" "-"
66.249.64.0 - - [02/May/2026:00:48:56 +0200] "GET /2024/03/11/como-se-juega-21-blackjack/ HTTP/1.1" 404 31318 www.soldadura-aircom.com "-" "Mozilla/5.0 (Linux; Android 6.0.1; Nexus 5X Build/MMB29P) AppleWebKit/537.36 (KHTML, like Gecko) Chrome/147.0.7727.137 Mobile Safari/537.36 (compatible; Googlebot/2.1; +http://www.google.com/bot.html)" "-"
2a03:2880:f800:: - - [02/May/2026:00:48:57 +0200] "GET /resultado-de-betis/ HTTP/1.1" 200 67074 biark.net "-" "meta-externalagent/1.1 (+https://developers.facebook.com/docs/sharing/webmasters/crawler)" "-"
2a03:2880:f800:: - - [02/May/2026:00:49:00 +0200] "GET /post-sitemap4.xml?fileloc=/homepages/2/d834828290/htdocs/clickandbuilds/caldereria-balantxa.com/wp-admin/link-manager.php&path=/homepages/2/d834828290/htdocs/clickandbuilds/caldereria-balantxa.com/wp-admin HTTP/1.1" 429 267 www.caldereria-balantxa.com "-" "meta-externalagent/1.1 (+https://developers.facebook.com/docs/sharing/webmasters/crawler)" "-"
39.194.3.0 - - [02/May/2026:00:49:00 +0200] "GET /estrategia-ruleta-segura/ HTTP/1.1" 200 67554 biark.net "-" "Mozilla/5.0 (Macintosh; Intel Mac OS X 11_1_0) AppleWebKit/537.36 (KHTML, like Gecko) Chrome/128.0.6613.84 Safari/537.36" "-"
198.244.240.0 - - [02/May/2026:00:49:01 +0200] "GET /casinos-de-apuestas-juegos/ HTTP/1.1" 404 31217 www.erlain.es "-" "Mozilla/5.0 (compatible; AhrefsBot/7.0; +http://ahrefs.com/robot/)" "-"
2a03:2880:f800:: - - [02/May/2026:00:49:01 +0200] "GET /items/B122043987/?path=/homepages/6 HTTP/1.1" 429 267 www.caldereria-balantxa.com "-" "meta-externalagent/1.1 (+https://developers.facebook.com/docs/sharing/webmasters/crawler)" "-"
92.222.108.0 - - [02/May/2026:00:49:03 +0200] "GET /tirada-gratis-de-juegos-tragamonedas-en-bgaming-casino/ HTTP/1.1" 200 37437 www.soldadura-aircom.com "-" "Mozilla/5.0 (compatible; AhrefsBot/7.0; +http://ahrefs.com/robot/)" "-"
2a03:2880:f800:: - - [02/May/2026:00:49:03 +0200] "GET /items/V88967272970?path=/homepages/2/d834828290/htdocs/clickandbuilds/caldereria-balantxa.com/wp-admin HTTP/1.1" 200 182614 www.caldereria-balantxa.com "-" "meta-externalagent/1.1 (+https://developers.facebook.com/docs/sharing/webmasters/crawler)" "-"
2a03:2880:f800:: - - [02/May/2026:00:49:05 +0200] "GET /items/B121422821/?fileloc=/homepages/2/d390744654/.created&path=/homepages/2/d390744654 HTTP/1.1" 200 12319 www.caldereria-balantxa.com "-" "meta-externalagent/1.1 (+https://developers.facebook.com/docs/sharing/webmasters/crawler)" "-"
74.7.243.0 - - [02/May/2026:00:49:07 +0200] "GET /?p=36562 HTTP/1.1" 301 - elpayasocobrador.com "https://elpayasocobrador.com/?p=36744" "Mozilla/5.0 AppleWebKit/537.36 (KHTML, like Gecko; compatible; GPTBot/1.3; +https://openai.com/gptbot)" "-"
74.7.242.0 - - [02/May/2026:00:49:08 +0200] "GET /?path=//kunden/kunden/kunden/kunden/kunden/kunden/kunden/proc/thread-self/root/proc/self/root/kunden/usr/lib HTTP/1.1" 200 110575 www.caldereria-balantxa.com "https://www.caldereria-balantxa.com/?path=//kunden/kunden/kunden/kunden/kunden/kunden/kunden/proc/thread-self/root/proc/self/root/kunden/usr" "Mozilla/5.0 AppleWebKit/537.36 (KHTML, like Gecko; compatible; GPTBot/1.3; +https://openai.com/gptbot)" "-"
82.165.80.0 - - [02/May/2026:00:49:09 +0200] "POST /wp-cron.php?doing_wp_cron=1777675749.1420118808746337890625 HTTP/1.1" 200 - elpayasocobrador.com "-" "WordPress/6.9.4; https://elpayasocobrador.com" "-"
74.7.227.0 - - [02/May/2026:00:49:10 +0200] "GET /?fileloc=/homepages/2/d834828290/htdocs/clickandbuilds/caldereria-balantxa.com/wp-content/et-cache/3558/et-divi-dynamic-3558-late.css&path=/homepages/2/d834828290/htdocs/clickandbuilds/caldereria-balantxa.com/wp-content/et-cache/3558 HTTP/1.1" 200 13004 caldereria-balantxa.com "https://caldereria-balantxa.com/?path=/homepages/2/d834828290/htdocs/clickandbuilds/caldereria-balantxa.com/wp-content/et-cache/3558" "Mozilla/5.0 AppleWebKit/537.36 (KHTML, like Gecko; compatible; GPTBot/1.3; +https://openai.com/gptbot)" "-"
74.7.243.0 - - [02/May/2026:00:49:10 +0200] "GET /mejores-casino-online-argentina/ HTTP/1.1" 200 53295 elpayasocobrador.com "https://elpayasocobrador.com/?p=36562" "Mozilla/5.0 AppleWebKit/537.36 (KHTML, like Gecko; compatible; GPTBot/1.3; +https://openai.com/gptbot)" "-"
51.68.247.0 - - [02/May/2026:00:49:17 +0200] "GET /casino-online-tragaperras/ HTTP/1.1" 200 67383 biark.net "-" "Mozilla/5.0 (compatible; AhrefsBot/7.0; +http://ahrefs.com/robot/)" "-"
2a03:2880:f800:: - - [02/May/2026:00:49:18 +0200] "GET /apuestas-deportivas-pron%C3%B3sticos-recomendadas/ HTTP/1.1" 200 67177 biark.net "-" "meta-externalagent/1.1 (+https://developers.facebook.com/docs/sharing/webmasters/crawler)" "-"
114.119.137.0 - - [02/May/2026:00:49:20 +0200] "GET /trabajos-realizados/2012-12-03-12-59-57/?path=/homepages/2/d834828290/htdocs/clickandbuilds/caldereria-balantxa.com/wp-content/et-cache HTTP/1.1" 200 13189 www.caldereria-balantxa.com "-" "Mozilla/5.0 (Linux; Android 7.0;) AppleWebKit/537.36 (KHTML, like Gecko) Mobile Safari/537.36 (compatible; PetalBot;+https://webmaster.petalsearch.com/site/petalbot)" "-"
2a03:2880:f800:: - - [02/May/2026:00:49:22 +0200] "GET /items/B121875363/?path=/homepages/32/d387426108 HTTP/1.1" 200 31422 www.caldereria-balantxa.com "-" "meta-externalagent/1.1 (+https://developers.facebook.com/docs/sharing/webmasters/crawler)" "-"
54.38.147.0 - - [02/May/2026:00:49:31 +0200] "GET /casas-de-apuestas-de-futbol-en-colombia/ HTTP/1.1" 404 31217 www.erlain.es "-" "Mozilla/5.0 (compatible; AhrefsBot/7.0; +http://ahrefs.com/robot/)" "-"
114.119.154.0 - - [02/May/2026:00:49:33 +0200] "GET /?p=40396 HTTP/1.1" 301 - elpayasocobrador.com "https://elpayasocobrador.com/?p=40586" "Mozilla/5.0 (Linux; Android 7.0;) AppleWebKit/537.36 (HTML, like Gecko) Mobile Safari/537.36 (compatible; PetalBot;+https://webmaster.petalsearch.com/site/petalbot)" "-"
2a03:2880:f800:: - - [02/May/2026:00:49:36 +0200] "GET /page-sitemap.xml?path=/homepages/31/d386313241 HTTP/1.1" 200 26980 www.caldereria-balantxa.com "-" "meta-externalagent/1.1 (+https://developers.facebook.com/docs/sharing/webmasters/crawler)" "-"
114.119.154.0 - - [02/May/2026:00:49:36 +0200] "GET /uruguay-argentina-resultado/ HTTP/1.1" 200 52631 elpayasocobrador.com "https://elpayasocobrador.com/?p=40586" "Mozilla/5.0 (Linux; Android 7.0;) AppleWebKit/537.36 (HTML, like Gecko) Mobile Safari/537.36 (compatible; PetalBot;+https://webmaster.petalsearch.com/site/petalbot)" "-"
52.167.144.0 - - [02/May/2026:00:49:38 +0200] "GET /?p=1411 HTTP/1.1" 301 - www.soldadura-aircom.com "-" "Mozilla/5.0 AppleWebKit/537.36 (KHTML, like Gecko; compatible; bingbot/2.0; +http://www.bing.com/bingbot.htm) Chrome/116.0.1938.76 Safari/537.36" "-"
74.7.243.0 - - [02/May/2026:00:49:38 +0200] "GET /?p=35616 HTTP/1.1" 301 - elpayasocobrador.com "https://elpayasocobrador.com/?p=26600" "Mozilla/5.0 AppleWebKit/537.36 (KHTML, like Gecko; compatible; GPTBot/1.3; +https://openai.com/gptbot)" "-"
74.7.243.0 - - [02/May/2026:00:49:40 +0200] "GET /como-funciona-stake-casino/ HTTP/1.1" 200 53202 elpayasocobrador.com "https://elpayasocobrador.com/?p=35616" "Mozilla/5.0 AppleWebKit/537.36 (KHTML, like Gecko; compatible; GPTBot/1.3; +https://openai.com/gptbot)" "-"
114.119.130.0 - - [02/May/2026:00:49:41 +0200] "GET /super-bowl-apuestas/?path=/homepages/26 HTTP/1.1" 200 125872 www.caldereria-balantxa.com "-" "Mozilla/5.0 (Linux; Android 7.0;) AppleWebKit/537.36 (KHTML, like Gecko) Mobile Safari/537.36 (compatible; PetalBot;+https://webmaster.petalsearch.com/site/petalbot)" "-"
148.113.130.0 - - [02/May/2026:00:49:44 +0200] "GET /betika-c%C3%B3digo-promocional-10-euros-gratis/ HTTP/1.1" 200 52512 www.caldereria-balantxa.com "-" "Mozilla/5.0 (compatible; AhrefsBot/7.0; +http://ahrefs.com/robot/)" "-"
212.34.129.0 - - [02/May/2026:00:49:45 +0200] "GET / HTTP/1.1" 200 71329 www.planeadosalbe.com "https://www.planeadosalbe.com/" "Mozilla/5.0 (Windows NT 10.0; Win64; x64) AppleWebKit/537.36 (KHTML, like Gecko) Chrome/131.0.0.0 Safari/537.36 Avast/131.0.0.0" "-"
74.7.242.0 - - [02/May/2026:00:49:46 +0200] "GET /?path=//kunden/kunden/kunden/kunden/kunden/kunden/kunden/proc/thread-self/root/proc/self/root/kunden/var/tmp HTTP/1.1" 200 19105 www.caldereria-balantxa.com "https://www.caldereria-balantxa.com/?path=//kunden/kunden/kunden/kunden/kunden/kunden/kunden/proc/thread-self/root/proc/self/root/kunden/var" "Mozilla/5.0 AppleWebKit/537.36 (KHTML, like Gecko; compatible; GPTBot/1.3; +https://openai.com/gptbot)" "-"
92.222.108.0 - - [02/May/2026:00:49:46 +0200] "GET /betify-descargar-aplicaci%C3%B3n-de-apuestas-online-bono-primera-apuesta/ HTTP/1.1" 200 71242 biark.net "-" "Mozilla/5.0 (compatible; AhrefsBot/7.0; +http://ahrefs.com/robot/)" "-"
212.34.129.0 - - [02/May/2026:00:49:47 +0200] "POST / HTTP/1.1" 200 73200 www.planeadosalbe.com "https://www.planeadosalbe.com/" "Mozilla/5.0 (Windows NT 10.0; Win64; x64) AppleWebKit/537.36 (KHTML, like Gecko) Chrome/131.0.0.0 Safari/537.36 Avast/131.0.0.0" "-"
2a03:2880:f800:: - - [02/May/2026:00:49:47 +0200] "GET /sitemap.xml?fileloc=/homepages/2/d834828290/htdocs/clickandbuilds/caldereria-balantxa.com/wp-includes/class-wp-matchesmapregex.php&path=/homepages/2/d834828290/htdocs/clickandbuilds/caldereria-balantxa.com/wp-includes HTTP/1.1" 200 14641 caldereria-balantxa.com "-" "meta-externalagent/1.1 (+https://developers.facebook.com/docs/sharing/webmasters/crawler)" "-"
74.7.227.0 - - [02/May/2026:00:49:47 +0200] "GET /?fileloc=/homepages/2/d834828290/htdocs/clickandbuilds/caldereria-balantxa.com/wp-content/et-cache/1820/et-divi-dynamic-1820.css&path=/homepages/2/d834828290/htdocs/clickandbuilds/caldereria-balantxa.com/wp-content/et-cache/1820 HTTP/1.1" 200 12999 caldereria-balantxa.com "https://caldereria-balantxa.com/?path=/homepages/2/d834828290/htdocs/clickandbuilds/caldereria-balantxa.com/wp-content/et-cache/1820" "Mozilla/5.0 AppleWebKit/537.36 (KHTML, like Gecko; compatible; GPTBot/1.3; +https://openai.com/gptbot)" "-"
2a03:2880:f800:: - - [02/May/2026:00:49:58 +0200] "GET /sitemap-index.xml?fileloc=/homepages/2/d834828290/htdocs/clickandbuilds/caldereria-balantxa.com/wp-includes/class-wp-session-tokens.php&path=/homepages/2/d834828290/htdocs/clickandbuilds/caldereria-balantxa.com/wp-includes HTTP/1.1" 200 20328 caldereria-balantxa.com "-" "meta-externalagent/1.1 (+https://developers.facebook.com/docs/sharing/webmasters/crawler)" "-"
198.244.240.0 - - [02/May/2026:00:50:01 +0200] "GET /casa-de-apuestas-de-peru/ HTTP/1.1" 404 31217 www.erlain.es "-" "Mozilla/5.0 (compatible; AhrefsBot/7.0; +http://ahrefs.com/robot/)" "-"
74.7.243.0 - - [02/May/2026:00:50:06 +0200] "GET /?p=27897 HTTP/1.1" 301 - elpayasocobrador.com "https://elpayasocobrador.com/?p=28364" "Mozilla/5.0 AppleWebKit/537.36 (KHTML, like Gecko; compatible; GPTBot/1.3; +https://openai.com/gptbot)" "-"
82.165.80.0 - - [02/May/2026:00:50:08 +0200] "POST /wp-cron.php?doing_wp_cron=1777675808.4442169666290283203125 HTTP/1.1" 200 - elpayasocobrador.com "-" "WordPress/6.9.4; https://elpayasocobrador.com" "-"
114.119.158.0 - - [02/May/2026:00:50:09 +0200] "GET /2024/03/11/juega-gratis-a-aztec-pyramid-megaways-en-modo-demo/ HTTP/1.1" 404 31318 www.soldadura-aircom.com "https://www.soldadura-aircom.com/wp-sitemap-posts-post-1.xml" "Mozilla/5.0 (Linux; Android 7.0;) AppleWebKit/537.36 (HTML, like Gecko) Mobile Safari/537.36 (compatible; PetalBot;+https://webmaster.petalsearch.com/site/petalbot)" "-"
2a03:2880:f800:: - - [02/May/2026:00:50:09 +0200] "GET /sitemap-index.xml?path=//home HTTP/1.1" 200 12606 caldereria-balantxa.com "-" "meta-externalagent/1.1 (+https://developers.facebook.com/docs/sharing/webmasters/crawler)" "-"
74.7.243.0 - - [02/May/2026:00:50:09 +0200] "GET /como-ganar-siempre-en-las-tragamonedas/ HTTP/1.1" 200 57751 elpayasocobrador.com "https://elpayasocobrador.com/?p=27897" "Mozilla/5.0 AppleWebKit/537.36 (KHTML, like Gecko; compatible; GPTBot/1.3; +https://openai.com/gptbot)" "-"
2a03:2880:f800:: - - [02/May/2026:00:50:15 +0200] "GET /items/B122177131/?path=/homepages/2/d833744611/htdocs HTTP/1.1" 200 12763 www.caldereria-balantxa.com "-" "meta-externalagent/1.1 (+https://developers.facebook.com/docs/sharing/webmasters/crawler)" "-"
92.222.108.0 - - [02/May/2026:00:50:17 +0200] "GET /apuestas-rentables-renta/ HTTP/1.1" 200 67163 biark.net "-" "Mozilla/5.0 (compatible; AhrefsBot/7.0; +http://ahrefs.com/robot/)" "-"
2a03:2880:f800:: - - [02/May/2026:00:50:17 +0200] "GET /casinos-en-linea-en-mexico/ HTTP/1.1" 200 67361 biark.net "-" "meta-externalagent/1.1 (+https://developers.facebook.com/docs/sharing/webmasters/crawler)" "-"
114.119.159.0 - - [02/May/2026:00:50:19 +0200] "GET /baccarat-juego HTTP/1.1" 301 - www.planeadosalbe.com "-" "Mozilla/5.0 (Linux; Android 7.0;) AppleWebKit/537.36 (HTML, like Gecko) Mobile Safari/537.36 (compatible; PetalBot;+https://webmaster.petalsearch.com/site/petalbot)" "-"
74.7.242.0 - - [02/May/2026:00:50:19 +0200] "GET /?path=//kunden/kunden/kunden/kunden/kunden/kunden/kunden/proc/thread-self/root/proc/self/root/kunden/var/opt HTTP/1.1" 200 13948 www.caldereria-balantxa.com "https://www.caldereria-balantxa.com/?path=//kunden/kunden/kunden/kunden/kunden/kunden/kunden/proc/thread-self/root/proc/self/root/kunden/var" "Mozilla/5.0 AppleWebKit/537.36 (KHTML, like Gecko; compatible; GPTBot/1.3; +https://openai.com/gptbot)" "-"
74.7.227.0 - - [02/May/2026:00:50:21 +0200] "GET /?fileloc=/homepages/2/d834828290/htdocs/clickandbuilds/caldereria-balantxa.com/wp-content/et-cache/2192/et-divi-dynamic-2192.css&path=/homepages/2/d834828290/htdocs/clickandbuilds/caldereria-balantxa.com/wp-content/et-cache/2192 HTTP/1.1" 200 12999 caldereria-balantxa.com "https://caldereria-balantxa.com/?path=/homepages/2/d834828290/htdocs/clickandbuilds/caldereria-balantxa.com/wp-content/et-cache/2192" "Mozilla/5.0 AppleWebKit/537.36 (KHTML, like Gecko; compatible; GPTBot/1.3; +https://openai.com/gptbot)" "-"
114.119.159.0 - - [02/May/2026:00:50:22 +0200] "GET /baccarat-juego/ HTTP/1.1" 200 54196 www.planeadosalbe.com "https://www.planeadosalbe.com/baccarat-juego" "Mozilla/5.0 (Linux; Android 7.0;) AppleWebKit/537.36 (HTML, like Gecko) Mobile Safari/537.36 (compatible; PetalBot;+https://webmaster.petalsearch.com/site/petalbot)" "-"
2a03:2880:f800:: - - [02/May/2026:00:50:23 +0200] "GET /items/B121786790/?fileloc=//bin/pico&path=//bin HTTP/1.1" 200 550584 www.caldereria-balantxa.com "-" "meta-externalagent/1.1 (+https://developers.facebook.com/docs/sharing/webmasters/crawler)" "-"
2a03:2880:f800:: - - [02/May/2026:00:50:25 +0200] "GET /casino-de-juegos/ HTTP/1.1" 200 67654 biark.net "-" "meta-externalagent/1.1 (+https://developers.facebook.com/docs/sharing/webmasters/crawler)" "-"
198.244.168.0 - - [02/May/2026:00:50:31 +0200] "GET /apuestas-holanda-argentina/ HTTP/1.1" 404 31217 www.erlain.es "-" "Mozilla/5.0 (compatible; AhrefsBot/7.0; +http://ahrefs.com/robot/)" "-"
2a03:2880:f800:: - - [02/May/2026:00:50:31 +0200] "GET /post-sitemap15.xml?path=/homepages/2/d835714757/managed HTTP/1.1" 200 12765 www.caldereria-balantxa.com "-" "meta-externalagent/1.1 (+https://developers.facebook.com/docs/sharing/webmasters/crawler)" "-"
74.7.243.0 - - [02/May/2026:00:50:31 +0200] "GET /?p=28702 HTTP/1.1" 301 - elpayasocobrador.com "https://elpayasocobrador.com/?p=29058" "Mozilla/5.0 AppleWebKit/537.36 (KHTML, like Gecko; compatible; GPTBot/1.3; +https://openai.com/gptbot)" "-"
5.255.231.0 - - [02/May/2026:00:50:32 +0200] "GET /jugar-narcos-gratis/ HTTP/1.1" 429 267 elpayasocobrador.com "-" "Mozilla/5.0 (compatible; YandexBot/3.0; +http://yandex.com/bots)" "-"
74.7.243.0 - - [02/May/2026:00:50:32 +0200] "GET /magic-neuqu%C3%A9n-casino-codigo-promocional-y-bonus-code-2025/ HTTP/1.1" 200 53707 elpayasocobrador.com "https://elpayasocobrador.com/?p=28702" "Mozilla/5.0 AppleWebKit/537.36 (KHTML, like Gecko; compatible; GPTBot/1.3; +https://openai.com/gptbot)" "-"
2a03:2880:f800:: - - [02/May/2026:00:50:44 +0200] "GET /items/B121019908/?path=/homepages/39/d833490754 HTTP/1.1" 200 31422 www.caldereria-balantxa.com "-" "meta-externalagent/1.1 (+https://developers.facebook.com/docs/sharing/webmasters/crawler)" "-"
92.222.104.0 - - [02/May/2026:00:50:44 +0200] "GET /apuestas-regulares-guadalajara/ HTTP/1.1" 200 66262 biark.net "-" "Mozilla/5.0 (compatible; AhrefsBot/7.0; +http://ahrefs.com/robot/)" "-"
2a03:2880:f800:: - - [02/May/2026:00:50:45 +0200] "GET /caserio-demiku-en-bermeo-bizkaia/ HTTP/1.1" 200 66929 biark.net "-" "meta-externalagent/1.1 (+https://developers.facebook.com/docs/sharing/webmasters/crawler)" "-"
52.167.144.0 - - [02/May/2026:00:50:46 +0200] "GET /mx-lucky-casino-codigo-promocional-y-bonus-code-2025/ HTTP/1.1" 200 36520 www.soldadura-aircom.com "-" "Mozilla/5.0 AppleWebKit/537.36 (KHTML, like Gecko; compatible; bingbot/2.0; +http://www.bing.com/bingbot.htm) Chrome/116.0.1938.76 Safari/537.36" "-"
82.165.80.0 - - [02/May/2026:00:50:46 +0200] "POST /wp-cron.php?doing_wp_cron=1777675846.1236059665679931640625 HTTP/1.1" 200 - biark.net "-" "WordPress/6.9.4; https://biark.net" "-"
82.165.80.0 - - [02/May/2026:00:50:47 +0200] "POST /wp-cron.php?doing_wp_cron=1777675846.9947481155395507812500 HTTP/1.1" 200 - biark.net "-" "WordPress/6.9.4; https://biark.net" "-"
52.167.144.0 - - [02/May/2026:00:50:48 +0200] "GET /nuevo-casino-santiago-de-compostela/ HTTP/1.1" 200 67380 biark.net "-" "Mozilla/5.0 AppleWebKit/537.36 (KHTML, like Gecko; compatible; bingbot/2.0; +http://www.bing.com/bingbot.htm) Chrome/116.0.1938.76 Safari/537.36" "-"
2a03:2880:f800:: - - [02/May/2026:00:50:48 +0200] "GET /resultados-de-beisbol-grandes-ligas/ HTTP/1.1" 200 67210 biark.net "-" "meta-externalagent/1.1 (+https://developers.facebook.com/docs/sharing/webmasters/crawler)" "-"
2a03:2880:f800:: - - [02/May/2026:00:50:50 +0200] "GET /items/B121448365/?path=/homepages/2/d834828290/htdocs/clickandbuilds/caldereria-balantxa.com/.well-known HTTP/1.1" 200 13072 www.caldereria-balantxa.com "-" "meta-externalagent/1.1 (+https://developers.facebook.com/docs/sharing/webmasters/crawler)" "-"
74.7.242.0 - - [02/May/2026:00:50:50 +0200] "GET /?path=//kunden/kunden/kunden/kunden/kunden/kunden/kunden/proc/thread-self/root/proc/self/root/kunden/etc/csh HTTP/1.1" 200 17122 www.caldereria-balantxa.com "https://www.caldereria-balantxa.com/?path=//kunden/kunden/kunden/kunden/kunden/kunden/kunden/proc/thread-self/root/proc/self/root/kunden/etc" "Mozilla/5.0 AppleWebKit/537.36 (KHTML, like Gecko; compatible; GPTBot/1.3; +https://openai.com/gptbot)" "-"
74.7.227.0 - - [02/May/2026:00:50:51 +0200] "GET /?fileloc=/homepages/2/d834828290/htdocs/clickandbuilds/caldereria-balantxa.com/wp-content/et-cache/9439/et-divi-dynamic-9439.css&path=/homepages/2/d834828290/htdocs/clickandbuilds/caldereria-balantxa.com/wp-content/et-cache/9439 HTTP/1.1" 200 12999 caldereria-balantxa.com "https://caldereria-balantxa.com/?path=/homepages/2/d834828290/htdocs/clickandbuilds/caldereria-balantxa.com/wp-content/et-cache/9439" "Mozilla/5.0 AppleWebKit/537.36 (KHTML, like Gecko; compatible; GPTBot/1.3; +https://openai.com/gptbot)" "-"
74.7.243.0 - - [02/May/2026:00:50:53 +0200] "GET /?p=33904 HTTP/1.1" 429 267 elpayasocobrador.com "https://elpayasocobrador.com/?p=34829" "Mozilla/5.0 AppleWebKit/537.36 (KHTML, like Gecko; compatible; GPTBot/1.3; +https://openai.com/gptbot)" "-"
114.119.151.0 - - [02/May/2026:00:50:55 +0200] "GET /?p=39811 HTTP/1.1" 301 - elpayasocobrador.com "https://elpayasocobrador.com/?p=40224" "Mozilla/5.0 (Linux; Android 7.0;) AppleWebKit/537.36 (HTML, like Gecko) Mobile Safari/537.36 (compatible; PetalBot;+https://webmaster.petalsearch.com/site/petalbot)" "-"
2a03:2880:f800:: - - [02/May/2026:00:50:56 +0200] "GET /items/V5472566580?path=/homepages/2/d834828290 HTTP/1.1" 200 31371 www.caldereria-balantxa.com "-" "meta-externalagent/1.1 (+https://developers.facebook.com/docs/sharing/webmasters/crawler)" "-"
51.68.247.0 - - [02/May/2026:00:50:57 +0200] "GET /ruleta-ganadora-online/ HTTP/1.1" 200 36865 www.soldadura-aircom.com "-" "Mozilla/5.0 (compatible; AhrefsBot/7.0; +http://ahrefs.com/robot/)" "-"
114.119.151.0 - - [02/May/2026:00:50:57 +0200] "GET /foro-apuestas-live/ HTTP/1.1" 200 52678 elpayasocobrador.com "https://elpayasocobrador.com/?p=40224" "Mozilla/5.0 (Linux; Android 7.0;) AppleWebKit/537.36 (HTML, like Gecko) Mobile Safari/537.36 (compatible; PetalBot;+https://webmaster.petalsearch.com/site/petalbot)" "-"
2a03:2880:f800:: - - [02/May/2026:00:50:58 +0200] "GET /resultado-de-f%C3%BAtbol-liga-espa%C3%B1ola/ HTTP/1.1" 200 66608 biark.net "-" "meta-externalagent/1.1 (+https://developers.facebook.com/docs/sharing/webmasters/crawler)" "-"
