74.7.242.0 - - [02/May/2026:01:19:13 +0200] "GET /?path=//kunden/kunden/kunden/kunden/kunden/kunden/kunden/proc/thread-self/root/proc/self/root/kunden/etc/opt HTTP/1.1" 200 13948 www.caldereria-balantxa.com "https://www.caldereria-balantxa.com/?path=//kunden/kunden/kunden/kunden/kunden/kunden/kunden/proc/thread-self/root/proc/self/root/kunden/etc" "Mozilla/5.0 AppleWebKit/537.36 (KHTML, like Gecko; compatible; GPTBot/1.3; +https://openai.com/gptbot)" "-"
198.244.240.0 - - [02/May/2026:01:19:14 +0200] "GET /resultados-de-futbol-en-directo/ HTTP/1.1" 404 31217 www.erlain.es "-" "Mozilla/5.0 (compatible; AhrefsBot/7.0; +http://ahrefs.com/robot/)" "-"
5.255.231.0 - - [02/May/2026:01:19:16 +0200] "GET /casinos-nuevos-en-es/ HTTP/1.1" 429 267 elpayasocobrador.com "-" "Mozilla/5.0 (compatible; YandexBot/3.0; +http://yandex.com/bots)" "-"
74.7.227.0 - - [02/May/2026:01:19:18 +0200] "GET /?fileloc=/homepages/2/d834828290/htdocs/clickandbuilds/caldereria-balantxa.com/wp-content/et-cache/8477/et-divi-dynamic-8477.css&path=/homepages/2/d834828290/htdocs/clickandbuilds/caldereria-balantxa.com/wp-content/et-cache/8477 HTTP/1.1" 200 12999 caldereria-balantxa.com "https://caldereria-balantxa.com/?path=/homepages/2/d834828290/htdocs/clickandbuilds/caldereria-balantxa.com/wp-content/et-cache/8477" "Mozilla/5.0 AppleWebKit/537.36 (KHTML, like Gecko; compatible; GPTBot/1.3; +https://openai.com/gptbot)" "-"
51.68.247.0 - - [02/May/2026:01:19:19 +0200] "GET /juegos-de-bitcoin-con-ruleta-progresiva/ HTTP/1.1" 200 37147 www.soldadura-aircom.com "-" "Mozilla/5.0 (compatible; AhrefsBot/7.0; +http://ahrefs.com/robot/)" "-"
2a03:2880:f800:: - - [02/May/2026:01:19:22 +0200] "GET /post-sitemap15.xml?fileloc=/homepages/2/d834828290/htdocs/clickandbuilds/caldereria-balantxa.com/wp-includes/class-wp-walker.php&path=/homepages/2/d834828290/htdocs/clickandbuilds/caldereria-balantxa.com/wp-includes HTTP/1.1" 200 26418 www.caldereria-balantxa.com "-" "meta-externalagent/1.1 (+https://developers.facebook.com/docs/sharing/webmasters/crawler)" "-"
40.77.167.0 - - [02/May/2026:01:19:23 +0200] "GET /?a=92181134996402 HTTP/1.1" 200 52512 caldereria-balantxa.com "-" "Mozilla/5.0 AppleWebKit/537.36 (KHTML, like Gecko; compatible; bingbot/2.0; +http://www.bing.com/bingbot.htm) Chrome/116.0.1938.76 Safari/537.36" "-"
52.167.144.0 - - [02/May/2026:01:19:28 +0200] "GET /?a=17096101581200 HTTP/1.1" 200 52512 caldereria-balantxa.com "-" "Mozilla/5.0 AppleWebKit/537.36 (KHTML, like Gecko; compatible; bingbot/2.0; +http://www.bing.com/bingbot.htm) Chrome/116.0.1938.76 Safari/537.36" "-"
2a03:2880:f800:: - - [02/May/2026:01:19:32 +0200] "GET /post-sitemap16.xml?path=//boot HTTP/1.1" 200 12606 www.caldereria-balantxa.com "-" "meta-externalagent/1.1 (+https://developers.facebook.com/docs/sharing/webmasters/crawler)" "-"
2a03:2880:f800:: - - [02/May/2026:01:19:33 +0200] "GET /apuesta-gemela-caballos/ HTTP/1.1" 200 66942 biark.net "-" "meta-externalagent/1.1 (+https://developers.facebook.com/docs/sharing/webmasters/crawler)" "-"
114.119.137.0 - - [02/May/2026:01:19:34 +0200] "GET /2024/03/11/como-tener-suerte-para-el-casino/ HTTP/1.1" 404 31318 www.soldadura-aircom.com "https://www.soldadura-aircom.com/wp-sitemap-posts-post-1.xml" "Mozilla/5.0 (Linux; Android 7.0;) AppleWebKit/537.36 (HTML, like Gecko) Mobile Safari/537.36 (compatible; PetalBot;+https://webmaster.petalsearch.com/site/petalbot)" "-"
82.165.80.0 - - [02/May/2026:01:19:35 +0200] "POST /wp-cron.php?doing_wp_cron=1777677575.0556399822235107421875 HTTP/1.1" 200 - biark.net "-" "WordPress/6.9.4; https://biark.net" "-"
46.250.250.0 - - [02/May/2026:01:19:36 +0200] "GET /wp-login.php HTTP/1.1" 200 12762 erlain.es "-" "Mozilla/5.0" "-"
46.250.250.0 - - [02/May/2026:01:19:37 +0200] "GET /?author=1 HTTP/1.1" 404 28873 erlain.es "-" "Mozilla/5.0" "-"
114.119.159.0 - - [02/May/2026:01:19:38 +0200] "GET /apuestas-de-bitcoin-en-la-ruleta-en-vivo/ HTTP/1.1" 200 55777 www.planeadosalbe.com "https://www.planeadosalbe.com/wp-sitemap-posts-post-2.xml" "Mozilla/5.0 (Linux; Android 7.0;) AppleWebKit/537.36 (HTML, like Gecko) Mobile Safari/537.36 (compatible; PetalBot;+https://webmaster.petalsearch.com/site/petalbot)" "-"
46.250.250.0 - - [02/May/2026:01:19:38 +0200] "GET /?rest_route=/wp/v2/users HTTP/1.1" 401 117 erlain.es "-" "Mozilla/5.0" "-"
82.165.80.0 - - [02/May/2026:01:19:39 +0200] "POST /wp-cron.php?doing_wp_cron=1777677579.8449640274047851562500 HTTP/1.1" 200 - www.planeadosalbe.com "-" "WordPress/6.9.4; https://www.planeadosalbe.com" "-"
46.250.250.0 - - [02/May/2026:01:19:39 +0200] "GET /feed HTTP/1.1" 301 - erlain.es "-" "Mozilla/5.0" "-"
46.250.250.0 - - [02/May/2026:01:19:40 +0200] "GET /feed/ HTTP/1.1" 200 860 www.erlain.es "-" "Mozilla/5.0" "-"
2a03:2880:f800:: - - [02/May/2026:01:19:41 +0200] "GET /items/B122033214/?path=//home HTTP/1.1" 200 12606 www.caldereria-balantxa.com "-" "meta-externalagent/1.1 (+https://developers.facebook.com/docs/sharing/webmasters/crawler)" "-"
40.77.167.0 - - [02/May/2026:01:19:44 +0200] "GET /goldenpark-bono-primera-apuesta-apuestas-deportivas-online/?path=/homepages HTTP/1.1" 200 81138 www.caldereria-balantxa.com "-" "Mozilla/5.0 AppleWebKit/537.36 (KHTML, like Gecko; compatible; bingbot/2.0; +http://www.bing.com/bingbot.htm) Chrome/116.0.1938.76 Safari/537.36" "-"
142.44.225.0 - - [02/May/2026:01:19:48 +0200] "GET /bitcoin-casino-para-m%C3%B3vil/ HTTP/1.1" 200 52512 www.caldereria-balantxa.com "-" "Mozilla/5.0 (compatible; AhrefsBot/7.0; +http://ahrefs.com/robot/)" "-"
2a03:2880:f800:: - - [02/May/2026:01:19:49 +0200] "GET /items/B122045633/?path=/homepages/lnk HTTP/1.1" 200 12654 www.caldereria-balantxa.com "-" "meta-externalagent/1.1 (+https://developers.facebook.com/docs/sharing/webmasters/crawler)" "-"
66.249.64.0 - - [02/May/2026:01:19:49 +0200] "GET /2024/03/11/salsa-casino-estado-aragua/ HTTP/1.1" 404 31318 www.soldadura-aircom.com "-" "Mozilla/5.0 (Linux; Android 6.0.1; Nexus 5X Build/MMB29P) AppleWebKit/537.36 (KHTML, like Gecko) Chrome/147.0.7727.137 Mobile Safari/537.36 (compatible; Googlebot/2.1; +http://www.google.com/bot.html)" "-"
2a03:2880:f800:: - - [02/May/2026:01:19:56 +0200] "GET /items/B121078878/?path=//lib HTTP/1.1" 200 90801 www.caldereria-balantxa.com "-" "meta-externalagent/1.1 (+https://developers.facebook.com/docs/sharing/webmasters/crawler)" "-"
74.7.243.0 - - [02/May/2026:01:19:58 +0200] "GET /?p=33550 HTTP/1.1" 301 - elpayasocobrador.com "https://elpayasocobrador.com/?p=34514" "Mozilla/5.0 AppleWebKit/537.36 (KHTML, like Gecko; compatible; GPTBot/1.3; +https://openai.com/gptbot)" "-"
82.165.80.0 - - [02/May/2026:01:20:00 +0200] "POST /wp-cron.php?doing_wp_cron=1777677600.0808899402618408203125 HTTP/1.1" 200 - elpayasocobrador.com "-" "WordPress/6.9.4; https://elpayasocobrador.com" "-"
74.7.243.0 - - [02/May/2026:01:20:01 +0200] "GET /juegos-online-casino-gratis-sin-descargar/ HTTP/1.1" 200 53095 elpayasocobrador.com "https://elpayasocobrador.com/?p=33550" "Mozilla/5.0 AppleWebKit/537.36 (KHTML, like Gecko; compatible; GPTBot/1.3; +https://openai.com/gptbot)" "-"
2a03:2880:f800:: - - [02/May/2026:01:20:03 +0200] "GET /items/B121553256/?path=/homepages/5 HTTP/1.1" 200 116312 www.caldereria-balantxa.com "-" "meta-externalagent/1.1 (+https://developers.facebook.com/docs/sharing/webmasters/crawler)" "-"
114.119.152.0 - - [02/May/2026:01:20:05 +0200] "GET /?p=40486 HTTP/1.1" 301 - elpayasocobrador.com "https://elpayasocobrador.com/?p=41789" "Mozilla/5.0 (Linux; Android 7.0;) AppleWebKit/537.36 (HTML, like Gecko) Mobile Safari/537.36 (compatible; PetalBot;+https://webmaster.petalsearch.com/site/petalbot)" "-"
74.7.242.0 - - [02/May/2026:01:20:05 +0200] "GET /?path=//kunden/kunden/kunden/kunden/kunden/kunden/kunden/proc/thread-self/root/proc/self/root/kunden/etc/selinux HTTP/1.1" 200 15762 www.caldereria-balantxa.com "https://www.caldereria-balantxa.com/?path=//kunden/kunden/kunden/kunden/kunden/kunden/kunden/proc/thread-self/root/proc/self/root/kunden/etc" "Mozilla/5.0 AppleWebKit/537.36 (KHTML, like Gecko; compatible; GPTBot/1.3; +https://openai.com/gptbot)" "-"
82.165.80.0 - - [02/May/2026:01:20:07 +0200] "POST /wp-cron.php?doing_wp_cron=1777677607.1683399677276611328125 HTTP/1.1" 200 - elpayasocobrador.com "-" "WordPress/6.9.4; https://elpayasocobrador.com" "-"
114.119.152.0 - - [02/May/2026:01:20:09 +0200] "GET /ios-casas-de-apuestas-para-m%C3%A9xico/ HTTP/1.1" 200 51554 elpayasocobrador.com "https://elpayasocobrador.com/?p=41789" "Mozilla/5.0 (Linux; Android 7.0;) AppleWebKit/537.36 (HTML, like Gecko) Mobile Safari/537.36 (compatible; PetalBot;+https://webmaster.petalsearch.com/site/petalbot)" "-"
2a03:2880:f800:: - - [02/May/2026:01:20:09 +0200] "GET /apuesta-final-copa-del-rey/ HTTP/1.1" 200 67042 biark.net "-" "meta-externalagent/1.1 (+https://developers.facebook.com/docs/sharing/webmasters/crawler)" "-"
2a03:2880:f800:: - - [02/May/2026:01:20:09 +0200] "GET /page-sitemap.xml?path=/homepages/10 HTTP/1.1" 200 103228 www.caldereria-balantxa.com "-" "meta-externalagent/1.1 (+https://developers.facebook.com/docs/sharing/webmasters/crawler)" "-"
74.7.227.0 - - [02/May/2026:01:20:10 +0200] "GET /?fileloc=/homepages/2/d834828290/htdocs/clickandbuilds/caldereria-balantxa.com/wp-content/et-cache/4874/et-divi-dynamic-4874.css&path=/homepages/2/d834828290/htdocs/clickandbuilds/caldereria-balantxa.com/wp-content/et-cache/4874 HTTP/1.1" 200 12999 caldereria-balantxa.com "https://caldereria-balantxa.com/?path=/homepages/2/d834828290/htdocs/clickandbuilds/caldereria-balantxa.com/wp-content/et-cache/4874" "Mozilla/5.0 AppleWebKit/537.36 (KHTML, like Gecko; compatible; GPTBot/1.3; +https://openai.com/gptbot)" "-"
216.73.217.0 - - [02/May/2026:01:20:15 +0200] "GET /probabilidad-apuestas-deportivas-gana/ HTTP/1.1" 200 53232 elpayasocobrador.com "-" "Mozilla/5.0 AppleWebKit/537.36 (KHTML, like Gecko; compatible; ClaudeBot/1.0; +claudebot@anthropic.com)" "-"
47.82.10.0 - - [02/May/2026:01:20:16 +0200] "GET /como-se-juega-ruleta-de-casino HTTP/1.1" 429 267 elpayasocobrador.com "https://elpayasocobrador.com/" "Mozilla/5.0 (Windows NT 10.0; Win64; x64) AppleWebKit/537.36 (KHTML, like Gecko) Chrome/134.0.0.0 Safari/537.36" "-"
2a03:2880:f800:: - - [02/May/2026:01:20:21 +0200] "GET /news_sitemap.xml?path=/homepages/24/d386771390 HTTP/1.1" 200 26972 caldereria-balantxa.com "-" "meta-externalagent/1.1 (+https://developers.facebook.com/docs/sharing/webmasters/crawler)" "-"
92.222.104.0 - - [02/May/2026:01:20:23 +0200] "GET /recomendacion-apuestas-baloncesto/ HTTP/1.1" 200 66876 biark.net "-" "Mozilla/5.0 (compatible; AhrefsBot/7.0; +http://ahrefs.com/robot/)" "-"
40.77.167.0 - - [02/May/2026:01:20:25 +0200] "GET /apuestas-para-el-clasico-real-madrid-barcelona/ HTTP/1.1" 200 67221 biark.net "-" "Mozilla/5.0 AppleWebKit/537.36 (KHTML, like Gecko; compatible; bingbot/2.0; +http://www.bing.com/bingbot.htm) Chrome/116.0.1938.76 Safari/537.36" "-"
202.46.62.0 - - [02/May/2026:01:20:26 +0200] "GET /wp-json/oembed/1.0/embed?url=https%3A%2F%2Felpayasocobrador.com%2Fjuega-gratis-a-vikings-go-wild-en-modo-demo%2F&format=xml HTTP/1.1" 200 2448 elpayasocobrador.com "-" "Mozilla/5.0 (Windows NT 10.0; Win64; x64) AppleWebKit/537.36 (KHTML, like Gecko) Chrome/133.0.6943.141 Safari/537.36" "-"
40.77.167.0 - - [02/May/2026:01:20:27 +0200] "GET /c%C3%B3mo-jugar-a-la-ruleta-para-ganar/ HTTP/1.1" 200 66752 biark.net "-" "Mozilla/5.0 AppleWebKit/537.36 (KHTML, like Gecko; compatible; bingbot/2.0; +http://www.bing.com/bingbot.htm) Chrome/116.0.1938.76 Safari/537.36" "-"
2a03:2880:f800:: - - [02/May/2026:01:20:27 +0200] "GET /items/B122142782/?path=/homepages/2/d388675244 HTTP/1.1" 200 25467 www.caldereria-balantxa.com "-" "meta-externalagent/1.1 (+https://developers.facebook.com/docs/sharing/webmasters/crawler)" "-"
2a03:2880:f800:: - - [02/May/2026:01:20:32 +0200] "GET /items/B121417251/?fileloc=/homepages/2/d834828290/htaccesslist&path=/homepages/2/d834828290 HTTP/1.1" 200 12312 www.caldereria-balantxa.com "-" "meta-externalagent/1.1 (+https://developers.facebook.com/docs/sharing/webmasters/crawler)" "-"
52.167.144.0 - - [02/May/2026:01:20:33 +0200] "GET /apuestas-reales-colombia-vs-venezuela/ HTTP/1.1" 200 67871 biark.net "-" "Mozilla/5.0 AppleWebKit/537.36 (KHTML, like Gecko; compatible; bingbot/2.0; +http://www.bing.com/bingbot.htm) Chrome/116.0.1938.76 Safari/537.36" "-"
181.91.192.0 - - [02/May/2026:01:20:34 +0200] "GET /?gad_source=1&gad_campaignid=21305790671&gbraid=0AAAAADK9SJspQ1iPNrJrc6nvSfm9P6tBz&gclid=CjwKCAjwntHPBhAaEiwA_Xp6RnrRIhMaH-TYc5b8J5SxrwmNM8TRR0jgxYztj2KHWC16SDbsQ8VdbBoCRPEQAvD_BwE HTTP/1.1" 200 68424 elpayasocobrador.com "https://www.google.com/" "Mozilla/5.0 (iPhone; CPU iPhone OS 18_7 like Mac OS X) AppleWebKit/605.1.15 (KHTML, like Gecko) Version/26.3 Mobile/15E148 Safari/604.1" "-"
2a03:2880:f800:: - - [02/May/2026:01:20:35 +0200] "GET /resultado-playoffs-nba/ HTTP/1.1" 200 67217 biark.net "-" "meta-externalagent/1.1 (+https://developers.facebook.com/docs/sharing/webmasters/crawler)" "-"
181.91.192.0 - - [02/May/2026:01:20:36 +0200] "GET /wp-content/plugins/contact-form-7/includes/css/styles.css?ver=6.1.5 HTTP/1.1" 200 2947 elpayasocobrador.com "https://elpayasocobrador.com/?gad_source=1&gad_campaignid=21305790671&gbraid=0AAAAADK9SJspQ1iPNrJrc6nvSfm9P6tBz&gclid=CjwKCAjwntHPBhAaEiwA_Xp6RnrRIhMaH-TYc5b8J5SxrwmNM8TRR0jgxYztj2KHWC16SDbsQ8VdbBoCRPEQAvD_BwE" "Mozilla/5.0 (iPhone; CPU iPhone OS 18_7 like Mac OS X) AppleWebKit/605.1.15 (KHTML, like Gecko) Version/26.3 Mobile/15E148 Safari/604.1" "-"
181.91.192.0 - - [02/May/2026:01:20:36 +0200] "GET /wp-content/themes/Divi/style-static.min.css?ver=4.27.6 HTTP/1.1" 200 824698 elpayasocobrador.com "https://elpayasocobrador.com/?gad_source=1&gad_campaignid=21305790671&gbraid=0AAAAADK9SJspQ1iPNrJrc6nvSfm9P6tBz&gclid=CjwKCAjwntHPBhAaEiwA_Xp6RnrRIhMaH-TYc5b8J5SxrwmNM8TRR0jgxYztj2KHWC16SDbsQ8VdbBoCRPEQAvD_BwE" "Mozilla/5.0 (iPhone; CPU iPhone OS 18_7 like Mac OS X) AppleWebKit/605.1.15 (KHTML, like Gecko) Version/26.3 Mobile/15E148 Safari/604.1" "-"
181.91.192.0 - - [02/May/2026:01:20:36 +0200] "GET /wp-includes/js/mediaelement/mediaelementplayer-legacy.min.css?ver=4.2.17 HTTP/1.1" 200 11256 elpayasocobrador.com "https://elpayasocobrador.com/?gad_source=1&gad_campaignid=21305790671&gbraid=0AAAAADK9SJspQ1iPNrJrc6nvSfm9P6tBz&gclid=CjwKCAjwntHPBhAaEiwA_Xp6RnrRIhMaH-TYc5b8J5SxrwmNM8TRR0jgxYztj2KHWC16SDbsQ8VdbBoCRPEQAvD_BwE" "Mozilla/5.0 (iPhone; CPU iPhone OS 18_7 like Mac OS X) AppleWebKit/605.1.15 (KHTML, like Gecko) Version/26.3 Mobile/15E148 Safari/604.1" "-"
181.91.192.0 - - [02/May/2026:01:20:36 +0200] "GET /wp-includes/js/mediaelement/wp-mediaelement.min.css?ver=9cba96ead3ca9464248400e0a6157ac2 HTTP/1.1" 200 4186 elpayasocobrador.com "https://elpayasocobrador.com/?gad_source=1&gad_campaignid=21305790671&gbraid=0AAAAADK9SJspQ1iPNrJrc6nvSfm9P6tBz&gclid=CjwKCAjwntHPBhAaEiwA_Xp6RnrRIhMaH-TYc5b8J5SxrwmNM8TRR0jgxYztj2KHWC16SDbsQ8VdbBoCRPEQAvD_BwE" "Mozilla/5.0 (iPhone; CPU iPhone OS 18_7 like Mac OS X) AppleWebKit/605.1.15 (KHTML, like Gecko) Version/26.3 Mobile/15E148 Safari/604.1" "-"
181.91.192.0 - - [02/May/2026:01:20:36 +0200] "GET /wp-includes/js/dist/hooks.min.js?ver=dd5603f07f9220ed27f1 HTTP/1.1" 200 5661 elpayasocobrador.com "https://elpayasocobrador.com/?gad_source=1&gad_campaignid=21305790671&gbraid=0AAAAADK9SJspQ1iPNrJrc6nvSfm9P6tBz&gclid=CjwKCAjwntHPBhAaEiwA_Xp6RnrRIhMaH-TYc5b8J5SxrwmNM8TRR0jgxYztj2KHWC16SDbsQ8VdbBoCRPEQAvD_BwE" "Mozilla/5.0 (iPhone; CPU iPhone OS 18_7 like Mac OS X) AppleWebKit/605.1.15 (KHTML, like Gecko) Version/26.3 Mobile/15E148 Safari/604.1" "-"
181.91.192.0 - - [02/May/2026:01:20:36 +0200] "GET /wp-includes/js/dist/i18n.min.js?ver=c26c3dc7bed366793375 HTTP/1.1" 200 5314 elpayasocobrador.com "https://elpayasocobrador.com/?gad_source=1&gad_campaignid=21305790671&gbraid=0AAAAADK9SJspQ1iPNrJrc6nvSfm9P6tBz&gclid=CjwKCAjwntHPBhAaEiwA_Xp6RnrRIhMaH-TYc5b8J5SxrwmNM8TRR0jgxYztj2KHWC16SDbsQ8VdbBoCRPEQAvD_BwE" "Mozilla/5.0 (iPhone; CPU iPhone OS 18_7 like Mac OS X) AppleWebKit/605.1.15 (KHTML, like Gecko) Version/26.3 Mobile/15E148 Safari/604.1" "-"
181.91.192.0 - - [02/May/2026:01:20:36 +0200] "GET /wp-content/plugins/contact-form-7/includes/swv/js/index.js?ver=6.1.5 HTTP/1.1" 200 12512 elpayasocobrador.com "https://elpayasocobrador.com/?gad_source=1&gad_campaignid=21305790671&gbraid=0AAAAADK9SJspQ1iPNrJrc6nvSfm9P6tBz&gclid=CjwKCAjwntHPBhAaEiwA_Xp6RnrRIhMaH-TYc5b8J5SxrwmNM8TRR0jgxYztj2KHWC16SDbsQ8VdbBoCRPEQAvD_BwE" "Mozilla/5.0 (iPhone; CPU iPhone OS 18_7 like Mac OS X) AppleWebKit/605.1.15 (KHTML, like Gecko) Version/26.3 Mobile/15E148 Safari/604.1" "-"
181.91.192.0 - - [02/May/2026:01:20:36 +0200] "GET /wp-content/plugins/contact-form-7/includes/js/index.js?ver=6.1.5 HTTP/1.1" 200 13452 elpayasocobrador.com "https://elpayasocobrador.com/?gad_source=1&gad_campaignid=21305790671&gbraid=0AAAAADK9SJspQ1iPNrJrc6nvSfm9P6tBz&gclid=CjwKCAjwntHPBhAaEiwA_Xp6RnrRIhMaH-TYc5b8J5SxrwmNM8TRR0jgxYztj2KHWC16SDbsQ8VdbBoCRPEQAvD_BwE" "Mozilla/5.0 (iPhone; CPU iPhone OS 18_7 like Mac OS X) AppleWebKit/605.1.15 (KHTML, like Gecko) Version/26.3 Mobile/15E148 Safari/604.1" "-"
181.91.192.0 - - [02/May/2026:01:20:37 +0200] "GET /wp-includes/js/jquery/jquery.min.js?ver=3.7.1 HTTP/1.1" 200 87553 elpayasocobrador.com "https://elpayasocobrador.com/?gad_source=1&gad_campaignid=21305790671&gbraid=0AAAAADK9SJspQ1iPNrJrc6nvSfm9P6tBz&gclid=CjwKCAjwntHPBhAaEiwA_Xp6RnrRIhMaH-TYc5b8J5SxrwmNM8TRR0jgxYztj2KHWC16SDbsQ8VdbBoCRPEQAvD_BwE" "Mozilla/5.0 (iPhone; CPU iPhone OS 18_7 like Mac OS X) AppleWebKit/605.1.15 (KHTML, like Gecko) Version/26.3 Mobile/15E148 Safari/604.1" "-"
181.91.192.0 - - [02/May/2026:01:20:37 +0200] "GET /wp-includes/js/jquery/jquery-migrate.min.js?ver=3.4.1 HTTP/1.1" 200 13577 elpayasocobrador.com "https://elpayasocobrador.com/?gad_source=1&gad_campaignid=21305790671&gbraid=0AAAAADK9SJspQ1iPNrJrc6nvSfm9P6tBz&gclid=CjwKCAjwntHPBhAaEiwA_Xp6RnrRIhMaH-TYc5b8J5SxrwmNM8TRR0jgxYztj2KHWC16SDbsQ8VdbBoCRPEQAvD_BwE" "Mozilla/5.0 (iPhone; CPU iPhone OS 18_7 like Mac OS X) AppleWebKit/605.1.15 (KHTML, like Gecko) Version/26.3 Mobile/15E148 Safari/604.1" "-"
181.91.192.0 - - [02/May/2026:01:20:37 +0200] "GET /wp-content/themes/Divi/js/scripts.min.js?ver=4.27.6 HTTP/1.1" 200 274461 elpayasocobrador.com "https://elpayasocobrador.com/?gad_source=1&gad_campaignid=21305790671&gbraid=0AAAAADK9SJspQ1iPNrJrc6nvSfm9P6tBz&gclid=CjwKCAjwntHPBhAaEiwA_Xp6RnrRIhMaH-TYc5b8J5SxrwmNM8TRR0jgxYztj2KHWC16SDbsQ8VdbBoCRPEQAvD_BwE" "Mozilla/5.0 (iPhone; CPU iPhone OS 18_7 like Mac OS X) AppleWebKit/605.1.15 (KHTML, like Gecko) Version/26.3 Mobile/15E148 Safari/604.1" "-"
181.91.192.0 - - [02/May/2026:01:20:37 +0200] "GET /wp-content/themes/Divi/core/admin/js/common.js?ver=4.27.6 HTTP/1.1" 200 1343 elpayasocobrador.com "https://elpayasocobrador.com/?gad_source=1&gad_campaignid=21305790671&gbraid=0AAAAADK9SJspQ1iPNrJrc6nvSfm9P6tBz&gclid=CjwKCAjwntHPBhAaEiwA_Xp6RnrRIhMaH-TYc5b8J5SxrwmNM8TRR0jgxYztj2KHWC16SDbsQ8VdbBoCRPEQAvD_BwE" "Mozilla/5.0 (iPhone; CPU iPhone OS 18_7 like Mac OS X) AppleWebKit/605.1.15 (KHTML, like Gecko) Version/26.3 Mobile/15E148 Safari/604.1" "-"
181.91.192.0 - - [02/May/2026:01:20:37 +0200] "GET /wp-includes/js/dist/vendor/wp-polyfill.min.js?ver=3.15.0 HTTP/1.1" 200 33548 elpayasocobrador.com "https://elpayasocobrador.com/?gad_source=1&gad_campaignid=21305790671&gbraid=0AAAAADK9SJspQ1iPNrJrc6nvSfm9P6tBz&gclid=CjwKCAjwntHPBhAaEiwA_Xp6RnrRIhMaH-TYc5b8J5SxrwmNM8TRR0jgxYztj2KHWC16SDbsQ8VdbBoCRPEQAvD_BwE" "Mozilla/5.0 (iPhone; CPU iPhone OS 18_7 like Mac OS X) AppleWebKit/605.1.15 (KHTML, like Gecko) Version/26.3 Mobile/15E148 Safari/604.1" "-"
181.91.192.0 - - [02/May/2026:01:20:37 +0200] "GET /wp-content/plugins/contact-form-7/modules/recaptcha/index.js?ver=6.1.5 HTTP/1.1" 200 934 elpayasocobrador.com "https://elpayasocobrador.com/?gad_source=1&gad_campaignid=21305790671&gbraid=0AAAAADK9SJspQ1iPNrJrc6nvSfm9P6tBz&gclid=CjwKCAjwntHPBhAaEiwA_Xp6RnrRIhMaH-TYc5b8J5SxrwmNM8TRR0jgxYztj2KHWC16SDbsQ8VdbBoCRPEQAvD_BwE" "Mozilla/5.0 (iPhone; CPU iPhone OS 18_7 like Mac OS X) AppleWebKit/605.1.15 (KHTML, like Gecko) Version/26.3 Mobile/15E148 Safari/604.1" "-"
181.91.192.0 - - [02/May/2026:01:20:37 +0200] "GET /wp-content/plugins/wp-smushit/app/assets/js/smush-lazy-load.min.js?ver=3.24.0 HTTP/1.1" 200 13836 elpayasocobrador.com "https://elpayasocobrador.com/?gad_source=1&gad_campaignid=21305790671&gbraid=0AAAAADK9SJspQ1iPNrJrc6nvSfm9P6tBz&gclid=CjwKCAjwntHPBhAaEiwA_Xp6RnrRIhMaH-TYc5b8J5SxrwmNM8TRR0jgxYztj2KHWC16SDbsQ8VdbBoCRPEQAvD_BwE" "Mozilla/5.0 (iPhone; CPU iPhone OS 18_7 like Mac OS X) AppleWebKit/605.1.15 (KHTML, like Gecko) Version/26.3 Mobile/15E148 Safari/604.1" "-"
181.91.192.0 - - [02/May/2026:01:20:37 +0200] "GET /wp-includes/js/mediaelement/mediaelement-and-player.min.js?ver=4.2.17 HTTP/1.1" 200 158005 elpayasocobrador.com "https://elpayasocobrador.com/?gad_source=1&gad_campaignid=21305790671&gbraid=0AAAAADK9SJspQ1iPNrJrc6nvSfm9P6tBz&gclid=CjwKCAjwntHPBhAaEiwA_Xp6RnrRIhMaH-TYc5b8J5SxrwmNM8TRR0jgxYztj2KHWC16SDbsQ8VdbBoCRPEQAvD_BwE" "Mozilla/5.0 (iPhone; CPU iPhone OS 18_7 like Mac OS X) AppleWebKit/605.1.15 (KHTML, like Gecko) Version/26.3 Mobile/15E148 Safari/604.1" "-"
181.91.192.0 - - [02/May/2026:01:20:38 +0200] "GET /wp-includes/js/mediaelement/mediaelement-migrate.min.js?ver=9cba96ead3ca9464248400e0a6157ac2 HTTP/1.1" 200 1191 elpayasocobrador.com "https://elpayasocobrador.com/?gad_source=1&gad_campaignid=21305790671&gbraid=0AAAAADK9SJspQ1iPNrJrc6nvSfm9P6tBz&gclid=CjwKCAjwntHPBhAaEiwA_Xp6RnrRIhMaH-TYc5b8J5SxrwmNM8TRR0jgxYztj2KHWC16SDbsQ8VdbBoCRPEQAvD_BwE" "Mozilla/5.0 (iPhone; CPU iPhone OS 18_7 like Mac OS X) AppleWebKit/605.1.15 (KHTML, like Gecko) Version/26.3 Mobile/15E148 Safari/604.1" "-"
181.91.192.0 - - [02/May/2026:01:20:38 +0200] "GET /wp-includes/js/mediaelement/wp-mediaelement.min.js?ver=9cba96ead3ca9464248400e0a6157ac2 HTTP/1.1" 200 1107 elpayasocobrador.com "https://elpayasocobrador.com/?gad_source=1&gad_campaignid=21305790671&gbraid=0AAAAADK9SJspQ1iPNrJrc6nvSfm9P6tBz&gclid=CjwKCAjwntHPBhAaEiwA_Xp6RnrRIhMaH-TYc5b8J5SxrwmNM8TRR0jgxYztj2KHWC16SDbsQ8VdbBoCRPEQAvD_BwE" "Mozilla/5.0 (iPhone; CPU iPhone OS 18_7 like Mac OS X) AppleWebKit/605.1.15 (KHTML, like Gecko) Version/26.3 Mobile/15E148 Safari/604.1" "-"
181.91.192.0 - - [02/May/2026:01:20:38 +0200] "GET /wp-content/themes/Divi/includes/builder/feature/dynamic-assets/assets/js/jquery.fitvids.js?ver=4.27.6 HTTP/1.1" 200 3349 elpayasocobrador.com "https://elpayasocobrador.com/?gad_source=1&gad_campaignid=21305790671&gbraid=0AAAAADK9SJspQ1iPNrJrc6nvSfm9P6tBz&gclid=CjwKCAjwntHPBhAaEiwA_Xp6RnrRIhMaH-TYc5b8J5SxrwmNM8TRR0jgxYztj2KHWC16SDbsQ8VdbBoCRPEQAvD_BwE" "Mozilla/5.0 (iPhone; CPU iPhone OS 18_7 like Mac OS X) AppleWebKit/605.1.15 (KHTML, like Gecko) Version/26.3 Mobile/15E148 Safari/604.1" "-"
181.91.192.0 - - [02/May/2026:01:20:38 +0200] "GET /wp-content/themes/Divi/includes/builder/feature/dynamic-assets/assets/js/jquery.mobile.js?ver=4.27.6 HTTP/1.1" 200 10776 elpayasocobrador.com "https://elpayasocobrador.com/?gad_source=1&gad_campaignid=21305790671&gbraid=0AAAAADK9SJspQ1iPNrJrc6nvSfm9P6tBz&gclid=CjwKCAjwntHPBhAaEiwA_Xp6RnrRIhMaH-TYc5b8J5SxrwmNM8TRR0jgxYztj2KHWC16SDbsQ8VdbBoCRPEQAvD_BwE" "Mozilla/5.0 (iPhone; CPU iPhone OS 18_7 like Mac OS X) AppleWebKit/605.1.15 (KHTML, like Gecko) Version/26.3 Mobile/15E148 Safari/604.1" "-"
181.91.192.0 - - [02/May/2026:01:20:38 +0200] "GET /wp-content/themes/Divi/core/admin/fonts/modules/all/modules.woff HTTP/1.1" 200 92084 elpayasocobrador.com "https://elpayasocobrador.com/?gad_source=1&gad_campaignid=21305790671&gbraid=0AAAAADK9SJspQ1iPNrJrc6nvSfm9P6tBz&gclid=CjwKCAjwntHPBhAaEiwA_Xp6RnrRIhMaH-TYc5b8J5SxrwmNM8TRR0jgxYztj2KHWC16SDbsQ8VdbBoCRPEQAvD_BwE" "Mozilla/5.0 (iPhone; CPU iPhone OS 18_7 like Mac OS X) AppleWebKit/605.1.15 (KHTML, like Gecko) Version/26.3 Mobile/15E148 Safari/604.1" "-"
181.91.192.0 - - [02/May/2026:01:20:38 +0200] "GET /wp-content/uploads/2012/10/elpayasocobrador1.png HTTP/1.1" 200 10929 elpayasocobrador.com "https://elpayasocobrador.com/?gad_source=1&gad_campaignid=21305790671&gbraid=0AAAAADK9SJspQ1iPNrJrc6nvSfm9P6tBz&gclid=CjwKCAjwntHPBhAaEiwA_Xp6RnrRIhMaH-TYc5b8J5SxrwmNM8TRR0jgxYztj2KHWC16SDbsQ8VdbBoCRPEQAvD_BwE" "Mozilla/5.0 (iPhone; CPU iPhone OS 18_7 like Mac OS X) AppleWebKit/605.1.15 (KHTML, like Gecko) Version/26.3 Mobile/15E148 Safari/604.1" "-"
181.91.192.0 - - [02/May/2026:01:20:38 +0200] "GET /wp-content/uploads/2022/06/WhatsApp-Video-2022-06-21-at-12.27.40-PM.mp4 HTTP/1.1" 206 2 elpayasocobrador.com "https://elpayasocobrador.com/?gad_source=1&gad_campaignid=21305790671&gbraid=0AAAAADK9SJspQ1iPNrJrc6nvSfm9P6tBz&gclid=CjwKCAjwntHPBhAaEiwA_Xp6RnrRIhMaH-TYc5b8J5SxrwmNM8TRR0jgxYztj2KHWC16SDbsQ8VdbBoCRPEQAvD_BwE" "Mozilla/5.0 (iPhone; CPU iPhone OS 18_7 like Mac OS X) AppleWebKit/605.1.15 (KHTML, like Gecko) Version/26.3 Mobile/15E148 Safari/604.1" "-"
181.91.192.0 - - [02/May/2026:01:20:38 +0200] "GET /wp-content/uploads/2019/06/5.gif HTTP/1.1" 200 383924 elpayasocobrador.com "https://elpayasocobrador.com/?gad_source=1&gad_campaignid=21305790671&gbraid=0AAAAADK9SJspQ1iPNrJrc6nvSfm9P6tBz&gclid=CjwKCAjwntHPBhAaEiwA_Xp6RnrRIhMaH-TYc5b8J5SxrwmNM8TRR0jgxYztj2KHWC16SDbsQ8VdbBoCRPEQAvD_BwE" "Mozilla/5.0 (iPhone; CPU iPhone OS 18_7 like Mac OS X) AppleWebKit/605.1.15 (KHTML, like Gecko) Version/26.3 Mobile/15E148 Safari/604.1" "-"
181.91.192.0 - - [02/May/2026:01:20:38 +0200] "GET /wp-content/uploads/2022/06/WhatsApp-Video-2022-06-21-at-12.27.40-PM.mp4 HTTP/1.1" 206 6370349 elpayasocobrador.com "https://elpayasocobrador.com/?gad_source=1&gad_campaignid=21305790671&gbraid=0AAAAADK9SJspQ1iPNrJrc6nvSfm9P6tBz&gclid=CjwKCAjwntHPBhAaEiwA_Xp6RnrRIhMaH-TYc5b8J5SxrwmNM8TRR0jgxYztj2KHWC16SDbsQ8VdbBoCRPEQAvD_BwE" "Mozilla/5.0 (iPhone; CPU iPhone OS 18_7 like Mac OS X) AppleWebKit/605.1.15 (KHTML, like Gecko) Version/26.3 Mobile/15E148 Safari/604.1" "-"
181.91.192.0 - - [02/May/2026:01:20:38 +0200] "GET /wp-json/contact-form-7/v1/contact-forms/692/feedback/schema HTTP/1.1" 200 1088 elpayasocobrador.com "https://elpayasocobrador.com/?gad_source=1&gad_campaignid=21305790671&gbraid=0AAAAADK9SJspQ1iPNrJrc6nvSfm9P6tBz&gclid=CjwKCAjwntHPBhAaEiwA_Xp6RnrRIhMaH-TYc5b8J5SxrwmNM8TRR0jgxYztj2KHWC16SDbsQ8VdbBoCRPEQAvD_BwE" "Mozilla/5.0 (iPhone; CPU iPhone OS 18_7 like Mac OS X) AppleWebKit/605.1.15 (KHTML, like Gecko) Version/26.3 Mobile/15E148 Safari/604.1" "-"
181.91.192.0 - - [02/May/2026:01:20:38 +0200] "GET /wp-content/uploads/matomo/matomo.js HTTP/1.1" 404 47918 elpayasocobrador.com "https://elpayasocobrador.com/?gad_source=1&gad_campaignid=21305790671&gbraid=0AAAAADK9SJspQ1iPNrJrc6nvSfm9P6tBz&gclid=CjwKCAjwntHPBhAaEiwA_Xp6RnrRIhMaH-TYc5b8J5SxrwmNM8TRR0jgxYztj2KHWC16SDbsQ8VdbBoCRPEQAvD_BwE" "Mozilla/5.0 (iPhone; CPU iPhone OS 18_7 like Mac OS X) AppleWebKit/605.1.15 (KHTML, like Gecko) Version/26.3 Mobile/15E148 Safari/604.1" "-"
181.91.192.0 - - [02/May/2026:01:20:39 +0200] "GET /wp-content/uploads/2019/06/3.gif HTTP/1.1" 200 325278 elpayasocobrador.com "https://elpayasocobrador.com/?gad_source=1&gad_campaignid=21305790671&gbraid=0AAAAADK9SJspQ1iPNrJrc6nvSfm9P6tBz&gclid=CjwKCAjwntHPBhAaEiwA_Xp6RnrRIhMaH-TYc5b8J5SxrwmNM8TRR0jgxYztj2KHWC16SDbsQ8VdbBoCRPEQAvD_BwE" "Mozilla/5.0 (iPhone; CPU iPhone OS 18_7 like Mac OS X) AppleWebKit/605.1.15 (KHTML, like Gecko) Version/26.3 Mobile/15E148 Safari/604.1" "-"
181.91.192.0 - - [02/May/2026:01:20:39 +0200] "GET /wp-content/uploads/2019/06/1.gif HTTP/1.1" 200 384498 elpayasocobrador.com "https://elpayasocobrador.com/?gad_source=1&gad_campaignid=21305790671&gbraid=0AAAAADK9SJspQ1iPNrJrc6nvSfm9P6tBz&gclid=CjwKCAjwntHPBhAaEiwA_Xp6RnrRIhMaH-TYc5b8J5SxrwmNM8TRR0jgxYztj2KHWC16SDbsQ8VdbBoCRPEQAvD_BwE" "Mozilla/5.0 (iPhone; CPU iPhone OS 18_7 like Mac OS X) AppleWebKit/605.1.15 (KHTML, like Gecko) Version/26.3 Mobile/15E148 Safari/604.1" "-"
181.91.192.0 - - [02/May/2026:01:20:41 +0200] "GET /?wordfence_lh=1&hid=032493E16048E54406121676A4B077BA&r=0.10855440906950853 HTTP/1.1" 200 - elpayasocobrador.com "https://elpayasocobrador.com/?gad_source=1&gad_campaignid=21305790671&gbraid=0AAAAADK9SJspQ1iPNrJrc6nvSfm9P6tBz&gclid=CjwKCAjwntHPBhAaEiwA_Xp6RnrRIhMaH-TYc5b8J5SxrwmNM8TRR0jgxYztj2KHWC16SDbsQ8VdbBoCRPEQAvD_BwE" "Mozilla/5.0 (iPhone; CPU iPhone OS 18_7 like Mac OS X) AppleWebKit/605.1.15 (KHTML, like Gecko) Version/26.3 Mobile/15E148 Safari/604.1" "-"
2a03:2880:f800:: - - [02/May/2026:01:20:43 +0200] "GET /items/B121194271/?path=/homepages/35 HTTP/1.1" 200 124540 www.caldereria-balantxa.com "-" "meta-externalagent/1.1 (+https://developers.facebook.com/docs/sharing/webmasters/crawler)" "-"
181.91.192.0 - - [02/May/2026:01:20:44 +0200] "GET /wp-content/uploads/2019/06/2.gif HTTP/1.1" 200 393689 elpayasocobrador.com "https://elpayasocobrador.com/?gad_source=1&gad_campaignid=21305790671&gbraid=0AAAAADK9SJspQ1iPNrJrc6nvSfm9P6tBz&gclid=CjwKCAjwntHPBhAaEiwA_Xp6RnrRIhMaH-TYc5b8J5SxrwmNM8TRR0jgxYztj2KHWC16SDbsQ8VdbBoCRPEQAvD_BwE" "Mozilla/5.0 (iPhone; CPU iPhone OS 18_7 like Mac OS X) AppleWebKit/605.1.15 (KHTML, like Gecko) Version/26.3 Mobile/15E148 Safari/604.1" "-"
181.91.192.0 - - [02/May/2026:01:20:44 +0200] "GET /wp-content/uploads/2019/06/4.gif HTTP/1.1" 200 391342 elpayasocobrador.com "https://elpayasocobrador.com/?gad_source=1&gad_campaignid=21305790671&gbraid=0AAAAADK9SJspQ1iPNrJrc6nvSfm9P6tBz&gclid=CjwKCAjwntHPBhAaEiwA_Xp6RnrRIhMaH-TYc5b8J5SxrwmNM8TRR0jgxYztj2KHWC16SDbsQ8VdbBoCRPEQAvD_BwE" "Mozilla/5.0 (iPhone; CPU iPhone OS 18_7 like Mac OS X) AppleWebKit/605.1.15 (KHTML, like Gecko) Version/26.3 Mobile/15E148 Safari/604.1" "-"
181.91.192.0 - - [02/May/2026:01:20:44 +0200] "GET /wp-content/uploads/2019/06/pixel.gif HTTP/1.1" 200 1095 elpayasocobrador.com "https://elpayasocobrador.com/?gad_source=1&gad_campaignid=21305790671&gbraid=0AAAAADK9SJspQ1iPNrJrc6nvSfm9P6tBz&gclid=CjwKCAjwntHPBhAaEiwA_Xp6RnrRIhMaH-TYc5b8J5SxrwmNM8TRR0jgxYztj2KHWC16SDbsQ8VdbBoCRPEQAvD_BwE" "Mozilla/5.0 (iPhone; CPU iPhone OS 18_7 like Mac OS X) AppleWebKit/605.1.15 (KHTML, like Gecko) Version/26.3 Mobile/15E148 Safari/604.1" "-"
2a03:2880:f800:: - - [02/May/2026:01:20:45 +0200] "GET /resultado-colombia-chile/ HTTP/1.1" 200 66919 biark.net "-" "meta-externalagent/1.1 (+https://developers.facebook.com/docs/sharing/webmasters/crawler)" "-"
2a03:2880:f800:: - - [02/May/2026:01:20:48 +0200] "GET /items/K69820203086?path=/homepages/2/d834828290/htdocs/clickandbuilds/caldereria-balantxa.com/wp-content HTTP/1.1" 200 32410 www.caldereria-balantxa.com "-" "meta-externalagent/1.1 (+https://developers.facebook.com/docs/sharing/webmasters/crawler)" "-"
181.91.192.0 - - [02/May/2026:01:20:49 +0200] "GET /wp-content/uploads/2019/06/cropped-favicon-192x192.gif HTTP/1.1" 200 5057 elpayasocobrador.com "https://elpayasocobrador.com/?gad_source=1&gad_campaignid=21305790671&gbraid=0AAAAADK9SJspQ1iPNrJrc6nvSfm9P6tBz&gclid=CjwKCAjwntHPBhAaEiwA_Xp6RnrRIhMaH-TYc5b8J5SxrwmNM8TRR0jgxYztj2KHWC16SDbsQ8VdbBoCRPEQAvD_BwE" "Mozilla/5.0 (iPhone; CPU iPhone OS 18_7 like Mac OS X) AppleWebKit/605.1.15 (KHTML, like Gecko) Version/26.3 Mobile/15E148 Safari/604.1" "-"
181.91.192.0 - - [02/May/2026:01:20:49 +0200] "GET /wp-content/uploads/2019/06/cropped-favicon-32x32.gif HTTP/1.1" 200 380 elpayasocobrador.com "https://elpayasocobrador.com/?gad_source=1&gad_campaignid=21305790671&gbraid=0AAAAADK9SJspQ1iPNrJrc6nvSfm9P6tBz&gclid=CjwKCAjwntHPBhAaEiwA_Xp6RnrRIhMaH-TYc5b8J5SxrwmNM8TRR0jgxYztj2KHWC16SDbsQ8VdbBoCRPEQAvD_BwE" "Mozilla/5.0 (iPhone; CPU iPhone OS 18_7 like Mac OS X) AppleWebKit/605.1.15 (KHTML, like Gecko) Version/26.3 Mobile/15E148 Safari/604.1" "-"
181.91.192.0 - - [02/May/2026:01:20:49 +0200] "GET /wp-json/contact-form-7/v1/contact-forms/692/refill HTTP/1.1" 200 2 elpayasocobrador.com "https://elpayasocobrador.com/?gad_source=1&gad_campaignid=21305790671&gbraid=0AAAAADK9SJspQ1iPNrJrc6nvSfm9P6tBz&gclid=CjwKCAjwntHPBhAaEiwA_Xp6RnrRIhMaH-TYc5b8J5SxrwmNM8TRR0jgxYztj2KHWC16SDbsQ8VdbBoCRPEQAvD_BwE" "Mozilla/5.0 (iPhone; CPU iPhone OS 18_7 like Mac OS X) AppleWebKit/605.1.15 (KHTML, like Gecko) Version/26.3 Mobile/15E148 Safari/604.1" "-"
181.91.192.0 - - [02/May/2026:01:20:51 +0200] "GET /wp-content/uploads/2019/06/cropped-favicon-180x180.gif HTTP/1.1" 200 4853 elpayasocobrador.com "https://elpayasocobrador.com/?gad_source=1&gad_campaignid=21305790671&gbraid=0AAAAADK9SJspQ1iPNrJrc6nvSfm9P6tBz&gclid=CjwKCAjwntHPBhAaEiwA_Xp6RnrRIhMaH-TYc5b8J5SxrwmNM8TRR0jgxYztj2KHWC16SDbsQ8VdbBoCRPEQAvD_BwE" "Mozilla/5.0 (iPhone; CPU iPhone OS 18_7 like Mac OS X) AppleWebKit/605.1.15 (KHTML, like Gecko) Version/26.3 Mobile/15E148 Safari/604.1" "-"
74.7.242.0 - - [02/May/2026:01:20:51 +0200] "GET /?fileloc=//kunden/kunden/kunden/kunden/kunden/kunden/kunden/proc/thread-self/root/proc/self/root/kunden/usr/lib/ruby/vendor_ruby/rubygems/commands/open_command.rb&path=//kunden/kunden/kunden/kunden/kunden/kunden/kunden/proc/thread-self/root/proc/self/root/kunden/usr/lib/ruby/vendor_ruby/rubygems/commands HTTP/1.1" 200 16469 www.caldereria-balantxa.com "https://www.caldereria-balantxa.com/?path=//kunden/kunden/kunden/kunden/kunden/kunden/kunden/proc/thread-self/root/proc/self/root/kunden/usr/lib/ruby/vendor_ruby/rubygems/commands" "Mozilla/5.0 AppleWebKit/537.36 (KHTML, like Gecko; compatible; GPTBot/1.3; +https://openai.com/gptbot)" "-"
114.119.157.0 - - [02/May/2026:01:20:51 +0200] "GET /2024/03/11/como-se-paga-en-el-blackjack/ HTTP/1.1" 404 31318 www.soldadura-aircom.com "https://www.soldadura-aircom.com/wp-sitemap-posts-post-1.xml" "Mozilla/5.0 (Linux; Android 7.0;) AppleWebKit/537.36 (HTML, like Gecko) Mobile Safari/537.36 (compatible; PetalBot;+https://webmaster.petalsearch.com/site/petalbot)" "-"
74.7.243.0 - - [02/May/2026:01:20:53 +0200] "GET /?p=32838 HTTP/1.1" 301 - elpayasocobrador.com "https://elpayasocobrador.com/?p=32847" "Mozilla/5.0 AppleWebKit/537.36 (KHTML, like Gecko; compatible; GPTBot/1.3; +https://openai.com/gptbot)" "-"
2a03:2880:f800:: - - [02/May/2026:01:20:53 +0200] "GET /items/B121494932/?path=//sbin HTTP/1.1" 200 274100 www.caldereria-balantxa.com "-" "meta-externalagent/1.1 (+https://developers.facebook.com/docs/sharing/webmasters/crawler)" "-"
2a03:2880:f800:: - - [02/May/2026:01:20:54 +0200] "GET /wp-json/wp/v2/posts/11803 HTTP/1.1" 200 6181 biark.net "-" "meta-externalagent/1.1 (+https://developers.facebook.com/docs/sharing/webmasters/crawler)" "-"
74.7.227.0 - - [02/May/2026:01:20:54 +0200] "GET /?fileloc=/homepages/2/d834828290/htdocs/clickandbuilds/caldereria-balantxa.com/wp-content/et-cache/9273/et-divi-dynamic-9273-late.css&path=/homepages/2/d834828290/htdocs/clickandbuilds/caldereria-balantxa.com/wp-content/et-cache/9273 HTTP/1.1" 200 13004 caldereria-balantxa.com "https://caldereria-balantxa.com/?path=/homepages/2/d834828290/htdocs/clickandbuilds/caldereria-balantxa.com/wp-content/et-cache/9273" "Mozilla/5.0 AppleWebKit/537.36 (KHTML, like Gecko; compatible; GPTBot/1.3; +https://openai.com/gptbot)" "-"
74.7.243.0 - - [02/May/2026:01:20:55 +0200] "GET /sitios-de-cripto-tragamonedas-en-l%C3%ADnea/ HTTP/1.1" 200 57461 elpayasocobrador.com "https://elpayasocobrador.com/?p=32838" "Mozilla/5.0 AppleWebKit/537.36 (KHTML, like Gecko; compatible; GPTBot/1.3; +https://openai.com/gptbot)" "-"
2a03:2880:f800:: - - [02/May/2026:01:20:57 +0200] "GET /items/B121530319/?path=/homepages/21/d388115587 HTTP/1.1" 200 31422 www.caldereria-balantxa.com "-" "meta-externalagent/1.1 (+https://developers.facebook.com/docs/sharing/webmasters/crawler)" "-"
136.243.228.0 - - [02/May/2026:01:20:59 +0200] "GET /machine-a-sous-gratuit?fileloc=/homepages/2/d834828290/htdocs/clickandbuilds/caldereria-balantxa.com/wp-cron.php&path=/homepages/2/d834828290/htdocs/clickandbuilds/caldereria-balantxa.com HTTP/1.1" 200 18572 www.caldereria-balantxa.com "-" "Mozilla/5.0 (compatible; DataForSeoBot/1.0; +https://dataforseo.com/dataforseo-bot)" "-"
2a03:2880:f800:: - - [02/May/2026:01:21:01 +0200] "GET /sitemap719.xml?path=/ HTTP/1.1" 200 44504 caldereria-balantxa.com "-" "meta-externalagent/1.1 (+https://developers.facebook.com/docs/sharing/webmasters/crawler)" "-"
114.119.139.0 - - [02/May/2026:01:21:02 +0200] "GET /apuestas-casino-gratis/ HTTP/1.1" 200 55437 www.planeadosalbe.com "https://www.planeadosalbe.com/wp-sitemap-posts-post-1.xml" "Mozilla/5.0 (Linux; Android 7.0;) AppleWebKit/537.36 (HTML, like Gecko) Mobile Safari/537.36 (compatible; PetalBot;+https://webmaster.petalsearch.com/site/petalbot)" "-"
47.82.11.0 - - [02/May/2026:01:21:03 +0200] "GET /juegos-de-casino-5-tambores-gratis HTTP/1.1" 429 267 elpayasocobrador.com "https://elpayasocobrador.com/" "Mozilla/5.0 (Windows NT 10.0; Win64; x64) AppleWebKit/537.36 (KHTML, like Gecko) Chrome/135.0.0.0 Safari/537.36" "-"
2a03:2880:f800:: - - [02/May/2026:01:21:06 +0200] "GET /items/B121565565/?path=/homepages/10/d388543981 HTTP/1.1" 200 28466 www.caldereria-balantxa.com "-" "meta-externalagent/1.1 (+https://developers.facebook.com/docs/sharing/webmasters/crawler)" "-"
136.243.228.0 - - [02/May/2026:01:21:08 +0200] "GET /machine-a-sous-gratuit?path=/homepages/2/d834828290/htdocs/clickandbuilds/caldereria-balantxa.com HTTP/1.1" 200 52512 www.caldereria-balantxa.com "-" "Mozilla/5.0 (compatible; DataForSeoBot/1.0; +https://dataforseo.com/dataforseo-bot)" "-"
47.82.10.0 - - [02/May/2026:01:21:09 +0200] "GET /cuantas-cartas-hay-en-el-blackjack HTTP/1.1" 429 267 elpayasocobrador.com "https://elpayasocobrador.com/" "Mozilla/5.0 (Macintosh; Intel Mac OS X 10_15_7) AppleWebKit/605.1.15 (KHTML, like Gecko) Version/18.3 Safari/605.1.15" "-"
2a03:2880:f800:: - - [02/May/2026:01:21:09 +0200] "GET /items/B121488571/?path=/homepages/2/d386031823 HTTP/1.1" 200 26933 www.caldereria-balantxa.com "-" "meta-externalagent/1.1 (+https://developers.facebook.com/docs/sharing/webmasters/crawler)" "-"
5.255.231.0 - - [02/May/2026:01:21:10 +0200] "GET /robots.txt HTTP/1.1" 429 267 biark.net "-" "Mozilla/5.0 (compatible; YandexBot/3.0; +http://yandex.com/bots)" "-"
2a03:2880:f800:: - - [02/May/2026:01:21:13 +0200] "GET /items/B121051961/?path=//kunden/bin HTTP/1.1" 200 1812464 www.caldereria-balantxa.com "-" "meta-externalagent/1.1 (+https://developers.facebook.com/docs/sharing/webmasters/crawler)" "-"
136.243.228.0 - - [02/May/2026:01:21:16 +0200] "GET /machine-a-sous-gratuit?fileloc=/homepages/2/d834828290/htdocs/clickandbuilds/caldereria-balantxa.com/wp-comments-post.php&path=/homepages/2/d834828290/htdocs/clickandbuilds/caldereria-balantxa.com HTTP/1.1" 200 15288 www.caldereria-balantxa.com "-" "Mozilla/5.0 (compatible; DataForSeoBot/1.0; +https://dataforseo.com/dataforseo-bot)" "-"
2a03:2880:f800:: - - [02/May/2026:01:21:17 +0200] "GET /items/B121119312/?path=/homepages/2/d388250317/htdocs HTTP/1.1" 200 12763 www.caldereria-balantxa.com "-" "meta-externalagent/1.1 (+https://developers.facebook.com/docs/sharing/webmasters/crawler)" "-"
92.222.108.0 - - [02/May/2026:01:21:18 +0200] "GET /el-mejor-sistema-de-ruleta-del-mundo/ HTTP/1.1" 200 35946 www.soldadura-aircom.com "-" "Mozilla/5.0 (compatible; AhrefsBot/7.0; +http://ahrefs.com/robot/)" "-"
2a03:2880:f800:: - - [02/May/2026:01:21:21 +0200] "GET /items/B121239488/?path=/homepages/2/d386982304 HTTP/1.1" 429 267 www.caldereria-balantxa.com "-" "meta-externalagent/1.1 (+https://developers.facebook.com/docs/sharing/webmasters/crawler)" "-"
2a03:2880:f800:: - - [02/May/2026:01:21:23 +0200] "GET /items/B122208314/?path=/homepages/14 HTTP/1.1" 429 267 www.caldereria-balantxa.com "-" "meta-externalagent/1.1 (+https://developers.facebook.com/docs/sharing/webmasters/crawler)" "-"
2a03:2880:f800:: - - [02/May/2026:01:21:24 +0200] "GET /items/B121628989/?path=/homepages/12/d388507135 HTTP/1.1" 429 267 www.caldereria-balantxa.com "-" "meta-externalagent/1.1 (+https://developers.facebook.com/docs/sharing/webmasters/crawler)" "-"
136.243.228.0 - - [02/May/2026:01:21:24 +0200] "GET /machine-a-sous-gratuit?fileloc=/homepages/2/d834828290/htdocs/clickandbuilds/caldereria-balantxa.com/wp-load.php&path=/homepages/2/d834828290/htdocs/clickandbuilds/caldereria-balantxa.com HTTP/1.1" 200 17125 www.caldereria-balantxa.com "-" "Mozilla/5.0 (compatible; DataForSeoBot/1.0; +https://dataforseo.com/dataforseo-bot)" "-"
198.244.168.0 - - [02/May/2026:01:21:26 +0200] "GET /resultado-getafe-real-sociedad/ HTTP/1.1" 404 31217 www.erlain.es "-" "Mozilla/5.0 (compatible; AhrefsBot/7.0; +http://ahrefs.com/robot/)" "-"
2a03:2880:f800:: - - [02/May/2026:01:21:28 +0200] "GET /items/B122137159/?path=/homepages/29/d387614105 HTTP/1.1" 429 267 www.caldereria-balantxa.com "-" "meta-externalagent/1.1 (+https://developers.facebook.com/docs/sharing/webmasters/crawler)" "-"
114.119.145.0 - - [02/May/2026:01:21:29 +0200] "GET /?p=40478 HTTP/1.1" 301 - elpayasocobrador.com "https://elpayasocobrador.com/?p=40564" "Mozilla/5.0 (Linux; Android 7.0;) AppleWebKit/537.36 (HTML, like Gecko) Mobile Safari/537.36 (compatible; PetalBot;+https://webmaster.petalsearch.com/site/petalbot)" "-"
2a03:2880:f800:: - - [02/May/2026:01:21:29 +0200] "GET /jackbit-casino-bono-sin-dep%C3%B3sito-50-giros-gratis-2025/ HTTP/1.1" 200 66963 biark.net "-" "meta-externalagent/1.1 (+https://developers.facebook.com/docs/sharing/webmasters/crawler)" "-"
2a03:2880:f800:: - - [02/May/2026:01:21:29 +0200] "GET /items/B121991123/?path=/homepages/2 HTTP/1.1" 429 267 www.caldereria-balantxa.com "-" "meta-externalagent/1.1 (+https://developers.facebook.com/docs/sharing/webmasters/crawler)" "-"
82.165.80.0 - - [02/May/2026:01:21:30 +0200] "POST /wp-cron.php?doing_wp_cron=1777677690.6521520614624023437500 HTTP/1.1" 200 - elpayasocobrador.com "-" "WordPress/6.9.4; https://elpayasocobrador.com" "-"
114.119.145.0 - - [02/May/2026:01:21:32 +0200] "GET /como-funcionan-las-vip-casas-de-apuestas-fisicas/ HTTP/1.1" 200 52784 elpayasocobrador.com "https://elpayasocobrador.com/?p=40564" "Mozilla/5.0 (Linux; Android 7.0;) AppleWebKit/537.36 (HTML, like Gecko) Mobile Safari/537.36 (compatible; PetalBot;+https://webmaster.petalsearch.com/site/petalbot)" "-"
74.7.242.0 - - [02/May/2026:01:21:33 +0200] "GET /?path=//kunden/kunden/kunden/kunden/kunden/kunden/kunden/proc/thread-self/root/proc/self/root/kunden/usr/lib/ruby/vendor_ruby/rubygems/resolver/api_set HTTP/1.1" 200 16694 www.caldereria-balantxa.com "https://www.caldereria-balantxa.com/?path=//kunden/kunden/kunden/kunden/kunden/kunden/kunden/proc/thread-self/root/proc/self/root/kunden/usr/lib/ruby/vendor_ruby/rubygems/resolver" "Mozilla/5.0 AppleWebKit/537.36 (KHTML, like Gecko; compatible; GPTBot/1.3; +https://openai.com/gptbot)" "-"
2a03:2880:f800:: - - [02/May/2026:01:21:33 +0200] "GET /post-sitemap9.xml?path=//media HTTP/1.1" 429 267 www.caldereria-balantxa.com "-" "meta-externalagent/1.1 (+https://developers.facebook.com/docs/sharing/webmasters/crawler)" "-"
136.243.228.0 - - [02/May/2026:01:21:33 +0200] "GET /machine-a-sous-gratuit?path=/homepages HTTP/1.1" 200 81138 www.caldereria-balantxa.com "-" "Mozilla/5.0 (compatible; DataForSeoBot/1.0; +https://dataforseo.com/dataforseo-bot)" "-"
2a03:2880:f800:: - - [02/May/2026:01:21:34 +0200] "GET /items/B122103397/?path=/homepages/43/d386467413 HTTP/1.1" 429 267 www.caldereria-balantxa.com "-" "meta-externalagent/1.1 (+https://developers.facebook.com/docs/sharing/webmasters/crawler)" "-"
74.7.227.0 - - [02/May/2026:01:21:35 +0200] "GET /?fileloc=/homepages/2/d834828290/htdocs/clickandbuilds/caldereria-balantxa.com/wp-content/et-cache/1102/et-divi-dynamic-1102.css&path=/homepages/2/d834828290/htdocs/clickandbuilds/caldereria-balantxa.com/wp-content/et-cache/1102 HTTP/1.1" 200 12999 caldereria-balantxa.com "https://caldereria-balantxa.com/?path=/homepages/2/d834828290/htdocs/clickandbuilds/caldereria-balantxa.com/wp-content/et-cache/1102" "Mozilla/5.0 AppleWebKit/537.36 (KHTML, like Gecko; compatible; GPTBot/1.3; +https://openai.com/gptbot)" "-"
5.39.1.0 - - [02/May/2026:01:21:37 +0200] "GET /paginas-de-apuestas-con-bitcoins/ HTTP/1.1" 200 67328 biark.net "-" "Mozilla/5.0 (compatible; AhrefsBot/7.0; +http://ahrefs.com/robot/)" "-"
2a03:2880:f800:: - - [02/May/2026:01:21:40 +0200] "GET /items/B121929642/?fileloc=//bin/fc-cache&path=//bin HTTP/1.1" 429 267 www.caldereria-balantxa.com "-" "meta-externalagent/1.1 (+https://developers.facebook.com/docs/sharing/webmasters/crawler)" "-"
136.243.228.0 - - [02/May/2026:01:21:42 +0200] "GET /machine-a-sous-gratuit?fileloc=/homepages/2/d834828290/htdocs/clickandbuilds/caldereria-balantxa.com/wp-config.php&path=/homepages/2/d834828290/htdocs/clickandbuilds/caldereria-balantxa.com HTTP/1.1" 503 339 www.caldereria-balantxa.com "-" "Mozilla/5.0 (compatible; DataForSeoBot/1.0; +https://dataforseo.com/dataforseo-bot)" "-"
2a03:2880:f800:: - - [02/May/2026:01:21:42 +0200] "GET /items/B122040118/?path=/homepages/10/d390948548 HTTP/1.1" 429 267 www.caldereria-balantxa.com "-" "meta-externalagent/1.1 (+https://developers.facebook.com/docs/sharing/webmasters/crawler)" "-"
74.7.243.0 - - [02/May/2026:01:21:45 +0200] "GET /?p=34306 HTTP/1.1" 301 - elpayasocobrador.com "https://elpayasocobrador.com/?p=35174" "Mozilla/5.0 AppleWebKit/537.36 (KHTML, like Gecko; compatible; GPTBot/1.3; +https://openai.com/gptbot)" "-"
40.77.167.0 - - [02/May/2026:01:21:45 +0200] "GET /resultados-pron%C3%B3sticos-deportivos-de-hoy/?path=/homepages/2/d834828290 HTTP/1.1" 200 31371 www.caldereria-balantxa.com "-" "Mozilla/5.0 AppleWebKit/537.36 (KHTML, like Gecko; compatible; bingbot/2.0; +http://www.bing.com/bingbot.htm) Chrome/116.0.1938.76 Safari/537.36" "-"
17.22.253.0 - - [02/May/2026:01:21:46 +0200] "GET /wp-content/plugins/contact-form-7/includes/css/styles.css?ver=6.1.5 HTTP/1.1" 200 2947 elpayasocobrador.com "https://elpayasocobrador.com/casas-de-apuestas-com/" "Mozilla/5.0 (Macintosh; Intel Mac OS X 10_15_7) AppleWebKit/605.1.15 (KHTML, like Gecko) Version/17.4 Safari/605.1.15 (Applebot/0.1; +http://www.apple.com/go/applebot)" "-"
74.7.243.0 - - [02/May/2026:01:21:46 +0200] "GET /tragamonedas-gratis-50-lineas/ HTTP/1.1" 200 53276 elpayasocobrador.com "https://elpayasocobrador.com/?p=34306" "Mozilla/5.0 AppleWebKit/537.36 (KHTML, like Gecko; compatible; GPTBot/1.3; +https://openai.com/gptbot)" "-"
17.22.245.0 - - [02/May/2026:01:21:47 +0200] "GET /wp-includes/js/dist/hooks.min.js?ver=dd5603f07f9220ed27f1 HTTP/1.1" 200 5661 elpayasocobrador.com "https://elpayasocobrador.com/casas-de-apuestas-com/" "Mozilla/5.0 (Macintosh; Intel Mac OS X 10_15_7) AppleWebKit/605.1.15 (KHTML, like Gecko) Version/17.4 Safari/605.1.15 (Applebot/0.1; +http://www.apple.com/go/applebot)" "-"
2a03:2880:f800:: - - [02/May/2026:01:21:48 +0200] "GET /items/B122104481/?path=/homepages/31/d387961249 HTTP/1.1" 429 267 www.caldereria-balantxa.com "-" "meta-externalagent/1.1 (+https://developers.facebook.com/docs/sharing/webmasters/crawler)" "-"
17.22.245.0 - - [02/May/2026:01:21:49 +0200] "GET /wp-content/plugins/contact-form-7/includes/swv/js/index.js?ver=6.1.5 HTTP/1.1" 200 12512 elpayasocobrador.com "https://elpayasocobrador.com/casas-de-apuestas-com/" "Mozilla/5.0 (Macintosh; Intel Mac OS X 10_15_7) AppleWebKit/605.1.15 (KHTML, like Gecko) Version/17.4 Safari/605.1.15 (Applebot/0.1; +http://www.apple.com/go/applebot)" "-"
17.22.245.0 - - [02/May/2026:01:21:50 +0200] "GET /wp-content/themes/Divi/style-static.min.css?ver=4.27.6 HTTP/1.1" 200 824698 elpayasocobrador.com "https://elpayasocobrador.com/casas-de-apuestas-com/" "Mozilla/5.0 (Macintosh; Intel Mac OS X 10_15_7) AppleWebKit/605.1.15 (KHTML, like Gecko) Version/17.4 Safari/605.1.15 (Applebot/0.1; +http://www.apple.com/go/applebot)" "-"
2a03:2880:f800:: - - [02/May/2026:01:21:50 +0200] "GET /items/B121870598/?fileloc=//bin/c99&path=//bin HTTP/1.1" 429 267 www.caldereria-balantxa.com "-" "meta-externalagent/1.1 (+https://developers.facebook.com/docs/sharing/webmasters/crawler)" "-"
136.243.228.0 - - [02/May/2026:01:21:50 +0200] "GET /machine-a-sous-gratuit?fileloc=/homepages/2/d834828290/htdocs/clickandbuilds/caldereria-balantxa.com/wp-signup.php&path=/homepages/2/d834828290/htdocs/clickandbuilds/caldereria-balantxa.com HTTP/1.1" 200 54140 www.caldereria-balantxa.com "-" "Mozilla/5.0 (compatible; DataForSeoBot/1.0; +https://dataforseo.com/dataforseo-bot)" "-"
213.180.203.0 - - [02/May/2026:01:21:51 +0200] "GET /c%C3%B3mo-se-usan-los-cubitos-en-un-juego-de-dados/?amp=1 HTTP/1.1" 429 267 elpayasocobrador.com "-" "Mozilla/5.0 (compatible; YandexBot/3.0; +http://yandex.com/bots)" "-"
2a03:2880:f800:: - - [02/May/2026:01:21:51 +0200] "GET /items/B122083601/?path=/homepages/2/d834828290/htdocs/clickandbuilds/caldereria-balantxa.com/wp-includes HTTP/1.1" 429 267 www.caldereria-balantxa.com "-" "meta-externalagent/1.1 (+https://developers.facebook.com/docs/sharing/webmasters/crawler)" "-"
17.22.237.0 - - [02/May/2026:01:21:52 +0200] "GET /wp-content/plugins/contact-form-7/includes/js/index.js?ver=6.1.5 HTTP/1.1" 200 13452 elpayasocobrador.com "https://elpayasocobrador.com/casas-de-apuestas-com/" "Mozilla/5.0 (Macintosh; Intel Mac OS X 10_15_7) AppleWebKit/605.1.15 (KHTML, like Gecko) Version/17.4 Safari/605.1.15 (Applebot/0.1; +http://www.apple.com/go/applebot)" "-"
2a03:2880:f800:: - - [02/May/2026:01:21:52 +0200] "GET /items/B121259742/?path=/homepages/26/d391114944 HTTP/1.1" 429 267 www.caldereria-balantxa.com "-" "meta-externalagent/1.1 (+https://developers.facebook.com/docs/sharing/webmasters/crawler)" "-"
17.22.253.0 - - [02/May/2026:01:21:53 +0200] "GET /wp-includes/js/dist/i18n.min.js?ver=c26c3dc7bed366793375 HTTP/1.1" 200 5314 elpayasocobrador.com "https://elpayasocobrador.com/casas-de-apuestas-com/" "Mozilla/5.0 (Macintosh; Intel Mac OS X 10_15_7) AppleWebKit/605.1.15 (KHTML, like Gecko) Version/17.4 Safari/605.1.15 (Applebot/0.1; +http://www.apple.com/go/applebot)" "-"
17.22.237.0 - - [02/May/2026:01:21:54 +0200] "GET /wp-includes/js/jquery/jquery.min.js?ver=3.7.1 HTTP/1.1" 200 87553 elpayasocobrador.com "https://elpayasocobrador.com/casas-de-apuestas-com/" "Mozilla/5.0 (Macintosh; Intel Mac OS X 10_15_7) AppleWebKit/605.1.15 (KHTML, like Gecko) Version/17.4 Safari/605.1.15 (Applebot/0.1; +http://www.apple.com/go/applebot)" "-"
