2a03:2880:f800:: - - [02/May/2026:02:26:47 +0200] "GET /pronostico-y-predicciones-mlb/ HTTP/1.1" 200 67017 biark.net "-" "meta-externalagent/1.1 (+https://developers.facebook.com/docs/sharing/webmasters/crawler)" "-"
2a03:2880:f800:: - - [02/May/2026:02:26:49 +0200] "GET /items/B121452971/?path=/homepages/37 HTTP/1.1" 200 121876 www.caldereria-balantxa.com "-" "meta-externalagent/1.1 (+https://developers.facebook.com/docs/sharing/webmasters/crawler)" "-"
114.119.154.0 - - [02/May/2026:02:26:49 +0200] "GET /?p=41006 HTTP/1.1" 301 - elpayasocobrador.com "https://elpayasocobrador.com/?p=42075" "Mozilla/5.0 (Linux; Android 7.0;) AppleWebKit/537.36 (HTML, like Gecko) Mobile Safari/537.36 (compatible; PetalBot;+https://webmaster.petalsearch.com/site/petalbot)" "-"
40.77.167.0 - - [02/May/2026:02:26:49 +0200] "GET /que-es-un-juego-de-jackpot/ HTTP/1.1" 200 66579 biark.net "-" "Mozilla/5.0 AppleWebKit/537.36 (KHTML, like Gecko; compatible; bingbot/2.0; +http://www.bing.com/bingbot.htm) Chrome/116.0.1938.76 Safari/537.36" "-"
114.119.154.0 - - [02/May/2026:02:26:51 +0200] "GET /como-calcular-las-apuestas/ HTTP/1.1" 200 53380 elpayasocobrador.com "https://elpayasocobrador.com/?p=42075" "Mozilla/5.0 (Linux; Android 7.0;) AppleWebKit/537.36 (HTML, like Gecko) Mobile Safari/537.36 (compatible; PetalBot;+https://webmaster.petalsearch.com/site/petalbot)" "-"
2a03:2880:f800:: - - [02/May/2026:02:26:53 +0200] "GET /items/B121937431/?path=/homepages/2 HTTP/1.1" 200 128273 www.caldereria-balantxa.com "-" "meta-externalagent/1.1 (+https://developers.facebook.com/docs/sharing/webmasters/crawler)" "-"
54.39.6.0 - - [02/May/2026:02:26:55 +0200] "GET /los-andes-casino-bono-sin-dep%C3%B3sito-50-giros-gratis-2025/ HTTP/1.1" 200 52512 www.caldereria-balantxa.com "-" "Mozilla/5.0 (compatible; AhrefsBot/7.0; +http://ahrefs.com/robot/)" "-"
52.167.144.0 - - [02/May/2026:02:26:56 +0200] "GET /prediccion-chile-vs-argentina-2025/ HTTP/1.1" 200 52512 www.caldereria-balantxa.com "-" "Mozilla/5.0 AppleWebKit/537.36 (KHTML, like Gecko; compatible; bingbot/2.0; +http://www.bing.com/bingbot.htm) Chrome/116.0.1938.76 Safari/537.36" "-"
198.244.242.0 - - [02/May/2026:02:26:56 +0200] "GET /casas-apuestas-promociones/ HTTP/1.1" 404 31217 www.erlain.es "-" "Mozilla/5.0 (compatible; AhrefsBot/7.0; +http://ahrefs.com/robot/)" "-"
2a03:2880:f800:: - - [02/May/2026:02:26:57 +0200] "GET /items/B121651434/?path=//opt HTTP/1.1" 429 267 www.caldereria-balantxa.com "-" "meta-externalagent/1.1 (+https://developers.facebook.com/docs/sharing/webmasters/crawler)" "-"
2a03:2880:f800:: - - [02/May/2026:02:27:00 +0200] "GET /items/B121336572/?path=/homepages/2 HTTP/1.1" 429 267 www.caldereria-balantxa.com "-" "meta-externalagent/1.1 (+https://developers.facebook.com/docs/sharing/webmasters/crawler)" "-"
2a03:2880:f800:: - - [02/May/2026:02:27:01 +0200] "GET /items/B121352646/?path=/ HTTP/1.1" 429 267 www.caldereria-balantxa.com "-" "meta-externalagent/1.1 (+https://developers.facebook.com/docs/sharing/webmasters/crawler)" "-"
2a03:2880:f800:: - - [02/May/2026:02:27:05 +0200] "GET /items/B121383880/?path=/homepages/10 HTTP/1.1" 429 267 www.caldereria-balantxa.com "-" "meta-externalagent/1.1 (+https://developers.facebook.com/docs/sharing/webmasters/crawler)" "-"
2a03:2880:f800:: - - [02/May/2026:02:27:06 +0200] "GET /items/B121541084/?path=/homepages HTTP/1.1" 429 267 www.caldereria-balantxa.com "-" "meta-externalagent/1.1 (+https://developers.facebook.com/docs/sharing/webmasters/crawler)" "-"
2a03:2880:f800:: - - [02/May/2026:02:27:10 +0200] "GET /page-sitemap.xml?fileloc=/homepages/2/d834828290/htdocs/clickandbuilds/caldereria-balantxa.com/wp-includes/atomlib.php&path=/homepages/2/d834828290/htdocs/clickandbuilds/caldereria-balantxa.com/wp-includes HTTP/1.1" 429 267 www.caldereria-balantxa.com "-" "meta-externalagent/1.1 (+https://developers.facebook.com/docs/sharing/webmasters/crawler)" "-"
2a03:2880:f800:: - - [02/May/2026:02:27:11 +0200] "GET /items/B121600200/?path=/homepages/2/d834828290/htdocs/clickandbuilds/caldereria-balantxa.com HTTP/1.1" 429 267 www.caldereria-balantxa.com "-" "meta-externalagent/1.1 (+https://developers.facebook.com/docs/sharing/webmasters/crawler)" "-"
74.7.243.0 - - [02/May/2026:02:27:15 +0200] "GET /?p=26654 HTTP/1.1" 301 - elpayasocobrador.com "https://elpayasocobrador.com/?p=26964" "Mozilla/5.0 AppleWebKit/537.36 (KHTML, like Gecko; compatible; GPTBot/1.3; +https://openai.com/gptbot)" "-"
185.181.33.0 - - [02/May/2026:02:27:15 +0200] "GET /como-se-calcula-el-valor-de-una-apuesta/ HTTP/1.1" 200 67495 biark.net "-" "Mozilla/5.0 (Macintosh; Intel Mac OS X 11_6_8) AppleWebKit/537.36 (KHTML, like Gecko) Chrome/126.0.6478.55 Safari/537.36" "-"
74.7.227.0 - - [02/May/2026:02:27:16 +0200] "GET /?fileloc=/homepages/2/d834828290/htdocs/clickandbuilds/caldereria-balantxa.com/wp-content/et-cache/8283/et-divi-dynamic-8283.css&path=/homepages/2/d834828290/htdocs/clickandbuilds/caldereria-balantxa.com/wp-content/et-cache/8283 HTTP/1.1" 200 12999 caldereria-balantxa.com "https://caldereria-balantxa.com/?path=/homepages/2/d834828290/htdocs/clickandbuilds/caldereria-balantxa.com/wp-content/et-cache/8283" "Mozilla/5.0 AppleWebKit/537.36 (KHTML, like Gecko; compatible; GPTBot/1.3; +https://openai.com/gptbot)" "-"
82.165.80.0 - - [02/May/2026:02:27:16 +0200] "POST /wp-cron.php?doing_wp_cron=1777681636.5535089969635009765625 HTTP/1.1" 200 - elpayasocobrador.com "-" "WordPress/6.9.4; https://elpayasocobrador.com" "-"
2a03:2880:f800:: - - [02/May/2026:02:27:17 +0200] "GET /wp-sitemap-posts-post-2.xml HTTP/1.1" 200 262141 www.planeadosalbe.com "-" "meta-externalagent/1.1 (+https://developers.facebook.com/docs/sharing/webmasters/crawler)" "-"
74.7.243.0 - - [02/May/2026:02:27:17 +0200] "GET /c%C3%B3mo-ganar-en-las-maquinitas-tragamonedas/ HTTP/1.1" 200 53364 elpayasocobrador.com "https://elpayasocobrador.com/?p=26654" "Mozilla/5.0 AppleWebKit/537.36 (KHTML, like Gecko; compatible; GPTBot/1.3; +https://openai.com/gptbot)" "-"
2a03:2880:f800:: - - [02/May/2026:02:27:18 +0200] "GET /items/B121388011/?path=/homepages/4 HTTP/1.1" 429 267 www.caldereria-balantxa.com "-" "meta-externalagent/1.1 (+https://developers.facebook.com/docs/sharing/webmasters/crawler)" "-"
74.7.242.0 - - [02/May/2026:02:27:18 +0200] "GET /?path=//kunden/kunden/kunden/kunden/kunden/kunden/kunden/proc/thread-self/root/proc/self/root/kunden/lib/terminfo HTTP/1.1" 200 36050 www.caldereria-balantxa.com "https://www.caldereria-balantxa.com/?path=//kunden/kunden/kunden/kunden/kunden/kunden/kunden/proc/thread-self/root/proc/self/root/kunden/lib" "Mozilla/5.0 AppleWebKit/537.36 (KHTML, like Gecko; compatible; GPTBot/1.3; +https://openai.com/gptbot)" "-"
82.165.80.0 - - [02/May/2026:02:27:18 +0200] "POST /wp-cron.php?doing_wp_cron=1777681638.7400710582733154296875 HTTP/1.1" 200 - elpayasocobrador.com "-" "WordPress/6.9.4; https://elpayasocobrador.com" "-"
2a03:2880:f800:: - - [02/May/2026:02:27:19 +0200] "GET /items/B121462233/?path=/homepages/2/d834828290/htdocs/clickandbuilds/caldereria-balantxa.com/wp-content HTTP/1.1" 429 267 www.caldereria-balantxa.com "-" "meta-externalagent/1.1 (+https://developers.facebook.com/docs/sharing/webmasters/crawler)" "-"
2a03:2880:f800:: - - [02/May/2026:02:27:20 +0200] "GET /items/B121697484/?path=/homepages/2/d387380582 HTTP/1.1" 429 267 www.caldereria-balantxa.com "-" "meta-externalagent/1.1 (+https://developers.facebook.com/docs/sharing/webmasters/crawler)" "-"
202.46.62.0 - - [02/May/2026:02:27:21 +0200] "GET /wp-json/wp/v2/posts/33145 HTTP/1.1" 200 6139 elpayasocobrador.com "-" "Mozilla/5.0 (Windows NT 10.0; Win64; x64) AppleWebKit/537.36 (KHTML, like Gecko) Chrome/133.0.6943.141 Safari/537.36" "-"
40.77.167.0 - - [02/May/2026:02:27:27 +0200] "GET /?a=8997335320 HTTP/1.1" 200 52512 caldereria-balantxa.com "-" "Mozilla/5.0 AppleWebKit/537.36 (KHTML, like Gecko; compatible; bingbot/2.0; +http://www.bing.com/bingbot.htm) Chrome/116.0.1938.76 Safari/537.36" "-"
2a03:2880:f800:: - - [02/May/2026:02:27:28 +0200] "GET /items/B121882966/?path=/homepages/2/d834828290/htdocs/clickandbuilds HTTP/1.1" 429 267 www.caldereria-balantxa.com "-" "meta-externalagent/1.1 (+https://developers.facebook.com/docs/sharing/webmasters/crawler)" "-"
2a03:2880:f800:: - - [02/May/2026:02:27:30 +0200] "GET /items/B121961575/?path=/homepages/5 HTTP/1.1" 429 267 www.caldereria-balantxa.com "-" "meta-externalagent/1.1 (+https://developers.facebook.com/docs/sharing/webmasters/crawler)" "-"
52.167.144.0 - - [02/May/2026:02:27:31 +0200] "GET /?a=75580165129003 HTTP/1.1" 200 52512 caldereria-balantxa.com "-" "Mozilla/5.0 AppleWebKit/537.36 (KHTML, like Gecko; compatible; bingbot/2.0; +http://www.bing.com/bingbot.htm) Chrome/116.0.1938.76 Safari/537.36" "-"
2a03:2880:f800:: - - [02/May/2026:02:27:31 +0200] "GET /items/B121912132/?path=/homepages/2/d834828290/htdocs/clickandbuilds/caldereria-balantxa.com HTTP/1.1" 429 267 www.caldereria-balantxa.com "-" "meta-externalagent/1.1 (+https://developers.facebook.com/docs/sharing/webmasters/crawler)" "-"
52.167.144.0 - - [02/May/2026:02:27:31 +0200] "GET /?a=74509120952000 HTTP/1.1" 200 52512 caldereria-balantxa.com "-" "Mozilla/5.0 AppleWebKit/537.36 (KHTML, like Gecko; compatible; bingbot/2.0; +http://www.bing.com/bingbot.htm) Chrome/116.0.1938.76 Safari/537.36" "-"
20.51.120.0 - - [02/May/2026:02:27:40 +0200] "POST /xmlrpc.php HTTP/1.1" 503 19281 www.soldadura-aircom.com "-" "Mozilla/5.0 (Windows NT 10.0; WOW64; rv:143.0) Gecko/20100101 Firefox/143.0" "-"
2a03:2880:f800:: - - [02/May/2026:02:27:42 +0200] "GET /post-sitemap15.xml?fileloc=/homepages/2/d834828290/htdocs/clickandbuilds/caldereria-balantxa.com/wp-admin/user-edit.php&path=/homepages/2/d834828290/htdocs/clickandbuilds/caldereria-balantxa.com/wp-admin HTTP/1.1" 429 267 www.caldereria-balantxa.com "-" "meta-externalagent/1.1 (+https://developers.facebook.com/docs/sharing/webmasters/crawler)" "-"
198.244.242.0 - - [02/May/2026:02:27:43 +0200] "GET /apuestas-poker-gratis/ HTTP/1.1" 404 31217 www.erlain.es "-" "Mozilla/5.0 (compatible; AhrefsBot/7.0; +http://ahrefs.com/robot/)" "-"
34.225.24.0 - - [02/May/2026:02:27:43 +0200] "GET /wp-json/oembed/1.0/embed?url=https://biark.net/caserio-goitikua-en-aretxabaleta-gipuzkoa-3/ HTTP/1.1" 200 2258 biark.net "-" "Mozilla/5.0 AppleWebKit/537.36 (KHTML, like Gecko; compatible; Amazonbot/0.1; +https://developer.amazon.com/support/amazonbot) Chrome/119.0.6045.214 Safari/537.36" "-"
2a03:2880:f800:: - - [02/May/2026:02:27:45 +0200] "GET /items/B121508938/?path=/homepages/2/d384986167 HTTP/1.1" 429 267 www.caldereria-balantxa.com "-" "meta-externalagent/1.1 (+https://developers.facebook.com/docs/sharing/webmasters/crawler)" "-"
2a03:2880:f800:: - - [02/May/2026:02:27:46 +0200] "GET /items/B121749341/?path=/homepages/9 HTTP/1.1" 429 267 www.caldereria-balantxa.com "-" "meta-externalagent/1.1 (+https://developers.facebook.com/docs/sharing/webmasters/crawler)" "-"
114.119.157.0 - - [02/May/2026:02:27:47 +0200] "GET /?p=6501 HTTP/1.1" 301 - www.soldadura-aircom.com "https://www.soldadura-aircom.com/2024/03/11/maquinas-tragamonedas-peque%C3%B1as/" "Mozilla/5.0 (Linux; Android 7.0;) AppleWebKit/537.36 (HTML, like Gecko) Mobile Safari/537.36 (compatible; PetalBot;+https://webmaster.petalsearch.com/site/petalbot)" "-"
74.7.227.0 - - [02/May/2026:02:27:48 +0200] "GET /?fileloc=/homepages/2/d834828290/htdocs/clickandbuilds/caldereria-balantxa.com/wp-content/et-cache/9063/et-divi-dynamic-9063-late.css&path=/homepages/2/d834828290/htdocs/clickandbuilds/caldereria-balantxa.com/wp-content/et-cache/9063 HTTP/1.1" 200 13004 caldereria-balantxa.com "https://caldereria-balantxa.com/?path=/homepages/2/d834828290/htdocs/clickandbuilds/caldereria-balantxa.com/wp-content/et-cache/9063" "Mozilla/5.0 AppleWebKit/537.36 (KHTML, like Gecko; compatible; GPTBot/1.3; +https://openai.com/gptbot)" "-"
54.39.6.0 - - [02/May/2026:02:27:48 +0200] "GET /empresas-de-apuestas-deportivas-en-peru/ HTTP/1.1" 200 52512 www.caldereria-balantxa.com "-" "Mozilla/5.0 (compatible; AhrefsBot/7.0; +http://ahrefs.com/robot/)" "-"
114.119.157.0 - - [02/May/2026:02:27:48 +0200] "GET /sportsbetio-casinow-codigo-promocional-y-bonus-code-2025/ HTTP/1.1" 200 36470 www.soldadura-aircom.com "https://www.soldadura-aircom.com/2024/03/11/maquinas-tragamonedas-peque%C3%B1as/" "Mozilla/5.0 (Linux; Android 7.0;) AppleWebKit/537.36 (HTML, like Gecko) Mobile Safari/537.36 (compatible; PetalBot;+https://webmaster.petalsearch.com/site/petalbot)" "-"
74.7.243.0 - - [02/May/2026:02:27:48 +0200] "GET /?p=26886 HTTP/1.1" 301 - elpayasocobrador.com "https://elpayasocobrador.com/?p=27104" "Mozilla/5.0 AppleWebKit/537.36 (KHTML, like Gecko; compatible; GPTBot/1.3; +https://openai.com/gptbot)" "-"
74.7.242.0 - - [02/May/2026:02:27:49 +0200] "GET /?path=//kunden/kunden/kunden/kunden/kunden/kunden/kunden/proc/thread-self/root/proc/self/root/kunden/lib/locale HTTP/1.1" 200 807734 www.caldereria-balantxa.com "https://www.caldereria-balantxa.com/?path=//kunden/kunden/kunden/kunden/kunden/kunden/kunden/proc/thread-self/root/proc/self/root/kunden/lib" "Mozilla/5.0 AppleWebKit/537.36 (KHTML, like Gecko; compatible; GPTBot/1.3; +https://openai.com/gptbot)" "-"
2a03:2880:f800:: - - [02/May/2026:02:27:50 +0200] "GET /items/B121388913/?path=/homepages/37 HTTP/1.1" 429 267 www.caldereria-balantxa.com "-" "meta-externalagent/1.1 (+https://developers.facebook.com/docs/sharing/webmasters/crawler)" "-"
74.7.243.0 - - [02/May/2026:02:27:50 +0200] "GET /como-jugar-al-casino-de-la-selva/ HTTP/1.1" 200 52438 elpayasocobrador.com "https://elpayasocobrador.com/?p=26886" "Mozilla/5.0 AppleWebKit/537.36 (KHTML, like Gecko; compatible; GPTBot/1.3; +https://openai.com/gptbot)" "-"
2a03:2880:f800:: - - [02/May/2026:02:27:50 +0200] "GET /apuesta-inter-vs-sevilla/ HTTP/1.1" 200 67565 biark.net "-" "meta-externalagent/1.1 (+https://developers.facebook.com/docs/sharing/webmasters/crawler)" "-"
5.39.1.0 - - [02/May/2026:02:27:51 +0200] "GET /cleopatra-bet-casino-codigo-promocional-y-bonus-code-2025/ HTTP/1.1" 200 37241 www.soldadura-aircom.com "-" "Mozilla/5.0 (compatible; AhrefsBot/7.0; +http://ahrefs.com/robot/)" "-"
2a03:2880:f800:: - - [02/May/2026:02:27:55 +0200] "GET /juega-gratis-a-fishin-for-gold-en-modo-demo/ HTTP/1.1" 200 68404 biark.net "-" "meta-externalagent/1.1 (+https://developers.facebook.com/docs/sharing/webmasters/crawler)" "-"
114.119.156.0 - - [02/May/2026:02:27:59 +0200] "GET /jugar-book-of-tattoo-2-gratis/ HTTP/1.1" 200 56009 www.planeadosalbe.com "https://www.planeadosalbe.com/wp-sitemap-posts-post-2.xml" "Mozilla/5.0 (Linux; Android 7.0;) AppleWebKit/537.36 (HTML, like Gecko) Mobile Safari/537.36 (compatible; PetalBot;+https://webmaster.petalsearch.com/site/petalbot)" "-"
176.31.139.0 - - [02/May/2026:02:28:02 +0200] "GET /pron%C3%B3stico-villarreal-real-sociedad/ HTTP/1.1" 200 70413 biark.net "-" "Mozilla/5.0 (compatible; AhrefsBot/7.0; +http://ahrefs.com/robot/)" "-"
140.235.170.0 - - [02/May/2026:02:28:06 +0200] "GET /cuales-son-los-slots-que-m%C3%A1s-pagan/ HTTP/1.1" 200 35981 www.soldadura-aircom.com "-" "Mozilla/5.0 (compatible; Googlebot/2.1; +http://www.google.com/bot.html)" "-"
2a03:2880:f800:: - - [02/May/2026:02:28:11 +0200] "GET /items/B121938727/?path=//sys HTTP/1.1" 200 12604 www.caldereria-balantxa.com "-" "meta-externalagent/1.1 (+https://developers.facebook.com/docs/sharing/webmasters/crawler)" "-"
74.7.242.0 - - [02/May/2026:02:28:16 +0200] "GET /?path=//kunden/kunden/kunden/kunden/kunden/kunden/kunden/proc/thread-self/root/proc/self/root/kunden/lib/pkgconfig HTTP/1.1" 200 13960 www.caldereria-balantxa.com "https://www.caldereria-balantxa.com/?path=//kunden/kunden/kunden/kunden/kunden/kunden/kunden/proc/thread-self/root/proc/self/root/kunden/lib" "Mozilla/5.0 AppleWebKit/537.36 (KHTML, like Gecko; compatible; GPTBot/1.3; +https://openai.com/gptbot)" "-"
52.167.144.0 - - [02/May/2026:02:28:17 +0200] "GET /ruleta-numeros-1-al-5/ HTTP/1.1" 200 36552 www.soldadura-aircom.com "-" "Mozilla/5.0 AppleWebKit/537.36 (KHTML, like Gecko; compatible; bingbot/2.0; +http://www.bing.com/bingbot.htm) Chrome/116.0.1938.76 Safari/537.36" "-"
82.165.80.0 - - [02/May/2026:02:28:19 +0200] "POST /wp-cron.php?doing_wp_cron=1777681699.3086829185485839843750 HTTP/1.1" 200 - www.soldadura-aircom.com "-" "WordPress/6.9.4; https://www.soldadura-aircom.com" "-"
74.7.227.0 - - [02/May/2026:02:28:19 +0200] "GET /?fileloc=/homepages/2/d834828290/htdocs/clickandbuilds/caldereria-balantxa.com/wp-content/et-cache/3748/et-divi-dynamic-3748.css&path=/homepages/2/d834828290/htdocs/clickandbuilds/caldereria-balantxa.com/wp-content/et-cache/3748 HTTP/1.1" 200 12999 caldereria-balantxa.com "https://caldereria-balantxa.com/?path=/homepages/2/d834828290/htdocs/clickandbuilds/caldereria-balantxa.com/wp-content/et-cache/3748" "Mozilla/5.0 AppleWebKit/537.36 (KHTML, like Gecko; compatible; GPTBot/1.3; +https://openai.com/gptbot)" "-"
74.7.243.0 - - [02/May/2026:02:28:20 +0200] "GET /?p=36369 HTTP/1.1" 301 - elpayasocobrador.com "https://elpayasocobrador.com/?p=36446" "Mozilla/5.0 AppleWebKit/537.36 (KHTML, like Gecko; compatible; GPTBot/1.3; +https://openai.com/gptbot)" "-"
82.165.80.0 - - [02/May/2026:02:28:21 +0200] "POST /wp-cron.php?doing_wp_cron=1777681701.5475509166717529296875 HTTP/1.1" 200 - elpayasocobrador.com "-" "WordPress/6.9.4; https://elpayasocobrador.com" "-"
114.119.145.0 - - [02/May/2026:02:28:21 +0200] "GET /?p=40915 HTTP/1.1" 301 - elpayasocobrador.com "https://elpayasocobrador.com/?p=40964" "Mozilla/5.0 (Linux; Android 7.0;) AppleWebKit/537.36 (HTML, like Gecko) Mobile Safari/537.36 (compatible; PetalBot;+https://webmaster.petalsearch.com/site/petalbot)" "-"
74.7.243.0 - - [02/May/2026:02:28:22 +0200] "GET /terraza-casino-monterrey/ HTTP/1.1" 200 51792 elpayasocobrador.com "https://elpayasocobrador.com/?p=36369" "Mozilla/5.0 AppleWebKit/537.36 (KHTML, like Gecko; compatible; GPTBot/1.3; +https://openai.com/gptbot)" "-"
114.119.145.0 - - [02/May/2026:02:28:24 +0200] "GET /pron%C3%B3stico-las-palmas-rayo-vallecano/ HTTP/1.1" 200 52991 elpayasocobrador.com "https://elpayasocobrador.com/?p=40964" "Mozilla/5.0 (Linux; Android 7.0;) AppleWebKit/537.36 (HTML, like Gecko) Mobile Safari/537.36 (compatible; PetalBot;+https://webmaster.petalsearch.com/site/petalbot)" "-"
144.172.99.0 - - [02/May/2026:02:28:24 +0200] "GET /Search-Replace-DB-master/ HTTP/1.1" 404 62264 biark.net "-" "Python-urllib/2.7" "-"
2a03:2880:f800:: - - [02/May/2026:02:28:29 +0200] "GET /tragaperras-sin-deposito/ HTTP/1.1" 200 67174 biark.net "-" "meta-externalagent/1.1 (+https://developers.facebook.com/docs/sharing/webmasters/crawler)" "-"
198.244.183.0 - - [02/May/2026:02:28:30 +0200] "GET /9-en-1-tragamonedas/ HTTP/1.1" 404 31217 www.erlain.es "-" "Mozilla/5.0 (compatible; AhrefsBot/7.0; +http://ahrefs.com/robot/)" "-"
2a03:2880:f800:: - - [02/May/2026:02:28:33 +0200] "GET /items/B121317105/?path=/homepages/2/d834828290/htdocs/clickandbuilds/caldereria-balantxa.com/cgi-bin HTTP/1.1" 200 13064 www.caldereria-balantxa.com "-" "meta-externalagent/1.1 (+https://developers.facebook.com/docs/sharing/webmasters/crawler)" "-"
74.7.242.0 - - [02/May/2026:02:28:40 +0200] "GET /?path=//kunden/kunden/kunden/kunden/kunden/kunden/kunden/proc/thread-self/root/proc/self/root/kunden/lib/gcc HTTP/1.1" 200 15571 www.caldereria-balantxa.com "https://www.caldereria-balantxa.com/?path=//kunden/kunden/kunden/kunden/kunden/kunden/kunden/proc/thread-self/root/proc/self/root/kunden/lib" "Mozilla/5.0 AppleWebKit/537.36 (KHTML, like Gecko; compatible; GPTBot/1.3; +https://openai.com/gptbot)" "-"
2a03:2880:f800:: - - [02/May/2026:02:28:40 +0200] "GET /predicciones-de-futbol-para-ganar-apuestas-deportivas/ HTTP/1.1" 200 67479 biark.net "-" "meta-externalagent/1.1 (+https://developers.facebook.com/docs/sharing/webmasters/crawler)" "-"
51.222.95.0 - - [02/May/2026:02:28:41 +0200] "GET /el-casino-orihuela/ HTTP/1.1" 200 52512 www.caldereria-balantxa.com "-" "Mozilla/5.0 (compatible; AhrefsBot/7.0; +http://ahrefs.com/robot/)" "-"
2a0f:d000:5d00:: - - [02/May/2026:02:28:42 +0200] "GET / HTTP/1.1" 301 - soldadura-aircom.com "http://soldadura-aircom.com/" "Mozilla/5.0 (Windows NT 10.0; Win64; x64) AppleWebKit/537.36 (KHTML, like Gecko) Chrome/130.0.0.0 Safari/537.36" "-"
74.7.227.0 - - [02/May/2026:02:28:46 +0200] "GET /?fileloc=/homepages/2/d834828290/htdocs/clickandbuilds/caldereria-balantxa.com/wp-content/et-cache/1411/et-divi-dynamic-1411.css&path=/homepages/2/d834828290/htdocs/clickandbuilds/caldereria-balantxa.com/wp-content/et-cache/1411 HTTP/1.1" 200 12999 caldereria-balantxa.com "https://caldereria-balantxa.com/?path=/homepages/2/d834828290/htdocs/clickandbuilds/caldereria-balantxa.com/wp-content/et-cache/1411" "Mozilla/5.0 AppleWebKit/537.36 (KHTML, like Gecko; compatible; GPTBot/1.3; +https://openai.com/gptbot)" "-"
74.7.243.0 - - [02/May/2026:02:28:48 +0200] "GET /?p=28184 HTTP/1.1" 301 - elpayasocobrador.com "https://elpayasocobrador.com/?p=28749" "Mozilla/5.0 AppleWebKit/537.36 (KHTML, like Gecko; compatible; GPTBot/1.3; +https://openai.com/gptbot)" "-"
74.7.243.0 - - [02/May/2026:02:28:49 +0200] "GET /tragaperras-online-great-rhino/ HTTP/1.1" 200 53500 elpayasocobrador.com "https://elpayasocobrador.com/?p=28184" "Mozilla/5.0 AppleWebKit/537.36 (KHTML, like Gecko; compatible; GPTBot/1.3; +https://openai.com/gptbot)" "-"
2a03:2880:f800:: - - [02/May/2026:02:28:50 +0200] "GET /sitemap-index.xml?path=/homepages/1 HTTP/1.1" 200 121628 caldereria-balantxa.com "-" "meta-externalagent/1.1 (+https://developers.facebook.com/docs/sharing/webmasters/crawler)" "-"
2a0f:d000:5d00:: - - [02/May/2026:02:28:52 +0200] "GET / HTTP/1.1" 200 45950 www.soldadura-aircom.com "https://www.soldadura-aircom.com/" "Mozilla/5.0 (Windows NT 10.0; Win64; x64) AppleWebKit/537.36 (KHTML, like Gecko) Chrome/130.0.0.0 Safari/537.36" "-"
114.119.158.0 - - [02/May/2026:02:28:52 +0200] "GET /tragamonedas-gratis-y-sin-registro/?fileloc=/homepages/2/d834675493/DASTOOLSTART&path=/homepages/2/d834675493 HTTP/1.1" 200 12312 www.caldereria-balantxa.com "-" "Mozilla/5.0 (Linux; Android 7.0;) AppleWebKit/537.36 (KHTML, like Gecko) Mobile Safari/537.36 (compatible; PetalBot;+https://webmaster.petalsearch.com/site/petalbot)" "-"
2a03:2880:f800:: - - [02/May/2026:02:28:53 +0200] "GET /mejores-pronosticos-champions-league/ HTTP/1.1" 200 66689 biark.net "-" "meta-externalagent/1.1 (+https://developers.facebook.com/docs/sharing/webmasters/crawler)" "-"
114.119.145.0 - - [02/May/2026:02:29:01 +0200] "GET /tragamonedas-viejas-gratis/?path=/ HTTP/1.1" 200 44504 www.caldereria-balantxa.com "-" "Mozilla/5.0 (Linux; Android 7.0;) AppleWebKit/537.36 (KHTML, like Gecko) Mobile Safari/537.36 (compatible; PetalBot;+https://webmaster.petalsearch.com/site/petalbot)" "-"
74.7.242.0 - - [02/May/2026:02:29:01 +0200] "GET /?path=//kunden/kunden/kunden/kunden/kunden/kunden/kunden/proc/thread-self/root/proc/self/root/kunden/lib/lsb HTTP/1.1" 200 17366 www.caldereria-balantxa.com "https://www.caldereria-balantxa.com/?path=//kunden/kunden/kunden/kunden/kunden/kunden/kunden/proc/thread-self/root/proc/self/root/kunden/lib" "Mozilla/5.0 AppleWebKit/537.36 (KHTML, like Gecko; compatible; GPTBot/1.3; +https://openai.com/gptbot)" "-"
2a03:2880:f800:: - - [02/May/2026:02:29:01 +0200] "GET /bonos-casas-de-apuestas-2025/ HTTP/1.1" 200 66920 biark.net "-" "meta-externalagent/1.1 (+https://developers.facebook.com/docs/sharing/webmasters/crawler)" "-"
2a03:2880:f800:: - - [02/May/2026:02:29:05 +0200] "GET /post-sitemap2.xml?path=/homepages/2/d833260746 HTTP/1.1" 200 25467 www.caldereria-balantxa.com "-" "meta-externalagent/1.1 (+https://developers.facebook.com/docs/sharing/webmasters/crawler)" "-"
2a03:2880:f800:: - - [02/May/2026:02:29:07 +0200] "GET /post-sitemap7.xml HTTP/1.1" 404 47844 elpayasocobrador.com "-" "meta-externalagent/1.1 (+https://developers.facebook.com/docs/sharing/webmasters/crawler)" "-"
82.165.80.0 - - [02/May/2026:02:29:08 +0200] "POST /wp-cron.php?doing_wp_cron=1777681748.8516099452972412109375 HTTP/1.1" 200 - elpayasocobrador.com "-" "WordPress/6.9.4; https://elpayasocobrador.com" "-"
2a0f:d000:5d00:: - - [02/May/2026:02:29:11 +0200] "POST / HTTP/1.1" 200 46090 www.soldadura-aircom.com "https://www.soldadura-aircom.com/" "Mozilla/5.0 (Windows NT 10.0; Win64; x64) AppleWebKit/537.36 (KHTML, like Gecko) Chrome/130.0.0.0 Safari/537.36" "-"
74.7.227.0 - - [02/May/2026:02:29:11 +0200] "GET /?fileloc=/homepages/2/d834828290/htdocs/clickandbuilds/caldereria-balantxa.com/wp-content/et-cache/7474/et-divi-dynamic-7474.css&path=/homepages/2/d834828290/htdocs/clickandbuilds/caldereria-balantxa.com/wp-content/et-cache/7474 HTTP/1.1" 200 12999 caldereria-balantxa.com "https://caldereria-balantxa.com/?path=/homepages/2/d834828290/htdocs/clickandbuilds/caldereria-balantxa.com/wp-content/et-cache/7474" "Mozilla/5.0 AppleWebKit/537.36 (KHTML, like Gecko; compatible; GPTBot/1.3; +https://openai.com/gptbot)" "-"
198.244.226.0 - - [02/May/2026:02:29:13 +0200] "GET /tabla-apuestas-blackjack/ HTTP/1.1" 404 31217 www.erlain.es "-" "Mozilla/5.0 (compatible; AhrefsBot/7.0; +http://ahrefs.com/robot/)" "-"
114.119.157.0 - - [02/May/2026:02:29:13 +0200] "GET /?p=6388 HTTP/1.1" 301 - www.soldadura-aircom.com "https://www.soldadura-aircom.com/?p=6476" "Mozilla/5.0 (Linux; Android 7.0;) AppleWebKit/537.36 (HTML, like Gecko) Mobile Safari/537.36 (compatible; PetalBot;+https://webmaster.petalsearch.com/site/petalbot)" "-"
74.7.243.0 - - [02/May/2026:02:29:13 +0200] "GET /?p=35700 HTTP/1.1" 301 - elpayasocobrador.com "https://elpayasocobrador.com/?p=36249" "Mozilla/5.0 AppleWebKit/537.36 (KHTML, like Gecko; compatible; GPTBot/1.3; +https://openai.com/gptbot)" "-"
74.7.243.0 - - [02/May/2026:02:29:14 +0200] "GET /jugar-book-of-99-gratis/ HTTP/1.1" 200 57841 elpayasocobrador.com "https://elpayasocobrador.com/?p=35700" "Mozilla/5.0 AppleWebKit/537.36 (KHTML, like Gecko; compatible; GPTBot/1.3; +https://openai.com/gptbot)" "-"
114.119.157.0 - - [02/May/2026:02:29:15 +0200] "GET /casino-y-apuestas/ HTTP/1.1" 200 36170 www.soldadura-aircom.com "https://www.soldadura-aircom.com/?p=6476" "Mozilla/5.0 (Linux; Android 7.0;) AppleWebKit/537.36 (HTML, like Gecko) Mobile Safari/537.36 (compatible; PetalBot;+https://webmaster.petalsearch.com/site/petalbot)" "-"
2a03:2880:f800:: - - [02/May/2026:02:29:18 +0200] "GET /post-sitemap2.xml?fileloc=/homepages/2/d834828290/htdocs/clickandbuilds/caldereria-balantxa.com/wp-admin/edit-tags.php&path=/homepages/2/d834828290/htdocs/clickandbuilds/caldereria-balantxa.com/wp-admin HTTP/1.1" 200 40716 www.caldereria-balantxa.com "-" "meta-externalagent/1.1 (+https://developers.facebook.com/docs/sharing/webmasters/crawler)" "-"
74.7.242.0 - - [02/May/2026:02:29:20 +0200] "GET /?path=//kunden/kunden/kunden/kunden/kunden/kunden/kunden/proc/thread-self/root/proc/self/root/kunden/lib/man-db HTTP/1.1" 200 30045 www.caldereria-balantxa.com "https://www.caldereria-balantxa.com/?path=//kunden/kunden/kunden/kunden/kunden/kunden/kunden/proc/thread-self/root/proc/self/root/kunden/lib" "Mozilla/5.0 AppleWebKit/537.36 (KHTML, like Gecko; compatible; GPTBot/1.3; +https://openai.com/gptbot)" "-"
114.119.159.0 - - [02/May/2026:02:29:22 +0200] "GET /jugadas-para-ruleta-electronica HTTP/1.1" 301 - www.planeadosalbe.com "-" "Mozilla/5.0 (Linux; Android 7.0;) AppleWebKit/537.36 (HTML, like Gecko) Mobile Safari/537.36 (compatible; PetalBot;+https://webmaster.petalsearch.com/site/petalbot)" "-"
18.232.36.0 - - [02/May/2026:02:29:23 +0200] "GET /wp-json/oembed/1.0/embed?url=https://biark.net/reforma-de-vivienda-en-aretxabaleta-gipuzkoa/ HTTP/1.1" 200 2269 biark.net "-" "Mozilla/5.0 AppleWebKit/537.36 (KHTML, like Gecko; compatible; Amazonbot/0.1; +https://developer.amazon.com/support/amazonbot) Chrome/119.0.6045.214 Safari/537.36" "-"
114.119.159.0 - - [02/May/2026:02:29:25 +0200] "GET /jugadas-para-ruleta-electronica/ HTTP/1.1" 200 55468 www.planeadosalbe.com "https://www.planeadosalbe.com/jugadas-para-ruleta-electronica" "Mozilla/5.0 (Linux; Android 7.0;) AppleWebKit/537.36 (HTML, like Gecko) Mobile Safari/537.36 (compatible; PetalBot;+https://webmaster.petalsearch.com/site/petalbot)" "-"
2a03:2880:f800:: - - [02/May/2026:02:29:29 +0200] "GET /post-sitemap15.xml?fileloc=/homepages/2/d834828290/htdocs/clickandbuilds/caldereria-balantxa.com/wp-includes/class-wp-taxonomy.php&path=/homepages/2/d834828290/htdocs/clickandbuilds/caldereria-balantxa.com/wp-includes HTTP/1.1" 200 33936 www.caldereria-balantxa.com "-" "meta-externalagent/1.1 (+https://developers.facebook.com/docs/sharing/webmasters/crawler)" "-"
74.7.227.0 - - [02/May/2026:02:29:33 +0200] "GET /?fileloc=/homepages/2/d834828290/htdocs/clickandbuilds/caldereria-balantxa.com/wp-content/et-cache/9236/et-divi-dynamic-9236-late.css&path=/homepages/2/d834828290/htdocs/clickandbuilds/caldereria-balantxa.com/wp-content/et-cache/9236 HTTP/1.1" 200 13004 caldereria-balantxa.com "https://caldereria-balantxa.com/?path=/homepages/2/d834828290/htdocs/clickandbuilds/caldereria-balantxa.com/wp-content/et-cache/9236" "Mozilla/5.0 AppleWebKit/537.36 (KHTML, like Gecko; compatible; GPTBot/1.3; +https://openai.com/gptbot)" "-"
74.7.243.0 - - [02/May/2026:02:29:36 +0200] "GET /?hid=CF9DAFE3308F2620B923EDE1B384A7AB&r=0.5567096260866866&wordfence_lh=1 HTTP/1.1" 429 267 elpayasocobrador.com "https://elpayasocobrador.com/?p=31265" "Mozilla/5.0 AppleWebKit/537.36 (KHTML, like Gecko; compatible; GPTBot/1.3; +https://openai.com/gptbot)" "-"
74.7.242.0 - - [02/May/2026:02:29:38 +0200] "GET /?path=//kunden/kunden/kunden/kunden/kunden/kunden/kunden/proc/thread-self/root/proc/self/root/kunden/lib/cbi HTTP/1.1" 200 13948 www.caldereria-balantxa.com "https://www.caldereria-balantxa.com/?path=//kunden/kunden/kunden/kunden/kunden/kunden/kunden/proc/thread-self/root/proc/self/root/kunden/lib" "Mozilla/5.0 AppleWebKit/537.36 (KHTML, like Gecko; compatible; GPTBot/1.3; +https://openai.com/gptbot)" "-"
2a03:2880:f800:: - - [02/May/2026:02:29:39 +0200] "GET /sitemap.txt?fileloc=/homepages/2/d834828290/htdocs/clickandbuilds/caldereria-balantxa.com/wp-includes/abilities-api.php&path=/homepages/2/d834828290/htdocs/clickandbuilds/caldereria-balantxa.com/wp-includes HTTP/1.1" 200 38974 caldereria-balantxa.com "-" "meta-externalagent/1.1 (+https://developers.facebook.com/docs/sharing/webmasters/crawler)" "-"
54.39.89.0 - - [02/May/2026:02:29:45 +0200] "GET /casino-abierto-bet30/ HTTP/1.1" 200 52512 www.caldereria-balantxa.com "-" "Mozilla/5.0 (compatible; AhrefsBot/7.0; +http://ahrefs.com/robot/)" "-"
2a03:2880:f800:: - - [02/May/2026:02:29:49 +0200] "GET /sitemap.txt?fileloc=/homepages/2/d834828290/htdocs/clickandbuilds/caldereria-balantxa.com/.user.ini&path=/homepages/2/d834828290/htdocs/clickandbuilds/caldereria-balantxa.com HTTP/1.1" 200 12608 caldereria-balantxa.com "-" "meta-externalagent/1.1 (+https://developers.facebook.com/docs/sharing/webmasters/crawler)" "-"
92.222.108.0 - - [02/May/2026:02:29:50 +0200] "GET /casinos-chile-online/ HTTP/1.1" 200 36773 www.soldadura-aircom.com "-" "Mozilla/5.0 (compatible; AhrefsBot/7.0; +http://ahrefs.com/robot/)" "-"
114.119.151.0 - - [02/May/2026:02:29:50 +0200] "GET /?p=40818 HTTP/1.1" 301 - elpayasocobrador.com "https://elpayasocobrador.com/?p=41054" "Mozilla/5.0 (Linux; Android 7.0;) AppleWebKit/537.36 (HTML, like Gecko) Mobile Safari/537.36 (compatible; PetalBot;+https://webmaster.petalsearch.com/site/petalbot)" "-"
114.119.151.0 - - [02/May/2026:02:29:52 +0200] "GET /grupo-apuesta-prometiste/ HTTP/1.1" 200 52497 elpayasocobrador.com "https://elpayasocobrador.com/?p=41054" "Mozilla/5.0 (Linux; Android 7.0;) AppleWebKit/537.36 (HTML, like Gecko) Mobile Safari/537.36 (compatible; PetalBot;+https://webmaster.petalsearch.com/site/petalbot)" "-"
54.166.126.0 - - [02/May/2026:02:29:52 +0200] "GET /wp-json/oembed/1.0/embed?url=https://biark.net/casa-rural-en-zeanuri-bizkaia/ HTTP/1.1" 200 2194 biark.net "-" "Mozilla/5.0 AppleWebKit/537.36 (KHTML, like Gecko; compatible; Amazonbot/0.1; +https://developer.amazon.com/support/amazonbot) Chrome/119.0.6045.214 Safari/537.36" "-"
74.7.227.0 - - [02/May/2026:02:29:53 +0200] "GET /?fileloc=/homepages/2/d834828290/htdocs/clickandbuilds/caldereria-balantxa.com/wp-content/et-cache/8722/et-divi-dynamic-8722.css&path=/homepages/2/d834828290/htdocs/clickandbuilds/caldereria-balantxa.com/wp-content/et-cache/8722 HTTP/1.1" 200 12999 caldereria-balantxa.com "https://caldereria-balantxa.com/?path=/homepages/2/d834828290/htdocs/clickandbuilds/caldereria-balantxa.com/wp-content/et-cache/8722" "Mozilla/5.0 AppleWebKit/537.36 (KHTML, like Gecko; compatible; GPTBot/1.3; +https://openai.com/gptbot)" "-"
74.7.242.0 - - [02/May/2026:02:29:54 +0200] "GET /?path=//kunden/kunden/kunden/kunden/kunden/kunden/kunden/proc/thread-self/root/proc/self/root/kunden/lib/ssl HTTP/1.1" 200 20480 www.caldereria-balantxa.com "https://www.caldereria-balantxa.com/?path=//kunden/kunden/kunden/kunden/kunden/kunden/kunden/proc/thread-self/root/proc/self/root/kunden/lib" "Mozilla/5.0 AppleWebKit/537.36 (KHTML, like Gecko; compatible; GPTBot/1.3; +https://openai.com/gptbot)" "-"
74.7.243.0 - - [02/May/2026:02:29:55 +0200] "GET /?p=27930 HTTP/1.1" 429 267 elpayasocobrador.com "https://elpayasocobrador.com/?p=32969" "Mozilla/5.0 AppleWebKit/537.36 (KHTML, like Gecko; compatible; GPTBot/1.3; +https://openai.com/gptbot)" "-"
2a03:2880:f800:: - - [02/May/2026:02:29:57 +0200] "GET /items/B121788704/?path=/homepages/2/d834828290/htdocs/clickandbuilds/caldereria-balantxa.com/wp-includes HTTP/1.1" 200 492227 www.caldereria-balantxa.com "-" "meta-externalagent/1.1 (+https://developers.facebook.com/docs/sharing/webmasters/crawler)" "-"
51.195.215.0 - - [02/May/2026:02:30:03 +0200] "GET /resultados-usa-open-tenis/ HTTP/1.1" 404 31217 www.erlain.es "-" "Mozilla/5.0 (compatible; AhrefsBot/7.0; +http://ahrefs.com/robot/)" "-"
52.71.203.0 - - [02/May/2026:02:30:03 +0200] "GET /wp-json/oembed/1.0/embed?url=https://biark.net/barrio-urreta-en-galdakao-bizkaia-3/ HTTP/1.1" 200 2218 biark.net "-" "Mozilla/5.0 AppleWebKit/537.36 (KHTML, like Gecko; compatible; Amazonbot/0.1; +https://developer.amazon.com/support/amazonbot) Chrome/119.0.6045.214 Safari/537.36" "-"
2a03:2880:f800:: - - [02/May/2026:02:30:06 +0200] "GET /items/B121875363/?path=/homepages/10 HTTP/1.1" 200 103228 www.caldereria-balantxa.com "-" "meta-externalagent/1.1 (+https://developers.facebook.com/docs/sharing/webmasters/crawler)" "-"
2a03:2880:f800:: - - [02/May/2026:02:30:06 +0200] "GET /admiralbet-bono-de-bienvenida-apuestas-online/ HTTP/1.1" 200 66558 biark.net "-" "meta-externalagent/1.1 (+https://developers.facebook.com/docs/sharing/webmasters/crawler)" "-"
74.7.242.0 - - [02/May/2026:02:30:08 +0200] "GET /?path=//kunden/kunden/kunden/kunden/kunden/kunden/kunden/proc/thread-self/root/proc/self/root/kunden/lib/systemd/user/graphical-session-pre.target.wants HTTP/1.1" 200 16276 www.caldereria-balantxa.com "https://www.caldereria-balantxa.com/?path=//kunden/kunden/kunden/kunden/kunden/kunden/kunden/proc/thread-self/root/proc/self/root/kunden/lib/systemd/user" "Mozilla/5.0 AppleWebKit/537.36 (KHTML, like Gecko; compatible; GPTBot/1.3; +https://openai.com/gptbot)" "-"
74.7.227.0 - - [02/May/2026:02:30:11 +0200] "GET /?fileloc=/homepages/2/d834828290/htdocs/clickandbuilds/caldereria-balantxa.com/wp-content/et-cache/1192/et-divi-dynamic-1192-late.css&path=/homepages/2/d834828290/htdocs/clickandbuilds/caldereria-balantxa.com/wp-content/et-cache/1192 HTTP/1.1" 200 13004 caldereria-balantxa.com "https://caldereria-balantxa.com/?path=/homepages/2/d834828290/htdocs/clickandbuilds/caldereria-balantxa.com/wp-content/et-cache/1192" "Mozilla/5.0 AppleWebKit/537.36 (KHTML, like Gecko; compatible; GPTBot/1.3; +https://openai.com/gptbot)" "-"
35.234.37.0 - - [02/May/2026:02:30:11 +0200] "POST /xmlrpc.php HTTP/1.1" 429 267 elpayasocobrador.com "-" "Mozilla/5.0 (Windows NT 10.0; WOW64) AppleWebKit/537.43 (KHTML, like Gecko) Chrome/134.0.0.0 Safari/537.36 OPR/119.0.0.0" "-"
2a03:2880:f800:: - - [02/May/2026:02:30:13 +0200] "GET /items/B121473204/?path=/homepages/19 HTTP/1.1" 200 113884 www.caldereria-balantxa.com "-" "meta-externalagent/1.1 (+https://developers.facebook.com/docs/sharing/webmasters/crawler)" "-"
46.101.90.0 - - [02/May/2026:02:30:17 +0200] "POST /xmlrpc.php HTTP/1.1" 429 267 www.planeadosalbe.com "-" "Mozilla/5.0 (Windows NT 10.0; WOW64) AppleWebKit/537.36 (KHTML, like Gecko) Chrome/139.0.0.0 Safari/537.36" "-"
2a03:2880:f800:: - - [02/May/2026:02:30:19 +0200] "GET /items/B121091428/?path=/homepages/2/d834828290/htdocs/clickandbuilds/caldereria-balantxa.com/cgi-bin HTTP/1.1" 200 13064 www.caldereria-balantxa.com "-" "meta-externalagent/1.1 (+https://developers.facebook.com/docs/sharing/webmasters/crawler)" "-"
52.167.144.0 - - [02/May/2026:02:30:20 +0200] "GET /jugar-juego-de-casino-ruleta-gratis/ HTTP/1.1" 200 53859 elpayasocobrador.com "-" "Mozilla/5.0 AppleWebKit/537.36 (KHTML, like Gecko; compatible; bingbot/2.0; +http://www.bing.com/bingbot.htm) Chrome/116.0.1938.76 Safari/537.36" "-"
82.165.80.0 - - [02/May/2026:02:30:21 +0200] "POST /wp-cron.php?doing_wp_cron=1777681821.7085669040679931640625 HTTP/1.1" 200 - elpayasocobrador.com "-" "WordPress/6.9.4; https://elpayasocobrador.com" "-"
74.7.242.0 - - [02/May/2026:02:30:22 +0200] "GET /?path=//kunden/kunden/kunden/kunden/kunden/kunden/kunden/proc/thread-self/root/proc/self/root/kunden/lib/mc HTTP/1.1" 200 27541 www.caldereria-balantxa.com "https://www.caldereria-balantxa.com/?path=//kunden/kunden/kunden/kunden/kunden/kunden/kunden/proc/thread-self/root/proc/self/root/kunden/lib" "Mozilla/5.0 AppleWebKit/537.36 (KHTML, like Gecko; compatible; GPTBot/1.3; +https://openai.com/gptbot)" "-"
107.173.250.0 - - [02/May/2026:02:30:24 +0200] "POST /xmlrpc.php HTTP/1.1" 429 267 www.caldereria-balantxa.com "-" "Mozilla/5.0 (Windows NT 10.0; Win64; x64) AppleWebKit/537.36 (KHTML, like Gecko) Chrome/137.0.0.0 Safari/537.36" "-"
52.167.144.0 - - [02/May/2026:02:30:24 +0200] "GET /sitemap.xml.gz HTTP/1.1" 301 - www.planeadosalbe.com "-" "Mozilla/5.0 AppleWebKit/537.36 (KHTML, like Gecko; compatible; bingbot/2.0; +http://www.bing.com/bingbot.htm) Chrome/116.0.1938.76 Safari/537.36" "-"
52.167.144.0 - - [02/May/2026:02:30:26 +0200] "GET /wp-sitemap.xml HTTP/1.1" 200 650 www.planeadosalbe.com "-" "Mozilla/5.0 AppleWebKit/537.36 (KHTML, like Gecko; compatible; bingbot/2.0; +http://www.bing.com/bingbot.htm) Chrome/116.0.1938.76 Safari/537.36" "-"
74.7.227.0 - - [02/May/2026:02:30:27 +0200] "GET /?fileloc=/homepages/2/d834828290/htdocs/clickandbuilds/caldereria-balantxa.com/wp-content/et-cache/8403/et-divi-dynamic-8403.css&path=/homepages/2/d834828290/htdocs/clickandbuilds/caldereria-balantxa.com/wp-content/et-cache/8403 HTTP/1.1" 200 12999 caldereria-balantxa.com "https://caldereria-balantxa.com/?path=/homepages/2/d834828290/htdocs/clickandbuilds/caldereria-balantxa.com/wp-content/et-cache/8403" "Mozilla/5.0 AppleWebKit/537.36 (KHTML, like Gecko; compatible; GPTBot/1.3; +https://openai.com/gptbot)" "-"
2a03:2880:f800:: - - [02/May/2026:02:30:32 +0200] "GET /items/B122001809/?fileloc=/homepages/2/d834828290/htpasswd&path=/homepages/2/d834828290 HTTP/1.1" 200 12308 www.caldereria-balantxa.com "-" "meta-externalagent/1.1 (+https://developers.facebook.com/docs/sharing/webmasters/crawler)" "-"
74.7.242.0 - - [02/May/2026:02:30:33 +0200] "GET /?path=//kunden/kunden/kunden/kunden/kunden/kunden/kunden/proc/thread-self/root/proc/self/root/kunden/lib/susshi/exec HTTP/1.1" 200 39052 www.caldereria-balantxa.com "https://www.caldereria-balantxa.com/?path=//kunden/kunden/kunden/kunden/kunden/kunden/kunden/proc/thread-self/root/proc/self/root/kunden/lib/susshi" "Mozilla/5.0 AppleWebKit/537.36 (KHTML, like Gecko; compatible; GPTBot/1.3; +https://openai.com/gptbot)" "-"
2a03:2880:f800:: - - [02/May/2026:02:30:38 +0200] "GET /items/B122212698/?fileloc=/homepages/2/d834828290/distributor.lock&path=/homepages/2/d834828290 HTTP/1.1" 200 12316 www.caldereria-balantxa.com "-" "meta-externalagent/1.1 (+https://developers.facebook.com/docs/sharing/webmasters/crawler)" "-"
51.161.65.0 - - [02/May/2026:02:30:38 +0200] "GET /bota-de-oro-apuestas-virtuales/ HTTP/1.1" 200 52512 www.caldereria-balantxa.com "-" "Mozilla/5.0 (compatible; AhrefsBot/7.0; +http://ahrefs.com/robot/)" "-"
44.218.6.0 - - [02/May/2026:02:30:39 +0200] "GET /wp-json/oembed/1.0/embed?url=https://biark.net/caserio-demiku-en-bermeo-bizkaia/ HTTP/1.1" 200 2209 biark.net "-" "Mozilla/5.0 AppleWebKit/537.36 (KHTML, like Gecko; compatible; Amazonbot/0.1; +https://developer.amazon.com/support/amazonbot) Chrome/119.0.6045.214 Safari/537.36" "-"
74.7.244.0 - - [02/May/2026:02:30:40 +0200] "GET /robots.txt HTTP/1.1" 200 52512 www.caldereria-balantxa.com "-" "Mozilla/5.0 (Macintosh; Intel Mac OS X 10_15_7) AppleWebKit/537.36 (KHTML, like Gecko) Chrome/131.0.0.0 Safari/537.36; compatible; OAI-SearchBot/1.3; robots.txt; +https://openai.com/searchbot" "-"
74.7.227.0 - - [02/May/2026:02:30:42 +0200] "GET /?fileloc=/homepages/2/d834828290/htdocs/clickandbuilds/caldereria-balantxa.com/wp-content/et-cache/8495/et-divi-dynamic-8495.css&path=/homepages/2/d834828290/htdocs/clickandbuilds/caldereria-balantxa.com/wp-content/et-cache/8495 HTTP/1.1" 200 12999 caldereria-balantxa.com "https://caldereria-balantxa.com/?path=/homepages/2/d834828290/htdocs/clickandbuilds/caldereria-balantxa.com/wp-content/et-cache/8495" "Mozilla/5.0 AppleWebKit/537.36 (KHTML, like Gecko; compatible; GPTBot/1.3; +https://openai.com/gptbot)" "-"
2a03:2880:f800:: - - [02/May/2026:02:30:44 +0200] "GET /items/B122173647/?path=/homepages/2/d834828290/htdocs/clickandbuilds/caldereria-balantxa.com/cgi-bin HTTP/1.1" 200 13064 www.caldereria-balantxa.com "-" "meta-externalagent/1.1 (+https://developers.facebook.com/docs/sharing/webmasters/crawler)" "-"
74.7.242.0 - - [02/May/2026:02:30:44 +0200] "GET /?path=//kunden/kunden/kunden/kunden/kunden/kunden/kunden/proc/thread-self/root/proc/self/root/kunden/lib/terminfo/p HTTP/1.1" 200 15879 www.caldereria-balantxa.com "https://www.caldereria-balantxa.com/?path=//kunden/kunden/kunden/kunden/kunden/kunden/kunden/proc/thread-self/root/proc/self/root/kunden/lib/terminfo" "Mozilla/5.0 AppleWebKit/537.36 (KHTML, like Gecko; compatible; GPTBot/1.3; +https://openai.com/gptbot)" "-"
114.119.153.0 - - [02/May/2026:02:30:46 +0200] "GET /?p=6224 HTTP/1.1" 301 - www.soldadura-aircom.com "https://www.soldadura-aircom.com/2024/03/11/cuantos-casinos-hay-en-cancun/" "Mozilla/5.0 (Linux; Android 7.0;) AppleWebKit/537.36 (HTML, like Gecko) Mobile Safari/537.36 (compatible; PetalBot;+https://webmaster.petalsearch.com/site/petalbot)" "-"
114.119.153.0 - - [02/May/2026:02:30:48 +0200] "GET /juego-de-maquinas-para-jugar/ HTTP/1.1" 200 36189 www.soldadura-aircom.com "https://www.soldadura-aircom.com/2024/03/11/cuantos-casinos-hay-en-cancun/" "Mozilla/5.0 (Linux; Android 7.0;) AppleWebKit/537.36 (HTML, like Gecko) Mobile Safari/537.36 (compatible; PetalBot;+https://webmaster.petalsearch.com/site/petalbot)" "-"
2a03:2880:f800:: - - [02/May/2026:02:30:49 +0200] "GET /items/B122001809/?path=//dev HTTP/1.1" 200 17760 www.caldereria-balantxa.com "-" "meta-externalagent/1.1 (+https://developers.facebook.com/docs/sharing/webmasters/crawler)" "-"
198.244.240.0 - - [02/May/2026:02:30:51 +0200] "GET /resultados-de-la-liga-femenina-de-f%C3%BAtbol/ HTTP/1.1" 404 31217 www.erlain.es "-" "Mozilla/5.0 (compatible; AhrefsBot/7.0; +http://ahrefs.com/robot/)" "-"
74.7.242.0 - - [02/May/2026:02:30:53 +0200] "GET /?path=//kunden/kunden/kunden/kunden/kunden/kunden/kunden/proc/thread-self/root/proc/self/root/kunden/lib/locale/es_PY.utf8 HTTP/1.1" 200 35937 www.caldereria-balantxa.com "https://www.caldereria-balantxa.com/?path=//kunden/kunden/kunden/kunden/kunden/kunden/kunden/proc/thread-self/root/proc/self/root/kunden/lib/locale" "Mozilla/5.0 AppleWebKit/537.36 (KHTML, like Gecko; compatible; GPTBot/1.3; +https://openai.com/gptbot)" "-"
114.119.156.0 - - [02/May/2026:02:30:53 +0200] "GET /juegos-de-ios-para-jugar-con-mando/ HTTP/1.1" 200 54998 www.planeadosalbe.com "https://www.planeadosalbe.com/wp-sitemap-posts-post-1.xml" "Mozilla/5.0 (Linux; Android 7.0;) AppleWebKit/537.36 (HTML, like Gecko) Mobile Safari/537.36 (compatible; PetalBot;+https://webmaster.petalsearch.com/site/petalbot)" "-"
2a03:2880:f800:: - - [02/May/2026:02:30:54 +0200] "GET /items/B121520958/?path=/homepages/2/d834828290/htdocs/clickandbuilds HTTP/1.1" 200 21572 www.caldereria-balantxa.com "-" "meta-externalagent/1.1 (+https://developers.facebook.com/docs/sharing/webmasters/crawler)" "-"
74.7.227.0 - - [02/May/2026:02:30:55 +0200] "GET /?fileloc=/homepages/2/d834828290/htdocs/clickandbuilds/caldereria-balantxa.com/wp-content/et-cache/8683/et-divi-dynamic-8683-late.css&path=/homepages/2/d834828290/htdocs/clickandbuilds/caldereria-balantxa.com/wp-content/et-cache/8683 HTTP/1.1" 200 13004 caldereria-balantxa.com "https://caldereria-balantxa.com/?path=/homepages/2/d834828290/htdocs/clickandbuilds/caldereria-balantxa.com/wp-content/et-cache/8683" "Mozilla/5.0 AppleWebKit/537.36 (KHTML, like Gecko; compatible; GPTBot/1.3; +https://openai.com/gptbot)" "-"
74.7.243.0 - - [02/May/2026:02:30:55 +0200] "GET /?p=28084 HTTP/1.1" 301 - elpayasocobrador.com "https://elpayasocobrador.com/?p=36744" "Mozilla/5.0 AppleWebKit/537.36 (KHTML, like Gecko; compatible; GPTBot/1.3; +https://openai.com/gptbot)" "-"
74.7.243.0 - - [02/May/2026:02:30:56 +0200] "GET /bonos-sin-deposito-espa%C3%B1a/ HTTP/1.1" 200 57025 elpayasocobrador.com "https://elpayasocobrador.com/?p=28084" "Mozilla/5.0 AppleWebKit/537.36 (KHTML, like Gecko; compatible; GPTBot/1.3; +https://openai.com/gptbot)" "-"
2a03:2880:f800:: - - [02/May/2026:02:30:59 +0200] "GET /items/B121389128/?path=/homepages/2/d834828290/htdocs/clickandbuilds HTTP/1.1" 200 21572 www.caldereria-balantxa.com "-" "meta-externalagent/1.1 (+https://developers.facebook.com/docs/sharing/webmasters/crawler)" "-"
74.7.242.0 - - [02/May/2026:02:31:02 +0200] "GET /?path=//kunden/kunden/kunden/kunden/kunden/kunden/kunden/proc/thread-self/root/proc/self/root/kunden/lib/locale/ia_FR HTTP/1.1" 429 267 www.caldereria-balantxa.com "https://www.caldereria-balantxa.com/?path=//kunden/kunden/kunden/kunden/kunden/kunden/kunden/proc/thread-self/root/proc/self/root/kunden/lib/locale" "Mozilla/5.0 AppleWebKit/537.36 (KHTML, like Gecko; compatible; GPTBot/1.3; +https://openai.com/gptbot)" "-"
2a03:2880:f800:: - - [02/May/2026:02:31:03 +0200] "GET /items/B121220744/?path=/homepages/2/d834828290/htdocs/clickandbuilds HTTP/1.1" 200 21572 www.caldereria-balantxa.com "-" "meta-externalagent/1.1 (+https://developers.facebook.com/docs/sharing/webmasters/crawler)" "-"
74.7.227.0 - - [02/May/2026:02:31:07 +0200] "GET /?fileloc=/homepages/2/d834828290/htdocs/clickandbuilds/caldereria-balantxa.com/wp-content/et-cache/8726/et-divi-dynamic-8726-late.css&path=/homepages/2/d834828290/htdocs/clickandbuilds/caldereria-balantxa.com/wp-content/et-cache/8726 HTTP/1.1" 200 13004 caldereria-balantxa.com "https://caldereria-balantxa.com/?path=/homepages/2/d834828290/htdocs/clickandbuilds/caldereria-balantxa.com/wp-content/et-cache/8726" "Mozilla/5.0 AppleWebKit/537.36 (KHTML, like Gecko; compatible; GPTBot/1.3; +https://openai.com/gptbot)" "-"
74.7.242.0 - - [02/May/2026:02:31:10 +0200] "GET /?path=//kunden/kunden/kunden/kunden/kunden/kunden/kunden/proc/thread-self/root/proc/self/root/kunden/lib/locale/fr_BE HTTP/1.1" 429 267 www.caldereria-balantxa.com "https://www.caldereria-balantxa.com/?path=//kunden/kunden/kunden/kunden/kunden/kunden/kunden/proc/thread-self/root/proc/self/root/kunden/lib/locale" "Mozilla/5.0 AppleWebKit/537.36 (KHTML, like Gecko; compatible; GPTBot/1.3; +https://openai.com/gptbot)" "-"
66.249.64.0 - - [02/May/2026:02:31:11 +0200] "GET /2024/03/11/como-ganar-en-el-bingo-de-cartones/ HTTP/1.1" 404 31318 www.soldadura-aircom.com "-" "Mozilla/5.0 (Linux; Android 6.0.1; Nexus 5X Build/MMB29P) AppleWebKit/537.36 (KHTML, like Gecko) Chrome/147.0.7727.137 Mobile Safari/537.36 (compatible; Googlebot/2.1; +http://www.google.com/bot.html)" "-"
2a03:2880:f800:: - - [02/May/2026:02:31:12 +0200] "GET /items/B121784516/?path=/homepages/2/d389444681 HTTP/1.1" 200 28423 www.caldereria-balantxa.com "-" "meta-externalagent/1.1 (+https://developers.facebook.com/docs/sharing/webmasters/crawler)" "-"
207.46.13.0 - - [02/May/2026:02:31:14 +0200] "GET /tragamonedas-bombay-juegos-gratis/ HTTP/1.1" 200 36123 www.soldadura-aircom.com "-" "Mozilla/5.0 AppleWebKit/537.36 (KHTML, like Gecko; compatible; bingbot/2.0; +http://www.bing.com/bingbot.htm) Chrome/116.0.1938.76 Safari/537.36" "-"
2a03:2880:f800:: - - [02/May/2026:02:31:16 +0200] "GET /items/B121533732/?path=/homepages/2/d834828290/htdocs/clickandbuilds/elpayasocobrador.com HTTP/1.1" 200 52227 www.caldereria-balantxa.com "-" "meta-externalagent/1.1 (+https://developers.facebook.com/docs/sharing/webmasters/crawler)" "-"
74.7.227.0 - - [02/May/2026:02:31:17 +0200] "GET /?fileloc=/homepages/2/d834828290/htdocs/clickandbuilds/caldereria-balantxa.com/wp-content/et-cache/1348/et-divi-dynamic-1348.css&path=/homepages/2/d834828290/htdocs/clickandbuilds/caldereria-balantxa.com/wp-content/et-cache/1348 HTTP/1.1" 200 12999 caldereria-balantxa.com "https://caldereria-balantxa.com/?path=/homepages/2/d834828290/htdocs/clickandbuilds/caldereria-balantxa.com/wp-content/et-cache/1348" "Mozilla/5.0 AppleWebKit/537.36 (KHTML, like Gecko; compatible; GPTBot/1.3; +https://openai.com/gptbot)" "-"
52.167.144.0 - - [02/May/2026:02:31:19 +0200] "GET /apuestas-android-en-contra-del-empate/?path=/homepages/2 HTTP/1.1" 200 128273 www.caldereria-balantxa.com "-" "Mozilla/5.0 AppleWebKit/537.36 (KHTML, like Gecko; compatible; bingbot/2.0; +http://www.bing.com/bingbot.htm) Chrome/116.0.1938.76 Safari/537.36" "-"
